54.162.69.192 - - [13/May/2025:19:14:55 -0300] "GET /vendor/rector/rector/vendor/rector/rector-nette/src/Rector/Assign/?C=D;O%3DD HTTP/1.1" 200 1443 "-" "Mozilla/5.0 AppleWebKit/537.36 (KHTML, like Gecko; compatible; Amazonbot/0.1; +https://developer.amazon.com/support/amazonbot) Chrome/119.0.6045.214 Safari/537.36"
35.169.119.108 - - [13/May/2025:19:15:02 -0300] "GET /vendor/rector/rector/vendor/ssch/typo3-rector/src/Rector/v11/v2/?C=M;O%3DA HTTP/1.1" 200 985 "-" "Mozilla/5.0 AppleWebKit/537.36 (KHTML, like Gecko; compatible; Amazonbot/0.1; +https://developer.amazon.com/support/amazonbot) Chrome/119.0.6045.214 Safari/537.36"
44.221.180.179 - - [13/May/2025:19:15:06 -0300] "GET /vendor/rector/rector/vendor/nikic/php-parser/lib/PhpParser/Node/Expr/BinaryOp/Equal.php HTTP/1.1" 500 - "-" "Mozilla/5.0 AppleWebKit/537.36 (KHTML, like Gecko; compatible; Amazonbot/0.1; +https://developer.amazon.com/support/amazonbot) Chrome/119.0.6045.214 Safari/537.36"
52.6.5.24 - - [13/May/2025:19:15:10 -0300] "GET /vendor/rector/rector/vendor/symplify/symplify-kernel/src/Config/Loader/?C=D;O%3DD HTTP/1.1" 200 998 "-" "Mozilla/5.0 AppleWebKit/537.36 (KHTML, like Gecko; compatible; Amazonbot/0.1; +https://developer.amazon.com/support/amazonbot) Chrome/119.0.6045.214 Safari/537.36"
52.44.229.124 - - [13/May/2025:19:15:18 -0300] "GET /vendor/rector/rector/vendor/ssch/typo3-rector/src/Rector/v8/v6/?C=D;O%3DA HTTP/1.1" 200 3117 "-" "Mozilla/5.0 AppleWebKit/537.36 (KHTML, like Gecko; compatible; Amazonbot/0.1; +https://developer.amazon.com/support/amazonbot) Chrome/119.0.6045.214 Safari/537.36"
44.209.35.147 - - [13/May/2025:19:15:27 -0300] "GET /vendor/rector/rector/vendor/rector/rector-nette/config/sets/nette-30/?C=D;O%3DD HTTP/1.1" 200 1570 "-" "Mozilla/5.0 AppleWebKit/537.36 (KHTML, like Gecko; compatible; Amazonbot/0.1; +https://developer.amazon.com/support/amazonbot) Chrome/119.0.6045.214 Safari/537.36"
20.171.207.76 - - [13/May/2025:19:15:27 -0300] "GET /vendor/symfony/polyfill-intl-normalizer/?C=M%3BO%3DA HTTP/1.1" 200 1763 "-" "Mozilla/5.0 AppleWebKit/537.36 (KHTML, like Gecko; compatible; GPTBot/1.2; +https://openai.com/gptbot)"
23.21.148.226 - - [13/May/2025:19:15:30 -0300] "GET /vendor/friendsofphp/php-cs-fixer/src/Console/Command/?C=D;O%3DA HTTP/1.1" 200 2459 "-" "Mozilla/5.0 AppleWebKit/537.36 (KHTML, like Gecko; compatible; Amazonbot/0.1; +https://developer.amazon.com/support/amazonbot) Chrome/119.0.6045.214 Safari/537.36"
20.171.207.16 - - [13/May/2025:19:15:37 -0300] "GET /vendor/mikey179/vfsstream/src/test/php/org/bovigo/vfs/content/?C=S%3BO%3DA HTTP/1.1" 200 1170 "-" "Mozilla/5.0 AppleWebKit/537.36 (KHTML, like Gecko; compatible; GPTBot/1.2; +https://openai.com/gptbot)"
23.22.59.87 - - [13/May/2025:19:15:38 -0300] "GET /vendor/kint-php/kint/src/Zval/?C=M;O%3DD HTTP/1.1" 200 3256 "-" "Mozilla/5.0 AppleWebKit/537.36 (KHTML, like Gecko; compatible; Amazonbot/0.1; +https://developer.amazon.com/support/amazonbot) Chrome/119.0.6045.214 Safari/537.36"
54.235.172.96 - - [13/May/2025:19:15:42 -0300] "GET /vendor/rector/rector/vendor/ssch/typo3-rector/src/Rector/v8/v5/?C=D;O%3DD HTTP/1.1" 200 1855 "-" "Mozilla/5.0 AppleWebKit/537.36 (KHTML, like Gecko; compatible; Amazonbot/0.1; +https://developer.amazon.com/support/amazonbot) Chrome/119.0.6045.214 Safari/537.36"
18.215.24.66 - - [13/May/2025:19:15:47 -0300] "GET /vendor/rector/rector/vendor/rector/rector-cakephp/src/Rector/Property/?C=M;O%3DD HTTP/1.1" 200 1001 "-" "Mozilla/5.0 AppleWebKit/537.36 (KHTML, like Gecko; compatible; Amazonbot/0.1; +https://developer.amazon.com/support/amazonbot) Chrome/119.0.6045.214 Safari/537.36"
35.169.240.53 - - [13/May/2025:19:15:55 -0300] "GET /vendor/rector/rector/vendor/symplify/symplify-kernel/src/Contract/Config/?C=D;O%3DD HTTP/1.1" 200 997 "-" "Mozilla/5.0 AppleWebKit/537.36 (KHTML, like Gecko; compatible; Amazonbot/0.1; +https://developer.amazon.com/support/amazonbot) Chrome/119.0.6045.214 Safari/537.36"
18.214.138.148 - - [13/May/2025:19:15:58 -0300] "GET /vendor/predis/predis/src/Monitor/?C=S;O%3DD HTTP/1.1" 200 859 "-" "Mozilla/5.0 AppleWebKit/537.36 (KHTML, like Gecko; compatible; Amazonbot/0.1; +https://developer.amazon.com/support/amazonbot) Chrome/119.0.6045.214 Safari/537.36"
44.194.139.149 - - [13/May/2025:19:16:02 -0300] "GET /vendor/fakerphp/faker/src/Faker/Provider/fr_CA/ HTTP/1.1" 200 1435 "-" "Mozilla/5.0 AppleWebKit/537.36 (KHTML, like Gecko; compatible; Amazonbot/0.1; +https://developer.amazon.com/support/amazonbot) Chrome/119.0.6045.214 Safari/537.36"
34.204.150.196 - - [13/May/2025:19:16:06 -0300] "GET /vendor/rector/rector/vendor/tracy/tracy/tools/open-in-editor/linux/?C=S;O%3DD HTTP/1.1" 200 1143 "-" "Mozilla/5.0 AppleWebKit/537.36 (KHTML, like Gecko; compatible; Amazonbot/0.1; +https://developer.amazon.com/support/amazonbot) Chrome/119.0.6045.214 Safari/537.36"
44.208.223.68 - - [13/May/2025:19:16:10 -0300] "GET /vendor/rector/rector/vendor/rector/rector-nette/src/Latte/?C=M;O%3DD HTTP/1.1" 200 931 "-" "Mozilla/5.0 AppleWebKit/537.36 (KHTML, like Gecko; compatible; Amazonbot/0.1; +https://developer.amazon.com/support/amazonbot) Chrome/119.0.6045.214 Safari/537.36"
54.152.163.42 - - [13/May/2025:19:16:14 -0300] "GET /vendor/phpunit/phpunit/src/Runner/Hook/TestListenerAdapter.php HTTP/1.1" 500 - "-" "Mozilla/5.0 AppleWebKit/537.36 (KHTML, like Gecko; compatible; Amazonbot/0.1; +https://developer.amazon.com/support/amazonbot) Chrome/119.0.6045.214 Safari/537.36"
20.171.207.16 - - [13/May/2025:19:16:19 -0300] "GET /vendor/mikey179/vfsstream/src/test/php/org/bovigo/vfs/content/?C=N%3BO%3DD HTTP/1.1" 200 1170 "-" "Mozilla/5.0 AppleWebKit/537.36 (KHTML, like Gecko; compatible; GPTBot/1.2; +https://openai.com/gptbot)"
52.44.148.203 - - [13/May/2025:19:16:26 -0300] "GET /vendor/rector/rector/vendor/nikic/php-parser/lib/PhpParser/Node/Scalar/MagicConst/?C=S;O%3DA HTTP/1.1" 200 2247 "-" "Mozilla/5.0 AppleWebKit/537.36 (KHTML, like Gecko; compatible; Amazonbot/0.1; +https://developer.amazon.com/support/amazonbot) Chrome/119.0.6045.214 Safari/537.36"
20.171.207.76 - - [13/May/2025:19:16:27 -0300] "GET /vendor/rector/rector/rules/Naming/Guard/PropertyConflictingNameGuard/ HTTP/1.1" 200 978 "-" "Mozilla/5.0 AppleWebKit/537.36 (KHTML, like Gecko; compatible; GPTBot/1.2; +https://openai.com/gptbot)"
18.210.58.238 - - [13/May/2025:19:16:46 -0300] "GET /vendor/fakerphp/faker/src/Faker/Provider/UserAgent.php HTTP/1.1" 500 - "-" "Mozilla/5.0 AppleWebKit/537.36 (KHTML, like Gecko; compatible; Amazonbot/0.1; +https://developer.amazon.com/support/amazonbot) Chrome/119.0.6045.214 Safari/537.36"
98.83.8.142 - - [13/May/2025:19:16:50 -0300] "GET /vendor/rector/rector/vendor/symplify/easy-testing/src/FixtureSplitter/?C=S;O%3DD HTTP/1.1" 200 973 "-" "Mozilla/5.0 AppleWebKit/537.36 (KHTML, like Gecko; compatible; Amazonbot/0.1; +https://developer.amazon.com/support/amazonbot) Chrome/119.0.6045.214 Safari/537.36"
3.224.215.150 - - [13/May/2025:19:16:54 -0300] "GET /vendor/rector/rector/vendor/ssch/typo3-rector/utils/phpstan/src/Type/?C=D;O%3DA HTTP/1.1" 200 1654 "-" "Mozilla/5.0 AppleWebKit/537.36 (KHTML, like Gecko; compatible; Amazonbot/0.1; +https://developer.amazon.com/support/amazonbot) Chrome/119.0.6045.214 Safari/537.36"
20.171.207.16 - - [13/May/2025:19:16:55 -0300] "GET /vendor/mikey179/vfsstream/src/test/php/org/bovigo/vfs/content/?C=M%3BO%3DA HTTP/1.1" 200 1170 "-" "Mozilla/5.0 AppleWebKit/537.36 (KHTML, like Gecko; compatible; GPTBot/1.2; +https://openai.com/gptbot)"
18.211.148.239 - - [13/May/2025:19:16:58 -0300] "GET /vendor/friendsofphp/php-cs-fixer/src/Fixer/CastNotation/?C=S;O%3DA HTTP/1.1" 200 1899 "-" "Mozilla/5.0 AppleWebKit/537.36 (KHTML, like Gecko; compatible; Amazonbot/0.1; +https://developer.amazon.com/support/amazonbot) Chrome/119.0.6045.214 Safari/537.36"
23.21.250.48 - - [13/May/2025:19:17:07 -0300] "GET /vendor/rector/rector/vendor/tracy/tracy/src/Tracy/Logger/?C=D;O%3DD HTTP/1.1" 200 1291 "-" "Mozilla/5.0 AppleWebKit/537.36 (KHTML, like Gecko; compatible; Amazonbot/0.1; +https://developer.amazon.com/support/amazonbot) Chrome/119.0.6045.214 Safari/537.36"
3.212.205.90 - - [13/May/2025:19:17:10 -0300] "GET /vendor/rector/rector/vendor/nikic/php-parser/lib/PhpParser/NodeVisitor/?C=N;O%3DA HTTP/1.1" 200 1930 "-" "Mozilla/5.0 AppleWebKit/537.36 (KHTML, like Gecko; compatible; Amazonbot/0.1; +https://developer.amazon.com/support/amazonbot) Chrome/119.0.6045.214 Safari/537.36"
18.215.24.66 - - [13/May/2025:19:17:14 -0300] "GET /vendor/fakerphp/faker/src/Faker/ORM/Propel2/ HTTP/1.1" 200 1269 "-" "Mozilla/5.0 AppleWebKit/537.36 (KHTML, like Gecko; compatible; Amazonbot/0.1; +https://developer.amazon.com/support/amazonbot) Chrome/119.0.6045.214 Safari/537.36"
3.94.199.128 - - [13/May/2025:19:17:18 -0300] "GET /vendor/rector/rector/vendor/tracy/tracy/src/Tracy/Session/?C=N;O%3DA HTTP/1.1" 200 1308 "-" "Mozilla/5.0 AppleWebKit/537.36 (KHTML, like Gecko; compatible; Amazonbot/0.1; +https://developer.amazon.com/support/amazonbot) Chrome/119.0.6045.214 Safari/537.36"
20.171.207.76 - - [13/May/2025:19:17:21 -0300] "GET /vendor/rector/rector/rules/Naming/Guard/BreakingVariableRenameGuard.php HTTP/1.1" 200 - "-" "Mozilla/5.0 AppleWebKit/537.36 (KHTML, like Gecko; compatible; GPTBot/1.2; +https://openai.com/gptbot)"
3.218.35.239 - - [13/May/2025:19:17:26 -0300] "GET /vendor/nikic/php-parser/lib/PhpParser/Parser/?C=N;O%3DD HTTP/1.1" 200 1426 "-" "Mozilla/5.0 AppleWebKit/537.36 (KHTML, like Gecko; compatible; Amazonbot/0.1; +https://developer.amazon.com/support/amazonbot) Chrome/119.0.6045.214 Safari/537.36"
20.171.207.16 - - [13/May/2025:19:17:28 -0300] "GET /vendor/mikey179/vfsstream/src/test/php/org/bovigo/vfs/content/?C=D%3BO%3DA HTTP/1.1" 200 1170 "-" "Mozilla/5.0 AppleWebKit/537.36 (KHTML, like Gecko; compatible; GPTBot/1.2; +https://openai.com/gptbot)"
44.221.105.234 - - [13/May/2025:19:17:30 -0300] "GET /vendor/rector/rector/vendor/nikic/php-parser/lib/PhpParser/Node/Stmt/?C=M;O%3DD HTTP/1.1" 200 9418 "-" "Mozilla/5.0 AppleWebKit/537.36 (KHTML, like Gecko; compatible; Amazonbot/0.1; +https://developer.amazon.com/support/amazonbot) Chrome/119.0.6045.214 Safari/537.36"
98.82.107.102 - - [13/May/2025:19:17:34 -0300] "GET /vendor/phpunit/phpunit/src/Util/TestDox/XmlResultPrinter.php HTTP/1.1" 500 - "-" "Mozilla/5.0 AppleWebKit/537.36 (KHTML, like Gecko; compatible; Amazonbot/0.1; +https://developer.amazon.com/support/amazonbot) Chrome/119.0.6045.214 Safari/537.36"
54.225.181.161 - - [13/May/2025:19:17:39 -0300] "GET /vendor/friendsofphp/php-cs-fixer/src/Fixer/ControlStructure/?C=N;O%3DD HTTP/1.1" 200 4305 "-" "Mozilla/5.0 AppleWebKit/537.36 (KHTML, like Gecko; compatible; Amazonbot/0.1; +https://developer.amazon.com/support/amazonbot) Chrome/119.0.6045.214 Safari/537.36"
100.28.44.58 - - [13/May/2025:19:17:50 -0300] "GET /vendor/phpunit/php-code-coverage/src/Driver/?C=D;O%3DD HTTP/1.1" 200 1807 "-" "Mozilla/5.0 AppleWebKit/537.36 (KHTML, like Gecko; compatible; Amazonbot/0.1; +https://developer.amazon.com/support/amazonbot) Chrome/119.0.6045.214 Safari/537.36"
20.171.207.16 - - [13/May/2025:19:17:58 -0300] "GET /vendor/mikey179/vfsstream/src/test/php/org/bovigo/vfs/visitor/?C=M%3BO%3DA HTTP/1.1" 200 1385 "-" "Mozilla/5.0 AppleWebKit/537.36 (KHTML, like Gecko; compatible; GPTBot/1.2; +https://openai.com/gptbot)"
20.171.207.76 - - [13/May/2025:19:18:10 -0300] "GET /vendor/phar-io/manifest/src/xml/ExtElementCollection.php HTTP/1.1" 500 - "-" "Mozilla/5.0 AppleWebKit/537.36 (KHTML, like Gecko; compatible; GPTBot/1.2; +https://openai.com/gptbot)"
44.197.76.210 - - [13/May/2025:19:18:10 -0300] "GET /vendor/phpunit/phpunit/src/Framework/Constraint/String/ HTTP/1.1" 200 1878 "-" "Mozilla/5.0 AppleWebKit/537.36 (KHTML, like Gecko; compatible; Amazonbot/0.1; +https://developer.amazon.com/support/amazonbot) Chrome/119.0.6045.214 Safari/537.36"
34.206.193.60 - - [13/May/2025:19:18:14 -0300] "GET /vendor/phpunit/php-code-coverage/src/Report/Html/Renderer/Template/js/?C=M;O%3DA HTTP/1.1" 200 1873 "-" "Mozilla/5.0 AppleWebKit/537.36 (KHTML, like Gecko; compatible; Amazonbot/0.1; +https://developer.amazon.com/support/amazonbot) Chrome/119.0.6045.214 Safari/537.36"
20.171.207.16 - - [13/May/2025:19:18:26 -0300] "GET /vendor/mikey179/vfsstream/src/test/php/org/bovigo/vfs/visitor/?C=S%3BO%3DA HTTP/1.1" 200 1385 "-" "Mozilla/5.0 AppleWebKit/537.36 (KHTML, like Gecko; compatible; GPTBot/1.2; +https://openai.com/gptbot)"
20.171.207.16 - - [13/May/2025:19:18:51 -0300] "GET /vendor/mikey179/vfsstream/src/test/php/org/bovigo/vfs/visitor/?C=D%3BO%3DA HTTP/1.1" 200 1385 "-" "Mozilla/5.0 AppleWebKit/537.36 (KHTML, like Gecko; compatible; GPTBot/1.2; +https://openai.com/gptbot)"
20.171.207.76 - - [13/May/2025:19:18:55 -0300] "GET /vendor/phpdocumentor/reflection-docblock/?C=M%3BO%3DA HTTP/1.1" 200 1219 "-" "Mozilla/5.0 AppleWebKit/537.36 (KHTML, like Gecko; compatible; GPTBot/1.2; +https://openai.com/gptbot)"
20.171.207.16 - - [13/May/2025:19:19:13 -0300] "GET /vendor/mikey179/vfsstream/src/test/php/org/bovigo/vfs/visitor/?C=N%3BO%3DD HTTP/1.1" 200 1385 "-" "Mozilla/5.0 AppleWebKit/537.36 (KHTML, like Gecko; compatible; GPTBot/1.2; +https://openai.com/gptbot)"
20.171.207.16 - - [13/May/2025:19:19:32 -0300] "GET /vendor/mikey179/vfsstream/src/test/php/org/bovigo/vfs/proxy/?C=N%3BO%3DD HTTP/1.1" 200 967 "-" "Mozilla/5.0 AppleWebKit/537.36 (KHTML, like Gecko; compatible; GPTBot/1.2; +https://openai.com/gptbot)"
20.171.207.16 - - [13/May/2025:19:19:49 -0300] "GET /vendor/symfony/event-dispatcher/Debug/TraceableEventDispatcher.php HTTP/1.1" 500 - "-" "Mozilla/5.0 AppleWebKit/537.36 (KHTML, like Gecko; compatible; GPTBot/1.2; +https://openai.com/gptbot)"
20.171.207.76 - - [13/May/2025:19:19:58 -0300] "GET /vendor/phpdocumentor/reflection-docblock/?C=S%3BO%3DA HTTP/1.1" 200 1219 "-" "Mozilla/5.0 AppleWebKit/537.36 (KHTML, like Gecko; compatible; GPTBot/1.2; +https://openai.com/gptbot)"
20.171.207.16 - - [13/May/2025:19:20:05 -0300] "GET /vendor/mikey179/vfsstream/src/test/php/org/bovigo/vfs/proxy/?C=D%3BO%3DA HTTP/1.1" 200 967 "-" "Mozilla/5.0 AppleWebKit/537.36 (KHTML, like Gecko; compatible; GPTBot/1.2; +https://openai.com/gptbot)"
20.171.207.16 - - [13/May/2025:19:20:54 -0300] "GET /vendor/mikey179/vfsstream/src/test/php/org/bovigo/vfs/proxy/?C=M%3BO%3DA HTTP/1.1" 200 967 "-" "Mozilla/5.0 AppleWebKit/537.36 (KHTML, like Gecko; compatible; GPTBot/1.2; +https://openai.com/gptbot)"
20.171.207.76 - - [13/May/2025:19:20:56 -0300] "GET /vendor/rector/rector/src/Console/Style/ HTTP/1.1" 200 890 "-" "Mozilla/5.0 AppleWebKit/537.36 (KHTML, like Gecko; compatible; GPTBot/1.2; +https://openai.com/gptbot)"
20.171.207.16 - - [13/May/2025:19:21:36 -0300] "GET /vendor/mikey179/vfsstream/src/test/php/org/bovigo/vfs/proxy/?C=S%3BO%3DA HTTP/1.1" 200 967 "-" "Mozilla/5.0 AppleWebKit/537.36 (KHTML, like Gecko; compatible; GPTBot/1.2; +https://openai.com/gptbot)"
20.171.207.76 - - [13/May/2025:19:21:47 -0300] "GET /vendor/rector/rector/vendor/react/promise/src/Exception/ HTTP/1.1" 200 933 "-" "Mozilla/5.0 AppleWebKit/537.36 (KHTML, like Gecko; compatible; GPTBot/1.2; +https://openai.com/gptbot)"
20.171.207.16 - - [13/May/2025:19:22:14 -0300] "GET /vendor/symfony/event-dispatcher/Debug/?C=M%3BO%3DA HTTP/1.1" 200 1082 "-" "Mozilla/5.0 AppleWebKit/537.36 (KHTML, like Gecko; compatible; GPTBot/1.2; +https://openai.com/gptbot)"
20.171.207.76 - - [13/May/2025:19:22:34 -0300] "GET /vendor/phpunit/phpunit/src/Util/Xml.php HTTP/1.1" 200 - "-" "Mozilla/5.0 AppleWebKit/537.36 (KHTML, like Gecko; compatible; GPTBot/1.2; +https://openai.com/gptbot)"
20.171.207.16 - - [13/May/2025:19:22:50 -0300] "GET /vendor/php-cs-fixer/diff/src/Parser.php HTTP/1.1" 200 - "-" "Mozilla/5.0 AppleWebKit/537.36 (KHTML, like Gecko; compatible; GPTBot/1.2; +https://openai.com/gptbot)"
20.171.207.76 - - [13/May/2025:19:23:14 -0300] "GET /vendor/nexusphp/tachycardia/?C=N%3BO%3DD HTTP/1.1" 200 1910 "-" "Mozilla/5.0 AppleWebKit/537.36 (KHTML, like Gecko; compatible; GPTBot/1.2; +https://openai.com/gptbot)"
20.171.207.16 - - [13/May/2025:19:23:21 -0300] "GET /vendor/phpunit/php-code-coverage/src/Driver/?C=N%3BO%3DD HTTP/1.1" 200 1807 "-" "Mozilla/5.0 AppleWebKit/537.36 (KHTML, like Gecko; compatible; GPTBot/1.2; +https://openai.com/gptbot)"
20.171.207.16 - - [13/May/2025:19:23:49 -0300] "GET /vendor/phpunit/php-code-coverage/src/Driver/?C=D%3BO%3DA HTTP/1.1" 200 1807 "-" "Mozilla/5.0 AppleWebKit/537.36 (KHTML, like Gecko; compatible; GPTBot/1.2; +https://openai.com/gptbot)"
20.171.207.76 - - [13/May/2025:19:23:51 -0300] "GET /vendor/nexusphp/tachycardia/?C=D%3BO%3DA HTTP/1.1" 200 1910 "-" "Mozilla/5.0 AppleWebKit/537.36 (KHTML, like Gecko; compatible; GPTBot/1.2; +https://openai.com/gptbot)"
20.171.207.16 - - [13/May/2025:19:24:15 -0300] "GET /vendor/phar-io/manifest/src/xml/CopyrightElement.php HTTP/1.1" 500 - "-" "Mozilla/5.0 AppleWebKit/537.36 (KHTML, like Gecko; compatible; GPTBot/1.2; +https://openai.com/gptbot)"
20.171.207.76 - - [13/May/2025:19:24:25 -0300] "GET /vendor/rector/rector/rules/Naming/Guard/PropertyConflictingNameGuard/?C=M%3BO%3DA HTTP/1.1" 200 978 "-" "Mozilla/5.0 AppleWebKit/537.36 (KHTML, like Gecko; compatible; GPTBot/1.2; +https://openai.com/gptbot)"
20.171.207.16 - - [13/May/2025:19:24:38 -0300] "GET /vendor/phar-io/manifest/src/xml/RequiresElement.php HTTP/1.1" 500 - "-" "Mozilla/5.0 AppleWebKit/537.36 (KHTML, like Gecko; compatible; GPTBot/1.2; +https://openai.com/gptbot)"
20.171.207.76 - - [13/May/2025:19:24:55 -0300] "GET /vendor/rector/rector/rules/Naming/Guard/PropertyConflictingNameGuard/MatchPropertyTypeConflictingNameGuard.php HTTP/1.1" 200 - "-" "Mozilla/5.0 AppleWebKit/537.36 (KHTML, like Gecko; compatible; GPTBot/1.2; +https://openai.com/gptbot)"
20.171.207.76 - - [13/May/2025:19:25:22 -0300] "GET /vendor/rector/rector/packages/ReadWrite/NodeAnalyzer/ReadExprAnalyzer.php HTTP/1.1" 200 - "-" "Mozilla/5.0 AppleWebKit/537.36 (KHTML, like Gecko; compatible; GPTBot/1.2; +https://openai.com/gptbot)"
20.171.207.16 - - [13/May/2025:19:25:43 -0300] "GET /vendor/rector/rector/rules/Naming/Guard/ HTTP/1.1" 200 1898 "-" "Mozilla/5.0 AppleWebKit/537.36 (KHTML, like Gecko; compatible; GPTBot/1.2; +https://openai.com/gptbot)"
20.171.207.76 - - [13/May/2025:19:25:48 -0300] "GET /vendor/rector/rector/packages/ReadWrite/Guard/VariableToConstantGuard.php HTTP/1.1" 200 - "-" "Mozilla/5.0 AppleWebKit/537.36 (KHTML, like Gecko; compatible; GPTBot/1.2; +https://openai.com/gptbot)"
20.171.207.76 - - [13/May/2025:19:26:11 -0300] "GET /vendor/rector/rector/rules/Transform/ValueObject/ParentClassToTraits.php HTTP/1.1" 200 - "-" "Mozilla/5.0 AppleWebKit/537.36 (KHTML, like Gecko; compatible; GPTBot/1.2; +https://openai.com/gptbot)"
20.171.207.76 - - [13/May/2025:19:26:30 -0300] "GET /vendor/rector/rector/src/PhpParser/Node/ HTTP/1.1" 200 1617 "-" "Mozilla/5.0 AppleWebKit/537.36 (KHTML, like Gecko; compatible; GPTBot/1.2; +https://openai.com/gptbot)"
20.171.207.16 - - [13/May/2025:19:26:46 -0300] "GET /vendor/phpunit/php-code-coverage/src/StaticAnalysis/CachingFileAnalyser.php HTTP/1.1" 500 - "-" "Mozilla/5.0 AppleWebKit/537.36 (KHTML, like Gecko; compatible; GPTBot/1.2; +https://openai.com/gptbot)"
20.171.207.76 - - [13/May/2025:19:26:48 -0300] "GET /vendor/phpunit/phpunit/src/Util/Type.php HTTP/1.1" 200 - "-" "Mozilla/5.0 AppleWebKit/537.36 (KHTML, like Gecko; compatible; GPTBot/1.2; +https://openai.com/gptbot)"
20.171.207.76 - - [13/May/2025:19:27:04 -0300] "GET /vendor/phpunit/phpunit/src/Util/Json.php HTTP/1.1" 200 - "-" "Mozilla/5.0 AppleWebKit/537.36 (KHTML, like Gecko; compatible; GPTBot/1.2; +https://openai.com/gptbot)"
20.171.207.76 - - [13/May/2025:19:27:19 -0300] "GET /vendor/phpunit/phpunit/src/Util/Test.php HTTP/1.1" 200 - "-" "Mozilla/5.0 AppleWebKit/537.36 (KHTML, like Gecko; compatible; GPTBot/1.2; +https://openai.com/gptbot)"
20.171.207.76 - - [13/May/2025:19:27:31 -0300] "GET /vendor/rector/rector/vendor/phpstan/phpstan-phpunit/src/Type/ HTTP/1.1" 200 942 "-" "Mozilla/5.0 AppleWebKit/537.36 (KHTML, like Gecko; compatible; GPTBot/1.2; +https://openai.com/gptbot)"
20.171.207.76 - - [13/May/2025:19:27:44 -0300] "GET /vendor/rector/rector/vendor/symfony/polyfill-intl-normalizer/bootstrap80.php HTTP/1.1" 200 - "-" "Mozilla/5.0 AppleWebKit/537.36 (KHTML, like Gecko; compatible; GPTBot/1.2; +https://openai.com/gptbot)"
20.171.207.16 - - [13/May/2025:19:27:44 -0300] "GET /vendor/phpunit/php-code-coverage/src/StaticAnalysis/ParsingFileAnalyser.php HTTP/1.1" 500 - "-" "Mozilla/5.0 AppleWebKit/537.36 (KHTML, like Gecko; compatible; GPTBot/1.2; +https://openai.com/gptbot)"
20.171.207.76 - - [13/May/2025:19:27:54 -0300] "GET /vendor/phpdocumentor/type-resolver/ HTTP/1.1" 200 1207 "-" "Mozilla/5.0 AppleWebKit/537.36 (KHTML, like Gecko; compatible; GPTBot/1.2; +https://openai.com/gptbot)"
20.171.207.76 - - [13/May/2025:19:28:03 -0300] "GET /vendor/rector/rector/rules/CodingStyle/NodeAnalyzer/SpreadVariablesCollector.php HTTP/1.1" 200 - "-" "Mozilla/5.0 AppleWebKit/537.36 (KHTML, like Gecko; compatible; GPTBot/1.2; +https://openai.com/gptbot)"
20.171.207.76 - - [13/May/2025:19:28:11 -0300] "GET /vendor/rector/rector/vendor/ssch/typo3-rector/composer.json HTTP/1.1" 200 3943 "-" "Mozilla/5.0 AppleWebKit/537.36 (KHTML, like Gecko; compatible; GPTBot/1.2; +https://openai.com/gptbot)"
20.171.207.76 - - [13/May/2025:19:28:19 -0300] "GET /vendor/fakerphp/faker/src/Faker/ORM/ HTTP/1.1" 200 1746 "-" "Mozilla/5.0 AppleWebKit/537.36 (KHTML, like Gecko; compatible; GPTBot/1.2; +https://openai.com/gptbot)"
20.171.207.76 - - [13/May/2025:19:28:26 -0300] "GET /vendor/rector/rector/vendor/rector/rector-nette/src/Latte/ HTTP/1.1" 200 931 "-" "Mozilla/5.0 AppleWebKit/537.36 (KHTML, like Gecko; compatible; GPTBot/1.2; +https://openai.com/gptbot)"
20.171.207.76 - - [13/May/2025:19:28:32 -0300] "GET /vendor/nikic/php-parser/grammar/?C=N%3BO%3DD HTTP/1.1" 200 1932 "-" "Mozilla/5.0 AppleWebKit/537.36 (KHTML, like Gecko; compatible; GPTBot/1.2; +https://openai.com/gptbot)"
20.171.207.76 - - [13/May/2025:19:28:37 -0300] "GET /vendor/nikic/php-parser/grammar/?C=D%3BO%3DA HTTP/1.1" 200 1932 "-" "Mozilla/5.0 AppleWebKit/537.36 (KHTML, like Gecko; compatible; GPTBot/1.2; +https://openai.com/gptbot)"
20.171.207.76 - - [13/May/2025:19:28:42 -0300] "GET /vendor/symfony/options-resolver/?C=D%3BO%3DA HTTP/1.1" 200 2111 "-" "Mozilla/5.0 AppleWebKit/537.36 (KHTML, like Gecko; compatible; GPTBot/1.2; +https://openai.com/gptbot)"
20.171.207.76 - - [13/May/2025:19:28:47 -0300] "GET /vendor/symfony/options-resolver/?C=M%3BO%3DA HTTP/1.1" 200 2111 "-" "Mozilla/5.0 AppleWebKit/537.36 (KHTML, like Gecko; compatible; GPTBot/1.2; +https://openai.com/gptbot)"
20.171.207.16 - - [13/May/2025:19:28:49 -0300] "GET /vendor/phpdocumentor/reflection-common/?C=N%3BO%3DD HTTP/1.1" 200 1215 "-" "Mozilla/5.0 AppleWebKit/537.36 (KHTML, like Gecko; compatible; GPTBot/1.2; +https://openai.com/gptbot)"
20.171.207.76 - - [13/May/2025:19:28:51 -0300] "GET /vendor/sebastian/resource-operations/?C=M%3BO%3DA HTTP/1.1" 200 1561 "-" "Mozilla/5.0 AppleWebKit/537.36 (KHTML, like Gecko; compatible; GPTBot/1.2; +https://openai.com/gptbot)"
20.171.207.76 - - [13/May/2025:19:28:54 -0300] "GET /vendor/phpdocumentor/type-resolver/composer.json HTTP/1.1" 200 862 "-" "Mozilla/5.0 AppleWebKit/537.36 (KHTML, like Gecko; compatible; GPTBot/1.2; +https://openai.com/gptbot)"
20.171.207.76 - - [13/May/2025:19:28:57 -0300] "GET /vendor/phpdocumentor/type-resolver/src/ HTTP/1.1" 200 1782 "-" "Mozilla/5.0 AppleWebKit/537.36 (KHTML, like Gecko; compatible; GPTBot/1.2; +https://openai.com/gptbot)"
20.171.207.76 - - [13/May/2025:19:29:00 -0300] "GET /vendor/sebastian/recursion-context/?C=N%3BO%3DD HTTP/1.1" 200 1383 "-" "Mozilla/5.0 AppleWebKit/537.36 (KHTML, like Gecko; compatible; GPTBot/1.2; +https://openai.com/gptbot)"
20.171.207.76 - - [13/May/2025:19:29:03 -0300] "GET /vendor/symfony/options-resolver/?C=S%3BO%3DA HTTP/1.1" 200 2111 "-" "Mozilla/5.0 AppleWebKit/537.36 (KHTML, like Gecko; compatible; GPTBot/1.2; +https://openai.com/gptbot)"
20.171.207.76 - - [13/May/2025:19:29:05 -0300] "GET /vendor/symfony/options-resolver/?C=N%3BO%3DD HTTP/1.1" 200 2111 "-" "Mozilla/5.0 AppleWebKit/537.36 (KHTML, like Gecko; compatible; GPTBot/1.2; +https://openai.com/gptbot)"
20.171.207.76 - - [13/May/2025:19:29:07 -0300] "GET /vendor/nikic/php-parser/grammar/rebuildParsers.php HTTP/1.1" 500 - "-" "Mozilla/5.0 AppleWebKit/537.36 (KHTML, like Gecko; compatible; GPTBot/1.2; +https://openai.com/gptbot)"
20.171.207.76 - - [13/May/2025:19:29:09 -0300] "GET /vendor/sebastian/resource-operations/?C=S%3BO%3DA HTTP/1.1" 200 1561 "-" "Mozilla/5.0 AppleWebKit/537.36 (KHTML, like Gecko; compatible; GPTBot/1.2; +https://openai.com/gptbot)"
20.171.207.76 - - [13/May/2025:19:29:15 -0300] "GET /vendor/symfony/options-resolver/OptionsResolver.php HTTP/1.1" 500 - "-" "Mozilla/5.0 AppleWebKit/537.36 (KHTML, like Gecko; compatible; GPTBot/1.2; +https://openai.com/gptbot)"
20.171.207.76 - - [13/May/2025:19:29:20 -0300] "GET /vendor/sebastian/recursion-context/?C=D%3BO%3DA HTTP/1.1" 200 1383 "-" "Mozilla/5.0 AppleWebKit/537.36 (KHTML, like Gecko; compatible; GPTBot/1.2; +https://openai.com/gptbot)"
20.171.207.76 - - [13/May/2025:19:29:36 -0300] "GET /vendor/rector/rector/packages/BetterPhpDocParser/ValueObject/PhpDoc/DoctrineAnnotation/AbstractValuesAwareNode.php HTTP/1.1" 500 - "-" "Mozilla/5.0 AppleWebKit/537.36 (KHTML, like Gecko; compatible; GPTBot/1.2; +https://openai.com/gptbot)"
20.171.207.76 - - [13/May/2025:19:29:50 -0300] "GET /vendor/rector/rector/vendor/symfony/polyfill-php81/bootstrap.php HTTP/1.1" 200 - "-" "Mozilla/5.0 AppleWebKit/537.36 (KHTML, like Gecko; compatible; GPTBot/1.2; +https://openai.com/gptbot)"
20.171.207.16 - - [13/May/2025:19:29:52 -0300] "GET /vendor/symfony/event-dispatcher/Debug/TraceableEventDispatcher.php HTTP/1.1" 500 - "-" "Mozilla/5.0 AppleWebKit/537.36 (KHTML, like Gecko; compatible; GPTBot/1.2; +https://openai.com/gptbot)"
20.171.207.76 - - [13/May/2025:19:30:33 -0300] "GET /vendor/rector/rector/vendor/symfony/polyfill-php80/bootstrap.php HTTP/1.1" 200 - "-" "Mozilla/5.0 AppleWebKit/537.36 (KHTML, like Gecko; compatible; GPTBot/1.2; +https://openai.com/gptbot)"
20.171.207.16 - - [13/May/2025:19:30:51 -0300] "GET /vendor/phpdocumentor/reflection-common/?C=D%3BO%3DA HTTP/1.1" 200 1215 "-" "Mozilla/5.0 AppleWebKit/537.36 (KHTML, like Gecko; compatible; GPTBot/1.2; +https://openai.com/gptbot)"
20.171.207.76 - - [13/May/2025:19:31:12 -0300] "GET /vendor/rector/rector/vendor/symfony/dependency-injection/ContainerAwareInterface.php HTTP/1.1" 200 - "-" "Mozilla/5.0 AppleWebKit/537.36 (KHTML, like Gecko; compatible; GPTBot/1.2; +https://openai.com/gptbot)"
20.171.207.76 - - [13/May/2025:19:31:45 -0300] "GET /vendor/rector/rector/vendor/helmich/typo3-typoscript-parser/composer.json HTTP/1.1" 200 1438 "-" "Mozilla/5.0 AppleWebKit/537.36 (KHTML, like Gecko; compatible; GPTBot/1.2; +https://openai.com/gptbot)"
20.171.207.16 - - [13/May/2025:19:31:56 -0300] "GET /vendor/symfony/polyfill-intl-normalizer/?C=M%3BO%3DA HTTP/1.1" 200 1763 "-" "Mozilla/5.0 AppleWebKit/537.36 (KHTML, like Gecko; compatible; GPTBot/1.2; +https://openai.com/gptbot)"
20.171.207.76 - - [13/May/2025:19:32:17 -0300] "GET /vendor/phpunit/php-timer/src/exceptions/TimeSinceStartOfRequestNotAvailableException.php HTTP/1.1" 500 - "-" "Mozilla/5.0 AppleWebKit/537.36 (KHTML, like Gecko; compatible; GPTBot/1.2; +https://openai.com/gptbot)"
20.171.207.76 - - [13/May/2025:19:32:44 -0300] "GET /vendor/composer/xdebug-handler/?C=D%3BO%3DA HTTP/1.1" 200 1552 "-" "Mozilla/5.0 AppleWebKit/537.36 (KHTML, like Gecko; compatible; GPTBot/1.2; +https://openai.com/gptbot)"
20.171.207.16 - - [13/May/2025:19:32:53 -0300] "GET /vendor/symfony/polyfill-intl-normalizer/?C=S%3BO%3DA HTTP/1.1" 200 1763 "-" "Mozilla/5.0 AppleWebKit/537.36 (KHTML, like Gecko; compatible; GPTBot/1.2; +https://openai.com/gptbot)"
20.171.207.16 - - [13/May/2025:19:33:45 -0300] "GET /vendor/sebastian/code-unit-reverse-lookup/?C=S%3BO%3DA HTTP/1.1" 200 1397 "-" "Mozilla/5.0 AppleWebKit/537.36 (KHTML, like Gecko; compatible; GPTBot/1.2; +https://openai.com/gptbot)"
20.171.207.76 - - [13/May/2025:19:33:46 -0300] "GET /vendor/symfony/polyfill-mbstring/?C=D%3BO%3DA HTTP/1.1" 200 1747 "-" "Mozilla/5.0 AppleWebKit/537.36 (KHTML, like Gecko; compatible; GPTBot/1.2; +https://openai.com/gptbot)"
20.171.207.16 - - [13/May/2025:19:34:28 -0300] "GET /vendor/sebastian/code-unit-reverse-lookup/?C=M%3BO%3DA HTTP/1.1" 200 1397 "-" "Mozilla/5.0 AppleWebKit/537.36 (KHTML, like Gecko; compatible; GPTBot/1.2; +https://openai.com/gptbot)"
20.171.207.76 - - [13/May/2025:19:34:45 -0300] "GET /vendor/symfony/polyfill-mbstring/?C=N%3BO%3DD HTTP/1.1" 200 1747 "-" "Mozilla/5.0 AppleWebKit/537.36 (KHTML, like Gecko; compatible; GPTBot/1.2; +https://openai.com/gptbot)"
20.171.207.16 - - [13/May/2025:19:35:08 -0300] "GET /vendor/rector/rector/rules/Naming/Guard/PropertyConflictingNameGuard/ HTTP/1.1" 200 978 "-" "Mozilla/5.0 AppleWebKit/537.36 (KHTML, like Gecko; compatible; GPTBot/1.2; +https://openai.com/gptbot)"
20.171.207.76 - - [13/May/2025:19:35:37 -0300] "GET /vendor/composer/xdebug-handler/?C=N%3BO%3DD HTTP/1.1" 200 1552 "-" "Mozilla/5.0 AppleWebKit/537.36 (KHTML, like Gecko; compatible; GPTBot/1.2; +https://openai.com/gptbot)"
20.171.207.16 - - [13/May/2025:19:35:47 -0300] "GET /vendor/rector/rector/rules/Naming/Guard/BreakingVariableRenameGuard.php HTTP/1.1" 200 - "-" "Mozilla/5.0 AppleWebKit/537.36 (KHTML, like Gecko; compatible; GPTBot/1.2; +https://openai.com/gptbot)"
20.171.207.76 - - [13/May/2025:19:36:21 -0300] "GET /vendor/rector/rector/packages/BetterPhpDocParser/ValueObject/PhpDoc/DoctrineAnnotation/AbstractValuesAwareNode.php HTTP/1.1" 500 - "-" "Mozilla/5.0 AppleWebKit/537.36 (KHTML, like Gecko; compatible; GPTBot/1.2; +https://openai.com/gptbot)"
20.171.207.16 - - [13/May/2025:19:36:21 -0300] "GET /vendor/phar-io/manifest/src/xml/ExtElementCollection.php HTTP/1.1" 500 - "-" "Mozilla/5.0 AppleWebKit/537.36 (KHTML, like Gecko; compatible; GPTBot/1.2; +https://openai.com/gptbot)"
20.171.207.16 - - [13/May/2025:19:36:53 -0300] "GET /vendor/phpdocumentor/reflection-docblock/?C=S%3BO%3DA HTTP/1.1" 200 1219 "-" "Mozilla/5.0 AppleWebKit/537.36 (KHTML, like Gecko; compatible; GPTBot/1.2; +https://openai.com/gptbot)"
20.171.207.76 - - [13/May/2025:19:37:01 -0300] "GET /vendor/rector/rector/rules/Php70/Exception/InvalidEregException.php HTTP/1.1" 200 - "-" "Mozilla/5.0 AppleWebKit/537.36 (KHTML, like Gecko; compatible; GPTBot/1.2; +https://openai.com/gptbot)"
20.171.207.16 - - [13/May/2025:19:37:54 -0300] "GET /vendor/phpdocumentor/reflection-docblock/?C=M%3BO%3DA HTTP/1.1" 200 1219 "-" "Mozilla/5.0 AppleWebKit/537.36 (KHTML, like Gecko; compatible; GPTBot/1.2; +https://openai.com/gptbot)"
20.171.207.76 - - [13/May/2025:19:38:06 -0300] "GET /vendor/rector/rector/rules/CodingStyle/Contract/ClassNameImport/ClassNameImportSkipVoterInterface.php HTTP/1.1" 200 - "-" "Mozilla/5.0 AppleWebKit/537.36 (KHTML, like Gecko; compatible; GPTBot/1.2; +https://openai.com/gptbot)"
20.171.207.16 - - [13/May/2025:19:38:49 -0300] "GET /vendor/rector/rector/src/Console/Style/ HTTP/1.1" 200 890 "-" "Mozilla/5.0 AppleWebKit/537.36 (KHTML, like Gecko; compatible; GPTBot/1.2; +https://openai.com/gptbot)"
20.171.207.76 - - [13/May/2025:19:39:04 -0300] "GET /vendor/rector/rector/vendor/ssch/typo3-rector/src/NodeFactory/ HTTP/1.1" 200 1581 "-" "Mozilla/5.0 AppleWebKit/537.36 (KHTML, like Gecko; compatible; GPTBot/1.2; +https://openai.com/gptbot)"
52.200.54.136 - - [13/May/2025:19:39:10 -0300] "GET /vendor/rector/rector/vendor/symplify/simple-php-doc-parser/src/ValueObject/Ast/PhpDoc/SimplePhpDocNode.php HTTP/1.1" 500 - "-" "Mozilla/5.0 AppleWebKit/537.36 (KHTML, like Gecko; compatible; Amazonbot/0.1; +https://developer.amazon.com/support/amazonbot) Chrome/119.0.6045.214 Safari/537.36"
54.157.84.74 - - [13/May/2025:19:39:14 -0300] "GET /vendor/rector/rector/vendor/ssch/typo3-rector/src/Rector/v9/v4/UseLanguageAspectForTsfeLanguagePropertiesRector.php HTTP/1.1" 500 - "-" "Mozilla/5.0 AppleWebKit/537.36 (KHTML, like Gecko; compatible; Amazonbot/0.1; +https://developer.amazon.com/support/amazonbot) Chrome/119.0.6045.214 Safari/537.36"
54.86.59.155 - - [13/May/2025:19:39:18 -0300] "GET /vendor/rector/rector/vendor/ssch/typo3-rector/src/FileProcessor/Yaml/Form/Rector/ HTTP/1.1" 200 1211 "-" "Mozilla/5.0 AppleWebKit/537.36 (KHTML, like Gecko; compatible; Amazonbot/0.1; +https://developer.amazon.com/support/amazonbot) Chrome/119.0.6045.214 Safari/537.36"
18.205.91.101 - - [13/May/2025:19:39:22 -0300] "GET /vendor/kint-php/kint/src/Renderer/Rich/BinaryPlugin.php HTTP/1.1" 500 - "-" "Mozilla/5.0 AppleWebKit/537.36 (KHTML, like Gecko; compatible; Amazonbot/0.1; +https://developer.amazon.com/support/amazonbot) Chrome/119.0.6045.214 Safari/537.36"
184.73.167.217 - - [13/May/2025:19:39:30 -0300] "GET /vendor/rector/rector/vendor/ssch/typo3-rector/src/Rector/v9/v0/QueryLogicalOrAndLogicalAndToArrayParameterRector.php HTTP/1.1" 500 - "-" "Mozilla/5.0 AppleWebKit/537.36 (KHTML, like Gecko; compatible; Amazonbot/0.1; +https://developer.amazon.com/support/amazonbot) Chrome/119.0.6045.214 Safari/537.36"
54.167.32.123 - - [13/May/2025:19:39:37 -0300] "GET /vendor/rector/rector/vendor/symfony/dependency-injection/Loader/schema/dic/?C=S;O%3DA HTTP/1.1" 200 986 "-" "Mozilla/5.0 AppleWebKit/537.36 (KHTML, like Gecko; compatible; Amazonbot/0.1; +https://developer.amazon.com/support/amazonbot) Chrome/119.0.6045.214 Safari/537.36"
20.171.207.16 - - [13/May/2025:19:39:40 -0300] "GET /vendor/rector/rector/vendor/react/promise/src/Exception/ HTTP/1.1" 200 933 "-" "Mozilla/5.0 AppleWebKit/537.36 (KHTML, like Gecko; compatible; GPTBot/1.2; +https://openai.com/gptbot)"
54.163.136.244 - - [13/May/2025:19:39:42 -0300] "GET /vendor/rector/rector/vendor/symplify/package-builder/src/DependencyInjection/FileLoader/?C=N;O%3DA HTTP/1.1" 200 1045 "-" "Mozilla/5.0 AppleWebKit/537.36 (KHTML, like Gecko; compatible; Amazonbot/0.1; +https://developer.amazon.com/support/amazonbot) Chrome/119.0.6045.214 Safari/537.36"
107.20.181.148 - - [13/May/2025:19:39:54 -0300] "GET /vendor/rector/rector/vendor/ssch/typo3-rector/src/Helper/Database/Refactorings/?C=N;O%3DD HTTP/1.1" 200 1448 "-" "Mozilla/5.0 AppleWebKit/537.36 (KHTML, like Gecko; compatible; Amazonbot/0.1; +https://developer.amazon.com/support/amazonbot) Chrome/119.0.6045.214 Safari/537.36"
20.171.207.76 - - [13/May/2025:19:39:54 -0300] "GET /vendor/rector/rector/vendor/symplify/skipper/src/SkipCriteriaResolver/ HTTP/1.1" 200 1568 "-" "Mozilla/5.0 AppleWebKit/537.36 (KHTML, like Gecko; compatible; GPTBot/1.2; +https://openai.com/gptbot)"
52.6.232.201 - - [13/May/2025:19:39:58 -0300] "GET /vendor/fakerphp/faker/src/Faker/Provider/fr_CH/ HTTP/1.1" 200 1977 "-" "Mozilla/5.0 AppleWebKit/537.36 (KHTML, like Gecko; compatible; Amazonbot/0.1; +https://developer.amazon.com/support/amazonbot) Chrome/119.0.6045.214 Safari/537.36"
52.2.83.227 - - [13/May/2025:19:40:02 -0300] "GET /vendor/rector/rector/vendor/ssch/typo3-rector/src/Rector/v8/v7/?C=D;O%3DD HTTP/1.1" 200 3813 "-" "Mozilla/5.0 AppleWebKit/537.36 (KHTML, like Gecko; compatible; Amazonbot/0.1; +https://developer.amazon.com/support/amazonbot) Chrome/119.0.6045.214 Safari/537.36"
3.217.82.254 - - [13/May/2025:19:40:10 -0300] "GET /vendor/doctrine/lexer/lib/Doctrine/?C=M;O%3DA HTTP/1.1" 200 859 "-" "Mozilla/5.0 AppleWebKit/537.36 (KHTML, like Gecko; compatible; Amazonbot/0.1; +https://developer.amazon.com/support/amazonbot) Chrome/119.0.6045.214 Safari/537.36"
44.213.202.136 - - [13/May/2025:19:40:14 -0300] "GET /vendor/friendsofphp/php-cs-fixer/src/Fixer/CastNotation/?C=N;O%3DD HTTP/1.1" 200 1899 "-" "Mozilla/5.0 AppleWebKit/537.36 (KHTML, like Gecko; compatible; Amazonbot/0.1; +https://developer.amazon.com/support/amazonbot) Chrome/119.0.6045.214 Safari/537.36"
52.6.97.88 - - [13/May/2025:19:40:18 -0300] "GET /vendor/rector/rector/vendor/nikic/php-parser/lib/PhpParser/PrettyPrinter/?C=M;O%3DD HTTP/1.1" 200 973 "-" "Mozilla/5.0 AppleWebKit/537.36 (KHTML, like Gecko; compatible; Amazonbot/0.1; +https://developer.amazon.com/support/amazonbot) Chrome/119.0.6045.214 Safari/537.36"
23.21.250.48 - - [13/May/2025:19:40:26 -0300] "GET /vendor/phpunit/php-code-coverage/src/Exception/?C=S;O%3DD HTTP/1.1" 200 5202 "-" "Mozilla/5.0 AppleWebKit/537.36 (KHTML, like Gecko; compatible; Amazonbot/0.1; +https://developer.amazon.com/support/amazonbot) Chrome/119.0.6045.214 Safari/537.36"
20.171.207.16 - - [13/May/2025:19:40:28 -0300] "GET /vendor/phpunit/phpunit/src/Util/Xml.php HTTP/1.1" 200 - "-" "Mozilla/5.0 AppleWebKit/537.36 (KHTML, like Gecko; compatible; GPTBot/1.2; +https://openai.com/gptbot)"
20.171.207.76 - - [13/May/2025:19:40:39 -0300] "GET /vendor/rector/rector/vendor/symplify/simple-php-doc-parser/src/PhpDocNodeVisitor/ HTTP/1.1" 200 1620 "-" "Mozilla/5.0 AppleWebKit/537.36 (KHTML, like Gecko; compatible; GPTBot/1.2; +https://openai.com/gptbot)"
20.171.207.16 - - [13/May/2025:19:41:08 -0300] "GET /vendor/nexusphp/tachycardia/?C=D%3BO%3DA HTTP/1.1" 200 1910 "-" "Mozilla/5.0 AppleWebKit/537.36 (KHTML, like Gecko; compatible; GPTBot/1.2; +https://openai.com/gptbot)"
20.171.207.76 - - [13/May/2025:19:41:19 -0300] "GET /vendor/rector/rector/vendor/symplify/symplify-kernel/config/common-config.php HTTP/1.1" 200 - "-" "Mozilla/5.0 AppleWebKit/537.36 (KHTML, like Gecko; compatible; GPTBot/1.2; +https://openai.com/gptbot)"
20.171.207.16 - - [13/May/2025:19:41:46 -0300] "GET /vendor/nexusphp/tachycardia/?C=N%3BO%3DD HTTP/1.1" 200 1910 "-" "Mozilla/5.0 AppleWebKit/537.36 (KHTML, like Gecko; compatible; GPTBot/1.2; +https://openai.com/gptbot)"
20.171.207.76 - - [13/May/2025:19:41:58 -0300] "GET /vendor/laminas/laminas-escaper/?C=N%3BO%3DD HTTP/1.1" 200 1557 "-" "Mozilla/5.0 AppleWebKit/537.36 (KHTML, like Gecko; compatible; GPTBot/1.2; +https://openai.com/gptbot)"
20.171.207.16 - - [13/May/2025:19:42:21 -0300] "GET /vendor/rector/rector/rules/Naming/Guard/PropertyConflictingNameGuard/MatchPropertyTypeConflictingNameGuard.php HTTP/1.1" 200 - "-" "Mozilla/5.0 AppleWebKit/537.36 (KHTML, like Gecko; compatible; GPTBot/1.2; +https://openai.com/gptbot)"
20.171.207.76 - - [13/May/2025:19:42:31 -0300] "GET /vendor/laminas/laminas-escaper/?C=D%3BO%3DA HTTP/1.1" 200 1557 "-" "Mozilla/5.0 AppleWebKit/537.36 (KHTML, like Gecko; compatible; GPTBot/1.2; +https://openai.com/gptbot)"
20.171.207.16 - - [13/May/2025:19:42:51 -0300] "GET /vendor/rector/rector/packages/ReadWrite/Guard/VariableToConstantGuard.php HTTP/1.1" 200 - "-" "Mozilla/5.0 AppleWebKit/537.36 (KHTML, like Gecko; compatible; GPTBot/1.2; +https://openai.com/gptbot)"
20.171.207.76 - - [13/May/2025:19:43:01 -0300] "GET /vendor/rector/rector/src/ValueObjectFactory/Application/FileFactory.php HTTP/1.1" 200 - "-" "Mozilla/5.0 AppleWebKit/537.36 (KHTML, like Gecko; compatible; GPTBot/1.2; +https://openai.com/gptbot)"
20.171.207.16 - - [13/May/2025:19:43:19 -0300] "GET /vendor/rector/rector/rules/Transform/ValueObject/ParentClassToTraits.php HTTP/1.1" 200 - "-" "Mozilla/5.0 AppleWebKit/537.36 (KHTML, like Gecko; compatible; GPTBot/1.2; +https://openai.com/gptbot)"
20.171.207.76 - - [13/May/2025:19:43:28 -0300] "GET /vendor/rector/rector/rules/DeadCode/NodeFinder/VariableUseFinder.php HTTP/1.1" 200 - "-" "Mozilla/5.0 AppleWebKit/537.36 (KHTML, like Gecko; compatible; GPTBot/1.2; +https://openai.com/gptbot)"
20.171.207.16 - - [13/May/2025:19:43:43 -0300] "GET /vendor/rector/rector/packages/ReadWrite/NodeAnalyzer/ReadExprAnalyzer.php HTTP/1.1" 200 - "-" "Mozilla/5.0 AppleWebKit/537.36 (KHTML, like Gecko; compatible; GPTBot/1.2; +https://openai.com/gptbot)"
20.171.207.76 - - [13/May/2025:19:43:53 -0300] "GET /vendor/rector/rector/packages/NodeTypeResolver/Node/AttributeKey.php HTTP/1.1" 200 - "-" "Mozilla/5.0 AppleWebKit/537.36 (KHTML, like Gecko; compatible; GPTBot/1.2; +https://openai.com/gptbot)"
20.171.207.16 - - [13/May/2025:19:44:05 -0300] "GET /vendor/rector/rector/src/PhpParser/Node/ HTTP/1.1" 200 1617 "-" "Mozilla/5.0 AppleWebKit/537.36 (KHTML, like Gecko; compatible; GPTBot/1.2; +https://openai.com/gptbot)"
20.171.207.76 - - [13/May/2025:19:44:15 -0300] "GET /vendor/rector/rector/vendor/symfony/config/ResourceCheckerConfigCache.php HTTP/1.1" 500 - "-" "Mozilla/5.0 AppleWebKit/537.36 (KHTML, like Gecko; compatible; GPTBot/1.2; +https://openai.com/gptbot)"
20.171.207.16 - - [13/May/2025:19:44:25 -0300] "GET /vendor/phpunit/phpunit/src/Util/Type.php HTTP/1.1" 200 - "-" "Mozilla/5.0 AppleWebKit/537.36 (KHTML, like Gecko; compatible; GPTBot/1.2; +https://openai.com/gptbot)"
20.171.207.76 - - [13/May/2025:19:44:35 -0300] "GET /vendor/rector/rector/vendor/symfony/string/AbstractUnicodeString.php HTTP/1.1" 500 - "-" "Mozilla/5.0 AppleWebKit/537.36 (KHTML, like Gecko; compatible; GPTBot/1.2; +https://openai.com/gptbot)"
20.171.207.16 - - [13/May/2025:19:44:43 -0300] "GET /vendor/phpunit/phpunit/src/Util/Json.php HTTP/1.1" 200 - "-" "Mozilla/5.0 AppleWebKit/537.36 (KHTML, like Gecko; compatible; GPTBot/1.2; +https://openai.com/gptbot)"
20.171.207.16 - - [13/May/2025:19:44:58 -0300] "GET /vendor/phpunit/phpunit/src/Util/Test.php HTTP/1.1" 200 - "-" "Mozilla/5.0 AppleWebKit/537.36 (KHTML, like Gecko; compatible; GPTBot/1.2; +https://openai.com/gptbot)"
20.171.207.16 - - [13/May/2025:19:45:13 -0300] "GET /vendor/rector/rector/vendor/phpstan/phpstan-phpunit/src/Type/ HTTP/1.1" 200 942 "-" "Mozilla/5.0 AppleWebKit/537.36 (KHTML, like Gecko; compatible; GPTBot/1.2; +https://openai.com/gptbot)"
20.171.207.16 - - [13/May/2025:19:45:26 -0300] "GET /vendor/rector/rector/vendor/symfony/polyfill-intl-normalizer/bootstrap80.php HTTP/1.1" 200 - "-" "Mozilla/5.0 AppleWebKit/537.36 (KHTML, like Gecko; compatible; GPTBot/1.2; +https://openai.com/gptbot)"
20.171.207.76 - - [13/May/2025:19:45:34 -0300] "GET /vendor/rector/rector/rules/CodeQuality/NodeAnalyzer/ArrayCompacter.php HTTP/1.1" 200 - "-" "Mozilla/5.0 AppleWebKit/537.36 (KHTML, like Gecko; compatible; GPTBot/1.2; +https://openai.com/gptbot)"
20.171.207.16 - - [13/May/2025:19:45:38 -0300] "GET /vendor/phpdocumentor/type-resolver/ HTTP/1.1" 200 1207 "-" "Mozilla/5.0 AppleWebKit/537.36 (KHTML, like Gecko; compatible; GPTBot/1.2; +https://openai.com/gptbot)"
20.171.207.16 - - [13/May/2025:19:45:49 -0300] "GET /vendor/rector/rector/rules/CodingStyle/NodeAnalyzer/SpreadVariablesCollector.php HTTP/1.1" 200 - "-" "Mozilla/5.0 AppleWebKit/537.36 (KHTML, like Gecko; compatible; GPTBot/1.2; +https://openai.com/gptbot)"
20.171.207.16 - - [13/May/2025:19:45:58 -0300] "GET /vendor/rector/rector/vendor/ssch/typo3-rector/composer.json HTTP/1.1" 200 3943 "-" "Mozilla/5.0 AppleWebKit/537.36 (KHTML, like Gecko; compatible; GPTBot/1.2; +https://openai.com/gptbot)"
20.171.207.16 - - [13/May/2025:19:46:06 -0300] "GET /vendor/fakerphp/faker/src/Faker/ORM/ HTTP/1.1" 200 1746 "-" "Mozilla/5.0 AppleWebKit/537.36 (KHTML, like Gecko; compatible; GPTBot/1.2; +https://openai.com/gptbot)"
20.171.207.16 - - [13/May/2025:19:46:14 -0300] "GET /vendor/rector/rector/src/PhpParser/Node/?C=D%3BO%3DA HTTP/1.1" 200 1617 "-" "Mozilla/5.0 AppleWebKit/537.36 (KHTML, like Gecko; compatible; GPTBot/1.2; +https://openai.com/gptbot)"
20.171.207.16 - - [13/May/2025:19:46:21 -0300] "GET /vendor/rector/rector/vendor/rector/rector-nette/src/Latte/ HTTP/1.1" 200 931 "-" "Mozilla/5.0 AppleWebKit/537.36 (KHTML, like Gecko; compatible; GPTBot/1.2; +https://openai.com/gptbot)"
20.171.207.16 - - [13/May/2025:19:46:28 -0300] "GET /vendor/nikic/php-parser/grammar/?C=D%3BO%3DA HTTP/1.1" 200 1932 "-" "Mozilla/5.0 AppleWebKit/537.36 (KHTML, like Gecko; compatible; GPTBot/1.2; +https://openai.com/gptbot)"
20.171.207.16 - - [13/May/2025:19:46:33 -0300] "GET /vendor/nikic/php-parser/grammar/?C=N%3BO%3DD HTTP/1.1" 200 1932 "-" "Mozilla/5.0 AppleWebKit/537.36 (KHTML, like Gecko; compatible; GPTBot/1.2; +https://openai.com/gptbot)"
20.171.207.76 - - [13/May/2025:19:46:36 -0300] "GET /vendor/rector/rector/vendor/symfony/dependency-injection/ContainerBuilder.php HTTP/1.1" 500 - "-" "Mozilla/5.0 AppleWebKit/537.36 (KHTML, like Gecko; compatible; GPTBot/1.2; +https://openai.com/gptbot)"
20.171.207.16 - - [13/May/2025:19:46:38 -0300] "GET /vendor/sebastian/resource-operations/?C=M%3BO%3DA HTTP/1.1" 200 1561 "-" "Mozilla/5.0 AppleWebKit/537.36 (KHTML, like Gecko; compatible; GPTBot/1.2; +https://openai.com/gptbot)"
20.171.207.16 - - [13/May/2025:19:46:43 -0300] "GET /vendor/symfony/options-resolver/?C=S%3BO%3DA HTTP/1.1" 200 2111 "-" "Mozilla/5.0 AppleWebKit/537.36 (KHTML, like Gecko; compatible; GPTBot/1.2; +https://openai.com/gptbot)"
20.171.207.16 - - [13/May/2025:19:46:47 -0300] "GET /vendor/phpdocumentor/type-resolver/composer.json HTTP/1.1" 200 862 "-" "Mozilla/5.0 AppleWebKit/537.36 (KHTML, like Gecko; compatible; GPTBot/1.2; +https://openai.com/gptbot)"
20.171.207.16 - - [13/May/2025:19:46:51 -0300] "GET /vendor/phpdocumentor/type-resolver/src/ HTTP/1.1" 200 1782 "-" "Mozilla/5.0 AppleWebKit/537.36 (KHTML, like Gecko; compatible; GPTBot/1.2; +https://openai.com/gptbot)"
20.171.207.16 - - [13/May/2025:19:46:54 -0300] "GET /vendor/sebastian/recursion-context/?C=D%3BO%3DA HTTP/1.1" 200 1383 "-" "Mozilla/5.0 AppleWebKit/537.36 (KHTML, like Gecko; compatible; GPTBot/1.2; +https://openai.com/gptbot)"
20.171.207.16 - - [13/May/2025:19:46:57 -0300] "GET /vendor/symfony/options-resolver/?C=M%3BO%3DA HTTP/1.1" 200 2111 "-" "Mozilla/5.0 AppleWebKit/537.36 (KHTML, like Gecko; compatible; GPTBot/1.2; +https://openai.com/gptbot)"
20.171.207.16 - - [13/May/2025:19:47:00 -0300] "GET /vendor/sebastian/recursion-context/?C=N%3BO%3DD HTTP/1.1" 200 1383 "-" "Mozilla/5.0 AppleWebKit/537.36 (KHTML, like Gecko; compatible; GPTBot/1.2; +https://openai.com/gptbot)"
20.171.207.16 - - [13/May/2025:19:47:02 -0300] "GET /vendor/sebastian/resource-operations/?C=S%3BO%3DA HTTP/1.1" 200 1561 "-" "Mozilla/5.0 AppleWebKit/537.36 (KHTML, like Gecko; compatible; GPTBot/1.2; +https://openai.com/gptbot)"
20.171.207.16 - - [13/May/2025:19:47:04 -0300] "GET /vendor/symfony/options-resolver/?C=D%3BO%3DA HTTP/1.1" 200 2111 "-" "Mozilla/5.0 AppleWebKit/537.36 (KHTML, like Gecko; compatible; GPTBot/1.2; +https://openai.com/gptbot)"
20.171.207.16 - - [13/May/2025:19:47:06 -0300] "GET /vendor/rector/rector/packages/BetterPhpDocParser/ValueObject/PhpDoc/DoctrineAnnotation/AbstractValuesAwareNode.php HTTP/1.1" 500 - "-" "Mozilla/5.0 AppleWebKit/537.36 (KHTML, like Gecko; compatible; GPTBot/1.2; +https://openai.com/gptbot)"
20.171.207.16 - - [13/May/2025:19:47:08 -0300] "GET /vendor/rector/rector/vendor/symfony/polyfill-php80/bootstrap.php HTTP/1.1" 200 - "-" "Mozilla/5.0 AppleWebKit/537.36 (KHTML, like Gecko; compatible; GPTBot/1.2; +https://openai.com/gptbot)"
20.171.207.16 - - [13/May/2025:19:47:18 -0300] "GET /vendor/rector/rector/vendor/symfony/polyfill-php81/bootstrap.php HTTP/1.1" 200 - "-" "Mozilla/5.0 AppleWebKit/537.36 (KHTML, like Gecko; compatible; GPTBot/1.2; +https://openai.com/gptbot)"
20.171.207.16 - - [13/May/2025:19:47:22 -0300] "GET /vendor/rector/rector/vendor/symfony/dependency-injection/ContainerAwareInterface.php HTTP/1.1" 200 - "-" "Mozilla/5.0 AppleWebKit/537.36 (KHTML, like Gecko; compatible; GPTBot/1.2; +https://openai.com/gptbot)"
20.171.207.16 - - [13/May/2025:19:47:26 -0300] "GET /vendor/rector/rector/rules/Php80/MatchAndRefactor/StrStartsWithMatchAndRefactor/StrposMatchAndRefactor.php HTTP/1.1" 500 - "-" "Mozilla/5.0 AppleWebKit/537.36 (KHTML, like Gecko; compatible; GPTBot/1.2; +https://openai.com/gptbot)"
20.171.207.16 - - [13/May/2025:19:47:30 -0300] "GET /vendor/rector/rector/vendor/helmich/typo3-typoscript-parser/composer.json HTTP/1.1" 200 1438 "-" "Mozilla/5.0 AppleWebKit/537.36 (KHTML, like Gecko; compatible; GPTBot/1.2; +https://openai.com/gptbot)"
20.171.207.76 - - [13/May/2025:19:47:32 -0300] "GET /vendor/rector/rector/rules/DeadCode/SideEffect/PureFunctionDetector.php HTTP/1.1" 200 - "-" "Mozilla/5.0 AppleWebKit/537.36 (KHTML, like Gecko; compatible; GPTBot/1.2; +https://openai.com/gptbot)"
20.171.207.16 - - [13/May/2025:19:47:42 -0300] "GET /vendor/rector/rector/vendor/symplify/simple-php-doc-parser/config/config.php HTTP/1.1" 200 - "-" "Mozilla/5.0 AppleWebKit/537.36 (KHTML, like Gecko; compatible; GPTBot/1.2; +https://openai.com/gptbot)"
20.171.207.16 - - [13/May/2025:19:48:07 -0300] "GET /vendor/phpunit/php-timer/src/exceptions/TimeSinceStartOfRequestNotAvailableException.php HTTP/1.1" 500 - "-" "Mozilla/5.0 AppleWebKit/537.36 (KHTML, like Gecko; compatible; GPTBot/1.2; +https://openai.com/gptbot)"
20.171.207.16 - - [13/May/2025:19:48:09 -0300] "GET /vendor/symfony/polyfill-mbstring/?C=D%3BO%3DA HTTP/1.1" 200 1747 "-" "Mozilla/5.0 AppleWebKit/537.36 (KHTML, like Gecko; compatible; GPTBot/1.2; +https://openai.com/gptbot)"
20.171.207.76 - - [13/May/2025:19:48:34 -0300] "GET /vendor/rector/rector/rules/Strict/NodeFactory/ExactCompareFactory.php HTTP/1.1" 200 - "-" "Mozilla/5.0 AppleWebKit/537.36 (KHTML, like Gecko; compatible; GPTBot/1.2; +https://openai.com/gptbot)"
20.171.207.16 - - [13/May/2025:19:48:36 -0300] "GET /vendor/composer/xdebug-handler/?C=D%3BO%3DA HTTP/1.1" 200 1552 "-" "Mozilla/5.0 AppleWebKit/537.36 (KHTML, like Gecko; compatible; GPTBot/1.2; +https://openai.com/gptbot)"
20.171.207.16 - - [13/May/2025:19:49:00 -0300] "GET /vendor/composer/xdebug-handler/?C=N%3BO%3DD HTTP/1.1" 200 1552 "-" "Mozilla/5.0 AppleWebKit/537.36 (KHTML, like Gecko; compatible; GPTBot/1.2; +https://openai.com/gptbot)"
20.171.207.16 - - [13/May/2025:19:49:22 -0300] "GET /vendor/symfony/polyfill-mbstring/?C=N%3BO%3DD HTTP/1.1" 200 1747 "-" "Mozilla/5.0 AppleWebKit/537.36 (KHTML, like Gecko; compatible; GPTBot/1.2; +https://openai.com/gptbot)"
20.171.207.76 - - [13/May/2025:19:49:31 -0300] "GET /vendor/rector/rector/rules/Renaming/NodeManipulator/ClassRenamer.php HTTP/1.1" 200 - "-" "Mozilla/5.0 AppleWebKit/537.36 (KHTML, like Gecko; compatible; GPTBot/1.2; +https://openai.com/gptbot)"
