98.82.38.120 - - [13/May/2025:15:34:22 -0300] "GET /vendor/phpunit/phpunit/src/Runner/Hook/AfterLastTestHook.php HTTP/1.1" 500 - "-" "Mozilla/5.0 AppleWebKit/537.36 (KHTML, like Gecko; compatible; Amazonbot/0.1; +https://developer.amazon.com/support/amazonbot) Chrome/119.0.6045.214 Safari/537.36"
3.222.190.107 - - [13/May/2025:15:34:34 -0300] "GET /vendor/myclabs/deep-copy/src/DeepCopy/?C=S;O%3DD HTTP/1.1" 200 2121 "-" "Mozilla/5.0 AppleWebKit/537.36 (KHTML, like Gecko; compatible; Amazonbot/0.1; +https://developer.amazon.com/support/amazonbot) Chrome/119.0.6045.214 Safari/537.36"
3.215.59.93 - - [13/May/2025:15:34:39 -0300] "GET /vendor/phar-io/manifest/src/values/?C=M;O%3DD HTTP/1.1" 200 4638 "-" "Mozilla/5.0 AppleWebKit/537.36 (KHTML, like Gecko; compatible; Amazonbot/0.1; +https://developer.amazon.com/support/amazonbot) Chrome/119.0.6045.214 Safari/537.36"
20.171.207.165 - - [13/May/2025:15:34:41 -0300] "GET /vendor/rector/rector/vendor/doctrine/inflector/lib/Doctrine/ HTTP/1.1" 200 937 "-" "Mozilla/5.0 AppleWebKit/537.36 (KHTML, like Gecko; compatible; GPTBot/1.2; +https://openai.com/gptbot)"
54.147.238.89 - - [13/May/2025:15:34:43 -0300] "GET /vendor/fakerphp/faker/src/Faker/Provider/ar_SA/ HTTP/1.1" 200 1971 "-" "Mozilla/5.0 AppleWebKit/537.36 (KHTML, like Gecko; compatible; Amazonbot/0.1; +https://developer.amazon.com/support/amazonbot) Chrome/119.0.6045.214 Safari/537.36"
52.23.112.144 - - [13/May/2025:15:34:46 -0300] "GET /vendor/rector/rector/vendor/tracy/tracy/src/Tracy/assets/?C=N;O%3DA HTTP/1.1" 200 1821 "-" "Mozilla/5.0 AppleWebKit/537.36 (KHTML, like Gecko; compatible; Amazonbot/0.1; +https://developer.amazon.com/support/amazonbot) Chrome/119.0.6045.214 Safari/537.36"
52.200.54.136 - - [13/May/2025:15:34:50 -0300] "GET /vendor/predis/predis/src/Cluster/Hash/?C=M;O%3DA HTTP/1.1" 200 1071 "-" "Mozilla/5.0 AppleWebKit/537.36 (KHTML, like Gecko; compatible; Amazonbot/0.1; +https://developer.amazon.com/support/amazonbot) Chrome/119.0.6045.214 Safari/537.36"
100.28.133.214 - - [13/May/2025:15:34:55 -0300] "GET /vendor/rector/rector/vendor/nikic/php-parser/lib/PhpParser/Node/Expr/AssignOp/BitwiseOr.php HTTP/1.1" 500 - "-" "Mozilla/5.0 AppleWebKit/537.36 (KHTML, like Gecko; compatible; Amazonbot/0.1; +https://developer.amazon.com/support/amazonbot) Chrome/119.0.6045.214 Safari/537.36"
20.171.207.4 - - [13/May/2025:15:34:59 -0300] "GET /vendor/rector/rector/vendor/symplify/easy-testing/src/ HTTP/1.1" 200 2392 "-" "Mozilla/5.0 AppleWebKit/537.36 (KHTML, like Gecko; compatible; GPTBot/1.2; +https://openai.com/gptbot)"
44.208.223.68 - - [13/May/2025:15:34:59 -0300] "GET /vendor/fakerphp/faker/src/Faker/Provider/me_ME/ HTTP/1.1" 200 1621 "-" "Mozilla/5.0 AppleWebKit/537.36 (KHTML, like Gecko; compatible; Amazonbot/0.1; +https://developer.amazon.com/support/amazonbot) Chrome/119.0.6045.214 Safari/537.36"
20.171.207.165 - - [13/May/2025:15:35:02 -0300] "GET /vendor/rector/rector/rules/DependencyInjection/Rector/ HTTP/1.1" 200 1098 "-" "Mozilla/5.0 AppleWebKit/537.36 (KHTML, like Gecko; compatible; GPTBot/1.2; +https://openai.com/gptbot)"
3.225.45.252 - - [13/May/2025:15:35:03 -0300] "GET /vendor/fakerphp/faker/src/Faker/Provider/ar_JO/ HTTP/1.1" 200 1615 "-" "Mozilla/5.0 AppleWebKit/537.36 (KHTML, like Gecko; compatible; Amazonbot/0.1; +https://developer.amazon.com/support/amazonbot) Chrome/119.0.6045.214 Safari/537.36"
52.204.89.12 - - [13/May/2025:15:35:06 -0300] "GET /vendor/friendsofphp/php-cs-fixer/src/Fixer/Naming/?C=N;O%3DD HTTP/1.1" 200 927 "-" "Mozilla/5.0 AppleWebKit/537.36 (KHTML, like Gecko; compatible; Amazonbot/0.1; +https://developer.amazon.com/support/amazonbot) Chrome/119.0.6045.214 Safari/537.36"
18.232.36.1 - - [13/May/2025:15:35:11 -0300] "GET /vendor/rector/rector/vendor/nikic/php-parser/lib/PhpParser/Node/Expr/BinaryOp/BitwiseOr.php HTTP/1.1" 500 - "-" "Mozilla/5.0 AppleWebKit/537.36 (KHTML, like Gecko; compatible; Amazonbot/0.1; +https://developer.amazon.com/support/amazonbot) Chrome/119.0.6045.214 Safari/537.36"
20.171.207.165 - - [13/May/2025:15:35:20 -0300] "GET /vendor/friendsofphp/php-cs-fixer/src/Linter/ProcessLintingResult.php HTTP/1.1" 500 - "-" "Mozilla/5.0 AppleWebKit/537.36 (KHTML, like Gecko; compatible; GPTBot/1.2; +https://openai.com/gptbot)"
34.227.156.153 - - [13/May/2025:15:35:22 -0300] "GET /vendor/phpunit/phpunit/src/Framework/MockObject/Builder/ HTTP/1.1" 200 1855 "-" "Mozilla/5.0 AppleWebKit/537.36 (KHTML, like Gecko; compatible; Amazonbot/0.1; +https://developer.amazon.com/support/amazonbot) Chrome/119.0.6045.214 Safari/537.36"
44.212.131.50 - - [13/May/2025:15:35:30 -0300] "GET /vendor/friendsofphp/php-cs-fixer/src/Fixer/PhpTag/?C=D;O%3DA HTTP/1.1" 200 1709 "-" "Mozilla/5.0 AppleWebKit/537.36 (KHTML, like Gecko; compatible; Amazonbot/0.1; +https://developer.amazon.com/support/amazonbot) Chrome/119.0.6045.214 Safari/537.36"
100.29.107.38 - - [13/May/2025:15:35:34 -0300] "GET /vendor/myclabs/deep-copy/src/DeepCopy/Filter/?C=S;O%3DA HTTP/1.1" 200 1623 "-" "Mozilla/5.0 AppleWebKit/537.36 (KHTML, like Gecko; compatible; Amazonbot/0.1; +https://developer.amazon.com/support/amazonbot) Chrome/119.0.6045.214 Safari/537.36"
20.171.207.165 - - [13/May/2025:15:35:37 -0300] "GET /vendor/friendsofphp/php-cs-fixer/src/FixerDefinition/CodeSample.php HTTP/1.1" 500 - "-" "Mozilla/5.0 AppleWebKit/537.36 (KHTML, like Gecko; compatible; GPTBot/1.2; +https://openai.com/gptbot)"
52.45.15.233 - - [13/May/2025:15:35:38 -0300] "GET /vendor/friendsofphp/php-cs-fixer/src/Fixer/ListNotation/?C=D;O%3DA HTTP/1.1" 200 930 "-" "Mozilla/5.0 AppleWebKit/537.36 (KHTML, like Gecko; compatible; Amazonbot/0.1; +https://developer.amazon.com/support/amazonbot) Chrome/119.0.6045.214 Safari/537.36"
3.213.106.226 - - [13/May/2025:15:35:46 -0300] "GET /vendor/fakerphp/faker/src/Faker/Provider/Biased.php HTTP/1.1" 500 - "-" "Mozilla/5.0 AppleWebKit/537.36 (KHTML, like Gecko; compatible; Amazonbot/0.1; +https://developer.amazon.com/support/amazonbot) Chrome/119.0.6045.214 Safari/537.36"
35.169.119.108 - - [13/May/2025:15:35:59 -0300] "GET /vendor/phpunit/phpunit/src/Util/Xml/Validator.php HTTP/1.1" 200 - "-" "Mozilla/5.0 AppleWebKit/537.36 (KHTML, like Gecko; compatible; Amazonbot/0.1; +https://developer.amazon.com/support/amazonbot) Chrome/119.0.6045.214 Safari/537.36"
20.171.207.4 - - [13/May/2025:15:36:05 -0300] "GET /vendor/rector/rector/vendor/symplify/easy-testing/bin/ HTTP/1.1" 200 1110 "-" "Mozilla/5.0 AppleWebKit/537.36 (KHTML, like Gecko; compatible; GPTBot/1.2; +https://openai.com/gptbot)"
3.216.227.216 - - [13/May/2025:15:36:07 -0300] "GET /vendor/sebastian/diff/src/Exception/?C=S;O%3DD HTTP/1.1" 200 1263 "-" "Mozilla/5.0 AppleWebKit/537.36 (KHTML, like Gecko; compatible; Amazonbot/0.1; +https://developer.amazon.com/support/amazonbot) Chrome/119.0.6045.214 Safari/537.36"
52.71.46.142 - - [13/May/2025:15:36:14 -0300] "GET /vendor/phpunit/phpunit/src/TextUI/XmlConfiguration/?C=M;O%3DA HTTP/1.1" 200 2863 "-" "Mozilla/5.0 AppleWebKit/537.36 (KHTML, like Gecko; compatible; Amazonbot/0.1; +https://developer.amazon.com/support/amazonbot) Chrome/119.0.6045.214 Safari/537.36"
107.20.255.194 - - [13/May/2025:15:36:23 -0300] "GET /vendor/phpunit/phpunit/src/TextUI/XmlConfiguration/?C=N;O%3DD HTTP/1.1" 200 2863 "-" "Mozilla/5.0 AppleWebKit/537.36 (KHTML, like Gecko; compatible; Amazonbot/0.1; +https://developer.amazon.com/support/amazonbot) Chrome/119.0.6045.214 Safari/537.36"
20.171.207.165 - - [13/May/2025:15:36:24 -0300] "GET /vendor/rector/rector/vendor/symplify/easy-testing/bin/ HTTP/1.1" 200 1110 "-" "Mozilla/5.0 AppleWebKit/537.36 (KHTML, like Gecko; compatible; GPTBot/1.2; +https://openai.com/gptbot)"
52.0.41.164 - - [13/May/2025:15:36:36 -0300] "GET /vendor/phpunit/phpunit/src/Framework/Error/?C=S;O%3DA HTTP/1.1" 200 1427 "-" "Mozilla/5.0 AppleWebKit/537.36 (KHTML, like Gecko; compatible; Amazonbot/0.1; +https://developer.amazon.com/support/amazonbot) Chrome/119.0.6045.214 Safari/537.36"
54.152.163.42 - - [13/May/2025:15:36:42 -0300] "GET /vendor/phpunit/phpunit/src/Util/Xml/?C=D;O%3DA HTTP/1.1" 200 2582 "-" "Mozilla/5.0 AppleWebKit/537.36 (KHTML, like Gecko; compatible; Amazonbot/0.1; +https://developer.amazon.com/support/amazonbot) Chrome/119.0.6045.214 Safari/537.36"
34.196.6.199 - - [13/May/2025:15:36:58 -0300] "GET /vendor/phpunit/phpunit/src/Framework/MockObject/?C=N;O%3DD HTTP/1.1" 200 4519 "-" "Mozilla/5.0 AppleWebKit/537.36 (KHTML, like Gecko; compatible; Amazonbot/0.1; +https://developer.amazon.com/support/amazonbot) Chrome/119.0.6045.214 Safari/537.36"
20.171.207.4 - - [13/May/2025:15:37:01 -0300] "GET /vendor/rector/rector/vendor/composer/xdebug-handler/src/XdebugHandler.php HTTP/1.1" 200 - "-" "Mozilla/5.0 AppleWebKit/537.36 (KHTML, like Gecko; compatible; GPTBot/1.2; +https://openai.com/gptbot)"
44.215.210.112 - - [13/May/2025:15:37:06 -0300] "GET /vendor/phpunit/phpunit/src/Util/?C=S;O%3DD HTTP/1.1" 200 5420 "-" "Mozilla/5.0 AppleWebKit/537.36 (KHTML, like Gecko; compatible; Amazonbot/0.1; +https://developer.amazon.com/support/amazonbot) Chrome/119.0.6045.214 Safari/537.36"
34.196.114.170 - - [13/May/2025:15:37:11 -0300] "GET /vendor/phpunit/phpunit/src/Framework/Exception/?C=N;O%3DD HTTP/1.1" 200 6131 "-" "Mozilla/5.0 AppleWebKit/537.36 (KHTML, like Gecko; compatible; Amazonbot/0.1; +https://developer.amazon.com/support/amazonbot) Chrome/119.0.6045.214 Safari/537.36"
20.171.207.165 - - [13/May/2025:15:37:28 -0300] "GET /vendor/rector/rector/vendor/symplify/easy-testing/src/ HTTP/1.1" 200 2392 "-" "Mozilla/5.0 AppleWebKit/537.36 (KHTML, like Gecko; compatible; GPTBot/1.2; +https://openai.com/gptbot)"
20.171.207.4 - - [13/May/2025:15:37:51 -0300] "GET /vendor/rector/rector/vendor/symplify/vendor-patches/src/ValueObject/ HTTP/1.1" 200 969 "-" "Mozilla/5.0 AppleWebKit/537.36 (KHTML, like Gecko; compatible; GPTBot/1.2; +https://openai.com/gptbot)"
20.171.207.165 - - [13/May/2025:15:38:25 -0300] "GET /vendor/rector/rector/vendor/composer/xdebug-handler/src/XdebugHandler.php HTTP/1.1" 200 - "-" "Mozilla/5.0 AppleWebKit/537.36 (KHTML, like Gecko; compatible; GPTBot/1.2; +https://openai.com/gptbot)"
20.171.207.4 - - [13/May/2025:15:38:39 -0300] "GET /vendor/rector/rector/vendor/symplify/package-builder/src/Reflection/ HTTP/1.1" 200 1355 "-" "Mozilla/5.0 AppleWebKit/537.36 (KHTML, like Gecko; compatible; GPTBot/1.2; +https://openai.com/gptbot)"
20.171.207.165 - - [13/May/2025:15:39:17 -0300] "GET /vendor/rector/rector/vendor/symplify/vendor-patches/src/ValueObject/ HTTP/1.1" 200 969 "-" "Mozilla/5.0 AppleWebKit/537.36 (KHTML, like Gecko; compatible; GPTBot/1.2; +https://openai.com/gptbot)"
20.171.207.4 - - [13/May/2025:15:39:20 -0300] "GET /vendor/sebastian/object-reflector/?C=N%3BO%3DD HTTP/1.1" 200 1381 "-" "Mozilla/5.0 AppleWebKit/537.36 (KHTML, like Gecko; compatible; GPTBot/1.2; +https://openai.com/gptbot)"
20.171.207.4 - - [13/May/2025:15:39:56 -0300] "GET /vendor/rector/rector/vendor/ssch/typo3-rector/templates/maker/ HTTP/1.1" 200 1121 "-" "Mozilla/5.0 AppleWebKit/537.36 (KHTML, like Gecko; compatible; GPTBot/1.2; +https://openai.com/gptbot)"
20.171.207.165 - - [13/May/2025:15:40:05 -0300] "GET /vendor/rector/rector/vendor/symplify/package-builder/src/Reflection/ HTTP/1.1" 200 1355 "-" "Mozilla/5.0 AppleWebKit/537.36 (KHTML, like Gecko; compatible; GPTBot/1.2; +https://openai.com/gptbot)"
20.171.207.4 - - [13/May/2025:15:40:30 -0300] "GET /vendor/rector/rector/rules/DependencyInjection/Rector/?C=M%3BO%3DA HTTP/1.1" 200 1098 "-" "Mozilla/5.0 AppleWebKit/537.36 (KHTML, like Gecko; compatible; GPTBot/1.2; +https://openai.com/gptbot)"
20.171.207.165 - - [13/May/2025:15:40:47 -0300] "GET /vendor/rector/rector/vendor/ssch/typo3-rector/templates/maker/ HTTP/1.1" 200 1121 "-" "Mozilla/5.0 AppleWebKit/537.36 (KHTML, like Gecko; compatible; GPTBot/1.2; +https://openai.com/gptbot)"
20.171.207.4 - - [13/May/2025:15:40:59 -0300] "GET /vendor/rector/rector/vendor/ssch/typo3-rector/templates/rector.php.dist HTTP/1.1" 200 6099 "-" "Mozilla/5.0 AppleWebKit/537.36 (KHTML, like Gecko; compatible; GPTBot/1.2; +https://openai.com/gptbot)"
20.171.207.165 - - [13/May/2025:15:41:23 -0300] "GET /vendor/rector/rector/vendor/ssch/typo3-rector/templates/rector.php.dist HTTP/1.1" 200 6099 "-" "Mozilla/5.0 AppleWebKit/537.36 (KHTML, like Gecko; compatible; GPTBot/1.2; +https://openai.com/gptbot)"
20.171.207.4 - - [13/May/2025:15:41:27 -0300] "GET /vendor/sebastian/object-reflector/?C=D%3BO%3DA HTTP/1.1" 200 1381 "-" "Mozilla/5.0 AppleWebKit/537.36 (KHTML, like Gecko; compatible; GPTBot/1.2; +https://openai.com/gptbot)"
20.171.207.4 - - [13/May/2025:15:41:50 -0300] "GET /vendor/rector/rector/vendor/symplify/easy-testing/src/Kernel/ HTTP/1.1" 200 953 "-" "Mozilla/5.0 AppleWebKit/537.36 (KHTML, like Gecko; compatible; GPTBot/1.2; +https://openai.com/gptbot)"
20.171.207.165 - - [13/May/2025:15:41:58 -0300] "GET /vendor/sebastian/object-reflector/?C=N%3BO%3DD HTTP/1.1" 200 1381 "-" "Mozilla/5.0 AppleWebKit/537.36 (KHTML, like Gecko; compatible; GPTBot/1.2; +https://openai.com/gptbot)"
20.171.207.4 - - [13/May/2025:15:42:11 -0300] "GET /vendor/rector/rector/vendor/symplify/easy-testing/bin/easy-testing HTTP/1.1" 200 103 "-" "Mozilla/5.0 AppleWebKit/537.36 (KHTML, like Gecko; compatible; GPTBot/1.2; +https://openai.com/gptbot)"
20.171.207.165 - - [13/May/2025:15:42:27 -0300] "GET /vendor/sebastian/object-reflector/?C=D%3BO%3DA HTTP/1.1" 200 1381 "-" "Mozilla/5.0 AppleWebKit/537.36 (KHTML, like Gecko; compatible; GPTBot/1.2; +https://openai.com/gptbot)"
20.171.207.4 - - [13/May/2025:15:42:32 -0300] "GET /vendor/rector/rector/vendor/symplify/easy-testing/bin/easy-testing.php HTTP/1.1" 200 286 "-" "Mozilla/5.0 AppleWebKit/537.36 (KHTML, like Gecko; compatible; GPTBot/1.2; +https://openai.com/gptbot)"
20.171.207.4 - - [13/May/2025:15:42:49 -0300] "GET /vendor/rector/rector/vendor/symplify/easy-testing/src/PHPUnit/ HTTP/1.1" 200 1142 "-" "Mozilla/5.0 AppleWebKit/537.36 (KHTML, like Gecko; compatible; GPTBot/1.2; +https://openai.com/gptbot)"
20.171.207.165 - - [13/May/2025:15:42:55 -0300] "GET /vendor/composer/xdebug-handler/?C=S%3BO%3DA HTTP/1.1" 200 1552 "-" "Mozilla/5.0 AppleWebKit/537.36 (KHTML, like Gecko; compatible; GPTBot/1.2; +https://openai.com/gptbot)"
20.171.207.4 - - [13/May/2025:15:43:05 -0300] "GET /vendor/rector/rector/vendor/symplify/easy-testing/src/FixtureSplitter/ HTTP/1.1" 200 973 "-" "Mozilla/5.0 AppleWebKit/537.36 (KHTML, like Gecko; compatible; GPTBot/1.2; +https://openai.com/gptbot)"
20.171.207.165 - - [13/May/2025:15:43:20 -0300] "GET /vendor/rector/rector/vendor/symplify/easy-testing/bin/easy-testing HTTP/1.1" 200 103 "-" "Mozilla/5.0 AppleWebKit/537.36 (KHTML, like Gecko; compatible; GPTBot/1.2; +https://openai.com/gptbot)"
20.171.207.4 - - [13/May/2025:15:43:20 -0300] "GET /vendor/rector/rector/vendor/symplify/easy-testing/src/ValueObject/ HTTP/1.1" 200 2479 "-" "Mozilla/5.0 AppleWebKit/537.36 (KHTML, like Gecko; compatible; GPTBot/1.2; +https://openai.com/gptbot)"
20.171.207.4 - - [13/May/2025:15:43:33 -0300] "GET /vendor/symfony/polyfill-intl-grapheme/?C=M%3BO%3DA HTTP/1.1" 200 1579 "-" "Mozilla/5.0 AppleWebKit/537.36 (KHTML, like Gecko; compatible; GPTBot/1.2; +https://openai.com/gptbot)"
20.171.207.165 - - [13/May/2025:15:43:41 -0300] "GET /vendor/rector/rector/vendor/symplify/easy-testing/src/?C=N%3BO%3DD HTTP/1.1" 200 2392 "-" "Mozilla/5.0 AppleWebKit/537.36 (KHTML, like Gecko; compatible; GPTBot/1.2; +https://openai.com/gptbot)"
20.171.207.4 - - [13/May/2025:15:43:45 -0300] "GET /vendor/symfony/polyfill-mbstring/?C=M%3BO%3DA HTTP/1.1" 200 1747 "-" "Mozilla/5.0 AppleWebKit/537.36 (KHTML, like Gecko; compatible; GPTBot/1.2; +https://openai.com/gptbot)"
20.171.207.4 - - [13/May/2025:15:43:56 -0300] "GET /vendor/symfony/polyfill-mbstring/?C=S%3BO%3DA HTTP/1.1" 200 1747 "-" "Mozilla/5.0 AppleWebKit/537.36 (KHTML, like Gecko; compatible; GPTBot/1.2; +https://openai.com/gptbot)"
20.171.207.165 - - [13/May/2025:15:44:01 -0300] "GET /vendor/rector/rector/vendor/symplify/easy-testing/bin/easy-testing.php HTTP/1.1" 200 286 "-" "Mozilla/5.0 AppleWebKit/537.36 (KHTML, like Gecko; compatible; GPTBot/1.2; +https://openai.com/gptbot)"
20.171.207.4 - - [13/May/2025:15:44:05 -0300] "GET /vendor/composer/xdebug-handler/?C=M%3BO%3DA HTTP/1.1" 200 1552 "-" "Mozilla/5.0 AppleWebKit/537.36 (KHTML, like Gecko; compatible; GPTBot/1.2; +https://openai.com/gptbot)"
20.171.207.4 - - [13/May/2025:15:44:14 -0300] "GET /vendor/symfony/polyfill-intl-grapheme/?C=D%3BO%3DA HTTP/1.1" 200 1579 "-" "Mozilla/5.0 AppleWebKit/537.36 (KHTML, like Gecko; compatible; GPTBot/1.2; +https://openai.com/gptbot)"
20.171.207.165 - - [13/May/2025:15:44:19 -0300] "GET /vendor/rector/rector/vendor/symplify/easy-testing/src/PHPUnit/ HTTP/1.1" 200 1142 "-" "Mozilla/5.0 AppleWebKit/537.36 (KHTML, like Gecko; compatible; GPTBot/1.2; +https://openai.com/gptbot)"
20.171.207.4 - - [13/May/2025:15:44:22 -0300] "GET /vendor/symfony/polyfill-intl-grapheme/?C=N%3BO%3DD HTTP/1.1" 200 1579 "-" "Mozilla/5.0 AppleWebKit/537.36 (KHTML, like Gecko; compatible; GPTBot/1.2; +https://openai.com/gptbot)"
20.171.207.4 - - [13/May/2025:15:44:29 -0300] "GET /vendor/composer/xdebug-handler/?C=S%3BO%3DA HTTP/1.1" 200 1552 "-" "Mozilla/5.0 AppleWebKit/537.36 (KHTML, like Gecko; compatible; GPTBot/1.2; +https://openai.com/gptbot)"
20.171.207.4 - - [13/May/2025:15:44:35 -0300] "GET /vendor/symfony/polyfill-intl-grapheme/?C=S%3BO%3DA HTTP/1.1" 200 1579 "-" "Mozilla/5.0 AppleWebKit/537.36 (KHTML, like Gecko; compatible; GPTBot/1.2; +https://openai.com/gptbot)"
20.171.207.165 - - [13/May/2025:15:44:35 -0300] "GET /vendor/rector/rector/vendor/symplify/easy-testing/src/FixtureSplitter/ HTTP/1.1" 200 973 "-" "Mozilla/5.0 AppleWebKit/537.36 (KHTML, like Gecko; compatible; GPTBot/1.2; +https://openai.com/gptbot)"
20.171.207.4 - - [13/May/2025:15:44:40 -0300] "GET /vendor/rector/rector/vendor/symplify/easy-testing/composer.json HTTP/1.1" 200 2445 "-" "Mozilla/5.0 AppleWebKit/537.36 (KHTML, like Gecko; compatible; GPTBot/1.2; +https://openai.com/gptbot)"
20.171.207.4 - - [13/May/2025:15:44:45 -0300] "GET /vendor/rector/rector/vendor/symplify/easy-testing/src/FixtureSplitter/TrioFixtureSplitter.php HTTP/1.1" 200 - "-" "Mozilla/5.0 AppleWebKit/537.36 (KHTML, like Gecko; compatible; GPTBot/1.2; +https://openai.com/gptbot)"
20.171.207.165 - - [13/May/2025:15:44:49 -0300] "GET /vendor/rector/rector/vendor/symplify/easy-testing/src/ValueObject/ HTTP/1.1" 200 2479 "-" "Mozilla/5.0 AppleWebKit/537.36 (KHTML, like Gecko; compatible; GPTBot/1.2; +https://openai.com/gptbot)"
20.171.207.4 - - [13/May/2025:15:44:50 -0300] "GET /vendor/rector/rector/vendor/rector/rector-nette/rector.php HTTP/1.1" 200 - "-" "Mozilla/5.0 AppleWebKit/537.36 (KHTML, like Gecko; compatible; GPTBot/1.2; +https://openai.com/gptbot)"
20.171.207.4 - - [13/May/2025:15:44:54 -0300] "GET /vendor/rector/rector/vendor/phpstan/phpstan/bootstrap.php HTTP/1.1" 200 - "-" "Mozilla/5.0 AppleWebKit/537.36 (KHTML, like Gecko; compatible; GPTBot/1.2; +https://openai.com/gptbot)"
20.171.207.4 - - [13/May/2025:15:44:58 -0300] "GET /vendor/rector/rector/vendor/cweagans/composer-patches/phpunit.xml.dist HTTP/1.1" 200 458 "-" "Mozilla/5.0 AppleWebKit/537.36 (KHTML, like Gecko; compatible; GPTBot/1.2; +https://openai.com/gptbot)"
20.171.207.4 - - [13/May/2025:15:45:01 -0300] "GET /vendor/rector/rector/rules/Removing/NodeAnalyzer/ HTTP/1.1" 200 929 "-" "Mozilla/5.0 AppleWebKit/537.36 (KHTML, like Gecko; compatible; GPTBot/1.2; +https://openai.com/gptbot)"
20.171.207.165 - - [13/May/2025:15:45:02 -0300] "GET /vendor/symfony/polyfill-mbstring/?C=S%3BO%3DA HTTP/1.1" 200 1747 "-" "Mozilla/5.0 AppleWebKit/537.36 (KHTML, like Gecko; compatible; GPTBot/1.2; +https://openai.com/gptbot)"
20.171.207.4 - - [13/May/2025:15:45:04 -0300] "GET /vendor/rector/rector/src/Application/FileSystem/ HTTP/1.1" 200 1129 "-" "Mozilla/5.0 AppleWebKit/537.36 (KHTML, like Gecko; compatible; GPTBot/1.2; +https://openai.com/gptbot)"
20.171.207.4 - - [13/May/2025:15:45:07 -0300] "GET /vendor/rector/rector/packages/StaticTypeMapper/PhpDoc/ HTTP/1.1" 200 931 "-" "Mozilla/5.0 AppleWebKit/537.36 (KHTML, like Gecko; compatible; GPTBot/1.2; +https://openai.com/gptbot)"
20.171.207.4 - - [13/May/2025:15:45:09 -0300] "GET /vendor/rector/rector/vendor/symplify/easy-parallel/composer.json HTTP/1.1" 200 2485 "-" "Mozilla/5.0 AppleWebKit/537.36 (KHTML, like Gecko; compatible; GPTBot/1.2; +https://openai.com/gptbot)"
20.171.207.4 - - [13/May/2025:15:45:11 -0300] "GET /vendor/rector/rector/vendor/webmozart/assert/composer.json HTTP/1.1" 200 1088 "-" "Mozilla/5.0 AppleWebKit/537.36 (KHTML, like Gecko; compatible; GPTBot/1.2; +https://openai.com/gptbot)"
20.171.207.4 - - [13/May/2025:15:45:13 -0300] "GET /vendor/rector/rector/vendor/symplify/skipper/composer.json HTTP/1.1" 200 2434 "-" "Mozilla/5.0 AppleWebKit/537.36 (KHTML, like Gecko; compatible; GPTBot/1.2; +https://openai.com/gptbot)"
20.171.207.165 - - [13/May/2025:15:45:14 -0300] "GET /vendor/symfony/polyfill-mbstring/?C=M%3BO%3DA HTTP/1.1" 200 1747 "-" "Mozilla/5.0 AppleWebKit/537.36 (KHTML, like Gecko; compatible; GPTBot/1.2; +https://openai.com/gptbot)"
20.171.207.4 - - [13/May/2025:15:45:15 -0300] "GET /vendor/rector/rector/vendor/symfony/polyfill-ctype/composer.json HTTP/1.1" 200 1140 "-" "Mozilla/5.0 AppleWebKit/537.36 (KHTML, like Gecko; compatible; GPTBot/1.2; +https://openai.com/gptbot)"
20.171.207.4 - - [13/May/2025:15:45:17 -0300] "GET /vendor/rector/rector/vendor/nette/utils/src/ HTTP/1.1" 200 2169 "-" "Mozilla/5.0 AppleWebKit/537.36 (KHTML, like Gecko; compatible; GPTBot/1.2; +https://openai.com/gptbot)"
20.171.207.4 - - [13/May/2025:15:45:18 -0300] "GET /vendor/phpunit/php-code-coverage/src/Report/Clover.php HTTP/1.1" 200 - "-" "Mozilla/5.0 AppleWebKit/537.36 (KHTML, like Gecko; compatible; GPTBot/1.2; +https://openai.com/gptbot)"
20.171.207.4 - - [13/May/2025:15:45:19 -0300] "GET /vendor/phpunit/php-code-coverage/src/Node/Iterator.php HTTP/1.1" 200 - "-" "Mozilla/5.0 AppleWebKit/537.36 (KHTML, like Gecko; compatible; GPTBot/1.2; +https://openai.com/gptbot)"
20.171.207.4 - - [13/May/2025:15:45:21 -0300] "GET /vendor/friendsofphp/php-cs-fixer/src/Runner/FileLintingIterator.php HTTP/1.1" 200 - "-" "Mozilla/5.0 AppleWebKit/537.36 (KHTML, like Gecko; compatible; GPTBot/1.2; +https://openai.com/gptbot)"
20.171.207.4 - - [13/May/2025:15:45:22 -0300] "GET /vendor/rector/rector/vendor/helmich/typo3-typoscript-parser/src/ HTTP/1.1" 200 1329 "-" "Mozilla/5.0 AppleWebKit/537.36 (KHTML, like Gecko; compatible; GPTBot/1.2; +https://openai.com/gptbot)"
20.171.207.4 - - [13/May/2025:15:45:23 -0300] "GET /vendor/rector/rector/vendor/psr/http-message/src/UploadedFileInterface.php HTTP/1.1" 200 - "-" "Mozilla/5.0 AppleWebKit/537.36 (KHTML, like Gecko; compatible; GPTBot/1.2; +https://openai.com/gptbot)"
20.171.207.4 - - [13/May/2025:15:45:24 -0300] "GET /vendor/phpspec/prophecy/src/Prophecy/Util/ HTTP/1.1" 200 1073 "-" "Mozilla/5.0 AppleWebKit/537.36 (KHTML, like Gecko; compatible; GPTBot/1.2; +https://openai.com/gptbot)"
20.171.207.165 - - [13/May/2025:15:45:24 -0300] "GET /vendor/symfony/polyfill-intl-grapheme/?C=D%3BO%3DA HTTP/1.1" 200 1579 "-" "Mozilla/5.0 AppleWebKit/537.36 (KHTML, like Gecko; compatible; GPTBot/1.2; +https://openai.com/gptbot)"
20.171.207.4 - - [13/May/2025:15:45:25 -0300] "GET /vendor/rector/rector/rules/DependencyInjection/Collector/VariablesToPropertyFetchCollection.php HTTP/1.1" 200 - "-" "Mozilla/5.0 AppleWebKit/537.36 (KHTML, like Gecko; compatible; GPTBot/1.2; +https://openai.com/gptbot)"
20.171.207.4 - - [13/May/2025:15:45:26 -0300] "GET /vendor/rector/rector/packages/BetterPhpDocParser/PhpDocManipulator/VarAnnotationManipulator.php HTTP/1.1" 200 - "-" "Mozilla/5.0 AppleWebKit/537.36 (KHTML, like Gecko; compatible; GPTBot/1.2; +https://openai.com/gptbot)"
20.171.207.4 - - [13/May/2025:15:45:28 -0300] "GET /vendor/phpdocumentor/reflection-common/?C=S%3BO%3DA HTTP/1.1" 200 1215 "-" "Mozilla/5.0 AppleWebKit/537.36 (KHTML, like Gecko; compatible; GPTBot/1.2; +https://openai.com/gptbot)"
20.171.207.4 - - [13/May/2025:15:45:29 -0300] "GET /vendor/rector/rector/vendor/nette/utils/src/compatibility.php HTTP/1.1" 200 - "-" "Mozilla/5.0 AppleWebKit/537.36 (KHTML, like Gecko; compatible; GPTBot/1.2; +https://openai.com/gptbot)"
20.171.207.4 - - [13/May/2025:15:45:30 -0300] "GET /vendor/rector/rector/vendor/nette/utils/src/exceptions.php HTTP/1.1" 200 - "-" "Mozilla/5.0 AppleWebKit/537.36 (KHTML, like Gecko; compatible; GPTBot/1.2; +https://openai.com/gptbot)"
20.171.207.4 - - [13/May/2025:15:45:31 -0300] "GET /vendor/phpdocumentor/reflection-common/?C=M%3BO%3DA HTTP/1.1" 200 1215 "-" "Mozilla/5.0 AppleWebKit/537.36 (KHTML, like Gecko; compatible; GPTBot/1.2; +https://openai.com/gptbot)"
20.171.207.4 - - [13/May/2025:15:45:32 -0300] "GET /vendor/rector/rector/vendor/symplify/astral/composer.json HTTP/1.1" 200 2666 "-" "Mozilla/5.0 AppleWebKit/537.36 (KHTML, like Gecko; compatible; GPTBot/1.2; +https://openai.com/gptbot)"
20.171.207.4 - - [13/May/2025:15:45:33 -0300] "GET /vendor/rector/rector/vendor/idiosyncratic/editorconfig/tests/data/root_editorconfig HTTP/1.1" 200 257 "-" "Mozilla/5.0 AppleWebKit/537.36 (KHTML, like Gecko; compatible; GPTBot/1.2; +https://openai.com/gptbot)"
20.171.207.165 - - [13/May/2025:15:45:34 -0300] "GET /vendor/symfony/polyfill-intl-grapheme/?C=N%3BO%3DD HTTP/1.1" 200 1579 "-" "Mozilla/5.0 AppleWebKit/537.36 (KHTML, like Gecko; compatible; GPTBot/1.2; +https://openai.com/gptbot)"
20.171.207.4 - - [13/May/2025:15:45:34 -0300] "GET /vendor/rector/rector/vendor/rector/rector-nette/config/ HTTP/1.1" 200 1277 "-" "Mozilla/5.0 AppleWebKit/537.36 (KHTML, like Gecko; compatible; GPTBot/1.2; +https://openai.com/gptbot)"
20.171.207.4 - - [13/May/2025:15:45:36 -0300] "GET /vendor/friendsofphp/php-cs-fixer/src/Tokenizer/CodeHasher.php HTTP/1.1" 200 - "-" "Mozilla/5.0 AppleWebKit/537.36 (KHTML, like Gecko; compatible; GPTBot/1.2; +https://openai.com/gptbot)"
20.171.207.4 - - [13/May/2025:15:45:37 -0300] "GET /vendor/rector/rector/vendor/psr/log/composer.json HTTP/1.1" 200 645 "-" "Mozilla/5.0 AppleWebKit/537.36 (KHTML, like Gecko; compatible; GPTBot/1.2; +https://openai.com/gptbot)"
20.171.207.4 - - [13/May/2025:15:45:38 -0300] "GET /vendor/rector/rector/vendor/idiosyncratic/editorconfig/LICENSE.md HTTP/1.1" 200 758 "-" "Mozilla/5.0 AppleWebKit/537.36 (KHTML, like Gecko; compatible; GPTBot/1.2; +https://openai.com/gptbot)"
20.171.207.4 - - [13/May/2025:15:45:39 -0300] "GET /vendor/rector/rector/packages/StaticTypeMapper/ValueObject/Type/ HTTP/1.1" 200 2908 "-" "Mozilla/5.0 AppleWebKit/537.36 (KHTML, like Gecko; compatible; GPTBot/1.2; +https://openai.com/gptbot)"
20.171.207.4 - - [13/May/2025:15:45:40 -0300] "GET /vendor/rector/rector/rules/CodingStyle/Contract/ClassNameImport/ HTTP/1.1" 200 972 "-" "Mozilla/5.0 AppleWebKit/537.36 (KHTML, like Gecko; compatible; GPTBot/1.2; +https://openai.com/gptbot)"
20.171.207.4 - - [13/May/2025:15:45:41 -0300] "GET /vendor/rector/rector/packages/BetterPhpDocParser/ValueObject/Type/ HTTP/1.1" 200 1995 "-" "Mozilla/5.0 AppleWebKit/537.36 (KHTML, like Gecko; compatible; GPTBot/1.2; +https://openai.com/gptbot)"
20.171.207.165 - - [13/May/2025:15:45:42 -0300] "GET /vendor/symfony/polyfill-intl-grapheme/?C=S%3BO%3DA HTTP/1.1" 200 1579 "-" "Mozilla/5.0 AppleWebKit/537.36 (KHTML, like Gecko; compatible; GPTBot/1.2; +https://openai.com/gptbot)"
20.171.207.4 - - [13/May/2025:15:45:43 -0300] "GET /vendor/rector/rector/vendor/symfony/dependency-injection/LICENSE HTTP/1.1" 200 1084 "-" "Mozilla/5.0 AppleWebKit/537.36 (KHTML, like Gecko; compatible; GPTBot/1.2; +https://openai.com/gptbot)"
20.171.207.4 - - [13/May/2025:15:45:44 -0300] "GET /vendor/phar-io/manifest/src/xml/AuthorElementCollection.php HTTP/1.1" 500 - "-" "Mozilla/5.0 AppleWebKit/537.36 (KHTML, like Gecko; compatible; GPTBot/1.2; +https://openai.com/gptbot)"
20.171.207.4 - - [13/May/2025:15:45:45 -0300] "GET /vendor/rector/rector/vendor/myclabs/php-enum/psalm.xml HTTP/1.1" 200 1197 "-" "Mozilla/5.0 AppleWebKit/537.36 (KHTML, like Gecko; compatible; GPTBot/1.2; +https://openai.com/gptbot)"
44.214.19.8 - - [13/May/2025:15:45:46 -0300] "GET /vendor/rector/rector/vendor/nikic/php-parser/lib/PhpParser/Lexer/TokenEmulator/FlexibleDocStringEmulator.php HTTP/1.1" 500 - "-" "Mozilla/5.0 AppleWebKit/537.36 (KHTML, like Gecko; compatible; Amazonbot/0.1; +https://developer.amazon.com/support/amazonbot) Chrome/119.0.6045.214 Safari/537.36"
20.171.207.4 - - [13/May/2025:15:45:48 -0300] "GET /vendor/rector/rector/vendor/rector/rector-nette/config/sets/ HTTP/1.1" 200 2772 "-" "Mozilla/5.0 AppleWebKit/537.36 (KHTML, like Gecko; compatible; GPTBot/1.2; +https://openai.com/gptbot)"
20.171.207.165 - - [13/May/2025:15:45:50 -0300] "GET /vendor/composer/xdebug-handler/?C=M%3BO%3DA HTTP/1.1" 200 1552 "-" "Mozilla/5.0 AppleWebKit/537.36 (KHTML, like Gecko; compatible; GPTBot/1.2; +https://openai.com/gptbot)"
52.44.174.136 - - [13/May/2025:15:45:50 -0300] "GET /vendor/rector/rector/vendor/symfony/dependency-injection/Loader/Configurator/Traits/DeprecateTrait.php HTTP/1.1" 200 - "-" "Mozilla/5.0 AppleWebKit/537.36 (KHTML, like Gecko; compatible; Amazonbot/0.1; +https://developer.amazon.com/support/amazonbot) Chrome/119.0.6045.214 Safari/537.36"
20.171.207.4 - - [13/May/2025:15:45:52 -0300] "GET /vendor/rector/rector/vendor/rector/rector-nette/config/packages.php HTTP/1.1" 200 - "-" "Mozilla/5.0 AppleWebKit/537.36 (KHTML, like Gecko; compatible; GPTBot/1.2; +https://openai.com/gptbot)"
44.209.187.99 - - [13/May/2025:15:45:54 -0300] "GET /vendor/rector/rector/vendor/ssch/typo3-rector/src/Rector/v9/v5/UsePackageManagerActivePackagesRector.php HTTP/1.1" 500 - "-" "Mozilla/5.0 AppleWebKit/537.36 (KHTML, like Gecko; compatible; Amazonbot/0.1; +https://developer.amazon.com/support/amazonbot) Chrome/119.0.6045.214 Safari/537.36"
20.171.207.4 - - [13/May/2025:15:45:54 -0300] "GET /vendor/rector/rector/vendor/react/stream/composer.json HTTP/1.1" 200 1546 "-" "Mozilla/5.0 AppleWebKit/537.36 (KHTML, like Gecko; compatible; GPTBot/1.2; +https://openai.com/gptbot)"
20.171.207.165 - - [13/May/2025:15:45:56 -0300] "GET /vendor/symfony/polyfill-intl-grapheme/?C=M%3BO%3DA HTTP/1.1" 200 1579 "-" "Mozilla/5.0 AppleWebKit/537.36 (KHTML, like Gecko; compatible; GPTBot/1.2; +https://openai.com/gptbot)"
20.171.207.4 - - [13/May/2025:15:45:57 -0300] "GET /vendor/rector/rector/vendor/react/socket/composer.json HTTP/1.1" 200 1700 "-" "Mozilla/5.0 AppleWebKit/537.36 (KHTML, like Gecko; compatible; GPTBot/1.2; +https://openai.com/gptbot)"
98.82.63.147 - - [13/May/2025:15:45:58 -0300] "GET /vendor/rector/rector/vendor/ssch/typo3-rector/src/Rector/v9/v4/RefactorExplodeUrl2ArrayFromGeneralUtilityRector.php HTTP/1.1" 500 - "-" "Mozilla/5.0 AppleWebKit/537.36 (KHTML, like Gecko; compatible; Amazonbot/0.1; +https://developer.amazon.com/support/amazonbot) Chrome/119.0.6045.214 Safari/537.36"
20.171.207.4 - - [13/May/2025:15:45:59 -0300] "GET /vendor/rector/rector/packages/StaticTypeMapper/ValueObject/Type/?C=S%3BO%3DA HTTP/1.1" 200 2908 "-" "Mozilla/5.0 AppleWebKit/537.36 (KHTML, like Gecko; compatible; GPTBot/1.2; +https://openai.com/gptbot)"
20.171.207.4 - - [13/May/2025:15:46:01 -0300] "GET /vendor/rector/rector/packages/StaticTypeMapper/ValueObject/Type/NonExistingObjectType.php HTTP/1.1" 500 - "-" "Mozilla/5.0 AppleWebKit/537.36 (KHTML, like Gecko; compatible; GPTBot/1.2; +https://openai.com/gptbot)"
20.171.207.165 - - [13/May/2025:15:46:03 -0300] "GET /vendor/rector/rector/vendor/symplify/easy-testing/composer.json HTTP/1.1" 200 2445 "-" "Mozilla/5.0 AppleWebKit/537.36 (KHTML, like Gecko; compatible; GPTBot/1.2; +https://openai.com/gptbot)"
3.219.81.66 - - [13/May/2025:15:46:03 -0300] "GET /vendor/rector/rector/vendor/nikic/php-parser/lib/PhpParser/Lexer/TokenEmulator/FnTokenEmulator.php HTTP/1.1" 500 - "-" "Mozilla/5.0 AppleWebKit/537.36 (KHTML, like Gecko; compatible; Amazonbot/0.1; +https://developer.amazon.com/support/amazonbot) Chrome/119.0.6045.214 Safari/537.36"
20.171.207.4 - - [13/May/2025:15:46:03 -0300] "GET /vendor/rector/rector/packages/BetterPhpDocParser/ValueObject/Type/BracketsAwareIntersectionTypeNode.php HTTP/1.1" 500 - "-" "Mozilla/5.0 AppleWebKit/537.36 (KHTML, like Gecko; compatible; GPTBot/1.2; +https://openai.com/gptbot)"
20.171.207.165 - - [13/May/2025:15:46:08 -0300] "GET /vendor/rector/rector/vendor/rector/rector-nette/rector.php HTTP/1.1" 200 - "-" "Mozilla/5.0 AppleWebKit/537.36 (KHTML, like Gecko; compatible; GPTBot/1.2; +https://openai.com/gptbot)"
20.171.207.4 - - [13/May/2025:15:46:09 -0300] "GET /vendor/rector/rector/packages/BetterPhpDocParser/ValueObject/Type/FullyQualifiedIdentifierTypeNode.php HTTP/1.1" 500 - "-" "Mozilla/5.0 AppleWebKit/537.36 (KHTML, like Gecko; compatible; GPTBot/1.2; +https://openai.com/gptbot)"
20.171.207.165 - - [13/May/2025:15:46:14 -0300] "GET /vendor/rector/rector/vendor/phpstan/phpstan/bootstrap.php HTTP/1.1" 200 - "-" "Mozilla/5.0 AppleWebKit/537.36 (KHTML, like Gecko; compatible; GPTBot/1.2; +https://openai.com/gptbot)"
3.221.50.71 - - [13/May/2025:15:46:14 -0300] "GET /vendor/rector/rector/vendor/rector/rector-symfony/config/sets/symfony/level/up-to-symfony-54.php HTTP/1.1" 200 - "-" "Mozilla/5.0 AppleWebKit/537.36 (KHTML, like Gecko; compatible; Amazonbot/0.1; +https://developer.amazon.com/support/amazonbot) Chrome/119.0.6045.214 Safari/537.36"
20.171.207.165 - - [13/May/2025:15:46:18 -0300] "GET /vendor/rector/rector/vendor/cweagans/composer-patches/phpunit.xml.dist HTTP/1.1" 200 458 "-" "Mozilla/5.0 AppleWebKit/537.36 (KHTML, like Gecko; compatible; GPTBot/1.2; +https://openai.com/gptbot)"
54.225.181.161 - - [13/May/2025:15:46:22 -0300] "GET /vendor/friendsofphp/php-cs-fixer/src/Tokenizer/Analyzer/CommentsAnalyzer.php HTTP/1.1" 200 - "-" "Mozilla/5.0 AppleWebKit/537.36 (KHTML, like Gecko; compatible; Amazonbot/0.1; +https://developer.amazon.com/support/amazonbot) Chrome/119.0.6045.214 Safari/537.36"
20.171.207.165 - - [13/May/2025:15:46:22 -0300] "GET /vendor/rector/rector/rules/Removing/NodeAnalyzer/ HTTP/1.1" 200 929 "-" "Mozilla/5.0 AppleWebKit/537.36 (KHTML, like Gecko; compatible; GPTBot/1.2; +https://openai.com/gptbot)"
20.171.207.4 - - [13/May/2025:15:46:25 -0300] "GET /vendor/rector/rector/rules/CodingStyle/ClassNameImport/ HTTP/1.1" 200 1890 "-" "Mozilla/5.0 AppleWebKit/537.36 (KHTML, like Gecko; compatible; GPTBot/1.2; +https://openai.com/gptbot)"
20.171.207.165 - - [13/May/2025:15:46:26 -0300] "GET /vendor/rector/rector/src/Application/FileSystem/ HTTP/1.1" 200 1129 "-" "Mozilla/5.0 AppleWebKit/537.36 (KHTML, like Gecko; compatible; GPTBot/1.2; +https://openai.com/gptbot)"
54.85.126.86 - - [13/May/2025:15:46:27 -0300] "GET /vendor/rector/rector/vendor/ssch/typo3-rector/src/Contract/Processor/ConfigurableProcessorInterface.php HTTP/1.1" 500 - "-" "Mozilla/5.0 AppleWebKit/537.36 (KHTML, like Gecko; compatible; Amazonbot/0.1; +https://developer.amazon.com/support/amazonbot) Chrome/119.0.6045.214 Safari/537.36"
20.171.207.165 - - [13/May/2025:15:46:29 -0300] "GET /vendor/rector/rector/packages/StaticTypeMapper/PhpDoc/ HTTP/1.1" 200 931 "-" "Mozilla/5.0 AppleWebKit/537.36 (KHTML, like Gecko; compatible; GPTBot/1.2; +https://openai.com/gptbot)"
18.232.12.157 - - [13/May/2025:15:46:31 -0300] "GET /vendor/friendsofphp/php-cs-fixer/src/Fixer/Phpdoc/PhpdocVarAnnotationCorrectOrderFixer.php HTTP/1.1" 500 - "-" "Mozilla/5.0 AppleWebKit/537.36 (KHTML, like Gecko; compatible; Amazonbot/0.1; +https://developer.amazon.com/support/amazonbot) Chrome/119.0.6045.214 Safari/537.36"
20.171.207.165 - - [13/May/2025:15:46:32 -0300] "GET /vendor/rector/rector/vendor/symplify/easy-parallel/composer.json HTTP/1.1" 200 2485 "-" "Mozilla/5.0 AppleWebKit/537.36 (KHTML, like Gecko; compatible; GPTBot/1.2; +https://openai.com/gptbot)"
44.209.89.189 - - [13/May/2025:15:46:34 -0300] "GET /vendor/rector/rector/vendor/ssch/typo3-rector/src/Rector/v9/v3/RemoveColPosParameterRector.php HTTP/1.1" 500 - "-" "Mozilla/5.0 AppleWebKit/537.36 (KHTML, like Gecko; compatible; Amazonbot/0.1; +https://developer.amazon.com/support/amazonbot) Chrome/119.0.6045.214 Safari/537.36"
20.171.207.165 - - [13/May/2025:15:46:35 -0300] "GET /vendor/rector/rector/vendor/webmozart/assert/composer.json HTTP/1.1" 200 1088 "-" "Mozilla/5.0 AppleWebKit/537.36 (KHTML, like Gecko; compatible; GPTBot/1.2; +https://openai.com/gptbot)"
20.171.207.165 - - [13/May/2025:15:46:37 -0300] "GET /vendor/rector/rector/vendor/symfony/polyfill-ctype/composer.json HTTP/1.1" 200 1140 "-" "Mozilla/5.0 AppleWebKit/537.36 (KHTML, like Gecko; compatible; GPTBot/1.2; +https://openai.com/gptbot)"
52.3.104.214 - - [13/May/2025:15:46:38 -0300] "GET /vendor/mikey179/vfsstream/src/test/resources/filesystemcopy/withSubfolders/subfolder2/?C=M;O%3DA HTTP/1.1" 200 835 "-" "Mozilla/5.0 AppleWebKit/537.36 (KHTML, like Gecko; compatible; Amazonbot/0.1; +https://developer.amazon.com/support/amazonbot) Chrome/119.0.6045.214 Safari/537.36"
20.171.207.165 - - [13/May/2025:15:46:39 -0300] "GET /vendor/rector/rector/vendor/symplify/skipper/composer.json HTTP/1.1" 200 2434 "-" "Mozilla/5.0 AppleWebKit/537.36 (KHTML, like Gecko; compatible; GPTBot/1.2; +https://openai.com/gptbot)"
20.171.207.165 - - [13/May/2025:15:46:41 -0300] "GET /vendor/rector/rector/vendor/nette/utils/src/ HTTP/1.1" 200 2169 "-" "Mozilla/5.0 AppleWebKit/537.36 (KHTML, like Gecko; compatible; GPTBot/1.2; +https://openai.com/gptbot)"
3.213.46.222 - - [13/May/2025:15:46:42 -0300] "GET /vendor/rector/rector/vendor/nikic/php-parser/lib/PhpParser/Node/Stmt/TraitUseAdaptation/Alias.php HTTP/1.1" 500 - "-" "Mozilla/5.0 AppleWebKit/537.36 (KHTML, like Gecko; compatible; Amazonbot/0.1; +https://developer.amazon.com/support/amazonbot) Chrome/119.0.6045.214 Safari/537.36"
20.171.207.165 - - [13/May/2025:15:46:43 -0300] "GET /vendor/phpunit/php-code-coverage/src/Report/Clover.php HTTP/1.1" 200 - "-" "Mozilla/5.0 AppleWebKit/537.36 (KHTML, like Gecko; compatible; GPTBot/1.2; +https://openai.com/gptbot)"
20.171.207.165 - - [13/May/2025:15:46:44 -0300] "GET /vendor/phpunit/php-code-coverage/src/Node/Iterator.php HTTP/1.1" 200 - "-" "Mozilla/5.0 AppleWebKit/537.36 (KHTML, like Gecko; compatible; GPTBot/1.2; +https://openai.com/gptbot)"
18.205.213.231 - - [13/May/2025:15:46:46 -0300] "GET /vendor/predis/predis/src/Protocol/Text/ProtocolProcessor.php HTTP/1.1" 500 - "-" "Mozilla/5.0 AppleWebKit/537.36 (KHTML, like Gecko; compatible; Amazonbot/0.1; +https://developer.amazon.com/support/amazonbot) Chrome/119.0.6045.214 Safari/537.36"
20.171.207.165 - - [13/May/2025:15:46:46 -0300] "GET /vendor/friendsofphp/php-cs-fixer/src/Runner/FileLintingIterator.php HTTP/1.1" 200 - "-" "Mozilla/5.0 AppleWebKit/537.36 (KHTML, like Gecko; compatible; GPTBot/1.2; +https://openai.com/gptbot)"
20.171.207.165 - - [13/May/2025:15:46:47 -0300] "GET /vendor/rector/rector/vendor/helmich/typo3-typoscript-parser/src/ HTTP/1.1" 200 1329 "-" "Mozilla/5.0 AppleWebKit/537.36 (KHTML, like Gecko; compatible; GPTBot/1.2; +https://openai.com/gptbot)"
20.171.207.165 - - [13/May/2025:15:46:48 -0300] "GET /vendor/rector/rector/vendor/psr/http-message/src/UploadedFileInterface.php HTTP/1.1" 200 - "-" "Mozilla/5.0 AppleWebKit/537.36 (KHTML, like Gecko; compatible; GPTBot/1.2; +https://openai.com/gptbot)"
20.171.207.165 - - [13/May/2025:15:46:49 -0300] "GET /vendor/phpspec/prophecy/src/Prophecy/Util/ HTTP/1.1" 200 1073 "-" "Mozilla/5.0 AppleWebKit/537.36 (KHTML, like Gecko; compatible; GPTBot/1.2; +https://openai.com/gptbot)"
20.171.207.165 - - [13/May/2025:15:46:50 -0300] "GET /vendor/rector/rector/packages/BetterPhpDocParser/PhpDocManipulator/VarAnnotationManipulator.php HTTP/1.1" 200 - "-" "Mozilla/5.0 AppleWebKit/537.36 (KHTML, like Gecko; compatible; GPTBot/1.2; +https://openai.com/gptbot)"
20.171.207.165 - - [13/May/2025:15:46:52 -0300] "GET /vendor/rector/rector/rules/DependencyInjection/Collector/VariablesToPropertyFetchCollection.php HTTP/1.1" 200 - "-" "Mozilla/5.0 AppleWebKit/537.36 (KHTML, like Gecko; compatible; GPTBot/1.2; +https://openai.com/gptbot)"
20.171.207.165 - - [13/May/2025:15:46:53 -0300] "GET /vendor/phpdocumentor/reflection-common/?C=S%3BO%3DA HTTP/1.1" 200 1215 "-" "Mozilla/5.0 AppleWebKit/537.36 (KHTML, like Gecko; compatible; GPTBot/1.2; +https://openai.com/gptbot)"
20.171.207.165 - - [13/May/2025:15:46:54 -0300] "GET /vendor/rector/rector/vendor/nette/utils/src/compatibility.php HTTP/1.1" 200 - "-" "Mozilla/5.0 AppleWebKit/537.36 (KHTML, like Gecko; compatible; GPTBot/1.2; +https://openai.com/gptbot)"
20.171.207.165 - - [13/May/2025:15:46:55 -0300] "GET /vendor/rector/rector/vendor/nette/utils/src/exceptions.php HTTP/1.1" 200 - "-" "Mozilla/5.0 AppleWebKit/537.36 (KHTML, like Gecko; compatible; GPTBot/1.2; +https://openai.com/gptbot)"
20.171.207.165 - - [13/May/2025:15:46:56 -0300] "GET /vendor/phpdocumentor/reflection-common/?C=M%3BO%3DA HTTP/1.1" 200 1215 "-" "Mozilla/5.0 AppleWebKit/537.36 (KHTML, like Gecko; compatible; GPTBot/1.2; +https://openai.com/gptbot)"
20.171.207.165 - - [13/May/2025:15:46:57 -0300] "GET /vendor/rector/rector/vendor/symplify/astral/composer.json HTTP/1.1" 200 2666 "-" "Mozilla/5.0 AppleWebKit/537.36 (KHTML, like Gecko; compatible; GPTBot/1.2; +https://openai.com/gptbot)"
34.205.163.103 - - [13/May/2025:15:46:58 -0300] "GET /vendor/friendsofphp/php-cs-fixer/src/Fixer/ControlStructure/ControlStructureContinuationPositionFixer.php HTTP/1.1" 500 - "-" "Mozilla/5.0 AppleWebKit/537.36 (KHTML, like Gecko; compatible; Amazonbot/0.1; +https://developer.amazon.com/support/amazonbot) Chrome/119.0.6045.214 Safari/537.36"
20.171.207.165 - - [13/May/2025:15:46:59 -0300] "GET /vendor/rector/rector/vendor/idiosyncratic/editorconfig/tests/data/root_editorconfig HTTP/1.1" 200 257 "-" "Mozilla/5.0 AppleWebKit/537.36 (KHTML, like Gecko; compatible; GPTBot/1.2; +https://openai.com/gptbot)"
20.171.207.165 - - [13/May/2025:15:47:00 -0300] "GET /vendor/rector/rector/vendor/rector/rector-nette/config/ HTTP/1.1" 200 1277 "-" "Mozilla/5.0 AppleWebKit/537.36 (KHTML, like Gecko; compatible; GPTBot/1.2; +https://openai.com/gptbot)"
20.171.207.165 - - [13/May/2025:15:47:01 -0300] "GET /vendor/friendsofphp/php-cs-fixer/src/Tokenizer/CodeHasher.php HTTP/1.1" 200 - "-" "Mozilla/5.0 AppleWebKit/537.36 (KHTML, like Gecko; compatible; GPTBot/1.2; +https://openai.com/gptbot)"
23.23.180.225 - - [13/May/2025:15:47:02 -0300] "GET /vendor/rector/rector/vendor/ssch/typo3-rector/src/Rector/v9/v3/PhpOptionsUtilityRector.php HTTP/1.1" 500 - "-" "Mozilla/5.0 AppleWebKit/537.36 (KHTML, like Gecko; compatible; Amazonbot/0.1; +https://developer.amazon.com/support/amazonbot) Chrome/119.0.6045.214 Safari/537.36"
20.171.207.165 - - [13/May/2025:15:47:02 -0300] "GET /vendor/rector/rector/vendor/psr/log/composer.json HTTP/1.1" 200 645 "-" "Mozilla/5.0 AppleWebKit/537.36 (KHTML, like Gecko; compatible; GPTBot/1.2; +https://openai.com/gptbot)"
20.171.207.165 - - [13/May/2025:15:47:03 -0300] "GET /vendor/rector/rector/vendor/idiosyncratic/editorconfig/LICENSE.md HTTP/1.1" 200 758 "-" "Mozilla/5.0 AppleWebKit/537.36 (KHTML, like Gecko; compatible; GPTBot/1.2; +https://openai.com/gptbot)"
20.171.207.165 - - [13/May/2025:15:47:04 -0300] "GET /vendor/rector/rector/vendor/symfony/dependency-injection/LICENSE HTTP/1.1" 200 1084 "-" "Mozilla/5.0 AppleWebKit/537.36 (KHTML, like Gecko; compatible; GPTBot/1.2; +https://openai.com/gptbot)"
20.171.207.165 - - [13/May/2025:15:47:05 -0300] "GET /vendor/rector/rector/packages/StaticTypeMapper/ValueObject/Type/ HTTP/1.1" 200 2908 "-" "Mozilla/5.0 AppleWebKit/537.36 (KHTML, like Gecko; compatible; GPTBot/1.2; +https://openai.com/gptbot)"
20.171.207.165 - - [13/May/2025:15:47:07 -0300] "GET /vendor/rector/rector/packages/BetterPhpDocParser/ValueObject/Type/ HTTP/1.1" 200 1995 "-" "Mozilla/5.0 AppleWebKit/537.36 (KHTML, like Gecko; compatible; GPTBot/1.2; +https://openai.com/gptbot)"
20.171.207.165 - - [13/May/2025:15:47:08 -0300] "GET /vendor/rector/rector/rules/CodingStyle/Contract/ClassNameImport/ HTTP/1.1" 200 972 "-" "Mozilla/5.0 AppleWebKit/537.36 (KHTML, like Gecko; compatible; GPTBot/1.2; +https://openai.com/gptbot)"
20.171.207.165 - - [13/May/2025:15:47:09 -0300] "GET /vendor/phar-io/manifest/src/xml/AuthorElementCollection.php HTTP/1.1" 500 - "-" "Mozilla/5.0 AppleWebKit/537.36 (KHTML, like Gecko; compatible; GPTBot/1.2; +https://openai.com/gptbot)"
20.171.207.165 - - [13/May/2025:15:47:10 -0300] "GET /vendor/rector/rector/vendor/myclabs/php-enum/psalm.xml HTTP/1.1" 200 1197 "-" "Mozilla/5.0 AppleWebKit/537.36 (KHTML, like Gecko; compatible; GPTBot/1.2; +https://openai.com/gptbot)"
20.171.207.165 - - [13/May/2025:15:47:14 -0300] "GET /vendor/rector/rector/vendor/rector/rector-nette/config/sets/ HTTP/1.1" 200 2772 "-" "Mozilla/5.0 AppleWebKit/537.36 (KHTML, like Gecko; compatible; GPTBot/1.2; +https://openai.com/gptbot)"
20.171.207.4 - - [13/May/2025:15:47:14 -0300] "GET /vendor/rector/rector/packages/PhpAttribute/NodeFactory/ HTTP/1.1" 200 1124 "-" "Mozilla/5.0 AppleWebKit/537.36 (KHTML, like Gecko; compatible; GPTBot/1.2; +https://openai.com/gptbot)"
20.171.207.165 - - [13/May/2025:15:47:17 -0300] "GET /vendor/rector/rector/vendor/rector/rector-nette/config/packages.php HTTP/1.1" 200 - "-" "Mozilla/5.0 AppleWebKit/537.36 (KHTML, like Gecko; compatible; GPTBot/1.2; +https://openai.com/gptbot)"
52.71.203.206 - - [13/May/2025:15:47:18 -0300] "GET /vendor/rector/rector/vendor/ssch/typo3-rector/src/FileProcessor/FlexForms/Rector/?C=M;O%3DD HTTP/1.1" 200 1023 "-" "Mozilla/5.0 AppleWebKit/537.36 (KHTML, like Gecko; compatible; Amazonbot/0.1; +https://developer.amazon.com/support/amazonbot) Chrome/119.0.6045.214 Safari/537.36"
20.171.207.165 - - [13/May/2025:15:47:20 -0300] "GET /vendor/rector/rector/vendor/react/socket/composer.json HTTP/1.1" 200 1700 "-" "Mozilla/5.0 AppleWebKit/537.36 (KHTML, like Gecko; compatible; GPTBot/1.2; +https://openai.com/gptbot)"
20.171.207.165 - - [13/May/2025:15:47:22 -0300] "GET /vendor/rector/rector/vendor/react/stream/composer.json HTTP/1.1" 200 1546 "-" "Mozilla/5.0 AppleWebKit/537.36 (KHTML, like Gecko; compatible; GPTBot/1.2; +https://openai.com/gptbot)"
20.171.207.165 - - [13/May/2025:15:47:24 -0300] "GET /vendor/rector/rector/packages/PhpAttribute/NodeFactory/ HTTP/1.1" 200 1124 "-" "Mozilla/5.0 AppleWebKit/537.36 (KHTML, like Gecko; compatible; GPTBot/1.2; +https://openai.com/gptbot)"
20.171.207.165 - - [13/May/2025:15:47:26 -0300] "GET /vendor/rector/rector/rules/CodingStyle/ClassNameImport/ HTTP/1.1" 200 1890 "-" "Mozilla/5.0 AppleWebKit/537.36 (KHTML, like Gecko; compatible; GPTBot/1.2; +https://openai.com/gptbot)"
20.171.207.165 - - [13/May/2025:15:47:28 -0300] "GET /vendor/rector/rector/packages/BetterPhpDocParser/ValueObject/Type/BracketsAwareIntersectionTypeNode.php HTTP/1.1" 500 - "-" "Mozilla/5.0 AppleWebKit/537.36 (KHTML, like Gecko; compatible; GPTBot/1.2; +https://openai.com/gptbot)"
52.204.81.148 - - [13/May/2025:15:47:30 -0300] "GET /vendor/rector/rector/vendor/ssch/typo3-rector/src/FileProcessor/Composer/Rector/?C=N;O%3DA HTTP/1.1" 200 1236 "-" "Mozilla/5.0 AppleWebKit/537.36 (KHTML, like Gecko; compatible; Amazonbot/0.1; +https://developer.amazon.com/support/amazonbot) Chrome/119.0.6045.214 Safari/537.36"
20.171.207.165 - - [13/May/2025:15:47:30 -0300] "GET /vendor/rector/rector/packages/BetterPhpDocParser/ValueObject/Type/FullyQualifiedIdentifierTypeNode.php HTTP/1.1" 500 - "-" "Mozilla/5.0 AppleWebKit/537.36 (KHTML, like Gecko; compatible; GPTBot/1.2; +https://openai.com/gptbot)"
23.23.213.182 - - [13/May/2025:15:47:34 -0300] "GET /vendor/rector/rector/vendor/doctrine/inflector/lib/Doctrine/Inflector/Rules/Substitutions.php HTTP/1.1" 500 - "-" "Mozilla/5.0 AppleWebKit/537.36 (KHTML, like Gecko; compatible; Amazonbot/0.1; +https://developer.amazon.com/support/amazonbot) Chrome/119.0.6045.214 Safari/537.36"
20.171.207.165 - - [13/May/2025:15:47:35 -0300] "GET /vendor/rector/rector/packages/BetterPhpDocParser/ValueObject/NodeTypes.php HTTP/1.1" 200 - "-" "Mozilla/5.0 AppleWebKit/537.36 (KHTML, like Gecko; compatible; GPTBot/1.2; +https://openai.com/gptbot)"
52.44.174.136 - - [13/May/2025:15:47:38 -0300] "GET /vendor/symfony/polyfill-intl-normalizer/Resources/?C=N;O%3DA HTTP/1.1" 200 1078 "-" "Mozilla/5.0 AppleWebKit/537.36 (KHTML, like Gecko; compatible; Amazonbot/0.1; +https://developer.amazon.com/support/amazonbot) Chrome/119.0.6045.214 Safari/537.36"
98.82.59.253 - - [13/May/2025:15:47:42 -0300] "GET /vendor/rector/rector/vendor/symfony/console/Command/?C=N;O%3DA HTTP/1.1" 200 2233 "-" "Mozilla/5.0 AppleWebKit/537.36 (KHTML, like Gecko; compatible; Amazonbot/0.1; +https://developer.amazon.com/support/amazonbot) Chrome/119.0.6045.214 Safari/537.36"
44.208.223.68 - - [13/May/2025:15:47:46 -0300] "GET /vendor/doctrine/instantiator/src/Doctrine/Instantiator/InstantiatorInterface.php HTTP/1.1" 200 - "-" "Mozilla/5.0 AppleWebKit/537.36 (KHTML, like Gecko; compatible; Amazonbot/0.1; +https://developer.amazon.com/support/amazonbot) Chrome/119.0.6045.214 Safari/537.36"
3.210.114.189 - - [13/May/2025:15:47:50 -0300] "GET /vendor/rector/rector/vendor/rector/rector-generator/templates/rules/__Package__/Rector/__Category__/ HTTP/1.1" 200 1250 "-" "Mozilla/5.0 AppleWebKit/537.36 (KHTML, like Gecko; compatible; Amazonbot/0.1; +https://developer.amazon.com/support/amazonbot) Chrome/119.0.6045.214 Safari/537.36"
20.171.207.165 - - [13/May/2025:15:47:50 -0300] "GET /vendor/sebastian/code-unit-reverse-lookup/?C=N%3BO%3DD HTTP/1.1" 200 1397 "-" "Mozilla/5.0 AppleWebKit/537.36 (KHTML, like Gecko; compatible; GPTBot/1.2; +https://openai.com/gptbot)"
54.85.109.140 - - [13/May/2025:15:47:54 -0300] "GET /vendor/rector/rector/vendor/rector/rector-symfony/src/ValueObject/ServiceMap/?C=M;O%3DA HTTP/1.1" 200 990 "-" "Mozilla/5.0 AppleWebKit/537.36 (KHTML, like Gecko; compatible; Amazonbot/0.1; +https://developer.amazon.com/support/amazonbot) Chrome/119.0.6045.214 Safari/537.36"
