%PDF- %PDF-
Mini Shell

Mini Shell

Direktori : /home2/vacivi36/access-logs/
Upload File :
Create Path :
Current File : //home2/vacivi36/access-logs/intranet.vacivitta.com.br

66.249.77.12 - - [12/Sep/2025:09:13:12 -0300] "GET /static/assets/a59d3f98/themes/redmond/images/ui-icons_469bdd_256x240.png HTTP/1.1" 200 4676 "-" "Googlebot-Image/1.0"
66.249.77.12 - - [12/Sep/2025:09:14:05 -0300] "GET /assets/4a242e8d/screen1.jpg HTTP/1.1" 200 53786 "-" "Googlebot-Image/1.0"
66.249.77.11 - - [12/Sep/2025:09:27:23 -0300] "GET /assets/90f774c0/screen4.jpg HTTP/1.1" 200 372707 "-" "Googlebot-Image/1.0"
52.167.144.161 - - [12/Sep/2025:09:28:14 -0300] "GET /assets/2ec6b270/ui/minified/form.js HTTP/1.1" 200 337 "-" "Mozilla/5.0 AppleWebKit/537.36 (KHTML, like Gecko; compatible; bingbot/2.0; +http://www.bing.com/bingbot.htm) Chrome/116.0.1938.76 Safari/537.36"
66.249.77.12 - - [12/Sep/2025:09:29:09 -0300] "GET /static/img/emoji/Beer.svg HTTP/1.1" 200 2630 "-" "Googlebot-Image/1.0"
52.167.144.137 - - [12/Sep/2025:09:30:24 -0300] "GET /static/assets/a59d3f98/ui/effects/effect-blind.js HTTP/1.1" 200 1610 "-" "Mozilla/5.0 AppleWebKit/537.36 (KHTML, like Gecko; compatible; bingbot/2.0; +http://www.bing.com/bingbot.htm) Chrome/116.0.1938.76 Safari/537.36"
52.167.144.161 - - [12/Sep/2025:09:31:24 -0300] "GET /assets/76fb6d41/i18n/el.js HTTP/1.1" 200 1182 "-" "Mozilla/5.0 AppleWebKit/537.36 (KHTML, like Gecko; compatible; bingbot/2.0; +http://www.bing.com/bingbot.htm) Chrome/116.0.1938.76 Safari/537.36"
66.249.77.12 - - [12/Sep/2025:09:37:08 -0300] "GET /static/img/emoji/Sleeping.svg HTTP/1.1" 200 1720 "-" "Googlebot-Image/1.0"
66.249.72.233 - - [12/Sep/2025:09:39:47 -0300] "GET /assets/19076be7/plus-square.svg HTTP/1.1" 200 315 "-" "Googlebot-Image/1.0"
66.249.77.11 - - [12/Sep/2025:09:46:00 -0300] "GET /assets/9d74ea14/screen3.PNG HTTP/1.1" 200 16551 "-" "Googlebot-Image/1.0"
66.249.77.11 - - [12/Sep/2025:09:49:33 -0300] "GET /assets/97977d77/ico/apple-icon-60x60.png HTTP/1.1" 200 1944 "-" "Googlebot-Image/1.0"
66.249.72.231 - - [12/Sep/2025:09:51:19 -0300] "GET /assets/90f774c0/screen9.jpg HTTP/1.1" 200 318314 "-" "Googlebot-Image/1.0"
40.77.167.52 - - [12/Sep/2025:09:52:11 -0300] "GET /assets/2ec6b270/ui/minified/i18n/datepicker-sr.js HTTP/1.1" 200 1078 "-" "Mozilla/5.0 AppleWebKit/537.36 (KHTML, like Gecko; compatible; bingbot/2.0; +http://www.bing.com/bingbot.htm) Chrome/116.0.1938.76 Safari/537.36"
52.167.144.140 - - [12/Sep/2025:09:58:37 -0300] "GET /assets/2ec6b270/themes/base/ HTTP/1.1" 200 5161 "-" "Mozilla/5.0 AppleWebKit/537.36 (KHTML, like Gecko; compatible; bingbot/2.0; +http://www.bing.com/bingbot.htm) Chrome/116.0.1938.76 Safari/537.36"
66.249.77.12 - - [12/Sep/2025:10:04:35 -0300] "GET /assets/baec620/directorylist/drive.png HTTP/1.1" 200 346 "-" "Googlebot-Image/1.0"
66.249.77.11 - - [12/Sep/2025:10:06:10 -0300] "GET /assets/bbca6024/img/placeholder-postform-arrow.png HTTP/1.1" 200 1863 "-" "Googlebot-Image/1.0"
66.249.77.13 - - [12/Sep/2025:10:08:45 -0300] "GET /assets/fa2a3b9b/module_image.png HTTP/1.1" 200 6602 "-" "Googlebot-Image/1.0"
66.249.77.13 - - [12/Sep/2025:10:36:21 -0300] "GET /assets/90f774c0/screen5.jpg HTTP/1.1" 200 169004 "-" "Googlebot-Image/1.0"
49.51.166.228 - - [12/Sep/2025:10:48:04 -0300] "GET / HTTP/1.1" 200 1872 "-" "Mozilla/5.0 (iPhone; CPU iPhone OS 13_2_3 like Mac OS X) AppleWebKit/605.1.15 (KHTML, like Gecko) Version/13.0.3 Mobile/15E148 Safari/604.1"
40.77.167.2 - - [12/Sep/2025:10:58:03 -0300] "GET /static/assets/a59d3f98/themes/dark-hive/images/?C=M;O=A HTTP/1.1" 200 3170 "-" "Mozilla/5.0 AppleWebKit/537.36 (KHTML, like Gecko; compatible; bingbot/2.0; +http://www.bing.com/bingbot.htm) Chrome/116.0.1938.76 Safari/537.36"
66.249.72.231 - - [12/Sep/2025:11:00:11 -0300] "GET /assets/90f774c0/screen8.jpg HTTP/1.1" 200 236300 "-" "Googlebot-Image/1.0"
40.77.167.47 - - [12/Sep/2025:11:01:20 -0300] "GET /assets/bb0fec9b/css/?C=S;O=A HTTP/1.1" 200 1742 "-" "Mozilla/5.0 AppleWebKit/537.36 (KHTML, like Gecko; compatible; bingbot/2.0; +http://www.bing.com/bingbot.htm) Chrome/116.0.1938.76 Safari/537.36"
66.249.77.13 - - [12/Sep/2025:11:09:43 -0300] "GET /assets/e39c67a1/directorylist/directory_join_hassub.png HTTP/1.1" 200 288 "-" "Googlebot-Image/1.0"
66.249.72.231 - - [12/Sep/2025:11:24:01 -0300] "GET /robots.txt HTTP/1.1" 404 - "-" "Mozilla/5.0 (compatible; Googlebot/2.1; +http://www.google.com/bot.html)"
66.249.72.233 - - [12/Sep/2025:11:24:02 -0300] "GET /static/img/emoji/StuckOutTongueWinkingEye.svg HTTP/1.1" 200 996 "-" "Googlebot-Image/1.0"
66.249.77.11 - - [12/Sep/2025:11:25:46 -0300] "GET /assets/19076be7/module_image.png HTTP/1.1" 200 14297 "-" "Googlebot-Image/1.0"
66.249.72.231 - - [12/Sep/2025:11:28:47 -0300] "GET /static/img/emoji/KissingHeart.svg HTTP/1.1" 200 1936 "-" "Googlebot-Image/1.0"
66.249.77.12 - - [12/Sep/2025:11:52:02 -0300] "GET /assets/a9103763/Screenshot_1.png HTTP/1.1" 200 86353 "-" "Googlebot-Image/1.0"
66.249.77.11 - - [12/Sep/2025:11:57:23 -0300] "GET /assets/e39c67a1/directorylist/directory_last-child_hassub_expand.png HTTP/1.1" 200 286 "-" "Googlebot-Image/1.0"
201.33.70.253 - - [12/Sep/2025:12:14:04 -0300] "GET http://intranet.vacivitta.com.br/assets/19076be7/WallEntryAssets.php HTTP/1.1" 500 - "http://intranet.vacivitta.com.br/" "Mozilla/5.0 (Windows NT 10.0; Win64; x64) AppleWebKit/537.36 (KHTML, like Gecko) Chrome/135.0.0.0 Safari/537.36"
66.249.77.13 - - [12/Sep/2025:12:32:21 -0300] "GET /assets/97977d77/ico/apple-icon-precomposed.png HTTP/1.1" 200 7080 "-" "Googlebot-Image/1.0"
52.167.144.161 - - [12/Sep/2025:12:33:25 -0300] "GET /assets/2ec6b270/ui/widgets/resizable.js HTTP/1.1" 200 29987 "-" "Mozilla/5.0 AppleWebKit/537.36 (KHTML, like Gecko; compatible; bingbot/2.0; +http://www.bing.com/bingbot.htm) Chrome/116.0.1938.76 Safari/537.36"
52.167.144.180 - - [12/Sep/2025:12:51:59 -0300] "GET /static/assets/a59d3f98/ui/minified/i18n/datepicker-mk.js HTTP/1.1" 200 1090 "-" "Mozilla/5.0 AppleWebKit/537.36 (KHTML, like Gecko; compatible; bingbot/2.0; +http://www.bing.com/bingbot.htm) Chrome/116.0.1938.76 Safari/537.36"
66.249.72.232 - - [12/Sep/2025:13:07:13 -0300] "GET /static/assets/4a3d750a/fonts/fontawesome-webfont.svg HTTP/1.1" 200 444379 "-" "Googlebot-Image/1.0"
66.249.72.231 - - [12/Sep/2025:13:08:26 -0300] "GET /static/fonts/open-sans/open-sans-v17-latin-600.svg HTTP/1.1" 200 55812 "-" "Googlebot-Image/1.0"
66.249.72.232 - - [12/Sep/2025:13:13:18 -0300] "GET /assets/ce4b19d5/fonts/fontawesome-webfont.svg HTTP/1.1" 200 444379 "-" "Googlebot-Image/1.0"
66.249.77.11 - - [12/Sep/2025:13:29:07 -0300] "GET /robots.txt HTTP/1.1" 404 - "-" "Mozilla/5.0 (compatible; Googlebot/2.1; +http://www.google.com/bot.html)"
66.249.77.13 - - [12/Sep/2025:13:29:07 -0300] "GET /static/img/emoji/Gasp.svg HTTP/1.1" 200 806 "-" "Googlebot-Image/1.0"
66.249.72.231 - - [12/Sep/2025:14:09:15 -0300] "GET /assets/baec620/directorylist/page_white_code.png HTTP/1.1" 200 603 "-" "Googlebot-Image/1.0"
52.167.144.24 - - [12/Sep/2025:14:09:55 -0300] "GET /static/assets/a59d3f98/ui/minified/i18n/datepicker-nl.js HTTP/1.1" 200 887 "-" "Mozilla/5.0 AppleWebKit/537.36 (KHTML, like Gecko; compatible; bingbot/2.0; +http://www.bing.com/bingbot.htm) Chrome/116.0.1938.76 Safari/537.36"
66.249.77.13 - - [12/Sep/2025:14:10:28 -0300] "GET /assets/bbca6024/img/mime/image.png HTTP/1.1" 200 1206 "-" "Googlebot-Image/1.0"
66.249.77.13 - - [12/Sep/2025:14:15:20 -0300] "GET /assets/44794d61/module_image.png HTTP/1.1" 200 3537 "-" "Googlebot-Image/1.0"
66.249.77.11 - - [12/Sep/2025:14:18:59 -0300] "GET /assets/2ec6b270/themes/vader/images/ui-bg_glass_95_fef1ec_1x400.png HTTP/1.1" 200 390 "-" "Googlebot-Image/1.0"
40.77.167.25 - - [12/Sep/2025:14:23:03 -0300] "GET /assets/76fb6d41/i18n/tr.js HTTP/1.1" 200 775 "-" "Mozilla/5.0 AppleWebKit/537.36 (KHTML, like Gecko; compatible; bingbot/2.0; +http://www.bing.com/bingbot.htm) Chrome/116.0.1938.76 Safari/537.36"
66.249.72.233 - - [12/Sep/2025:14:24:46 -0300] "GET /static/img/emoji/StuckOutTongueClosedEyes.svg HTTP/1.1" 200 1352 "-" "Googlebot-Image/1.0"
66.249.72.232 - - [12/Sep/2025:14:25:14 -0300] "GET /static/img/play-pause.png HTTP/1.1" 200 606 "-" "Googlebot-Image/1.0"
66.249.77.12 - - [12/Sep/2025:14:36:00 -0300] "GET /static/img/mail_ico_check.png HTTP/1.1" 200 3559 "-" "Googlebot-Image/1.0"
66.249.77.12 - - [12/Sep/2025:14:37:13 -0300] "GET /static/assets/a59d3f98/themes/vader/images/ui-bg_inset-soft_15_121212_1x100.png HTTP/1.1" 200 322 "-" "Googlebot-Image/1.0"
52.167.144.17 - - [12/Sep/2025:14:45:39 -0300] "GET /static/assets/f2b50b46/i18n/sl.js HTTP/1.1" 200 925 "-" "Mozilla/5.0 AppleWebKit/537.36 (KHTML, like Gecko; compatible; bingbot/2.0; +http://www.bing.com/bingbot.htm) Chrome/116.0.1938.76 Safari/537.36"
66.249.72.232 - - [12/Sep/2025:14:48:10 -0300] "GET /static/img/emoji/Ambivalent.svg HTTP/1.1" 200 705 "-" "Googlebot-Image/1.0"
177.112.47.110 - - [12/Sep/2025:14:53:29 -0300] "GET http://intranet.vacivitta.com.br/assets/206aa7eb/Assets.php HTTP/1.1" 500 - "http://intranet.vacivitta.com.br/" "Mozilla/5.0 (X11; Linux x86_64; rv:125.0) Gecko/20100101 Firefox/125.0"
66.249.77.13 - - [12/Sep/2025:14:57:50 -0300] "GET /static/assets/a59d3f98/themes/ui-darkness/images/ui-icons_222222_256x240.png HTTP/1.1" 200 7025 "-" "Googlebot-Image/1.0"
40.77.167.70 - - [12/Sep/2025:15:00:42 -0300] "GET /static/assets/f2b50b46/i18n/tk.js HTTP/1.1" 200 771 "-" "Mozilla/5.0 AppleWebKit/537.36 (KHTML, like Gecko; compatible; bingbot/2.0; +http://www.bing.com/bingbot.htm) Chrome/116.0.1938.76 Safari/537.36"
66.249.72.232 - - [12/Sep/2025:15:08:50 -0300] "GET /static/img/humhub_pro.jpg HTTP/1.1" 200 7205 "-" "Googlebot-Image/1.0"
66.249.77.12 - - [12/Sep/2025:15:11:41 -0300] "GET /assets/e39c67a1/screen2.PNG HTTP/1.1" 200 38128 "-" "Googlebot-Image/1.0"
66.249.72.231 - - [12/Sep/2025:15:34:36 -0300] "GET /assets/e057c225/js/ HTTP/1.1" 200 825 "-" "Mozilla/5.0 (Linux; Android 6.0.1; Nexus 5X Build/MMB29P) AppleWebKit/537.36 (KHTML, like Gecko) Chrome/140.0.7339.127 Mobile Safari/537.36 (compatible; Googlebot/2.1; +http://www.google.com/bot.html)"
66.249.77.12 - - [12/Sep/2025:15:38:02 -0300] "GET /assets/bbca6024/ico/favicon-32x32.png HTTP/1.1" 200 1385 "-" "Googlebot-Image/1.0"
66.249.77.13 - - [12/Sep/2025:15:46:33 -0300] "GET /assets/bbca6024/img/mime/excel.png HTTP/1.1" 200 1079 "-" "Googlebot-Image/1.0"
66.249.72.233 - - [12/Sep/2025:16:05:08 -0300] "GET /assets/90f774c0/screen10.jpg HTTP/1.1" 200 192588 "-" "Googlebot-Image/1.0"
185.241.208.212 - - [12/Sep/2025:16:07:15 -0300] "GET /epinyins.php HTTP/1.1" 404 - "-" "Go-http-client/1.1"
185.241.208.212 - - [12/Sep/2025:16:07:15 -0300] "GET /epinyins.php HTTP/1.1" 404 - "-" "Go-http-client/1.1"
185.241.208.212 - - [12/Sep/2025:16:07:18 -0300] "GET /chosen.php?p= HTTP/1.1" 404 - "-" "Go-http-client/1.1"
185.241.208.212 - - [12/Sep/2025:16:07:18 -0300] "GET /chosen.php?p= HTTP/1.1" 404 - "-" "Go-http-client/1.1"
185.241.208.212 - - [12/Sep/2025:16:07:19 -0300] "GET /file.php HTTP/1.1" 404 - "-" "Go-http-client/1.1"
185.241.208.212 - - [12/Sep/2025:16:07:19 -0300] "GET /file.php HTTP/1.1" 404 - "-" "Go-http-client/1.1"
185.241.208.212 - - [12/Sep/2025:16:07:22 -0300] "GET /style.php HTTP/1.1" 404 - "-" "Go-http-client/1.1"
185.241.208.212 - - [12/Sep/2025:16:07:22 -0300] "GET /style.php HTTP/1.1" 404 - "-" "Go-http-client/1.1"
185.241.208.212 - - [12/Sep/2025:16:07:22 -0300] "GET /schallfuns.php HTTP/1.1" 404 - "-" "Go-http-client/1.1"
185.241.208.212 - - [12/Sep/2025:16:07:23 -0300] "GET /schallfuns.php HTTP/1.1" 404 - "-" "Go-http-client/1.1"
185.241.208.212 - - [12/Sep/2025:16:07:23 -0300] "GET /doiconvs.php HTTP/1.1" 404 - "-" "Go-http-client/1.1"
185.241.208.212 - - [12/Sep/2025:16:07:25 -0300] "GET /doiconvs.php HTTP/1.1" 404 - "-" "Go-http-client/1.1"
185.241.208.212 - - [12/Sep/2025:16:07:25 -0300] "GET /moddofuns.php HTTP/1.1" 404 - "-" "Go-http-client/1.1"
185.241.208.212 - - [12/Sep/2025:16:07:28 -0300] "GET /moddofuns.php HTTP/1.1" 404 - "-" "Go-http-client/1.1"
185.241.208.212 - - [12/Sep/2025:16:07:28 -0300] "GET /inputs.php HTTP/1.1" 404 - "-" "Go-http-client/1.1"
185.241.208.212 - - [12/Sep/2025:16:07:29 -0300] "GET /inputs.php HTTP/1.1" 404 - "-" "Go-http-client/1.1"
104.210.140.134 - - [12/Sep/2025:16:14:38 -0300] "GET /robots.txt HTTP/1.1" 404 - "-" "Mozilla/5.0 (Macintosh; Intel Mac OS X 10_15_7) AppleWebKit/537.36 (KHTML, like Gecko) Chrome/131.0.0.0 Safari/537.36; compatible; OAI-SearchBot/1.0; +https://openai.com/searchbot"
66.249.77.12 - - [12/Sep/2025:16:18:36 -0300] "GET /assets/a9103763/Screenshot_2.png HTTP/1.1" 200 160965 "-" "Googlebot-Image/1.0"
66.249.72.233 - - [12/Sep/2025:16:22:42 -0300] "GET /static/img/twemoji/72x72/1f1eb-1f1f0.png HTTP/1.1" 200 977 "-" "Googlebot-Image/1.0"
66.249.77.11 - - [12/Sep/2025:16:23:02 -0300] "GET /assets/19076be7/plus.svg HTTP/1.1" 200 315 "-" "Googlebot-Image/1.0"
66.249.77.11 - - [12/Sep/2025:16:23:21 -0300] "GET /assets/19076be7/plus-circle.svg HTTP/1.1" 200 458 "-" "Googlebot-Image/1.0"
66.249.72.232 - - [12/Sep/2025:16:24:00 -0300] "GET /static/img/emoji/Satisfied.svg HTTP/1.1" 200 1064 "-" "Googlebot-Image/1.0"
66.249.72.233 - - [12/Sep/2025:16:25:17 -0300] "GET /assets/19076be7/screen2.PNG HTTP/1.1" 200 202319 "-" "Googlebot-Image/1.0"
66.249.77.12 - - [12/Sep/2025:16:32:58 -0300] "GET /assets/207c3e79/screen2.png HTTP/1.1" 200 48158 "-" "Googlebot-Image/1.0"
66.249.77.13 - - [12/Sep/2025:16:33:36 -0300] "GET /static/assets/a59d3f98/themes/hot-sneaks/images/ui-icons_e1e463_256x240.png HTTP/1.1" 200 4676 "-" "Googlebot-Image/1.0"
66.249.77.11 - - [12/Sep/2025:16:36:10 -0300] "GET /static/fonts/open-sans/open-sans-v17-latin-800.svg HTTP/1.1" 200 56054 "-" "Googlebot-Image/1.0"
40.77.167.48 - - [12/Sep/2025:16:37:48 -0300] "GET /assets/19076be7/?C=S;O=D HTTP/1.1" 200 3530 "-" "Mozilla/5.0 AppleWebKit/537.36 (KHTML, like Gecko; compatible; bingbot/2.0; +http://www.bing.com/bingbot.htm) Chrome/116.0.1938.76 Safari/537.36"
66.249.77.12 - - [12/Sep/2025:16:41:17 -0300] "GET /assets/97977d77/ico/favicon-16x16.png HTTP/1.1" 200 1092 "-" "Googlebot-Image/1.0"
66.249.72.231 - - [12/Sep/2025:16:41:56 -0300] "GET /assets/baec620/directorylist/page_white_picture.png HTTP/1.1" 200 650 "-" "Googlebot-Image/1.0"
66.249.77.12 - - [12/Sep/2025:16:43:31 -0300] "GET /assets/b911344f/screen_2.png HTTP/1.1" 200 93490 "-" "Googlebot-Image/1.0"
66.249.77.11 - - [12/Sep/2025:16:44:30 -0300] "GET /static/assets/a59d3f98/themes/trontastic/images/ui-bg_gloss-wave_85_9fda58_500x100.png HTTP/1.1" 200 5998 "-" "Googlebot-Image/1.0"
66.249.77.12 - - [12/Sep/2025:16:59:52 -0300] "GET /static/assets/a59d3f98/themes/ui-darkness/images/ui-icons_ffffff_256x240.png HTTP/1.1" 200 6487 "-" "Googlebot-Image/1.0"
66.249.77.12 - - [12/Sep/2025:17:01:47 -0300] "GET /static/assets/a59d3f98/themes/redmond/images/ui-icons_217bc0_256x240.png HTTP/1.1" 200 4676 "-" "Googlebot-Image/1.0"
66.249.77.12 - - [12/Sep/2025:17:02:26 -0300] "GET /assets/baec620/directorylist/page_white_php.png HTTP/1.1" 200 538 "-" "Googlebot-Image/1.0"
66.249.77.11 - - [12/Sep/2025:17:04:59 -0300] "GET /static/assets/a59d3f98/themes/trontastic/images/ui-bg_glass_40_0a0a0a_1x400.png HTTP/1.1" 200 322 "-" "Googlebot-Image/1.0"
66.249.77.12 - - [12/Sep/2025:17:08:50 -0300] "GET /assets/1701c40d/Screenshot_1.gif HTTP/1.1" 200 2218549 "-" "Googlebot-Image/1.0"
66.249.77.13 - - [12/Sep/2025:17:12:02 -0300] "GET /assets/baec620/directorylist/page_white_code.png HTTP/1.1" 200 603 "-" "Googlebot-Image/1.0"
66.249.77.13 - - [12/Sep/2025:17:17:48 -0300] "GET /static/img/emoji/ThumbsDown.svg HTTP/1.1" 200 1282 "-" "Googlebot-Image/1.0"
66.249.77.13 - - [12/Sep/2025:17:23:34 -0300] "GET /assets/97977d77/img/mime/video.png HTTP/1.1" 200 1155 "-" "Googlebot-Image/1.0"
66.249.77.11 - - [12/Sep/2025:17:28:03 -0300] "GET /assets/df00383d/module_image.png HTTP/1.1" 200 4938 "-" "Googlebot-Image/1.0"
66.249.77.11 - - [12/Sep/2025:17:29:20 -0300] "GET /static/assets/a59d3f98/themes/trontastic/images/ui-bg_diagonals-small_50_262626_40x40.png HTTP/1.1" 200 321 "-" "Googlebot-Image/1.0"
66.249.77.11 - - [12/Sep/2025:17:44:42 -0300] "GET /static/assets/a59d3f98/themes/redmond/images/ui-bg_inset-hard_100_f5f8f9_1x100.png HTTP/1.1" 200 391 "-" "Googlebot-Image/1.0"
66.249.77.11 - - [12/Sep/2025:17:51:45 -0300] "GET /assets/85c413d2/module_image.png HTTP/1.1" 200 2778 "-" "Googlebot-Image/1.0"
66.249.77.12 - - [12/Sep/2025:17:53:21 -0300] "GET /static/assets/a59d3f98/themes/redmond/images/ui-icons_f9bd01_256x240.png HTTP/1.1" 200 4676 "-" "Googlebot-Image/1.0"
66.249.77.11 - - [12/Sep/2025:17:56:40 -0300] "GET /static/assets/a59d3f98/themes/ui-darkness/images/ui-icons_cccccc_256x240.png HTTP/1.1" 200 7034 "-" "Googlebot-Image/1.0"
66.249.77.11 - - [12/Sep/2025:18:00:43 -0300] "GET /static/img/emoji/Party.svg HTTP/1.1" 200 4343 "-" "Googlebot-Image/1.0"
66.249.77.11 - - [12/Sep/2025:18:02:00 -0300] "GET /assets/f8e848ce/bgImage2.jpg HTTP/1.1" 200 875708 "-" "Googlebot-Image/1.0"
66.249.77.12 - - [12/Sep/2025:18:11:36 -0300] "GET /assets/59ce91f0/screen1.PNG HTTP/1.1" 200 23205 "-" "Googlebot-Image/1.0"
66.249.77.12 - - [12/Sep/2025:18:15:07 -0300] "GET /assets/843b0c15/module_image.png HTTP/1.1" 200 4532 "-" "Googlebot-Image/1.0"
66.249.77.11 - - [12/Sep/2025:18:18:39 -0300] "GET /static/img/glyphicons-halflings.png HTTP/1.1" 200 12799 "-" "Googlebot-Image/1.0"
66.249.72.232 - - [12/Sep/2025:18:23:47 -0300] "GET /static/img/default_user.jpg HTTP/1.1" 200 3236 "-" "Googlebot-Image/1.0"
66.249.77.12 - - [12/Sep/2025:18:25:42 -0300] "GET /static/assets/a59d3f98/themes/hot-sneaks/images/ui-bg_diagonals-small_75_ccd232_40x40.png HTTP/1.1" 200 391 "-" "Googlebot-Image/1.0"
66.249.77.12 - - [12/Sep/2025:18:47:29 -0300] "GET /static/img/emoji/Burger.svg HTTP/1.1" 200 3899 "-" "Googlebot-Image/1.0"
52.167.144.225 - - [12/Sep/2025:18:50:20 -0300] "GET /assets/2ec6b270/themes/ui-lightness/?C=D;O=A HTTP/1.1" 200 1401 "-" "Mozilla/5.0 AppleWebKit/537.36 (KHTML, like Gecko; compatible; bingbot/2.0; +http://www.bing.com/bingbot.htm) Chrome/116.0.1938.76 Safari/537.36"
66.249.72.231 - - [12/Sep/2025:18:54:31 -0300] "GET /static/img/video-play.png HTTP/1.1" 200 2811 "-" "Googlebot-Image/1.0"
40.77.167.17 - - [12/Sep/2025:18:54:41 -0300] "GET /assets/4f07b091/ui/widget.js HTTP/1.1" 200 19748 "-" "Mozilla/5.0 AppleWebKit/537.36 (KHTML, like Gecko; compatible; bingbot/2.0; +http://www.bing.com/bingbot.htm) Chrome/116.0.1938.76 Safari/537.36"
66.249.72.233 - - [12/Sep/2025:19:00:17 -0300] "GET /static/fonts/open-sans/open-sans-v17-latin-italic.svg HTTP/1.1" 200 59362 "-" "Googlebot-Image/1.0"
52.167.144.183 - - [12/Sep/2025:19:01:26 -0300] "GET /static/assets/ HTTP/1.1" 200 6640 "-" "Mozilla/5.0 AppleWebKit/537.36 (KHTML, like Gecko; compatible; bingbot/2.0; +http://www.bing.com/bingbot.htm) Chrome/116.0.1938.76 Safari/537.36"
66.249.72.233 - - [12/Sep/2025:19:03:09 -0300] "GET /static/img/emoji/Relaxed.svg HTTP/1.1" 200 1407 "-" "Googlebot-Image/1.0"
66.249.77.12 - - [12/Sep/2025:19:08:37 -0300] "GET /static/img/emoji/Relaxed.svg HTTP/1.1" 200 1407 "-" "Googlebot-Image/1.0"
66.249.72.232 - - [12/Sep/2025:19:09:15 -0300] "GET /static/img/twemoji/72x72/23f1.png HTTP/1.1" 200 785 "-" "Googlebot-Image/1.0"
66.249.72.232 - - [12/Sep/2025:19:12:28 -0300] "GET /static/img/emoji/Sweet.svg HTTP/1.1" 200 1004 "-" "Googlebot-Image/1.0"
194.26.192.121 - - [12/Sep/2025:19:14:32 -0300] "GET / HTTP/1.1" 200 1872 "-" "Mozlila/5.0 (Linux; Android 7.0; SM-G892A Bulid/NRD90M; wv) AppleWebKit/537.36 (KHTML, like Gecko) Version/4.0 Chrome/60.0.3112.107 Moblie Safari/537.36"
194.26.192.121 - - [12/Sep/2025:19:14:32 -0300] "POST /ALFA_DATA/alfacgiapi/perl.alfa HTTP/1.1" 404 - "www.google.com" "Mozlila/5.0 (Linux; Android 7.0; SM-G892A Bulid/NRD90M; wv) AppleWebKit/537.36 (KHTML, like Gecko) Version/4.0 Chrome/60.0.3112.107 Moblie Safari/537.36"
194.26.192.121 - - [12/Sep/2025:19:14:32 -0300] "GET / HTTP/1.1" 200 1872 "-" "Mozlila/5.0 (Linux; Android 7.0; SM-G892A Bulid/NRD90M; wv) AppleWebKit/537.36 (KHTML, like Gecko) Version/4.0 Chrome/60.0.3112.107 Moblie Safari/537.36"
194.26.192.121 - - [12/Sep/2025:19:14:32 -0300] "POST /wp-plain.php HTTP/1.1" 404 - "www.google.com" "Mozilla/5.0 (Linux; Android 7.0; SM-G892A Bulid/NRD90M; wv) AppleWebKit/537.36 (KHTML, like Gecko) Version/4.0 Chrome/60.0.3112.107 Moblie Safari/537.36"
194.26.192.121 - - [12/Sep/2025:19:14:32 -0300] "GET /wp-content/plugins/fix/up.php HTTP/1.1" 404 - "-" "Mozilla/5.0 (Windows NT 10.0; Win64; x64) AppleWebKit/537.36 (KHTML, like Gecko) Chrome/85.0.4183.102 Safari/537.36"
194.26.192.121 - - [12/Sep/2025:19:14:32 -0300] "POST /ALFA_DATA/alfacgiapi/perl.alfa HTTP/1.1" 404 - "www.google.com" "Mozlila/5.0 (Linux; Android 7.0; SM-G892A Bulid/NRD90M; wv) AppleWebKit/537.36 (KHTML, like Gecko) Version/4.0 Chrome/60.0.3112.107 Moblie Safari/537.36"
194.26.192.121 - - [12/Sep/2025:19:14:32 -0300] "GET /wp-content/themes/seotheme/db.php?u HTTP/1.1" 404 - "www.google.com" "Mozlila/5.0 (Linux; Android 7.0; SM-G892A Bulid/NRD90M; wv) AppleWebKit/537.36 (KHTML, like Gecko) Version/4.0 Chrome/60.0.3112.107 Moblie Safari/537.36"
194.26.192.121 - - [12/Sep/2025:19:14:32 -0300] "GET /wp-content/plugins/fix/up.php HTTP/1.1" 404 - "-" "Mozilla/5.0 (Windows NT 10.0; Win64; x64) AppleWebKit/537.36 (KHTML, like Gecko) Chrome/85.0.4183.102 Safari/537.36"
194.26.192.121 - - [12/Sep/2025:19:14:32 -0300] "GET /wp-content/themes/seotheme/db.php?u HTTP/1.1" 404 - "www.google.com" "Mozlila/5.0 (Linux; Android 7.0; SM-G892A Bulid/NRD90M; wv) AppleWebKit/537.36 (KHTML, like Gecko) Version/4.0 Chrome/60.0.3112.107 Moblie Safari/537.36"
194.26.192.121 - - [12/Sep/2025:19:14:32 -0300] "POST /wp-plain.php HTTP/1.1" 404 - "www.google.com" "Mozilla/5.0 (Linux; Android 7.0; SM-G892A Bulid/NRD90M; wv) AppleWebKit/537.36 (KHTML, like Gecko) Version/4.0 Chrome/60.0.3112.107 Moblie Safari/537.36"
194.26.192.121 - - [12/Sep/2025:19:14:32 -0300] "POST /alfacgiapi/perl.alfa HTTP/1.1" 404 - "www.google.com" "Mozlila/5.0 (Linux; Android 7.0; SM-G892A Bulid/NRD90M; wv) AppleWebKit/537.36 (KHTML, like Gecko) Version/4.0 Chrome/60.0.3112.107 Moblie Safari/537.36"
194.26.192.121 - - [12/Sep/2025:19:14:32 -0300] "GET /nextuudq.php?Fox=d3wL7 HTTP/1.1" 404 - "www.google.com" "Mozilla/5.0 (Linux; Android 7.0; SM-G892A Bulid/NRD90M; wv) AppleWebKit/537.36 (KHTML, like Gecko) Version/4.0 Chrome/60.0.3112.107 Moblie Safari/537.36"
194.26.192.121 - - [12/Sep/2025:19:14:32 -0300] "POST /alfacgiapi/perl.alfa HTTP/1.1" 404 - "www.google.com" "Mozlila/5.0 (Linux; Android 7.0; SM-G892A Bulid/NRD90M; wv) AppleWebKit/537.36 (KHTML, like Gecko) Version/4.0 Chrome/60.0.3112.107 Moblie Safari/537.36"
194.26.192.121 - - [12/Sep/2025:19:14:32 -0300] "GET /pppmomqf.php?Fox=d3wL7 HTTP/1.1" 404 - "www.google.com" "Mozilla/5.0 (Linux; Android 7.0; SM-G892A Bulid/NRD90M; wv) AppleWebKit/537.36 (KHTML, like Gecko) Version/4.0 Chrome/60.0.3112.107 Moblie Safari/537.36"
66.249.72.231 - - [12/Sep/2025:19:15:01 -0300] "GET /static/img/emoji/Slant.svg HTTP/1.1" 200 820 "-" "Googlebot-Image/1.0"
66.249.77.11 - - [12/Sep/2025:19:20:47 -0300] "GET /static/img/emoji/Wink.svg HTTP/1.1" 200 1249 "-" "Googlebot-Image/1.0"
66.249.77.12 - - [12/Sep/2025:19:33:11 -0300] "GET /assets/97977d77/img/select_arrow.png HTTP/1.1" 200 972 "-" "Googlebot-Image/1.0"
66.249.72.232 - - [12/Sep/2025:19:36:14 -0300] "GET /static/img/emoji/Innocent.svg HTTP/1.1" 200 1268 "-" "Googlebot-Image/1.0"
66.249.72.233 - - [12/Sep/2025:20:10:36 -0300] "GET /static/fonts/open-sans/open-sans-v17-latin-600italic.svg HTTP/1.1" 200 59031 "-" "Googlebot-Image/1.0"
104.210.140.134 - - [12/Sep/2025:20:21:21 -0300] "GET /robots.txt HTTP/1.1" 404 - "-" "Mozilla/5.0 (Macintosh; Intel Mac OS X 10_15_7) AppleWebKit/537.36 (KHTML, like Gecko) Chrome/131.0.0.0 Safari/537.36; compatible; OAI-SearchBot/1.0; +https://openai.com/searchbot"
66.249.77.12 - - [12/Sep/2025:20:30:50 -0300] "GET /static/img/emoji/Ambivalent.svg HTTP/1.1" 200 705 "-" "Googlebot-Image/1.0"
66.249.77.11 - - [12/Sep/2025:20:37:55 -0300] "GET /assets/2b25665/module_image.png HTTP/1.1" 200 6044 "-" "Googlebot-Image/1.0"
66.249.77.11 - - [12/Sep/2025:20:38:55 -0300] "GET /static/fonts/open-sans/open-sans-v17-latin-italic.svg HTTP/1.1" 200 59362 "-" "Googlebot-Image/1.0"
66.249.77.11 - - [12/Sep/2025:20:40:57 -0300] "GET /static/img/emoji/Sweet.svg HTTP/1.1" 200 1004 "-" "Googlebot-Image/1.0"
66.249.72.231 - - [12/Sep/2025:20:45:29 -0300] "GET /static/img/emoji/Fire.svg HTTP/1.1" 200 1119 "-" "Googlebot-Image/1.0"
66.249.77.12 - - [12/Sep/2025:20:59:09 -0300] "GET /static/img/emoji/OpenMouth.svg HTTP/1.1" 200 865 "-" "Googlebot-Image/1.0"
66.249.72.233 - - [12/Sep/2025:21:05:13 -0300] "GET /static/img/emoji/NoMouth.svg HTTP/1.1" 200 542 "-" "Googlebot-Image/1.0"
66.249.72.232 - - [12/Sep/2025:21:08:15 -0300] "GET /static/img/emoji/Naughty.svg HTTP/1.1" 200 1233 "-" "Googlebot-Image/1.0"
66.249.77.11 - - [12/Sep/2025:21:10:16 -0300] "GET /static/img/emoji/Satisfied.svg HTTP/1.1" 200 1064 "-" "Googlebot-Image/1.0"
66.249.72.231 - - [12/Sep/2025:21:13:18 -0300] "GET /static/img/emoji/Astonished.svg HTTP/1.1" 200 1542 "-" "Googlebot-Image/1.0"
40.77.167.159 - - [12/Sep/2025:21:30:30 -0300] "GET /assets/2a498971/js/release/nodeback.js HTTP/1.1" 200 1560 "-" "Mozilla/5.0 AppleWebKit/537.36 (KHTML, like Gecko; compatible; bingbot/2.0; +http://www.bing.com/bingbot.htm) Chrome/116.0.1938.76 Safari/537.36"
66.249.72.233 - - [12/Sep/2025:21:41:37 -0300] "GET /assets/fa2a3b9b/cake.png HTTP/1.1" 200 742 "-" "Googlebot-Image/1.0"
85.208.96.207 - - [12/Sep/2025:21:49:40 -0300] "GET /robots.txt HTTP/1.1" 404 - "-" "Mozilla/5.0 (compatible; SemrushBot/7~bl; +http://www.semrush.com/bot.html)"
85.208.96.206 - - [12/Sep/2025:21:49:42 -0300] "GET /assets/8511bcf5/ HTTP/1.1" 200 10740 "-" "Mozilla/5.0 (compatible; SemrushBot/7~bl; +http://www.semrush.com/bot.html)"
52.167.144.213 - - [12/Sep/2025:21:52:14 -0300] "GET /static/assets/a59d3f98/themes/dark-hive/images/?C=M;O=A HTTP/1.1" 200 3170 "-" "Mozilla/5.0 AppleWebKit/537.36 (KHTML, like Gecko; compatible; bingbot/2.0; +http://www.bing.com/bingbot.htm) Chrome/116.0.1938.76 Safari/537.36"
66.249.77.12 - - [12/Sep/2025:21:54:46 -0300] "GET /assets/2ec6b270/themes/vader/images/ui-bg_highlight-soft_60_dddddd_1x100.png HTTP/1.1" 200 342 "-" "Googlebot-Image/1.0"
66.249.77.13 - - [12/Sep/2025:22:01:50 -0300] "GET /static/img/emoji/Beers.svg HTTP/1.1" 200 6353 "-" "Googlebot-Image/1.0"
66.249.77.12 - - [12/Sep/2025:22:02:51 -0300] "GET /assets/4a242e8d/screen5.jpg HTTP/1.1" 200 110456 "-" "Googlebot-Image/1.0"
43.130.102.7 - - [12/Sep/2025:22:19:42 -0300] "GET / HTTP/1.1" 200 1872 "-" "Mozilla/5.0 (iPhone; CPU iPhone OS 13_2_3 like Mac OS X) AppleWebKit/605.1.15 (KHTML, like Gecko) Version/13.0.3 Mobile/15E148 Safari/604.1"
66.249.77.11 - - [12/Sep/2025:22:22:05 -0300] "GET /assets/baec620/directorylist/page_white_picture.png HTTP/1.1" 200 650 "-" "Googlebot-Image/1.0"
66.249.77.12 - - [12/Sep/2025:22:23:42 -0300] "GET /static/img/emoji/Sad.svg HTTP/1.1" 200 2011 "-" "Googlebot-Image/1.0"
40.77.167.68 - - [12/Sep/2025:22:38:11 -0300] "GET /assets/2ec6b270/ui/minified/i18n/datepicker-vi.js HTTP/1.1" 200 1054 "-" "Mozilla/5.0 AppleWebKit/537.36 (KHTML, like Gecko; compatible; bingbot/2.0; +http://www.bing.com/bingbot.htm) Chrome/116.0.1938.76 Safari/537.36"
37.27.59.134 - - [12/Sep/2025:22:52:44 -0300] "GET /assets/374a8aa5/codemirror/source.html HTTP/1.1" 200 8910 "-" "Mozilla/5.0 (compatible; BLEXBot/1.0; +https://help.seranking.com/en/blex-crawler)"
37.27.59.134 - - [12/Sep/2025:22:53:16 -0300] "GET /assets/374a8aa5/codemirror/source.html HTTP/1.1" 200 8910 "-" "Mozilla/5.0 (compatible; BLEXBot/1.0; +https://help.seranking.com/en/blex-crawler)"
37.27.59.134 - - [12/Sep/2025:22:53:32 -0300] "GET /assets/e93843c3/tinymce/plugins/codemirror/ HTTP/1.1" 200 1596 "-" "Mozilla/5.0 (compatible; BLEXBot/1.0; +https://help.seranking.com/en/blex-crawler)"
37.27.59.134 - - [12/Sep/2025:22:53:55 -0300] "GET /assets/e93843c3/tinymce/plugins/codemirror/ HTTP/1.1" 200 1596 "-" "Mozilla/5.0 (compatible; BLEXBot/1.0; +https://help.seranking.com/en/blex-crawler)"
37.27.59.134 - - [12/Sep/2025:22:54:05 -0300] "GET /assets/e93843c3/tinymce/plugins/codemirror/source.html HTTP/1.1" 200 8910 "-" "Mozilla/5.0 (compatible; BLEXBot/1.0; +https://help.seranking.com/en/blex-crawler)"
37.27.59.134 - - [12/Sep/2025:22:54:41 -0300] "GET /assets/e93843c3/tinymce/plugins/codemirror/source.html HTTP/1.1" 200 8910 "-" "Mozilla/5.0 (compatible; BLEXBot/1.0; +https://help.seranking.com/en/blex-crawler)"
66.249.72.233 - - [12/Sep/2025:23:05:52 -0300] "GET /assets/baec620/directorylist/directory_join.png HTTP/1.1" 200 154 "-" "Googlebot-Image/1.0"
66.249.77.11 - - [12/Sep/2025:23:18:50 -0300] "GET /assets/195acabe/module_image.png HTTP/1.1" 200 6628 "-" "Googlebot-Image/1.0"
66.249.77.13 - - [12/Sep/2025:23:46:24 -0300] "GET /assets/2ec6b270/themes/dark-hive/images/ui-icons_222222_256x240.png HTTP/1.1" 200 7025 "-" "Googlebot-Image/1.0"
37.27.59.134 - - [12/Sep/2025:23:47:19 -0300] "GET /themes/?C=D;O=D HTTP/1.1" 200 777 "-" "Mozilla/5.0 (compatible; BLEXBot/1.0; +https://help.seranking.com/en/blex-crawler)"
37.27.59.134 - - [12/Sep/2025:23:47:41 -0300] "GET /themes/?C=D;O=D HTTP/1.1" 200 777 "-" "Mozilla/5.0 (compatible; BLEXBot/1.0; +https://help.seranking.com/en/blex-crawler)"
37.27.59.134 - - [12/Sep/2025:23:47:50 -0300] "GET /themes/?C=M;O=D HTTP/1.1" 200 777 "-" "Mozilla/5.0 (compatible; BLEXBot/1.0; +https://help.seranking.com/en/blex-crawler)"
37.27.59.134 - - [12/Sep/2025:23:48:00 -0300] "GET /themes/?C=M;O=D HTTP/1.1" 200 777 "-" "Mozilla/5.0 (compatible; BLEXBot/1.0; +https://help.seranking.com/en/blex-crawler)"
40.77.167.73 - - [12/Sep/2025:23:48:12 -0300] "GET /assets/76fb6d41/i18n/ne.js HTTP/1.1" 200 1357 "-" "Mozilla/5.0 AppleWebKit/537.36 (KHTML, like Gecko; compatible; bingbot/2.0; +http://www.bing.com/bingbot.htm) Chrome/116.0.1938.76 Safari/537.36"
37.27.59.134 - - [12/Sep/2025:23:48:17 -0300] "GET /themes/?C=N;O=A HTTP/1.1" 200 777 "-" "Mozilla/5.0 (compatible; BLEXBot/1.0; +https://help.seranking.com/en/blex-crawler)"
37.27.59.134 - - [12/Sep/2025:23:48:35 -0300] "GET /themes/?C=N;O=A HTTP/1.1" 200 777 "-" "Mozilla/5.0 (compatible; BLEXBot/1.0; +https://help.seranking.com/en/blex-crawler)"
37.27.59.134 - - [12/Sep/2025:23:48:42 -0300] "GET /themes/?C=S;O=D HTTP/1.1" 200 777 "-" "Mozilla/5.0 (compatible; BLEXBot/1.0; +https://help.seranking.com/en/blex-crawler)"
37.27.59.134 - - [12/Sep/2025:23:48:51 -0300] "GET /themes/?C=S;O=D HTTP/1.1" 200 777 "-" "Mozilla/5.0 (compatible; BLEXBot/1.0; +https://help.seranking.com/en/blex-crawler)"
37.27.59.134 - - [12/Sep/2025:23:49:20 -0300] "GET /0373da2b/?C=D;O=D HTTP/1.1" 200 606 "-" "Mozilla/5.0 (compatible; BLEXBot/1.0; +https://help.seranking.com/en/blex-crawler)"
37.27.59.134 - - [12/Sep/2025:23:49:35 -0300] "GET /0373da2b/?C=D;O=D HTTP/1.1" 200 606 "-" "Mozilla/5.0 (compatible; BLEXBot/1.0; +https://help.seranking.com/en/blex-crawler)"
37.27.59.134 - - [12/Sep/2025:23:49:57 -0300] "GET /0373da2b/?C=M;O=D HTTP/1.1" 200 606 "-" "Mozilla/5.0 (compatible; BLEXBot/1.0; +https://help.seranking.com/en/blex-crawler)"
37.27.59.134 - - [12/Sep/2025:23:50:07 -0300] "GET /0373da2b/?C=M;O=D HTTP/1.1" 200 606 "-" "Mozilla/5.0 (compatible; BLEXBot/1.0; +https://help.seranking.com/en/blex-crawler)"
37.27.59.134 - - [12/Sep/2025:23:50:14 -0300] "GET /0373da2b/?C=N;O=A HTTP/1.1" 200 606 "-" "Mozilla/5.0 (compatible; BLEXBot/1.0; +https://help.seranking.com/en/blex-crawler)"
37.27.59.134 - - [12/Sep/2025:23:50:28 -0300] "GET /0373da2b/?C=N;O=A HTTP/1.1" 200 606 "-" "Mozilla/5.0 (compatible; BLEXBot/1.0; +https://help.seranking.com/en/blex-crawler)"
37.27.59.134 - - [12/Sep/2025:23:50:39 -0300] "GET /0373da2b/?C=S;O=D HTTP/1.1" 200 606 "-" "Mozilla/5.0 (compatible; BLEXBot/1.0; +https://help.seranking.com/en/blex-crawler)"
37.27.59.134 - - [12/Sep/2025:23:50:52 -0300] "GET /0373da2b/?C=S;O=D HTTP/1.1" 200 606 "-" "Mozilla/5.0 (compatible; BLEXBot/1.0; +https://help.seranking.com/en/blex-crawler)"
37.27.59.134 - - [12/Sep/2025:23:50:56 -0300] "GET /themes/HumHub/css/ HTTP/1.1" 200 815 "-" "Mozilla/5.0 (compatible; BLEXBot/1.0; +https://help.seranking.com/en/blex-crawler)"
37.27.59.134 - - [12/Sep/2025:23:51:06 -0300] "GET /themes/HumHub/css/ HTTP/1.1" 200 815 "-" "Mozilla/5.0 (compatible; BLEXBot/1.0; +https://help.seranking.com/en/blex-crawler)"
37.27.59.134 - - [12/Sep/2025:23:51:11 -0300] "GET /themes/HumHub/ico/ HTTP/1.1" 200 5902 "-" "Mozilla/5.0 (compatible; BLEXBot/1.0; +https://help.seranking.com/en/blex-crawler)"
37.27.59.134 - - [12/Sep/2025:23:51:16 -0300] "GET /themes/HumHub/ico/ HTTP/1.1" 200 5902 "-" "Mozilla/5.0 (compatible; BLEXBot/1.0; +https://help.seranking.com/en/blex-crawler)"
37.27.59.134 - - [12/Sep/2025:23:51:37 -0300] "GET /themes/HumHub/img/ HTTP/1.1" 200 1749 "-" "Mozilla/5.0 (compatible; BLEXBot/1.0; +https://help.seranking.com/en/blex-crawler)"
37.27.59.134 - - [12/Sep/2025:23:52:01 -0300] "GET /assets/logo/?C=D;O=D HTTP/1.1" 200 1155 "-" "Mozilla/5.0 (compatible; BLEXBot/1.0; +https://help.seranking.com/en/blex-crawler)"
37.27.59.134 - - [12/Sep/2025:23:52:32 -0300] "GET /assets/logo/?C=D;O=D HTTP/1.1" 200 1155 "-" "Mozilla/5.0 (compatible; BLEXBot/1.0; +https://help.seranking.com/en/blex-crawler)"
37.27.59.134 - - [12/Sep/2025:23:52:40 -0300] "GET /assets/logo/?C=M;O=D HTTP/1.1" 200 1155 "-" "Mozilla/5.0 (compatible; BLEXBot/1.0; +https://help.seranking.com/en/blex-crawler)"
37.27.59.134 - - [12/Sep/2025:23:52:49 -0300] "GET /assets/logo/?C=M;O=D HTTP/1.1" 200 1155 "-" "Mozilla/5.0 (compatible; BLEXBot/1.0; +https://help.seranking.com/en/blex-crawler)"
37.27.59.134 - - [12/Sep/2025:23:53:02 -0300] "GET /assets/logo/?C=N;O=A HTTP/1.1" 200 1155 "-" "Mozilla/5.0 (compatible; BLEXBot/1.0; +https://help.seranking.com/en/blex-crawler)"
37.27.59.134 - - [12/Sep/2025:23:53:07 -0300] "GET /assets/logo/?C=N;O=A HTTP/1.1" 200 1155 "-" "Mozilla/5.0 (compatible; BLEXBot/1.0; +https://help.seranking.com/en/blex-crawler)"
37.27.59.134 - - [12/Sep/2025:23:53:52 -0300] "GET /assets/logo/?C=S;O=D HTTP/1.1" 200 1155 "-" "Mozilla/5.0 (compatible; BLEXBot/1.0; +https://help.seranking.com/en/blex-crawler)"
37.27.59.134 - - [12/Sep/2025:23:54:00 -0300] "GET /assets/logo/?C=S;O=D HTTP/1.1" 200 1155 "-" "Mozilla/5.0 (compatible; BLEXBot/1.0; +https://help.seranking.com/en/blex-crawler)"
37.27.59.134 - - [12/Sep/2025:23:54:30 -0300] "GET /themes/HumHub/less/ HTTP/1.1" 200 1357 "-" "Mozilla/5.0 (compatible; BLEXBot/1.0; +https://help.seranking.com/en/blex-crawler)"
66.249.72.231 - - [12/Sep/2025:23:54:31 -0300] "GET /robots.txt HTTP/1.1" 404 - "-" "Mozilla/5.0 (compatible; Googlebot/2.1; +http://www.google.com/bot.html)"
66.249.72.231 - - [12/Sep/2025:23:54:31 -0300] "GET /static/img/emoji/Party.svg HTTP/1.1" 200 4343 "-" "Googlebot-Image/1.0"
37.27.59.134 - - [12/Sep/2025:23:54:37 -0300] "GET /themes/HumHub/views/ HTTP/1.1" 200 818 "-" "Mozilla/5.0 (compatible; BLEXBot/1.0; +https://help.seranking.com/en/blex-crawler)"
37.27.59.134 - - [12/Sep/2025:23:55:02 -0300] "GET /themes/HumHub/?C=D;O=A HTTP/1.1" 200 1486 "-" "Mozilla/5.0 (compatible; BLEXBot/1.0; +https://help.seranking.com/en/blex-crawler)"
37.27.59.134 - - [12/Sep/2025:23:55:12 -0300] "GET /themes/HumHub/?C=D;O=A HTTP/1.1" 200 1486 "-" "Mozilla/5.0 (compatible; BLEXBot/1.0; +https://help.seranking.com/en/blex-crawler)"
37.27.59.134 - - [12/Sep/2025:23:55:29 -0300] "GET /themes/HumHub/?C=M;O=A HTTP/1.1" 200 1486 "-" "Mozilla/5.0 (compatible; BLEXBot/1.0; +https://help.seranking.com/en/blex-crawler)"
37.27.59.134 - - [12/Sep/2025:23:55:37 -0300] "GET /themes/HumHub/?C=M;O=A HTTP/1.1" 200 1486 "-" "Mozilla/5.0 (compatible; BLEXBot/1.0; +https://help.seranking.com/en/blex-crawler)"
37.27.59.134 - - [12/Sep/2025:23:56:10 -0300] "GET /themes/HumHub/?C=N;O=D HTTP/1.1" 200 1486 "-" "Mozilla/5.0 (compatible; BLEXBot/1.0; +https://help.seranking.com/en/blex-crawler)"
37.27.59.134 - - [12/Sep/2025:23:56:16 -0300] "GET /themes/HumHub/?C=N;O=D HTTP/1.1" 200 1486 "-" "Mozilla/5.0 (compatible; BLEXBot/1.0; +https://help.seranking.com/en/blex-crawler)"
37.27.59.134 - - [12/Sep/2025:23:56:53 -0300] "GET /themes/HumHub/?C=S;O=A HTTP/1.1" 200 1486 "-" "Mozilla/5.0 (compatible; BLEXBot/1.0; +https://help.seranking.com/en/blex-crawler)"
37.27.59.134 - - [12/Sep/2025:23:57:00 -0300] "GET /themes/HumHub/?C=S;O=A HTTP/1.1" 200 1486 "-" "Mozilla/5.0 (compatible; BLEXBot/1.0; +https://help.seranking.com/en/blex-crawler)"
37.27.59.134 - - [12/Sep/2025:23:57:13 -0300] "GET /assets/2b25665/?C=D;O=D HTTP/1.1" 200 989 "-" "Mozilla/5.0 (compatible; BLEXBot/1.0; +https://help.seranking.com/en/blex-crawler)"
37.27.59.134 - - [12/Sep/2025:23:57:21 -0300] "GET /assets/2b25665/?C=D;O=D HTTP/1.1" 200 989 "-" "Mozilla/5.0 (compatible; BLEXBot/1.0; +https://help.seranking.com/en/blex-crawler)"
37.27.59.134 - - [12/Sep/2025:23:57:49 -0300] "GET /assets/2b25665/?C=M;O=D HTTP/1.1" 200 989 "-" "Mozilla/5.0 (compatible; BLEXBot/1.0; +https://help.seranking.com/en/blex-crawler)"
37.27.59.134 - - [12/Sep/2025:23:57:57 -0300] "GET /assets/2b25665/?C=M;O=D HTTP/1.1" 200 989 "-" "Mozilla/5.0 (compatible; BLEXBot/1.0; +https://help.seranking.com/en/blex-crawler)"
37.27.59.134 - - [12/Sep/2025:23:58:19 -0300] "GET /assets/2b25665/?C=N;O=A HTTP/1.1" 200 989 "-" "Mozilla/5.0 (compatible; BLEXBot/1.0; +https://help.seranking.com/en/blex-crawler)"
37.27.59.134 - - [12/Sep/2025:23:58:27 -0300] "GET /assets/2b25665/?C=N;O=A HTTP/1.1" 200 989 "-" "Mozilla/5.0 (compatible; BLEXBot/1.0; +https://help.seranking.com/en/blex-crawler)"
37.27.59.134 - - [12/Sep/2025:23:58:53 -0300] "GET /assets/2b25665/?C=S;O=D HTTP/1.1" 200 989 "-" "Mozilla/5.0 (compatible; BLEXBot/1.0; +https://help.seranking.com/en/blex-crawler)"
37.27.59.134 - - [12/Sep/2025:23:58:58 -0300] "GET /assets/2b25665/?C=S;O=D HTTP/1.1" 200 989 "-" "Mozilla/5.0 (compatible; BLEXBot/1.0; +https://help.seranking.com/en/blex-crawler)"
37.27.59.134 - - [12/Sep/2025:23:59:15 -0300] "GET /assets/325937f/?C=D;O=D HTTP/1.1" 200 1709 "-" "Mozilla/5.0 (compatible; BLEXBot/1.0; +https://help.seranking.com/en/blex-crawler)"
66.249.72.233 - - [12/Sep/2025:23:59:23 -0300] "GET /assets/bbca6024/img/placeholder-postform-arrow.png HTTP/1.1" 200 1863 "-" "Googlebot-Image/1.0"
37.27.59.134 - - [12/Sep/2025:23:59:30 -0300] "GET /assets/325937f/?C=D;O=D HTTP/1.1" 200 1709 "-" "Mozilla/5.0 (compatible; BLEXBot/1.0; +https://help.seranking.com/en/blex-crawler)"
37.27.59.134 - - [12/Sep/2025:23:59:40 -0300] "GET /assets/325937f/?C=M;O=D HTTP/1.1" 200 1709 "-" "Mozilla/5.0 (compatible; BLEXBot/1.0; +https://help.seranking.com/en/blex-crawler)"
37.27.59.134 - - [12/Sep/2025:23:59:59 -0300] "GET /assets/325937f/?C=M;O=D HTTP/1.1" 200 1709 "-" "Mozilla/5.0 (compatible; BLEXBot/1.0; +https://help.seranking.com/en/blex-crawler)"
37.27.59.134 - - [13/Sep/2025:00:00:14 -0300] "GET /assets/325937f/?C=N;O=A HTTP/1.1" 200 1709 "-" "Mozilla/5.0 (compatible; BLEXBot/1.0; +https://help.seranking.com/en/blex-crawler)"
37.27.59.134 - - [13/Sep/2025:00:00:33 -0300] "GET /assets/325937f/?C=N;O=A HTTP/1.1" 200 1709 "-" "Mozilla/5.0 (compatible; BLEXBot/1.0; +https://help.seranking.com/en/blex-crawler)"
37.27.59.134 - - [13/Sep/2025:00:00:53 -0300] "GET /assets/325937f/?C=S;O=D HTTP/1.1" 200 1709 "-" "Mozilla/5.0 (compatible; BLEXBot/1.0; +https://help.seranking.com/en/blex-crawler)"
37.27.59.134 - - [13/Sep/2025:00:01:09 -0300] "GET /assets/325937f/?C=S;O=D HTTP/1.1" 200 1709 "-" "Mozilla/5.0 (compatible; BLEXBot/1.0; +https://help.seranking.com/en/blex-crawler)"
37.27.59.134 - - [13/Sep/2025:00:01:15 -0300] "GET /assets/34557b0/?C=D;O=D HTTP/1.1" 200 969 "-" "Mozilla/5.0 (compatible; BLEXBot/1.0; +https://help.seranking.com/en/blex-crawler)"
37.27.59.134 - - [13/Sep/2025:00:01:22 -0300] "GET /assets/34557b0/?C=D;O=D HTTP/1.1" 200 969 "-" "Mozilla/5.0 (compatible; BLEXBot/1.0; +https://help.seranking.com/en/blex-crawler)"
37.27.59.134 - - [13/Sep/2025:00:01:38 -0300] "GET /assets/34557b0/?C=M;O=D HTTP/1.1" 200 969 "-" "Mozilla/5.0 (compatible; BLEXBot/1.0; +https://help.seranking.com/en/blex-crawler)"
37.27.59.134 - - [13/Sep/2025:00:01:52 -0300] "GET /assets/34557b0/?C=M;O=D HTTP/1.1" 200 969 "-" "Mozilla/5.0 (compatible; BLEXBot/1.0; +https://help.seranking.com/en/blex-crawler)"
66.249.77.11 - - [13/Sep/2025:00:02:00 -0300] "GET /assets/baec620/directorylist/directory_hassub.png HTTP/1.1" 200 276 "-" "Googlebot-Image/1.0"
37.27.59.134 - - [13/Sep/2025:00:02:18 -0300] "GET /assets/34557b0/?C=N;O=A HTTP/1.1" 200 969 "-" "Mozilla/5.0 (compatible; BLEXBot/1.0; +https://help.seranking.com/en/blex-crawler)"
37.27.59.134 - - [13/Sep/2025:00:02:29 -0300] "GET /assets/34557b0/?C=N;O=A HTTP/1.1" 200 969 "-" "Mozilla/5.0 (compatible; BLEXBot/1.0; +https://help.seranking.com/en/blex-crawler)"
37.27.59.134 - - [13/Sep/2025:00:03:22 -0300] "GET /assets/34557b0/?C=S;O=D HTTP/1.1" 200 969 "-" "Mozilla/5.0 (compatible; BLEXBot/1.0; +https://help.seranking.com/en/blex-crawler)"
37.27.59.134 - - [13/Sep/2025:00:03:40 -0300] "GET /assets/34557b0/?C=S;O=D HTTP/1.1" 200 969 "-" "Mozilla/5.0 (compatible; BLEXBot/1.0; +https://help.seranking.com/en/blex-crawler)"
66.249.72.232 - - [13/Sep/2025:00:04:15 -0300] "GET /assets/9d74ea14/screen1.PNG HTTP/1.1" 200 16328 "-" "Googlebot-Image/1.0"
37.27.59.134 - - [13/Sep/2025:00:04:19 -0300] "GET /assets/7010bd4/?C=D;O=D HTTP/1.1" 200 968 "-" "Mozilla/5.0 (compatible; BLEXBot/1.0; +https://help.seranking.com/en/blex-crawler)"
37.27.59.134 - - [13/Sep/2025:00:04:29 -0300] "GET /assets/7010bd4/?C=D;O=D HTTP/1.1" 200 968 "-" "Mozilla/5.0 (compatible; BLEXBot/1.0; +https://help.seranking.com/en/blex-crawler)"
37.27.59.134 - - [13/Sep/2025:00:04:56 -0300] "GET /assets/7010bd4/?C=M;O=D HTTP/1.1" 200 968 "-" "Mozilla/5.0 (compatible; BLEXBot/1.0; +https://help.seranking.com/en/blex-crawler)"
37.27.59.134 - - [13/Sep/2025:00:05:22 -0300] "GET /assets/7010bd4/?C=M;O=D HTTP/1.1" 200 968 "-" "Mozilla/5.0 (compatible; BLEXBot/1.0; +https://help.seranking.com/en/blex-crawler)"
37.27.59.134 - - [13/Sep/2025:00:05:36 -0300] "GET /assets/7010bd4/?C=N;O=A HTTP/1.1" 200 968 "-" "Mozilla/5.0 (compatible; BLEXBot/1.0; +https://help.seranking.com/en/blex-crawler)"
37.27.59.134 - - [13/Sep/2025:00:05:56 -0300] "GET /assets/7010bd4/?C=N;O=A HTTP/1.1" 200 968 "-" "Mozilla/5.0 (compatible; BLEXBot/1.0; +https://help.seranking.com/en/blex-crawler)"
37.27.59.134 - - [13/Sep/2025:00:06:19 -0300] "GET /assets/7010bd4/?C=S;O=D HTTP/1.1" 200 968 "-" "Mozilla/5.0 (compatible; BLEXBot/1.0; +https://help.seranking.com/en/blex-crawler)"
37.27.59.134 - - [13/Sep/2025:00:06:37 -0300] "GET /assets/7010bd4/?C=S;O=D HTTP/1.1" 200 968 "-" "Mozilla/5.0 (compatible; BLEXBot/1.0; +https://help.seranking.com/en/blex-crawler)"
37.27.59.134 - - [13/Sep/2025:00:06:59 -0300] "GET /assets/baec620/?C=D;O=D HTTP/1.1" 200 1692 "-" "Mozilla/5.0 (compatible; BLEXBot/1.0; +https://help.seranking.com/en/blex-crawler)"
37.27.59.134 - - [13/Sep/2025:00:07:12 -0300] "GET /assets/baec620/?C=D;O=D HTTP/1.1" 200 1692 "-" "Mozilla/5.0 (compatible; BLEXBot/1.0; +https://help.seranking.com/en/blex-crawler)"
37.27.59.134 - - [13/Sep/2025:00:07:36 -0300] "GET /assets/baec620/?C=M;O=D HTTP/1.1" 200 1692 "-" "Mozilla/5.0 (compatible; BLEXBot/1.0; +https://help.seranking.com/en/blex-crawler)"
37.27.59.134 - - [13/Sep/2025:00:07:57 -0300] "GET /assets/baec620/?C=M;O=D HTTP/1.1" 200 1692 "-" "Mozilla/5.0 (compatible; BLEXBot/1.0; +https://help.seranking.com/en/blex-crawler)"
37.27.59.134 - - [13/Sep/2025:00:08:09 -0300] "GET /assets/baec620/?C=N;O=A HTTP/1.1" 200 1692 "-" "Mozilla/5.0 (compatible; BLEXBot/1.0; +https://help.seranking.com/en/blex-crawler)"
37.27.59.134 - - [13/Sep/2025:00:08:22 -0300] "GET /assets/baec620/?C=N;O=A HTTP/1.1" 200 1692 "-" "Mozilla/5.0 (compatible; BLEXBot/1.0; +https://help.seranking.com/en/blex-crawler)"
37.27.59.134 - - [13/Sep/2025:00:08:48 -0300] "GET /assets/baec620/?C=S;O=D HTTP/1.1" 200 1692 "-" "Mozilla/5.0 (compatible; BLEXBot/1.0; +https://help.seranking.com/en/blex-crawler)"
37.27.59.134 - - [13/Sep/2025:00:08:57 -0300] "GET /assets/baec620/?C=S;O=D HTTP/1.1" 200 1692 "-" "Mozilla/5.0 (compatible; BLEXBot/1.0; +https://help.seranking.com/en/blex-crawler)"
37.27.59.134 - - [13/Sep/2025:00:09:15 -0300] "GET /assets/ff08741/?C=D;O=D HTTP/1.1" 200 809 "-" "Mozilla/5.0 (compatible; BLEXBot/1.0; +https://help.seranking.com/en/blex-crawler)"
37.27.59.134 - - [13/Sep/2025:00:09:38 -0300] "GET /assets/ff08741/?C=D;O=D HTTP/1.1" 200 809 "-" "Mozilla/5.0 (compatible; BLEXBot/1.0; +https://help.seranking.com/en/blex-crawler)"
37.27.59.134 - - [13/Sep/2025:00:09:49 -0300] "GET /assets/ff08741/?C=M;O=D HTTP/1.1" 200 809 "-" "Mozilla/5.0 (compatible; BLEXBot/1.0; +https://help.seranking.com/en/blex-crawler)"
37.27.59.134 - - [13/Sep/2025:00:10:10 -0300] "GET /assets/ff08741/?C=M;O=D HTTP/1.1" 200 809 "-" "Mozilla/5.0 (compatible; BLEXBot/1.0; +https://help.seranking.com/en/blex-crawler)"
37.27.59.134 - - [13/Sep/2025:00:10:17 -0300] "GET /assets/ff08741/?C=N;O=A HTTP/1.1" 200 809 "-" "Mozilla/5.0 (compatible; BLEXBot/1.0; +https://help.seranking.com/en/blex-crawler)"
37.27.59.134 - - [13/Sep/2025:00:10:26 -0300] "GET /assets/ff08741/?C=N;O=A HTTP/1.1" 200 809 "-" "Mozilla/5.0 (compatible; BLEXBot/1.0; +https://help.seranking.com/en/blex-crawler)"
37.27.59.134 - - [13/Sep/2025:00:10:39 -0300] "GET /assets/ff08741/?C=S;O=D HTTP/1.1" 200 809 "-" "Mozilla/5.0 (compatible; BLEXBot/1.0; +https://help.seranking.com/en/blex-crawler)"
37.27.59.134 - - [13/Sep/2025:00:10:57 -0300] "GET /assets/ff08741/?C=S;O=D HTTP/1.1" 200 809 "-" "Mozilla/5.0 (compatible; BLEXBot/1.0; +https://help.seranking.com/en/blex-crawler)"
37.27.59.134 - - [13/Sep/2025:00:11:11 -0300] "GET /assets/15636d67/?C=D;O=D HTTP/1.1" 200 822 "-" "Mozilla/5.0 (compatible; BLEXBot/1.0; +https://help.seranking.com/en/blex-crawler)"
37.27.59.134 - - [13/Sep/2025:00:11:19 -0300] "GET /assets/15636d67/?C=D;O=D HTTP/1.1" 200 822 "-" "Mozilla/5.0 (compatible; BLEXBot/1.0; +https://help.seranking.com/en/blex-crawler)"
37.27.59.134 - - [13/Sep/2025:00:11:33 -0300] "GET /assets/15636d67/?C=M;O=D HTTP/1.1" 200 822 "-" "Mozilla/5.0 (compatible; BLEXBot/1.0; +https://help.seranking.com/en/blex-crawler)"
37.27.59.134 - - [13/Sep/2025:00:11:39 -0300] "GET /assets/15636d67/?C=M;O=D HTTP/1.1" 200 822 "-" "Mozilla/5.0 (compatible; BLEXBot/1.0; +https://help.seranking.com/en/blex-crawler)"
37.27.59.134 - - [13/Sep/2025:00:11:58 -0300] "GET /assets/15636d67/?C=N;O=A HTTP/1.1" 200 822 "-" "Mozilla/5.0 (compatible; BLEXBot/1.0; +https://help.seranking.com/en/blex-crawler)"
37.27.59.134 - - [13/Sep/2025:00:12:11 -0300] "GET /assets/15636d67/?C=N;O=A HTTP/1.1" 200 822 "-" "Mozilla/5.0 (compatible; BLEXBot/1.0; +https://help.seranking.com/en/blex-crawler)"
37.27.59.134 - - [13/Sep/2025:00:12:36 -0300] "GET /assets/15636d67/?C=S;O=D HTTP/1.1" 200 822 "-" "Mozilla/5.0 (compatible; BLEXBot/1.0; +https://help.seranking.com/en/blex-crawler)"
37.27.59.134 - - [13/Sep/2025:00:12:45 -0300] "GET /assets/15636d67/?C=S;O=D HTTP/1.1" 200 822 "-" "Mozilla/5.0 (compatible; BLEXBot/1.0; +https://help.seranking.com/en/blex-crawler)"
37.27.59.134 - - [13/Sep/2025:00:13:06 -0300] "GET /assets/159cc337/?C=D;O=D HTTP/1.1" 200 1012 "-" "Mozilla/5.0 (compatible; BLEXBot/1.0; +https://help.seranking.com/en/blex-crawler)"
37.27.59.134 - - [13/Sep/2025:00:13:21 -0300] "GET /assets/159cc337/?C=D;O=D HTTP/1.1" 200 1012 "-" "Mozilla/5.0 (compatible; BLEXBot/1.0; +https://help.seranking.com/en/blex-crawler)"
37.27.59.134 - - [13/Sep/2025:00:13:51 -0300] "GET /assets/159cc337/?C=M;O=D HTTP/1.1" 200 1012 "-" "Mozilla/5.0 (compatible; BLEXBot/1.0; +https://help.seranking.com/en/blex-crawler)"
37.27.59.134 - - [13/Sep/2025:00:14:00 -0300] "GET /assets/159cc337/?C=M;O=D HTTP/1.1" 200 1012 "-" "Mozilla/5.0 (compatible; BLEXBot/1.0; +https://help.seranking.com/en/blex-crawler)"
37.27.59.134 - - [13/Sep/2025:00:15:06 -0300] "GET /assets/159cc337/?C=N;O=A HTTP/1.1" 200 1012 "-" "Mozilla/5.0 (compatible; BLEXBot/1.0; +https://help.seranking.com/en/blex-crawler)"
37.27.59.134 - - [13/Sep/2025:00:15:14 -0300] "GET /assets/159cc337/?C=N;O=A HTTP/1.1" 200 1012 "-" "Mozilla/5.0 (compatible; BLEXBot/1.0; +https://help.seranking.com/en/blex-crawler)"
37.27.59.134 - - [13/Sep/2025:00:15:29 -0300] "GET /assets/159cc337/?C=S;O=D HTTP/1.1" 200 1012 "-" "Mozilla/5.0 (compatible; BLEXBot/1.0; +https://help.seranking.com/en/blex-crawler)"
37.27.59.134 - - [13/Sep/2025:00:15:39 -0300] "GET /assets/159cc337/?C=S;O=D HTTP/1.1" 200 1012 "-" "Mozilla/5.0 (compatible; BLEXBot/1.0; +https://help.seranking.com/en/blex-crawler)"
37.27.59.134 - - [13/Sep/2025:00:15:57 -0300] "GET /assets/1624f8fb/?C=D;O=D HTTP/1.1" 200 798 "-" "Mozilla/5.0 (compatible; BLEXBot/1.0; +https://help.seranking.com/en/blex-crawler)"
37.27.59.134 - - [13/Sep/2025:00:16:06 -0300] "GET /assets/1624f8fb/?C=D;O=D HTTP/1.1" 200 798 "-" "Mozilla/5.0 (compatible; BLEXBot/1.0; +https://help.seranking.com/en/blex-crawler)"
37.27.59.134 - - [13/Sep/2025:00:16:29 -0300] "GET /assets/1624f8fb/?C=M;O=D HTTP/1.1" 200 798 "-" "Mozilla/5.0 (compatible; BLEXBot/1.0; +https://help.seranking.com/en/blex-crawler)"
37.27.59.134 - - [13/Sep/2025:00:16:50 -0300] "GET /assets/1624f8fb/?C=M;O=D HTTP/1.1" 200 798 "-" "Mozilla/5.0 (compatible; BLEXBot/1.0; +https://help.seranking.com/en/blex-crawler)"
37.27.59.134 - - [13/Sep/2025:00:17:12 -0300] "GET /assets/1624f8fb/?C=N;O=A HTTP/1.1" 200 798 "-" "Mozilla/5.0 (compatible; BLEXBot/1.0; +https://help.seranking.com/en/blex-crawler)"
37.27.59.134 - - [13/Sep/2025:00:17:23 -0300] "GET /assets/1624f8fb/?C=N;O=A HTTP/1.1" 200 798 "-" "Mozilla/5.0 (compatible; BLEXBot/1.0; +https://help.seranking.com/en/blex-crawler)"
37.27.59.134 - - [13/Sep/2025:00:17:53 -0300] "GET /assets/1624f8fb/?C=S;O=D HTTP/1.1" 200 798 "-" "Mozilla/5.0 (compatible; BLEXBot/1.0; +https://help.seranking.com/en/blex-crawler)"
