179.215.121.183 - - [13/May/2025:17:08:44 -0300] "GET /cpsess7916074176/3rdparty/roundcube/?_task=addressbook&_action=photo&_email=comunicacao%40mail.vivo.com.br&_error=1&_bgcolor=transparent HTTP/1.1" 204 - "https://webmail.vacivitta.com.br/cpsess7916074176/3rdparty/roundcube/?_task=mail&_caps=pdf%3D1%2Cflash%3D0%2Ctiff%3D0%2Cwebp%3D1%2Cpgpmime%3D0&_uid=16163&_mbox=INBOX&_framed=1&_action=preview" "Mozilla/5.0 (Windows NT 10.0; Win64; x64) AppleWebKit/537.36 (KHTML, like Gecko) Chrome/136.0.0.0 Safari/537.36"
179.215.121.183 - - [13/May/2025:17:08:50 -0300] "POST /cpsess7916074176/3rdparty/roundcube/?_task=mail&_action=move HTTP/1.1" 200 562 "https://webmail.vacivitta.com.br/cpsess7916074176/3rdparty/roundcube/?_task=mail&_mbox=INBOX" "Mozilla/5.0 (Windows NT 10.0; Win64; x64) AppleWebKit/537.36 (KHTML, like Gecko) Chrome/136.0.0.0 Safari/537.36"
179.215.121.183 - - [13/May/2025:17:08:50 -0300] "GET /cpsess7916074176/3rdparty/roundcube/?_task=mail&_caps=pdf%3D1%2Cflash%3D0%2Ctiff%3D0%2Cwebp%3D1%2Cpgpmime%3D0&_uid=16162&_mbox=INBOX&_framed=1&_action=preview HTTP/1.1" 200 6166 "https://webmail.vacivitta.com.br/cpsess7916074176/3rdparty/roundcube/?_task=mail&_mbox=INBOX" "Mozilla/5.0 (Windows NT 10.0; Win64; x64) AppleWebKit/537.36 (KHTML, like Gecko) Chrome/136.0.0.0 Safari/537.36"
179.215.121.183 - - [13/May/2025:17:08:50 -0300] "GET /cpsess7916074176/3rdparty/roundcube/?_task=addressbook&_action=photo&_email=pessoal01%40contabilidadesouza.com.br&_error=1&_bgcolor=transparent HTTP/1.1" 204 - "https://webmail.vacivitta.com.br/cpsess7916074176/3rdparty/roundcube/?_task=mail&_caps=pdf%3D1%2Cflash%3D0%2Ctiff%3D0%2Cwebp%3D1%2Cpgpmime%3D0&_uid=16162&_mbox=INBOX&_framed=1&_action=preview" "Mozilla/5.0 (Windows NT 10.0; Win64; x64) AppleWebKit/537.36 (KHTML, like Gecko) Chrome/136.0.0.0 Safari/537.36"
179.215.121.183 - - [13/May/2025:17:08:50 -0300] "GET /cpsess7916074176/3rdparty/roundcube/?_task=mail&_action=get&_mbox=INBOX&_uid=16162&_token=dBZeeeSBUR6XqorP6Ox1sXEJjjQsUPKq&_part=1.2&_embed=1&_mimeclass=image HTTP/1.1" 200 66533 "https://webmail.vacivitta.com.br/cpsess7916074176/3rdparty/roundcube/?_task=mail&_caps=pdf%3D1%2Cflash%3D0%2Ctiff%3D0%2Cwebp%3D1%2Cpgpmime%3D0&_uid=16162&_mbox=INBOX&_framed=1&_action=preview" "Mozilla/5.0 (Windows NT 10.0; Win64; x64) AppleWebKit/537.36 (KHTML, like Gecko) Chrome/136.0.0.0 Safari/537.36"
49.13.130.29 - - [13/May/2025:17:08:51 -0300] "HEAD / HTTP/1.1" 200 - "https://vacivitta.com.br/" "Mozilla/5.0+(compatible; UptimeRobot/2.0; http://www.uptimerobot.com/)"
179.215.121.183 - - [13/May/2025:17:08:54 -0300] "GET /cpsess7916074176/3rdparty/roundcube/?_task=mail&_frame=1&_mbox=INBOX&_uid=16162&_part=2&_action=get&_extwin=1 HTTP/1.1" 200 3646 "https://webmail.vacivitta.com.br/cpsess7916074176/3rdparty/roundcube/?_task=mail&_caps=pdf%3D1%2Cflash%3D0%2Ctiff%3D0%2Cwebp%3D1%2Cpgpmime%3D0&_uid=16162&_mbox=INBOX&_framed=1&_action=preview" "Mozilla/5.0 (Windows NT 10.0; Win64; x64) AppleWebKit/537.36 (KHTML, like Gecko) Chrome/136.0.0.0 Safari/537.36"
179.215.121.183 - - [13/May/2025:17:08:54 -0300] "GET /cpsess7916074176/3rdparty/roundcube/?_task=mail&_mbox=INBOX&_uid=16162&_part=2&_action=get&_extwin=1&_preload=1&_framed=1 HTTP/1.1" 200 345 "https://webmail.vacivitta.com.br/cpsess7916074176/3rdparty/roundcube/?_task=mail&_frame=1&_mbox=INBOX&_uid=16162&_part=2&_action=get&_extwin=1" "Mozilla/5.0 (Windows NT 10.0; Win64; x64) AppleWebKit/537.36 (KHTML, like Gecko) Chrome/136.0.0.0 Safari/537.36"
179.215.121.183 - - [13/May/2025:17:08:54 -0300] "GET /cpsess7916074176/3rdparty/roundcube/?_task=mail&_mbox=INBOX&_uid=16162&_part=2&_action=get&_extwin=1&_framed=1&_mimewarning=1&_embed=1 HTTP/1.1" 200 176773 "https://webmail.vacivitta.com.br/cpsess7916074176/3rdparty/roundcube/?_task=mail&_mbox=INBOX&_uid=16162&_part=2&_action=get&_extwin=1&_preload=1&_framed=1" "Mozilla/5.0 (Windows NT 10.0; Win64; x64) AppleWebKit/537.36 (KHTML, like Gecko) Chrome/136.0.0.0 Safari/537.36"
179.215.121.183 - - [13/May/2025:17:09:22 -0300] "POST /cpsess7916074176/3rdparty/roundcube/?_task=mail&_action=refresh HTTP/1.1" 200 3350 "https://webmail.vacivitta.com.br/cpsess7916074176/3rdparty/roundcube/?_task=mail&_mbox=INBOX" "Mozilla/5.0 (Windows NT 10.0; Win64; x64) AppleWebKit/537.36 (KHTML, like Gecko) Chrome/136.0.0.0 Safari/537.36"
179.215.121.183 - - [13/May/2025:17:09:29 -0300] "GET /cpsess7916074176/3rdparty/roundcube/?_task=mail&_frame=1&_mbox=INBOX&_uid=16162&_part=3&_action=get&_extwin=1 HTTP/1.1" 200 3650 "https://webmail.vacivitta.com.br/cpsess7916074176/3rdparty/roundcube/?_task=mail&_caps=pdf%3D1%2Cflash%3D0%2Ctiff%3D0%2Cwebp%3D1%2Cpgpmime%3D0&_uid=16162&_mbox=INBOX&_framed=1&_action=preview" "Mozilla/5.0 (Windows NT 10.0; Win64; x64) AppleWebKit/537.36 (KHTML, like Gecko) Chrome/136.0.0.0 Safari/537.36"
179.215.121.183 - - [13/May/2025:17:09:30 -0300] "GET /cpsess7916074176/3rdparty/roundcube/?_task=mail&_mbox=INBOX&_uid=16162&_part=3&_action=get&_extwin=1&_preload=1&_framed=1 HTTP/1.1" 200 345 "https://webmail.vacivitta.com.br/cpsess7916074176/3rdparty/roundcube/?_task=mail&_frame=1&_mbox=INBOX&_uid=16162&_part=3&_action=get&_extwin=1" "Mozilla/5.0 (Windows NT 10.0; Win64; x64) AppleWebKit/537.36 (KHTML, like Gecko) Chrome/136.0.0.0 Safari/537.36"
204.12.252.98 - - [13/May/2025:17:09:30 -0300] "GET /wp-content/edit.php HTTP/1.1" 404 - "https://vacivitta.com.br/wp-content/edit.php" "Mozilla/5.0 (Windows NT 10.0; Win64; x64) AppleWebKit/537.36 (KHTML, like Gecko) Chrome/58.0.3029.110 Safari/537.3"
179.215.121.183 - - [13/May/2025:17:09:30 -0300] "GET /cpsess7916074176/3rdparty/roundcube/?_task=mail&_mbox=INBOX&_uid=16162&_part=3&_action=get&_extwin=1&_framed=1&_mimewarning=1&_embed=1 HTTP/1.1" 200 229509 "https://webmail.vacivitta.com.br/cpsess7916074176/3rdparty/roundcube/?_task=mail&_mbox=INBOX&_uid=16162&_part=3&_action=get&_extwin=1&_preload=1&_framed=1" "Mozilla/5.0 (Windows NT 10.0; Win64; x64) AppleWebKit/537.36 (KHTML, like Gecko) Chrome/136.0.0.0 Safari/537.36"
179.215.121.183 - - [13/May/2025:17:10:22 -0300] "POST /cpsess7916074176/3rdparty/roundcube/?_task=mail&_action=refresh HTTP/1.1" 200 153 "https://webmail.vacivitta.com.br/cpsess7916074176/3rdparty/roundcube/?_task=mail&_mbox=INBOX" "Mozilla/5.0 (Windows NT 10.0; Win64; x64) AppleWebKit/537.36 (KHTML, like Gecko) Chrome/136.0.0.0 Safari/537.36"
191.57.15.27 - - [13/May/2025:17:10:24 -0300] "GET / HTTP/1.1" 200 488 "https://www.google.com/" "Mozilla/5.0 (iPhone; CPU iPhone OS 18_4_1 like Mac OS X) AppleWebKit/605.1.15 (KHTML, like Gecko) Version/18.4 Mobile/15E148 Safari/604.1"
191.57.15.27 - - [13/May/2025:17:10:24 -0300] "GET /assets/index-g8aW3Zx-.css HTTP/1.1" 200 2311 "https://vacivitta.com.br/" "Mozilla/5.0 (iPhone; CPU iPhone OS 18_4_1 like Mac OS X) AppleWebKit/605.1.15 (KHTML, like Gecko) Version/18.4 Mobile/15E148 Safari/604.1"
191.57.15.27 - - [13/May/2025:17:10:24 -0300] "GET /assets/index-CeMXvSyR.js HTTP/1.1" 200 857114 "https://vacivitta.com.br/" "Mozilla/5.0 (iPhone; CPU iPhone OS 18_4_1 like Mac OS X) AppleWebKit/605.1.15 (KHTML, like Gecko) Version/18.4 Mobile/15E148 Safari/604.1"
191.57.15.27 - - [13/May/2025:17:10:26 -0300] "GET /logo.png HTTP/1.1" 200 25613 "https://vacivitta.com.br/" "Mozilla/5.0 (iPhone; CPU iPhone OS 18_4_1 like Mac OS X) AppleWebKit/605.1.15 (KHTML, like Gecko) Version/18.4 Mobile/15E148 Safari/604.1"
191.57.15.27 - - [13/May/2025:17:10:26 -0300] "GET /4.png HTTP/1.1" 200 1067791 "https://vacivitta.com.br/" "Mozilla/5.0 (iPhone; CPU iPhone OS 18_4_1 like Mac OS X) AppleWebKit/605.1.15 (KHTML, like Gecko) Version/18.4 Mobile/15E148 Safari/604.1"
191.57.15.27 - - [13/May/2025:17:10:27 -0300] "GET /vaci.jpg HTTP/1.1" 200 155283 "https://vacivitta.com.br/" "Mozilla/5.0 (iPhone; CPU iPhone OS 18_4_1 like Mac OS X) AppleWebKit/605.1.15 (KHTML, like Gecko) Version/18.4 Mobile/15E148 Safari/604.1"
191.57.15.27 - - [13/May/2025:17:10:26 -0300] "GET /3.png HTTP/1.1" 200 1055246 "https://vacivitta.com.br/" "Mozilla/5.0 (iPhone; CPU iPhone OS 18_4_1 like Mac OS X) AppleWebKit/605.1.15 (KHTML, like Gecko) Version/18.4 Mobile/15E148 Safari/604.1"
191.57.15.27 - - [13/May/2025:17:10:26 -0300] "GET /2.png HTTP/1.1" 200 1052379 "https://vacivitta.com.br/" "Mozilla/5.0 (iPhone; CPU iPhone OS 18_4_1 like Mac OS X) AppleWebKit/605.1.15 (KHTML, like Gecko) Version/18.4 Mobile/15E148 Safari/604.1"
191.57.15.27 - - [13/May/2025:17:10:27 -0300] "GET /1.png HTTP/1.1" 200 1041468 "https://vacivitta.com.br/" "Mozilla/5.0 (iPhone; CPU iPhone OS 18_4_1 like Mac OS X) AppleWebKit/605.1.15 (KHTML, like Gecko) Version/18.4 Mobile/15E148 Safari/604.1"
191.57.15.27 - - [13/May/2025:17:10:27 -0300] "GET /mapa.png HTTP/1.1" 200 1787231 "https://vacivitta.com.br/" "Mozilla/5.0 (iPhone; CPU iPhone OS 18_4_1 like Mac OS X) AppleWebKit/605.1.15 (KHTML, like Gecko) Version/18.4 Mobile/15E148 Safari/604.1"
191.57.15.27 - - [13/May/2025:17:10:28 -0300] "GET /fts3.png HTTP/1.1" 200 798280 "https://vacivitta.com.br/" "Mozilla/5.0 (iPhone; CPU iPhone OS 18_4_1 like Mac OS X) AppleWebKit/605.1.15 (KHTML, like Gecko) Version/18.4 Mobile/15E148 Safari/604.1"
191.57.15.27 - - [13/May/2025:17:10:28 -0300] "GET /walp.png HTTP/1.1" 200 26312 "https://vacivitta.com.br/" "Mozilla/5.0 (iPhone; CPU iPhone OS 18_4_1 like Mac OS X) AppleWebKit/605.1.15 (KHTML, like Gecko) Version/18.4 Mobile/15E148 Safari/604.1"
191.57.15.27 - - [13/May/2025:17:10:28 -0300] "GET /homePage2.png HTTP/1.1" 200 227246 "https://vacivitta.com.br/" "Mozilla/5.0 (iPhone; CPU iPhone OS 18_4_1 like Mac OS X) AppleWebKit/605.1.15 (KHTML, like Gecko) Version/18.4 Mobile/15E148 Safari/604.1"
191.57.15.27 - - [13/May/2025:17:10:28 -0300] "GET /video.mp4 HTTP/1.1" 206 2 "https://vacivitta.com.br/" "Mozilla/5.0 (iPhone; CPU iPhone OS 18_4_1 like Mac OS X) AppleWebKit/605.1.15 (KHTML, like Gecko) Version/18.4 Mobile/15E148 Safari/604.1"
191.57.15.27 - - [13/May/2025:17:10:28 -0300] "GET /mobilePage.png HTTP/1.1" 200 1355793 "https://vacivitta.com.br/" "Mozilla/5.0 (iPhone; CPU iPhone OS 18_4_1 like Mac OS X) AppleWebKit/605.1.15 (KHTML, like Gecko) Version/18.4 Mobile/15E148 Safari/604.1"
191.57.15.27 - - [13/May/2025:17:10:29 -0300] "GET /video.mp4 HTTP/1.1" 206 154015 "https://vacivitta.com.br/" "Mozilla/5.0 (iPhone; CPU iPhone OS 18_4_1 like Mac OS X) AppleWebKit/605.1.15 (KHTML, like Gecko) Version/18.4 Mobile/15E148 Safari/604.1"
191.57.15.27 - - [13/May/2025:17:10:27 -0300] "GET /fts2.png HTTP/1.1" 200 2539592 "https://vacivitta.com.br/" "Mozilla/5.0 (iPhone; CPU iPhone OS 18_4_1 like Mac OS X) AppleWebKit/605.1.15 (KHTML, like Gecko) Version/18.4 Mobile/15E148 Safari/604.1"
191.57.15.27 - - [13/May/2025:17:10:28 -0300] "GET /video.mp4 HTTP/1.1" 206 636967327 "https://vacivitta.com.br/" "Mozilla/5.0 (iPhone; CPU iPhone OS 18_4_1 like Mac OS X) AppleWebKit/605.1.15 (KHTML, like Gecko) Version/18.4 Mobile/15E148 Safari/604.1"
191.57.15.27 - - [13/May/2025:17:10:27 -0300] "GET /fts1.png HTTP/1.1" 200 2704287 "https://vacivitta.com.br/" "Mozilla/5.0 (iPhone; CPU iPhone OS 18_4_1 like Mac OS X) AppleWebKit/605.1.15 (KHTML, like Gecko) Version/18.4 Mobile/15E148 Safari/604.1"
191.57.15.27 - - [13/May/2025:17:10:30 -0300] "GET /ico.ico HTTP/1.1" 200 100526 "https://vacivitta.com.br/" "Mozilla/5.0 (iPhone; CPU iPhone OS 18_4_1 like Mac OS X) AppleWebKit/605.1.15 (KHTML, like Gecko) Version/18.4 Mobile/15E148 Safari/604.1"
66.249.72.68 - - [13/May/2025:17:10:33 -0300] "GET /category/9801_10543_20959/1/listing HTTP/1.1" 404 - "-" "Mozilla/5.0 (Linux; Android 6.0.1; Nexus 5X Build/MMB29P) AppleWebKit/537.36 (KHTML, like Gecko) Chrome/136.0.7103.59 Mobile Safari/537.36 (compatible; Googlebot/2.1; +http://www.google.com/bot.html)"
179.215.121.183 - - [13/May/2025:17:11:16 -0300] "GET /cpsess7916074176/3rdparty/roundcube/?_task=mail&_frame=1&_mbox=INBOX&_uid=16162&_part=4&_action=get&_extwin=1 HTTP/1.1" 200 3659 "https://webmail.vacivitta.com.br/cpsess7916074176/3rdparty/roundcube/?_task=mail&_caps=pdf%3D1%2Cflash%3D0%2Ctiff%3D0%2Cwebp%3D1%2Cpgpmime%3D0&_uid=16162&_mbox=INBOX&_framed=1&_action=preview" "Mozilla/5.0 (Windows NT 10.0; Win64; x64) AppleWebKit/537.36 (KHTML, like Gecko) Chrome/136.0.0.0 Safari/537.36"
179.215.121.183 - - [13/May/2025:17:11:16 -0300] "GET /cpsess7916074176/3rdparty/roundcube/?_task=mail&_mbox=INBOX&_uid=16162&_part=4&_action=get&_extwin=1&_preload=1&_framed=1 HTTP/1.1" 200 345 "https://webmail.vacivitta.com.br/cpsess7916074176/3rdparty/roundcube/?_task=mail&_frame=1&_mbox=INBOX&_uid=16162&_part=4&_action=get&_extwin=1" "Mozilla/5.0 (Windows NT 10.0; Win64; x64) AppleWebKit/537.36 (KHTML, like Gecko) Chrome/136.0.0.0 Safari/537.36"
179.215.121.183 - - [13/May/2025:17:11:16 -0300] "GET /cpsess7916074176/3rdparty/roundcube/?_task=mail&_mbox=INBOX&_uid=16162&_part=4&_action=get&_extwin=1&_framed=1&_mimewarning=1&_embed=1 HTTP/1.1" 200 144088 "https://webmail.vacivitta.com.br/cpsess7916074176/3rdparty/roundcube/?_task=mail&_mbox=INBOX&_uid=16162&_part=4&_action=get&_extwin=1&_preload=1&_framed=1" "Mozilla/5.0 (Windows NT 10.0; Win64; x64) AppleWebKit/537.36 (KHTML, like Gecko) Chrome/136.0.0.0 Safari/537.36"
179.215.121.183 - - [13/May/2025:17:11:22 -0300] "POST /cpsess7916074176/3rdparty/roundcube/?_task=mail&_action=refresh HTTP/1.1" 200 135 "https://webmail.vacivitta.com.br/cpsess7916074176/3rdparty/roundcube/?_task=mail&_mbox=INBOX" "Mozilla/5.0 (Windows NT 10.0; Win64; x64) AppleWebKit/537.36 (KHTML, like Gecko) Chrome/136.0.0.0 Safari/537.36"
179.215.121.183 - - [13/May/2025:17:11:27 -0300] "GET /cpsess7916074176/3rdparty/roundcube/?_task=mail&_caps=pdf%3D1%2Cflash%3D0%2Ctiff%3D0%2Cwebp%3D1%2Cpgpmime%3D0&_uid=16161&_mbox=INBOX&_framed=1&_action=preview HTTP/1.1" 200 6135 "https://webmail.vacivitta.com.br/cpsess7916074176/3rdparty/roundcube/?_task=mail&_mbox=INBOX" "Mozilla/5.0 (Windows NT 10.0; Win64; x64) AppleWebKit/537.36 (KHTML, like Gecko) Chrome/136.0.0.0 Safari/537.36"
179.215.121.183 - - [13/May/2025:17:11:28 -0300] "GET /cpsess7916074176/3rdparty/roundcube/?_task=addressbook&_action=photo&_email=pessoal01%40contabilidadesouza.com.br&_error=1&_bgcolor=transparent HTTP/1.1" 204 - "https://webmail.vacivitta.com.br/cpsess7916074176/3rdparty/roundcube/?_task=mail&_caps=pdf%3D1%2Cflash%3D0%2Ctiff%3D0%2Cwebp%3D1%2Cpgpmime%3D0&_uid=16161&_mbox=INBOX&_framed=1&_action=preview" "Mozilla/5.0 (Windows NT 10.0; Win64; x64) AppleWebKit/537.36 (KHTML, like Gecko) Chrome/136.0.0.0 Safari/537.36"
179.215.121.183 - - [13/May/2025:17:11:28 -0300] "GET /cpsess7916074176/3rdparty/roundcube/?_task=mail&_action=get&_mbox=INBOX&_uid=16161&_token=dBZeeeSBUR6XqorP6Ox1sXEJjjQsUPKq&_part=1.2&_embed=1&_mimeclass=image HTTP/1.1" 200 66533 "https://webmail.vacivitta.com.br/cpsess7916074176/3rdparty/roundcube/?_task=mail&_caps=pdf%3D1%2Cflash%3D0%2Ctiff%3D0%2Cwebp%3D1%2Cpgpmime%3D0&_uid=16161&_mbox=INBOX&_framed=1&_action=preview" "Mozilla/5.0 (Windows NT 10.0; Win64; x64) AppleWebKit/537.36 (KHTML, like Gecko) Chrome/136.0.0.0 Safari/537.36"
179.215.121.183 - - [13/May/2025:17:11:31 -0300] "GET /cpsess7916074176/3rdparty/roundcube/?_task=mail&_frame=1&_mbox=INBOX&_uid=16161&_part=2&_action=get&_extwin=1 HTTP/1.1" 200 3645 "https://webmail.vacivitta.com.br/cpsess7916074176/3rdparty/roundcube/?_task=mail&_caps=pdf%3D1%2Cflash%3D0%2Ctiff%3D0%2Cwebp%3D1%2Cpgpmime%3D0&_uid=16161&_mbox=INBOX&_framed=1&_action=preview" "Mozilla/5.0 (Windows NT 10.0; Win64; x64) AppleWebKit/537.36 (KHTML, like Gecko) Chrome/136.0.0.0 Safari/537.36"
179.215.121.183 - - [13/May/2025:17:11:32 -0300] "GET /cpsess7916074176/3rdparty/roundcube/?_task=mail&_mbox=INBOX&_uid=16161&_part=2&_action=get&_extwin=1&_preload=1&_framed=1 HTTP/1.1" 200 345 "https://webmail.vacivitta.com.br/cpsess7916074176/3rdparty/roundcube/?_task=mail&_frame=1&_mbox=INBOX&_uid=16161&_part=2&_action=get&_extwin=1" "Mozilla/5.0 (Windows NT 10.0; Win64; x64) AppleWebKit/537.36 (KHTML, like Gecko) Chrome/136.0.0.0 Safari/537.36"
179.215.121.183 - - [13/May/2025:17:11:32 -0300] "GET /cpsess7916074176/3rdparty/roundcube/?_task=mail&_mbox=INBOX&_uid=16161&_part=2&_action=get&_extwin=1&_framed=1&_mimewarning=1&_embed=1 HTTP/1.1" 200 155945 "https://webmail.vacivitta.com.br/cpsess7916074176/3rdparty/roundcube/?_task=mail&_mbox=INBOX&_uid=16161&_part=2&_action=get&_extwin=1&_preload=1&_framed=1" "Mozilla/5.0 (Windows NT 10.0; Win64; x64) AppleWebKit/537.36 (KHTML, like Gecko) Chrome/136.0.0.0 Safari/537.36"
179.215.121.183 - - [13/May/2025:17:12:22 -0300] "POST /cpsess7916074176/3rdparty/roundcube/?_task=mail&_action=refresh HTTP/1.1" 200 153 "https://webmail.vacivitta.com.br/cpsess7916074176/3rdparty/roundcube/?_task=mail&_mbox=INBOX" "Mozilla/5.0 (Windows NT 10.0; Win64; x64) AppleWebKit/537.36 (KHTML, like Gecko) Chrome/136.0.0.0 Safari/537.36"
208.110.64.178 - - [13/May/2025:17:13:13 -0300] "GET /wp-content/edit.php HTTP/1.1" 404 - "https://vacivitta.com.br/wp-content/edit.php" "Mozilla/5.0 (Windows NT 10.0; Win64; x64) AppleWebKit/537.36 (KHTML, like Gecko) Chrome/58.0.3029.110 Safari/537.3"
179.215.121.183 - - [13/May/2025:17:13:22 -0300] "POST /cpsess7916074176/3rdparty/roundcube/?_task=mail&_action=refresh HTTP/1.1" 200 135 "https://webmail.vacivitta.com.br/cpsess7916074176/3rdparty/roundcube/?_task=mail&_mbox=INBOX" "Mozilla/5.0 (Windows NT 10.0; Win64; x64) AppleWebKit/537.36 (KHTML, like Gecko) Chrome/136.0.0.0 Safari/537.36"
167.235.143.113 - - [13/May/2025:17:13:53 -0300] "HEAD / HTTP/1.1" 200 - "https://vacivitta.com.br/" "Mozilla/5.0+(compatible; UptimeRobot/2.0; http://www.uptimerobot.com/)"
179.215.121.183 - - [13/May/2025:17:14:22 -0300] "POST /cpsess7916074176/3rdparty/roundcube/?_task=mail&_action=refresh HTTP/1.1" 200 135 "https://webmail.vacivitta.com.br/cpsess7916074176/3rdparty/roundcube/?_task=mail&_mbox=INBOX" "Mozilla/5.0 (Windows NT 10.0; Win64; x64) AppleWebKit/537.36 (KHTML, like Gecko) Chrome/136.0.0.0 Safari/537.36"
66.249.72.68 - - [13/May/2025:17:14:33 -0300] "GET /category/9147_9148/1/listing HTTP/1.1" 404 - "-" "Mozilla/5.0 (Linux; Android 6.0.1; Nexus 5X Build/MMB29P) AppleWebKit/537.36 (KHTML, like Gecko) Chrome/136.0.7103.59 Mobile Safari/537.36 (compatible; Googlebot/2.1; +http://www.google.com/bot.html)"
193.186.4.239 - - [13/May/2025:17:14:43 -0300] "GET / HTTP/1.1" 200 488 "https://www.google.com/" "Mozilla/5.0 (Linux; Android 10; K) AppleWebKit/537.36 (KHTML, like Gecko) Chrome/136.0.0.0 Mobile Safari/537.36"
179.215.121.183 - - [13/May/2025:17:15:22 -0300] "POST /cpsess7916074176/3rdparty/roundcube/?_task=mail&_action=refresh HTTP/1.1" 200 135 "https://webmail.vacivitta.com.br/cpsess7916074176/3rdparty/roundcube/?_task=mail&_mbox=INBOX" "Mozilla/5.0 (Windows NT 10.0; Win64; x64) AppleWebKit/537.36 (KHTML, like Gecko) Chrome/136.0.0.0 Safari/537.36"
179.215.121.183 - - [13/May/2025:17:16:02 -0300] "GET /cpsess7916074176/3rdparty/roundcube/?_task=mail&_frame=1&_mbox=INBOX&_uid=16161&_part=2&_action=get&_extwin=1 HTTP/1.1" 200 3645 "https://webmail.vacivitta.com.br/cpsess7916074176/3rdparty/roundcube/?_task=mail&_caps=pdf%3D1%2Cflash%3D0%2Ctiff%3D0%2Cwebp%3D1%2Cpgpmime%3D0&_uid=16161&_mbox=INBOX&_framed=1&_action=preview" "Mozilla/5.0 (Windows NT 10.0; Win64; x64) AppleWebKit/537.36 (KHTML, like Gecko) Chrome/136.0.0.0 Safari/537.36"
179.215.121.183 - - [13/May/2025:17:16:03 -0300] "GET /cpsess7916074176/3rdparty/roundcube/?_task=mail&_mbox=INBOX&_uid=16161&_part=2&_action=get&_extwin=1&_preload=1&_framed=1 HTTP/1.1" 200 345 "https://webmail.vacivitta.com.br/cpsess7916074176/3rdparty/roundcube/?_task=mail&_frame=1&_mbox=INBOX&_uid=16161&_part=2&_action=get&_extwin=1" "Mozilla/5.0 (Windows NT 10.0; Win64; x64) AppleWebKit/537.36 (KHTML, like Gecko) Chrome/136.0.0.0 Safari/537.36"
179.215.121.183 - - [13/May/2025:17:16:03 -0300] "GET /cpsess7916074176/3rdparty/roundcube/?_task=mail&_mbox=INBOX&_uid=16161&_part=2&_action=get&_extwin=1&_framed=1&_mimewarning=1&_embed=1 HTTP/1.1" 200 155945 "https://webmail.vacivitta.com.br/cpsess7916074176/3rdparty/roundcube/?_task=mail&_mbox=INBOX&_uid=16161&_part=2&_action=get&_extwin=1&_preload=1&_framed=1" "Mozilla/5.0 (Windows NT 10.0; Win64; x64) AppleWebKit/537.36 (KHTML, like Gecko) Chrome/136.0.0.0 Safari/537.36"
179.215.121.183 - - [13/May/2025:17:16:13 -0300] "GET /cpsess7916074176/3rdparty/roundcube/?_task=mail&_frame=1&_mbox=INBOX&_uid=16161&_part=3&_action=get&_extwin=1 HTTP/1.1" 200 3647 "https://webmail.vacivitta.com.br/cpsess7916074176/3rdparty/roundcube/?_task=mail&_caps=pdf%3D1%2Cflash%3D0%2Ctiff%3D0%2Cwebp%3D1%2Cpgpmime%3D0&_uid=16161&_mbox=INBOX&_framed=1&_action=preview" "Mozilla/5.0 (Windows NT 10.0; Win64; x64) AppleWebKit/537.36 (KHTML, like Gecko) Chrome/136.0.0.0 Safari/537.36"
179.215.121.183 - - [13/May/2025:17:16:13 -0300] "GET /cpsess7916074176/3rdparty/roundcube/?_task=mail&_mbox=INBOX&_uid=16161&_part=3&_action=get&_extwin=1&_preload=1&_framed=1 HTTP/1.1" 200 345 "https://webmail.vacivitta.com.br/cpsess7916074176/3rdparty/roundcube/?_task=mail&_frame=1&_mbox=INBOX&_uid=16161&_part=3&_action=get&_extwin=1" "Mozilla/5.0 (Windows NT 10.0; Win64; x64) AppleWebKit/537.36 (KHTML, like Gecko) Chrome/136.0.0.0 Safari/537.36"
179.215.121.183 - - [13/May/2025:17:16:13 -0300] "GET /cpsess7916074176/3rdparty/roundcube/?_task=mail&_mbox=INBOX&_uid=16161&_part=3&_action=get&_extwin=1&_framed=1&_mimewarning=1&_embed=1 HTTP/1.1" 200 192718 "https://webmail.vacivitta.com.br/cpsess7916074176/3rdparty/roundcube/?_task=mail&_mbox=INBOX&_uid=16161&_part=3&_action=get&_extwin=1&_preload=1&_framed=1" "Mozilla/5.0 (Windows NT 10.0; Win64; x64) AppleWebKit/537.36 (KHTML, like Gecko) Chrome/136.0.0.0 Safari/537.36"
179.215.121.183 - - [13/May/2025:17:16:22 -0300] "POST /cpsess7916074176/3rdparty/roundcube/?_task=mail&_action=refresh HTTP/1.1" 200 135 "https://webmail.vacivitta.com.br/cpsess7916074176/3rdparty/roundcube/?_task=mail&_mbox=INBOX" "Mozilla/5.0 (Windows NT 10.0; Win64; x64) AppleWebKit/537.36 (KHTML, like Gecko) Chrome/136.0.0.0 Safari/537.36"
179.215.121.183 - - [13/May/2025:17:16:23 -0300] "GET /cpsess7916074176/3rdparty/roundcube/?_task=mail&_frame=1&_mbox=INBOX&_uid=16161&_part=4&_action=get&_extwin=1 HTTP/1.1" 200 3658 "https://webmail.vacivitta.com.br/cpsess7916074176/3rdparty/roundcube/?_task=mail&_caps=pdf%3D1%2Cflash%3D0%2Ctiff%3D0%2Cwebp%3D1%2Cpgpmime%3D0&_uid=16161&_mbox=INBOX&_framed=1&_action=preview" "Mozilla/5.0 (Windows NT 10.0; Win64; x64) AppleWebKit/537.36 (KHTML, like Gecko) Chrome/136.0.0.0 Safari/537.36"
179.215.121.183 - - [13/May/2025:17:16:23 -0300] "GET /cpsess7916074176/3rdparty/roundcube/?_task=mail&_mbox=INBOX&_uid=16161&_part=4&_action=get&_extwin=1&_preload=1&_framed=1 HTTP/1.1" 200 345 "https://webmail.vacivitta.com.br/cpsess7916074176/3rdparty/roundcube/?_task=mail&_frame=1&_mbox=INBOX&_uid=16161&_part=4&_action=get&_extwin=1" "Mozilla/5.0 (Windows NT 10.0; Win64; x64) AppleWebKit/537.36 (KHTML, like Gecko) Chrome/136.0.0.0 Safari/537.36"
179.215.121.183 - - [13/May/2025:17:16:23 -0300] "GET /cpsess7916074176/3rdparty/roundcube/?_task=mail&_mbox=INBOX&_uid=16161&_part=4&_action=get&_extwin=1&_framed=1&_mimewarning=1&_embed=1 HTTP/1.1" 200 124979 "https://webmail.vacivitta.com.br/cpsess7916074176/3rdparty/roundcube/?_task=mail&_mbox=INBOX&_uid=16161&_part=4&_action=get&_extwin=1&_preload=1&_framed=1" "Mozilla/5.0 (Windows NT 10.0; Win64; x64) AppleWebKit/537.36 (KHTML, like Gecko) Chrome/136.0.0.0 Safari/537.36"
179.215.121.183 - - [13/May/2025:17:16:36 -0300] "GET /cpsess7916074176/3rdparty/roundcube/?_task=mail&_caps=pdf%3D1%2Cflash%3D0%2Ctiff%3D0%2Cwebp%3D1%2Cpgpmime%3D0&_uid=16160&_mbox=INBOX&_framed=1&_action=preview HTTP/1.1" 200 6170 "https://webmail.vacivitta.com.br/cpsess7916074176/3rdparty/roundcube/?_task=mail&_mbox=INBOX" "Mozilla/5.0 (Windows NT 10.0; Win64; x64) AppleWebKit/537.36 (KHTML, like Gecko) Chrome/136.0.0.0 Safari/537.36"
179.215.121.183 - - [13/May/2025:17:16:37 -0300] "GET /cpsess7916074176/3rdparty/roundcube/?_task=addressbook&_action=photo&_email=pessoal01%40contabilidadesouza.com.br&_error=1&_bgcolor=transparent HTTP/1.1" 204 - "https://webmail.vacivitta.com.br/cpsess7916074176/3rdparty/roundcube/?_task=mail&_caps=pdf%3D1%2Cflash%3D0%2Ctiff%3D0%2Cwebp%3D1%2Cpgpmime%3D0&_uid=16160&_mbox=INBOX&_framed=1&_action=preview" "Mozilla/5.0 (Windows NT 10.0; Win64; x64) AppleWebKit/537.36 (KHTML, like Gecko) Chrome/136.0.0.0 Safari/537.36"
179.215.121.183 - - [13/May/2025:17:16:37 -0300] "GET /cpsess7916074176/3rdparty/roundcube/?_task=mail&_action=get&_mbox=INBOX&_uid=16160&_token=dBZeeeSBUR6XqorP6Ox1sXEJjjQsUPKq&_part=1.2&_embed=1&_mimeclass=image HTTP/1.1" 200 66533 "https://webmail.vacivitta.com.br/cpsess7916074176/3rdparty/roundcube/?_task=mail&_caps=pdf%3D1%2Cflash%3D0%2Ctiff%3D0%2Cwebp%3D1%2Cpgpmime%3D0&_uid=16160&_mbox=INBOX&_framed=1&_action=preview" "Mozilla/5.0 (Windows NT 10.0; Win64; x64) AppleWebKit/537.36 (KHTML, like Gecko) Chrome/136.0.0.0 Safari/537.36"
179.215.121.183 - - [13/May/2025:17:16:40 -0300] "GET /cpsess7916074176/3rdparty/roundcube/?_task=mail&_frame=1&_mbox=INBOX&_uid=16160&_part=2&_action=get&_extwin=1 HTTP/1.1" 200 3647 "https://webmail.vacivitta.com.br/cpsess7916074176/3rdparty/roundcube/?_task=mail&_caps=pdf%3D1%2Cflash%3D0%2Ctiff%3D0%2Cwebp%3D1%2Cpgpmime%3D0&_uid=16160&_mbox=INBOX&_framed=1&_action=preview" "Mozilla/5.0 (Windows NT 10.0; Win64; x64) AppleWebKit/537.36 (KHTML, like Gecko) Chrome/136.0.0.0 Safari/537.36"
179.215.121.183 - - [13/May/2025:17:16:41 -0300] "GET /cpsess7916074176/3rdparty/roundcube/?_task=mail&_mbox=INBOX&_uid=16160&_part=2&_action=get&_extwin=1&_preload=1&_framed=1 HTTP/1.1" 200 345 "https://webmail.vacivitta.com.br/cpsess7916074176/3rdparty/roundcube/?_task=mail&_frame=1&_mbox=INBOX&_uid=16160&_part=2&_action=get&_extwin=1" "Mozilla/5.0 (Windows NT 10.0; Win64; x64) AppleWebKit/537.36 (KHTML, like Gecko) Chrome/136.0.0.0 Safari/537.36"
179.215.121.183 - - [13/May/2025:17:16:41 -0300] "GET /cpsess7916074176/3rdparty/roundcube/?_task=mail&_mbox=INBOX&_uid=16160&_part=2&_action=get&_extwin=1&_framed=1&_mimewarning=1&_embed=1 HTTP/1.1" 200 155945 "https://webmail.vacivitta.com.br/cpsess7916074176/3rdparty/roundcube/?_task=mail&_mbox=INBOX&_uid=16160&_part=2&_action=get&_extwin=1&_preload=1&_framed=1" "Mozilla/5.0 (Windows NT 10.0; Win64; x64) AppleWebKit/537.36 (KHTML, like Gecko) Chrome/136.0.0.0 Safari/537.36"
179.215.121.183 - - [13/May/2025:17:16:50 -0300] "GET /cpsess7916074176/3rdparty/roundcube/?_task=mail&_frame=1&_mbox=INBOX&_uid=16160&_part=3&_action=get&_extwin=1 HTTP/1.1" 200 3649 "https://webmail.vacivitta.com.br/cpsess7916074176/3rdparty/roundcube/?_task=mail&_caps=pdf%3D1%2Cflash%3D0%2Ctiff%3D0%2Cwebp%3D1%2Cpgpmime%3D0&_uid=16160&_mbox=INBOX&_framed=1&_action=preview" "Mozilla/5.0 (Windows NT 10.0; Win64; x64) AppleWebKit/537.36 (KHTML, like Gecko) Chrome/136.0.0.0 Safari/537.36"
179.215.121.183 - - [13/May/2025:17:16:50 -0300] "GET /cpsess7916074176/3rdparty/roundcube/?_task=mail&_mbox=INBOX&_uid=16160&_part=3&_action=get&_extwin=1&_preload=1&_framed=1 HTTP/1.1" 200 345 "https://webmail.vacivitta.com.br/cpsess7916074176/3rdparty/roundcube/?_task=mail&_frame=1&_mbox=INBOX&_uid=16160&_part=3&_action=get&_extwin=1" "Mozilla/5.0 (Windows NT 10.0; Win64; x64) AppleWebKit/537.36 (KHTML, like Gecko) Chrome/136.0.0.0 Safari/537.36"
179.215.121.183 - - [13/May/2025:17:16:50 -0300] "GET /cpsess7916074176/3rdparty/roundcube/?_task=mail&_mbox=INBOX&_uid=16160&_part=3&_action=get&_extwin=1&_framed=1&_mimewarning=1&_embed=1 HTTP/1.1" 200 192718 "https://webmail.vacivitta.com.br/cpsess7916074176/3rdparty/roundcube/?_task=mail&_mbox=INBOX&_uid=16160&_part=3&_action=get&_extwin=1&_preload=1&_framed=1" "Mozilla/5.0 (Windows NT 10.0; Win64; x64) AppleWebKit/537.36 (KHTML, like Gecko) Chrome/136.0.0.0 Safari/537.36"
179.215.121.183 - - [13/May/2025:17:16:59 -0300] "GET /cpsess7916074176/3rdparty/roundcube/?_task=mail&_frame=1&_mbox=INBOX&_uid=16160&_part=4&_action=get&_extwin=1 HTTP/1.1" 200 3659 "https://webmail.vacivitta.com.br/cpsess7916074176/3rdparty/roundcube/?_task=mail&_caps=pdf%3D1%2Cflash%3D0%2Ctiff%3D0%2Cwebp%3D1%2Cpgpmime%3D0&_uid=16160&_mbox=INBOX&_framed=1&_action=preview" "Mozilla/5.0 (Windows NT 10.0; Win64; x64) AppleWebKit/537.36 (KHTML, like Gecko) Chrome/136.0.0.0 Safari/537.36"
179.215.121.183 - - [13/May/2025:17:16:59 -0300] "GET /cpsess7916074176/3rdparty/roundcube/?_task=mail&_mbox=INBOX&_uid=16160&_part=4&_action=get&_extwin=1&_preload=1&_framed=1 HTTP/1.1" 200 345 "https://webmail.vacivitta.com.br/cpsess7916074176/3rdparty/roundcube/?_task=mail&_frame=1&_mbox=INBOX&_uid=16160&_part=4&_action=get&_extwin=1" "Mozilla/5.0 (Windows NT 10.0; Win64; x64) AppleWebKit/537.36 (KHTML, like Gecko) Chrome/136.0.0.0 Safari/537.36"
179.215.121.183 - - [13/May/2025:17:17:00 -0300] "GET /cpsess7916074176/3rdparty/roundcube/?_task=mail&_mbox=INBOX&_uid=16160&_part=4&_action=get&_extwin=1&_framed=1&_mimewarning=1&_embed=1 HTTP/1.1" 200 124979 "https://webmail.vacivitta.com.br/cpsess7916074176/3rdparty/roundcube/?_task=mail&_mbox=INBOX&_uid=16160&_part=4&_action=get&_extwin=1&_preload=1&_framed=1" "Mozilla/5.0 (Windows NT 10.0; Win64; x64) AppleWebKit/537.36 (KHTML, like Gecko) Chrome/136.0.0.0 Safari/537.36"
179.215.121.183 - - [13/May/2025:17:17:06 -0300] "GET /cpsess7916074176/3rdparty/roundcube/?_task=mail&_caps=pdf%3D1%2Cflash%3D0%2Ctiff%3D0%2Cwebp%3D1%2Cpgpmime%3D0&_uid=16159&_mbox=INBOX&_framed=1&_action=preview HTTP/1.1" 200 6480 "https://webmail.vacivitta.com.br/cpsess7916074176/3rdparty/roundcube/?_task=mail&_mbox=INBOX" "Mozilla/5.0 (Windows NT 10.0; Win64; x64) AppleWebKit/537.36 (KHTML, like Gecko) Chrome/136.0.0.0 Safari/537.36"
179.215.121.183 - - [13/May/2025:17:17:06 -0300] "GET /cpsess7916074176/3rdparty/roundcube/?_task=addressbook&_action=photo&_email=cont-j5j9fd%40qw08i7.ver-3.deprimeiralinha.com.br&_error=1&_bgcolor=transparent HTTP/1.1" 204 - "https://webmail.vacivitta.com.br/cpsess7916074176/3rdparty/roundcube/?_task=mail&_caps=pdf%3D1%2Cflash%3D0%2Ctiff%3D0%2Cwebp%3D1%2Cpgpmime%3D0&_uid=16159&_mbox=INBOX&_framed=1&_action=preview" "Mozilla/5.0 (Windows NT 10.0; Win64; x64) AppleWebKit/537.36 (KHTML, like Gecko) Chrome/136.0.0.0 Safari/537.36"
179.215.121.183 - - [13/May/2025:17:17:09 -0300] "GET /cpsess7916074176/3rdparty/roundcube/?_task=mail&_caps=pdf%3D1%2Cflash%3D0%2Ctiff%3D0%2Cwebp%3D1%2Cpgpmime%3D0&_uid=16158&_mbox=INBOX&_framed=1&_action=preview HTTP/1.1" 200 5558 "https://webmail.vacivitta.com.br/cpsess7916074176/3rdparty/roundcube/?_task=mail&_mbox=INBOX" "Mozilla/5.0 (Windows NT 10.0; Win64; x64) AppleWebKit/537.36 (KHTML, like Gecko) Chrome/136.0.0.0 Safari/537.36"
179.215.121.183 - - [13/May/2025:17:17:09 -0300] "POST /cpsess7916074176/3rdparty/roundcube/?_task=mail&_action=move HTTP/1.1" 200 563 "https://webmail.vacivitta.com.br/cpsess7916074176/3rdparty/roundcube/?_task=mail&_mbox=INBOX" "Mozilla/5.0 (Windows NT 10.0; Win64; x64) AppleWebKit/537.36 (KHTML, like Gecko) Chrome/136.0.0.0 Safari/537.36"
179.215.121.183 - - [13/May/2025:17:17:10 -0300] "GET /cpsess7916074176/3rdparty/roundcube/?_task=addressbook&_action=photo&_email=recepcao.hovr%40gmail.com&_error=1&_bgcolor=transparent HTTP/1.1" 204 - "https://webmail.vacivitta.com.br/cpsess7916074176/3rdparty/roundcube/?_task=mail&_caps=pdf%3D1%2Cflash%3D0%2Ctiff%3D0%2Cwebp%3D1%2Cpgpmime%3D0&_uid=16158&_mbox=INBOX&_framed=1&_action=preview" "Mozilla/5.0 (Windows NT 10.0; Win64; x64) AppleWebKit/537.36 (KHTML, like Gecko) Chrome/136.0.0.0 Safari/537.36"
179.215.121.183 - - [13/May/2025:17:17:12 -0300] "GET /cpsess7916074176/3rdparty/roundcube/?_task=mail&_framed=1&_caps=pdf%3D1%2Cflash%3D0%2Ctiff%3D0%2Cwebp%3D1%2Cpgpmime%3D0&_uid=16158&_mbox=INBOX&_safe=1&_action=preview HTTP/1.1" 200 5712 "https://webmail.vacivitta.com.br/cpsess7916074176/3rdparty/roundcube/?_task=mail&_mbox=INBOX" "Mozilla/5.0 (Windows NT 10.0; Win64; x64) AppleWebKit/537.36 (KHTML, like Gecko) Chrome/136.0.0.0 Safari/537.36"
179.215.121.183 - - [13/May/2025:17:17:12 -0300] "GET /cpsess7916074176/3rdparty/roundcube/?_task=addressbook&_action=photo&_email=recepcao.hovr%40gmail.com&_error=1&_bgcolor=transparent HTTP/1.1" 204 - "https://webmail.vacivitta.com.br/cpsess7916074176/3rdparty/roundcube/?_task=mail&_framed=1&_caps=pdf%3D1%2Cflash%3D0%2Ctiff%3D0%2Cwebp%3D1%2Cpgpmime%3D0&_uid=16158&_mbox=INBOX&_safe=1&_action=preview" "Mozilla/5.0 (Windows NT 10.0; Win64; x64) AppleWebKit/537.36 (KHTML, like Gecko) Chrome/136.0.0.0 Safari/537.36"
179.215.121.183 - - [13/May/2025:17:17:13 -0300] "GET /cpsess7916074176/3rdparty/roundcube/?_task=mail&_caps=pdf%3D1%2Cflash%3D0%2Ctiff%3D0%2Cwebp%3D1%2Cpgpmime%3D0&_uid=16157&_mbox=INBOX&_framed=1&_action=preview HTTP/1.1" 200 6182 "https://webmail.vacivitta.com.br/cpsess7916074176/3rdparty/roundcube/?_task=mail&_mbox=INBOX" "Mozilla/5.0 (Windows NT 10.0; Win64; x64) AppleWebKit/537.36 (KHTML, like Gecko) Chrome/136.0.0.0 Safari/537.36"
179.215.121.183 - - [13/May/2025:17:17:13 -0300] "GET /cpsess7916074176/3rdparty/roundcube/?_task=addressbook&_action=photo&_email=docusigneletronico%40documentos05e.manjericaocuidabeldelasempre.sbs&_error=1&_bgcolor=transparent HTTP/1.1" 204 - "https://webmail.vacivitta.com.br/cpsess7916074176/3rdparty/roundcube/?_task=mail&_caps=pdf%3D1%2Cflash%3D0%2Ctiff%3D0%2Cwebp%3D1%2Cpgpmime%3D0&_uid=16157&_mbox=INBOX&_framed=1&_action=preview" "Mozilla/5.0 (Windows NT 10.0; Win64; x64) AppleWebKit/537.36 (KHTML, like Gecko) Chrome/136.0.0.0 Safari/537.36"
179.215.121.183 - - [13/May/2025:17:17:15 -0300] "GET /cpsess7916074176/3rdparty/roundcube/skins/elastic/watermark.html HTTP/1.1" 200 494 "https://webmail.vacivitta.com.br/cpsess7916074176/3rdparty/roundcube/?_task=mail&_mbox=INBOX" "Mozilla/5.0 (Windows NT 10.0; Win64; x64) AppleWebKit/537.36 (KHTML, like Gecko) Chrome/136.0.0.0 Safari/537.36"
179.215.121.183 - - [13/May/2025:17:17:15 -0300] "POST /cpsess7916074176/3rdparty/roundcube/?_task=mail&_action=move HTTP/1.1" 200 570 "https://webmail.vacivitta.com.br/cpsess7916074176/3rdparty/roundcube/?_task=mail&_mbox=INBOX" "Mozilla/5.0 (Windows NT 10.0; Win64; x64) AppleWebKit/537.36 (KHTML, like Gecko) Chrome/136.0.0.0 Safari/537.36"
179.215.121.183 - - [13/May/2025:17:17:15 -0300] "GET /cpsess7916074176/3rdparty/roundcube/?_task=mail&_caps=pdf%3D1%2Cflash%3D0%2Ctiff%3D0%2Cwebp%3D1%2Cpgpmime%3D0&_uid=16156&_mbox=INBOX&_framed=1&_action=preview HTTP/1.1" 200 6200 "https://webmail.vacivitta.com.br/cpsess7916074176/3rdparty/roundcube/?_task=mail&_mbox=INBOX" "Mozilla/5.0 (Windows NT 10.0; Win64; x64) AppleWebKit/537.36 (KHTML, like Gecko) Chrome/136.0.0.0 Safari/537.36"
179.215.121.183 - - [13/May/2025:17:17:16 -0300] "GET /cpsess7916074176/3rdparty/roundcube/?_task=addressbook&_action=photo&_email=docusignassinaturas%40documentos05e.manjericaocuidabeldelasempre.sbs&_error=1&_bgcolor=transparent HTTP/1.1" 204 - "https://webmail.vacivitta.com.br/cpsess7916074176/3rdparty/roundcube/?_task=mail&_caps=pdf%3D1%2Cflash%3D0%2Ctiff%3D0%2Cwebp%3D1%2Cpgpmime%3D0&_uid=16156&_mbox=INBOX&_framed=1&_action=preview" "Mozilla/5.0 (Windows NT 10.0; Win64; x64) AppleWebKit/537.36 (KHTML, like Gecko) Chrome/136.0.0.0 Safari/537.36"
179.215.121.183 - - [13/May/2025:17:17:17 -0300] "GET /cpsess7916074176/3rdparty/roundcube/?_task=mail&_caps=pdf%3D1%2Cflash%3D0%2Ctiff%3D0%2Cwebp%3D1%2Cpgpmime%3D0&_uid=16154&_mbox=INBOX&_framed=1&_action=preview HTTP/1.1" 200 6398 "https://webmail.vacivitta.com.br/cpsess7916074176/3rdparty/roundcube/?_task=mail&_mbox=INBOX" "Mozilla/5.0 (Windows NT 10.0; Win64; x64) AppleWebKit/537.36 (KHTML, like Gecko) Chrome/136.0.0.0 Safari/537.36"
179.215.121.183 - - [13/May/2025:17:17:17 -0300] "POST /cpsess7916074176/3rdparty/roundcube/?_task=mail&_action=move HTTP/1.1" 200 603 "https://webmail.vacivitta.com.br/cpsess7916074176/3rdparty/roundcube/?_task=mail&_mbox=INBOX" "Mozilla/5.0 (Windows NT 10.0; Win64; x64) AppleWebKit/537.36 (KHTML, like Gecko) Chrome/136.0.0.0 Safari/537.36"
179.215.121.183 - - [13/May/2025:17:17:18 -0300] "GET /cpsess7916074176/3rdparty/roundcube/?_task=addressbook&_action=photo&_email=pessoal05%40contabilidadesouza.com.br&_error=1&_bgcolor=transparent HTTP/1.1" 204 - "https://webmail.vacivitta.com.br/cpsess7916074176/3rdparty/roundcube/?_task=mail&_caps=pdf%3D1%2Cflash%3D0%2Ctiff%3D0%2Cwebp%3D1%2Cpgpmime%3D0&_uid=16154&_mbox=INBOX&_framed=1&_action=preview" "Mozilla/5.0 (Windows NT 10.0; Win64; x64) AppleWebKit/537.36 (KHTML, like Gecko) Chrome/136.0.0.0 Safari/537.36"
179.215.121.183 - - [13/May/2025:17:17:18 -0300] "GET /cpsess7916074176/3rdparty/roundcube/?_task=mail&_action=get&_mbox=INBOX&_uid=16154&_token=dBZeeeSBUR6XqorP6Ox1sXEJjjQsUPKq&_part=1.2&_embed=1&_mimeclass=image HTTP/1.1" 200 53380 "https://webmail.vacivitta.com.br/cpsess7916074176/3rdparty/roundcube/?_task=mail&_caps=pdf%3D1%2Cflash%3D0%2Ctiff%3D0%2Cwebp%3D1%2Cpgpmime%3D0&_uid=16154&_mbox=INBOX&_framed=1&_action=preview" "Mozilla/5.0 (Windows NT 10.0; Win64; x64) AppleWebKit/537.36 (KHTML, like Gecko) Chrome/136.0.0.0 Safari/537.36"
179.215.121.183 - - [13/May/2025:17:17:22 -0300] "POST /cpsess7916074176/3rdparty/roundcube/?_task=mail&_action=refresh HTTP/1.1" 200 172 "https://webmail.vacivitta.com.br/cpsess7916074176/3rdparty/roundcube/?_task=mail&_mbox=INBOX" "Mozilla/5.0 (Windows NT 10.0; Win64; x64) AppleWebKit/537.36 (KHTML, like Gecko) Chrome/136.0.0.0 Safari/537.36"
179.215.121.183 - - [13/May/2025:17:17:24 -0300] "GET /cpsess7916074176/3rdparty/roundcube/?_task=logout&_token=dBZeeeSBUR6XqorP6Ox1sXEJjjQsUPKq HTTP/1.1" 302 6118 "https://webmail.vacivitta.com.br/cpsess7916074176/3rdparty/roundcube/?_task=mail&_mbox=INBOX" "Mozilla/5.0 (Windows NT 10.0; Win64; x64) AppleWebKit/537.36 (KHTML, like Gecko) Chrome/136.0.0.0 Safari/537.36"
179.215.121.183 - - [13/May/2025:17:17:24 -0300] "GET /webmaillogout.cgi HTTP/1.1" 308 102 "https://webmail.vacivitta.com.br/cpsess7916074176/3rdparty/roundcube/?_task=mail&_mbox=INBOX" "Mozilla/5.0 (Windows NT 10.0; Win64; x64) AppleWebKit/537.36 (KHTML, like Gecko) Chrome/136.0.0.0 Safari/537.36"
179.215.121.183 - - [13/May/2025:17:17:24 -0300] "GET /webmaillogout.cgi HTTP/1.1" 200 12205 "https://webmail.vacivitta.com.br/cpsess7916074176/3rdparty/roundcube/?_task=mail&_mbox=INBOX" "Mozilla/5.0 (Windows NT 10.0; Win64; x64) AppleWebKit/537.36 (KHTML, like Gecko) Chrome/136.0.0.0 Safari/537.36"
69.197.182.50 - - [13/May/2025:17:17:46 -0300] "GET /wp-content/edit.php HTTP/1.1" 404 - "https://vacivitta.com.br/wp-content/edit.php" "Mozilla/5.0 (Windows NT 10.0; Win64; x64) AppleWebKit/537.36 (KHTML, like Gecko) Chrome/58.0.3029.110 Safari/537.3"
51.195.36.135 - - [13/May/2025:17:17:58 -0300] "GET /wp-content/plugins/cve-2024-46188/views/viewsecurity.php HTTP/1.1" 404 - "-" "Mozilla/5.0 (Windows NT 10.0; Win64; x64) AppleWebKit/537.36 (KHTML, like Gecko) Chrome/127.0.0.0 Safari/537.36"
66.249.72.69 - - [13/May/2025:17:18:46 -0300] "GET /products/299no160 HTTP/1.1" 404 - "-" "Mozilla/5.0 (Linux; Android 6.0.1; Nexus 5X Build/MMB29P) AppleWebKit/537.36 (KHTML, like Gecko) Chrome/136.0.7103.59 Mobile Safari/537.36 (compatible; GoogleOther)"
88.99.80.227 - - [13/May/2025:17:18:55 -0300] "HEAD / HTTP/1.1" 200 - "https://vacivitta.com.br/" "Mozilla/5.0+(compatible; UptimeRobot/2.0; http://www.uptimerobot.com/)"
66.249.72.67 - - [13/May/2025:17:19:34 -0300] "GET /items/exhky36/702?key=shooting HTTP/1.1" 404 - "-" "Mozilla/5.0 (Linux; Android 6.0.1; Nexus 5X Build/MMB29P) AppleWebKit/537.36 (KHTML, like Gecko) Chrome/136.0.7103.59 Mobile Safari/537.36 (compatible; Googlebot/2.1; +http://www.google.com/bot.html)"
208.110.64.178 - - [13/May/2025:17:20:59 -0300] "GET /wp-content/edit.php HTTP/1.1" 404 - "https://vacivitta.com.br/wp-content/edit.php" "Mozilla/5.0 (Windows NT 10.0; Win64; x64) AppleWebKit/537.36 (KHTML, like Gecko) Chrome/58.0.3029.110 Safari/537.3"
51.222.253.13 - - [13/May/2025:17:22:18 -0300] "GET /?p=10334 HTTP/1.1" 304 - "-" "Mozilla/5.0 (compatible; AhrefsBot/7.0; +http://ahrefs.com/robot/)"
49.13.130.29 - - [13/May/2025:17:23:58 -0300] "HEAD / HTTP/1.1" 200 - "https://vacivitta.com.br/" "Mozilla/5.0+(compatible; UptimeRobot/2.0; http://www.uptimerobot.com/)"
177.79.97.191 - - [13/May/2025:17:24:24 -0300] "GET / HTTP/1.1" 200 488 "-" "Mozilla/5.0 (Macintosh; Intel Mac OS X 10_11_1) AppleWebKit/601.2.4 (KHTML, like Gecko) Version/9.0.1 Safari/601.2.4 facebookexternalhit/1.1 Facebot Twitterbot/1.0"
204.12.252.98 - - [13/May/2025:17:25:13 -0300] "GET /wp-content/edit.php HTTP/1.1" 404 - "https://vacivitta.com.br/wp-content/edit.php" "Mozilla/5.0 (Windows NT 10.0; Win64; x64) AppleWebKit/537.36 (KHTML, like Gecko) Chrome/58.0.3029.110 Safari/537.3"
193.186.4.240 - - [13/May/2025:17:27:34 -0300] "GET / HTTP/1.1" 200 488 "https://www.google.com/" "Mozilla/5.0 (Linux; Android 10; K) AppleWebKit/537.36 (KHTML, like Gecko) Chrome/136.0.0.0 Mobile Safari/537.36"
66.249.72.67 - - [13/May/2025:17:27:35 -0300] "GET /?_ga=2.193929543.1954859000.1729550949-963870751.1699386649&_bdsid=47u8bn.n~DOXON.1743916948286.1788022705&_bd_prev_page=https://vacivitta.com.br/collect.asp?items/yyfvd84/238?key=interior HTTP/1.1" 200 488 "-" "Mozilla/5.0 (Linux; Android 6.0.1; Nexus 5X Build/MMB29P) AppleWebKit/537.36 (KHTML, like Gecko) Chrome/136.0.7103.59 Mobile Safari/537.36 (compatible; Googlebot/2.1; +http://www.google.com/bot.html)"
66.249.72.67 - - [13/May/2025:17:27:37 -0300] "GET /assets/index-CeMXvSyR.js HTTP/1.1" 200 857114 "https://vacivitta.com.br/?_ga=2.193929543.1954859000.1729550949-963870751.1699386649&_bdsid=47u8bn.n~DOXON.1743916948286.1788022705&_bd_prev_page=https://vacivitta.com.br/collect.asp?items/yyfvd84/238?key=interior" "Mozilla/5.0 (Linux; Android 6.0.1; Nexus 5X Build/MMB29P) AppleWebKit/537.36 (KHTML, like Gecko) Chrome/135.0.7049.114 Mobile Safari/537.36 (compatible; Googlebot/2.1; +http://www.google.com/bot.html)"
66.249.72.69 - - [13/May/2025:17:28:35 -0300] "GET /items/xtbsj82/8864?key=glance HTTP/1.1" 404 - "-" "Mozilla/5.0 (Linux; Android 6.0.1; Nexus 5X Build/MMB29P) AppleWebKit/537.36 (KHTML, like Gecko) Chrome/136.0.7103.59 Mobile Safari/537.36 (compatible; Googlebot/2.1; +http://www.google.com/bot.html)"
52.167.144.235 - - [13/May/2025:17:28:35 -0300] "GET /wp-content/uploads/sites/7/2021/11/logo-vacivitta-01-300x102.png HTTP/1.1" 404 - "-" "Mozilla/5.0 AppleWebKit/537.36 (KHTML, like Gecko; compatible; bingbot/2.0; +http://www.bing.com/bingbot.htm) Chrome/116.0.1938.76 Safari/537.36"
66.249.72.68 - - [13/May/2025:17:28:51 -0300] "GET /items/dnogo76/49306?key=hide HTTP/1.1" 404 - "-" "Mozilla/5.0 (Linux; Android 6.0.1; Nexus 5X Build/MMB29P) AppleWebKit/537.36 (KHTML, like Gecko) Chrome/136.0.7103.59 Mobile Safari/537.36 (compatible; Googlebot/2.1; +http://www.google.com/bot.html)"
142.132.180.39 - - [13/May/2025:17:29:01 -0300] "HEAD / HTTP/1.1" 200 - "https://vacivitta.com.br/" "Mozilla/5.0+(compatible; UptimeRobot/2.0; http://www.uptimerobot.com/)"
208.110.64.178 - - [13/May/2025:17:29:39 -0300] "GET /wp-content/edit.php HTTP/1.1" 404 - "https://vacivitta.com.br/wp-content/edit.php" "Mozilla/5.0 (Windows NT 10.0; Win64; x64) AppleWebKit/537.36 (KHTML, like Gecko) Chrome/58.0.3029.110 Safari/537.3"
66.249.72.68 - - [13/May/2025:17:30:46 -0300] "GET /?_ga=2.193929543.1954859000.1729550949-963870751.1699386649&_bdsid=47u8bn.n~DOXON.1743916948286.1788022705&_bd_prev_page=https://vacivitta.com.br/collect.asp?items/nmhdt56/424?key=constitute HTTP/1.1" 200 488 "-" "Mozilla/5.0 (Linux; Android 6.0.1; Nexus 5X Build/MMB29P) AppleWebKit/537.36 (KHTML, like Gecko) Chrome/136.0.7103.59 Mobile Safari/537.36 (compatible; Googlebot/2.1; +http://www.google.com/bot.html)"
66.249.72.67 - - [13/May/2025:17:30:47 -0300] "GET /items/fkezn137/3803?key=daughter HTTP/1.1" 404 - "-" "Mozilla/5.0 (Linux; Android 6.0.1; Nexus 5X Build/MMB29P) AppleWebKit/537.36 (KHTML, like Gecko) Chrome/136.0.7103.59 Mobile Safari/537.36 (compatible; Googlebot/2.1; +http://www.google.com/bot.html)"
66.249.72.69 - - [13/May/2025:17:30:48 -0300] "GET /?_ga=2.193929543.1954859000.1729550949-963870751.1699386649&_bdsid=47u8bn.n~DOXON.1743916948286.1788022705&_bd_prev_page=https://vacivitta.com.br/collect.asp?products/81hc33448 HTTP/1.1" 200 488 "-" "Mozilla/5.0 (Linux; Android 6.0.1; Nexus 5X Build/MMB29P) AppleWebKit/537.36 (KHTML, like Gecko) Chrome/136.0.7103.59 Mobile Safari/537.36 (compatible; Googlebot/2.1; +http://www.google.com/bot.html)"
66.249.72.67 - - [13/May/2025:17:30:48 -0300] "GET /?_ga=2.193929543.1954859000.1729550949-963870751.1699386649&_bdsid=47u8bn.n~DOXON.1743916948286.1788022705&_bd_prev_page=https://vacivitta.com.br/collect.asp?items/jkqhv65/8415?key=downtown HTTP/1.1" 200 488 "-" "Mozilla/5.0 (Linux; Android 6.0.1; Nexus 5X Build/MMB29P) AppleWebKit/537.36 (KHTML, like Gecko) Chrome/136.0.7103.59 Mobile Safari/537.36 (compatible; Googlebot/2.1; +http://www.google.com/bot.html)"
66.249.72.68 - - [13/May/2025:17:30:51 -0300] "GET /items/ybluq18/38444?key=youngster HTTP/1.1" 404 - "-" "Mozilla/5.0 (Linux; Android 6.0.1; Nexus 5X Build/MMB29P) AppleWebKit/537.36 (KHTML, like Gecko) Chrome/136.0.7103.59 Mobile Safari/537.36 (compatible; Googlebot/2.1; +http://www.google.com/bot.html)"
66.249.72.68 - - [13/May/2025:17:30:52 -0300] "GET /items/echbx258/16938?key=album HTTP/1.1" 404 - "-" "Mozilla/5.0 (Linux; Android 6.0.1; Nexus 5X Build/MMB29P) AppleWebKit/537.36 (KHTML, like Gecko) Chrome/136.0.7103.59 Mobile Safari/537.36 (compatible; Googlebot/2.1; +http://www.google.com/bot.html)"
204.12.252.98 - - [13/May/2025:17:32:07 -0300] "GET /wp-content/edit.php HTTP/1.1" 404 - "https://vacivitta.com.br/wp-content/edit.php" "Mozilla/5.0 (Windows NT 10.0; Win64; x64) AppleWebKit/537.36 (KHTML, like Gecko) Chrome/58.0.3029.110 Safari/537.3"
66.249.72.69 - - [13/May/2025:17:32:37 -0300] "GET /feature/index.html HTTP/1.1" 404 - "-" "Mozilla/5.0 (Linux; Android 6.0.1; Nexus 5X Build/MMB29P) AppleWebKit/537.36 (KHTML, like Gecko) Chrome/136.0.7103.59 Mobile Safari/537.36 (compatible; Googlebot/2.1; +http://www.google.com/bot.html)"
66.249.72.68 - - [13/May/2025:17:33:52 -0300] "GET /products/68of661 HTTP/1.1" 404 - "-" "Mozilla/5.0 (Linux; Android 6.0.1; Nexus 5X Build/MMB29P) AppleWebKit/537.36 (KHTML, like Gecko) Chrome/136.0.7103.59 Mobile Safari/537.36 (compatible; Googlebot/2.1; +http://www.google.com/bot.html)"
167.235.143.113 - - [13/May/2025:17:34:05 -0300] "HEAD / HTTP/1.1" 200 - "https://vacivitta.com.br/" "Mozilla/5.0+(compatible; UptimeRobot/2.0; http://www.uptimerobot.com/)"
66.249.72.68 - - [13/May/2025:17:37:39 -0300] "GET /items/xbknn194/11018?key=reader HTTP/1.1" 404 - "-" "Mozilla/5.0 (Linux; Android 6.0.1; Nexus 5X Build/MMB29P) AppleWebKit/537.36 (KHTML, like Gecko) Chrome/136.0.7103.59 Mobile Safari/537.36 (compatible; Googlebot/2.1; +http://www.google.com/bot.html)"
69.197.135.226 - - [13/May/2025:17:38:12 -0300] "GET /wp-content/edit.php HTTP/1.1" 404 - "https://vacivitta.com.br/wp-content/edit.php" "Mozilla/5.0 (Windows NT 10.0; Win64; x64) AppleWebKit/537.36 (KHTML, like Gecko) Chrome/58.0.3029.110 Safari/537.3"
5.135.58.197 - - [13/May/2025:17:38:53 -0300] "GET / HTTP/1.1" 200 488 "-" "Mozilla/5.0 (X11; Ubuntu; Linux x86_64; rv:134.0) Gecko/20100101 Firefox/134.0"
167.235.143.113 - - [13/May/2025:17:39:07 -0300] "HEAD / HTTP/1.1" 200 - "https://vacivitta.com.br/" "Mozilla/5.0+(compatible; UptimeRobot/2.0; http://www.uptimerobot.com/)"
66.249.72.68 - - [13/May/2025:17:39:52 -0300] "GET /items/kyhbz187/38803?key=bowl HTTP/1.1" 404 - "-" "Mozilla/5.0 (Linux; Android 6.0.1; Nexus 5X Build/MMB29P) AppleWebKit/537.36 (KHTML, like Gecko) Chrome/136.0.7103.59 Mobile Safari/537.36 (compatible; Googlebot/2.1; +http://www.google.com/bot.html)"
69.197.135.226 - - [13/May/2025:17:40:46 -0300] "GET /wp-content/edit.php HTTP/1.1" 404 - "https://vacivitta.com.br/wp-content/edit.php" "Mozilla/5.0 (Windows NT 10.0; Win64; x64) AppleWebKit/537.36 (KHTML, like Gecko) Chrome/58.0.3029.110 Safari/537.3"
66.249.72.69 - - [13/May/2025:17:42:53 -0300] "GET /products/22ea925 HTTP/1.1" 404 - "-" "Mozilla/5.0 (Linux; Android 6.0.1; Nexus 5X Build/MMB29P) AppleWebKit/537.36 (KHTML, like Gecko) Chrome/136.0.7103.59 Mobile Safari/537.36 (compatible; Googlebot/2.1; +http://www.google.com/bot.html)"
66.249.72.68 - - [13/May/2025:17:43:53 -0300] "GET /items/gccsm169/4111?key=tribal HTTP/1.1" 404 - "-" "Mozilla/5.0 (Linux; Android 6.0.1; Nexus 5X Build/MMB29P) AppleWebKit/537.36 (KHTML, like Gecko) Chrome/136.0.7103.59 Mobile Safari/537.36 (compatible; Googlebot/2.1; +http://www.google.com/bot.html)"
208.110.64.178 - - [13/May/2025:17:44:01 -0300] "GET /wp-content/edit.php HTTP/1.1" 404 - "https://vacivitta.com.br/wp-content/edit.php" "Mozilla/5.0 (Windows NT 10.0; Win64; x64) AppleWebKit/537.36 (KHTML, like Gecko) Chrome/58.0.3029.110 Safari/537.3"
49.13.164.148 - - [13/May/2025:17:44:09 -0300] "HEAD / HTTP/1.1" 200 - "https://vacivitta.com.br/" "Mozilla/5.0+(compatible; UptimeRobot/2.0; http://www.uptimerobot.com/)"
91.196.152.41 - - [13/May/2025:17:47:22 -0300] "GET / HTTP/1.1" 200 488 "-" "Mozilla/5.0 (X11; Ubuntu; Linux x86_64; rv:134.0) Gecko/20100101 Firefox/134.0"
196.251.83.161 - - [13/May/2025:17:47:46 -0300] "GET / HTTP/1.1" 200 488 "-" "Mozlila/5.0 (Linux; Android 7.0; SM-G892A Bulid/NRD90M; wv) AppleWebKit/537.36 (KHTML, like Gecko) Version/4.0 Chrome/60.0.3112.107 Moblie Safari/537.36"
196.251.83.161 - - [13/May/2025:17:47:46 -0300] "GET /wp-content/plugins/fix/up.php HTTP/1.1" 404 - "-" "Mozilla/5.0 (Windows NT 10.0; Win64; x64) AppleWebKit/537.36 (KHTML, like Gecko) Chrome/85.0.4183.102 Safari/537.36"
196.251.83.161 - - [13/May/2025:17:47:46 -0300] "POST /ALFA_DATA/alfacgiapi/perl.alfa HTTP/1.1" 404 - "www.google.com" "Mozlila/5.0 (Linux; Android 7.0; SM-G892A Bulid/NRD90M; wv) AppleWebKit/537.36 (KHTML, like Gecko) Version/4.0 Chrome/60.0.3112.107 Moblie Safari/537.36"
196.251.83.161 - - [13/May/2025:17:47:46 -0300] "POST /wp-plain.php HTTP/1.1" 404 - "www.google.com" "Mozilla/5.0 (Linux; Android 7.0; SM-G892A Bulid/NRD90M; wv) AppleWebKit/537.36 (KHTML, like Gecko) Version/4.0 Chrome/60.0.3112.107 Moblie Safari/537.36"
