187.57.13.216 - - [12/Sep/2025:14:29:17 -0300] "GET /4.png HTTP/1.1" 200 1067791 "https://vacivitta.com.br/" "Mozilla/5.0 (Windows NT 10.0; Win64; x64) AppleWebKit/537.36 (KHTML, like Gecko) Chrome/140.0.0.0 Safari/537.36"
187.57.13.216 - - [12/Sep/2025:14:29:17 -0300] "GET /fts1.png HTTP/1.1" 200 2704287 "https://vacivitta.com.br/" "Mozilla/5.0 (Windows NT 10.0; Win64; x64) AppleWebKit/537.36 (KHTML, like Gecko) Chrome/140.0.0.0 Safari/537.36"
187.57.13.216 - - [12/Sep/2025:14:29:16 -0300] "GET /mapa.png HTTP/1.1" 200 1787231 "https://vacivitta.com.br/" "Mozilla/5.0 (Windows NT 10.0; Win64; x64) AppleWebKit/537.36 (KHTML, like Gecko) Chrome/140.0.0.0 Safari/537.36"
187.57.13.216 - - [12/Sep/2025:14:29:17 -0300] "GET /1.png HTTP/1.1" 200 1041468 "https://vacivitta.com.br/" "Mozilla/5.0 (Windows NT 10.0; Win64; x64) AppleWebKit/537.36 (KHTML, like Gecko) Chrome/140.0.0.0 Safari/537.36"
187.57.13.216 - - [12/Sep/2025:14:29:17 -0300] "GET /3.png HTTP/1.1" 200 1055246 "https://vacivitta.com.br/" "Mozilla/5.0 (Windows NT 10.0; Win64; x64) AppleWebKit/537.36 (KHTML, like Gecko) Chrome/140.0.0.0 Safari/537.36"
187.57.13.216 - - [12/Sep/2025:14:29:17 -0300] "GET /2.png HTTP/1.1" 200 1052379 "https://vacivitta.com.br/" "Mozilla/5.0 (Windows NT 10.0; Win64; x64) AppleWebKit/537.36 (KHTML, like Gecko) Chrome/140.0.0.0 Safari/537.36"
187.57.13.216 - - [12/Sep/2025:14:29:17 -0300] "GET /homePage.png HTTP/1.1" 200 1495045 "https://vacivitta.com.br/" "Mozilla/5.0 (Windows NT 10.0; Win64; x64) AppleWebKit/537.36 (KHTML, like Gecko) Chrome/140.0.0.0 Safari/537.36"
187.57.13.216 - - [12/Sep/2025:14:29:17 -0300] "GET /fts2.png HTTP/1.1" 200 2539592 "https://vacivitta.com.br/" "Mozilla/5.0 (Windows NT 10.0; Win64; x64) AppleWebKit/537.36 (KHTML, like Gecko) Chrome/140.0.0.0 Safari/537.36"
187.57.13.216 - - [12/Sep/2025:14:29:18 -0300] "GET /fts3.png HTTP/1.1" 200 798280 "https://vacivitta.com.br/" "Mozilla/5.0 (Windows NT 10.0; Win64; x64) AppleWebKit/537.36 (KHTML, like Gecko) Chrome/140.0.0.0 Safari/537.36"
187.57.13.216 - - [12/Sep/2025:14:29:18 -0300] "GET /walp.png HTTP/1.1" 200 26312 "https://vacivitta.com.br/" "Mozilla/5.0 (Windows NT 10.0; Win64; x64) AppleWebKit/537.36 (KHTML, like Gecko) Chrome/140.0.0.0 Safari/537.36"
187.57.13.216 - - [12/Sep/2025:14:29:18 -0300] "GET /homePage2.png HTTP/1.1" 200 227246 "https://vacivitta.com.br/" "Mozilla/5.0 (Windows NT 10.0; Win64; x64) AppleWebKit/537.36 (KHTML, like Gecko) Chrome/140.0.0.0 Safari/537.36"
187.57.13.216 - - [12/Sep/2025:14:29:18 -0300] "GET /video.mp4 HTTP/1.1" 206 636967327 "https://vacivitta.com.br/" "Mozilla/5.0 (Windows NT 10.0; Win64; x64) AppleWebKit/537.36 (KHTML, like Gecko) Chrome/140.0.0.0 Safari/537.36"
187.57.13.216 - - [12/Sep/2025:14:29:18 -0300] "GET /video.mp4 HTTP/1.1" 206 154015 "https://vacivitta.com.br/" "Mozilla/5.0 (Windows NT 10.0; Win64; x64) AppleWebKit/537.36 (KHTML, like Gecko) Chrome/140.0.0.0 Safari/537.36"
187.57.13.216 - - [12/Sep/2025:14:29:18 -0300] "GET /ico.ico HTTP/1.1" 200 100526 "https://vacivitta.com.br/" "Mozilla/5.0 (Windows NT 10.0; Win64; x64) AppleWebKit/537.36 (KHTML, like Gecko) Chrome/140.0.0.0 Safari/537.36"
187.57.13.216 - - [12/Sep/2025:14:29:18 -0300] "GET /video.mp4 HTTP/1.1" 206 636701424 "https://vacivitta.com.br/" "Mozilla/5.0 (Windows NT 10.0; Win64; x64) AppleWebKit/537.36 (KHTML, like Gecko) Chrome/140.0.0.0 Safari/537.36"
66.249.77.166 - - [12/Sep/2025:14:30:37 -0300] "GET /items/utgwt64/11770?key=dismiss HTTP/1.1" 404 - "-" "Mozilla/5.0 (Linux; Android 6.0.1; Nexus 5X Build/MMB29P) AppleWebKit/537.36 (KHTML, like Gecko) Chrome/140.0.7339.127 Mobile Safari/537.36 (compatible; Googlebot/2.1; +http://www.google.com/bot.html)"
74.125.213.4 - - [12/Sep/2025:14:30:42 -0300] "GET /.well-known/traffic-advice HTTP/1.1" 404 - "-" "Chrome Privacy Preserving Prefetch Proxy"
72.14.201.235 - - [12/Sep/2025:14:30:42 -0300] "GET / HTTP/1.1" 200 488 "https://www.google.com/" "Mozilla/5.0 (Windows NT 10.0; Win64; x64) AppleWebKit/537.36 (KHTML, like Gecko) Chrome/140.0.0.0 Safari/537.36"
189.34.145.55 - - [12/Sep/2025:14:31:16 -0300] "GET /santos/ HTTP/1.1" 404 - "https://www.google.com/" "Mozilla/5.0 (Windows NT 10.0; Win64; x64) AppleWebKit/537.36 (KHTML, like Gecko) Chrome/140.0.0.0 Safari/537.36"
189.34.145.55 - - [12/Sep/2025:14:31:16 -0300] "GET /favicon.ico HTTP/1.1" 404 - "https://vacivitta.com.br/santos/" "Mozilla/5.0 (Windows NT 10.0; Win64; x64) AppleWebKit/537.36 (KHTML, like Gecko) Chrome/140.0.0.0 Safari/537.36"
208.110.64.178 - - [12/Sep/2025:14:31:40 -0300] "GET /wp-content/edit.php HTTP/1.1" 404 - "https://vacivitta.com.br/wp-content/edit.php" "Mozilla/5.0 (Windows NT 10.0; Win64; x64) AppleWebKit/537.36 (KHTML, like Gecko) Chrome/58.0.3029.110 Safari/537.3"
4.227.36.7 - - [12/Sep/2025:14:32:39 -0300] "GET /robots.txt HTTP/1.1" 404 - "-" "Mozilla/5.0 AppleWebKit/537.36 (KHTML, like Gecko; compatible; GPTBot/1.2; +https://openai.com/gptbot)"
52.230.163.39 - - [12/Sep/2025:14:34:58 -0300] "GET / HTTP/1.1" 200 488 "-" "Mozilla/5.0 AppleWebKit/537.36 (KHTML, like Gecko); compatible; ChatGPT-User/1.0; +https://openai.com/bot"
175.44.42.146 - - [12/Sep/2025:14:35:30 -0300] "GET / HTTP/1.1" 200 488 "https://www.gevciamst.online/" "Mozilla/5.0 (iPhone; CPU iPhone OS 17_0 like Mac OS X) AppleWebKit/605.1.15 (KHTML, like Gecko) Version/17.0 Mobile/15E148 Safari/605.1.15"
195.26.254.255 - - [12/Sep/2025:14:41:14 -0300] "POST /ALFA_DATA/alfacgiapi/perl.alfa HTTP/1.1" 404 - "www.google.com" "Mozlila/5.0 (Linux; Android 7.0; SM-G892A Bulid/NRD90M; wv) AppleWebKit/537.36 (KHTML, like Gecko) Version/4.0 Chrome/60.0.3112.107 Moblie Safari/537.36"
195.26.254.255 - - [12/Sep/2025:14:41:14 -0300] "GET / HTTP/1.1" 200 488 "-" "Mozlila/5.0 (Linux; Android 7.0; SM-G892A Bulid/NRD90M; wv) AppleWebKit/537.36 (KHTML, like Gecko) Version/4.0 Chrome/60.0.3112.107 Moblie Safari/537.36"
195.26.254.255 - - [12/Sep/2025:14:41:14 -0300] "GET /wp-content/themes/seotheme/db.php?u HTTP/1.1" 404 - "www.google.com" "Mozlila/5.0 (Linux; Android 7.0; SM-G892A Bulid/NRD90M; wv) AppleWebKit/537.36 (KHTML, like Gecko) Version/4.0 Chrome/60.0.3112.107 Moblie Safari/537.36"
195.26.254.255 - - [12/Sep/2025:14:41:14 -0300] "GET /wp-content/plugins/fix/up.php HTTP/1.1" 404 - "-" "Mozilla/5.0 (Windows NT 10.0; Win64; x64) AppleWebKit/537.36 (KHTML, like Gecko) Chrome/85.0.4183.102 Safari/537.36"
195.26.254.255 - - [12/Sep/2025:14:41:14 -0300] "POST /wp-plain.php HTTP/1.1" 404 - "www.google.com" "Mozilla/5.0 (Linux; Android 7.0; SM-G892A Bulid/NRD90M; wv) AppleWebKit/537.36 (KHTML, like Gecko) Version/4.0 Chrome/60.0.3112.107 Moblie Safari/537.36"
195.26.254.255 - - [12/Sep/2025:14:41:14 -0300] "GET /wp-content/themes/seotheme/db.php?u HTTP/1.1" 404 - "www.google.com" "Mozlila/5.0 (Linux; Android 7.0; SM-G892A Bulid/NRD90M; wv) AppleWebKit/537.36 (KHTML, like Gecko) Version/4.0 Chrome/60.0.3112.107 Moblie Safari/537.36"
195.26.254.255 - - [12/Sep/2025:14:41:14 -0300] "GET /wizdtmqc.php?Fox=d3wL7 HTTP/1.1" 404 - "www.google.com" "Mozilla/5.0 (Linux; Android 7.0; SM-G892A Bulid/NRD90M; wv) AppleWebKit/537.36 (KHTML, like Gecko) Version/4.0 Chrome/60.0.3112.107 Moblie Safari/537.36"
195.26.254.255 - - [12/Sep/2025:14:41:14 -0300] "POST /alfacgiapi/perl.alfa HTTP/1.1" 404 - "www.google.com" "Mozlila/5.0 (Linux; Android 7.0; SM-G892A Bulid/NRD90M; wv) AppleWebKit/537.36 (KHTML, like Gecko) Version/4.0 Chrome/60.0.3112.107 Moblie Safari/537.36"
66.249.77.166 - - [12/Sep/2025:14:43:38 -0300] "GET /safe_search/config?return_url=%2Fproduct%2Fdetail%2Fusdm-usdm-0670-76 HTTP/1.1" 404 - "-" "Mozilla/5.0 (Linux; Android 6.0.1; Nexus 5X Build/MMB29P) AppleWebKit/537.36 (KHTML, like Gecko) Chrome/140.0.7339.127 Mobile Safari/537.36 (compatible; Googlebot/2.1; +http://www.google.com/bot.html)"
17.241.227.64 - - [12/Sep/2025:14:43:55 -0300] "GET /robots.txt HTTP/1.1" 404 - "-" "Mozilla/5.0 (Macintosh; Intel Mac OS X 10_15_7) AppleWebKit/605.1.15 (KHTML, like Gecko) Version/17.4 Safari/605.1.15 (Applebot/0.1; +http://www.apple.com/go/applebot)"
17.241.227.64 - - [12/Sep/2025:14:43:55 -0300] "GET /?page_id=1035 HTTP/1.1" 200 488 "-" "Mozilla/5.0 (Macintosh; Intel Mac OS X 10_15_7) AppleWebKit/605.1.15 (KHTML, like Gecko) Version/17.4 Safari/605.1.15 (Applebot/0.1; +http://www.apple.com/go/applebot)"
52.167.144.171 - - [12/Sep/2025:14:46:29 -0300] "GET /sitemap_index.xml HTTP/1.1" 404 - "-" "Mozilla/5.0 AppleWebKit/537.36 (KHTML, like Gecko; compatible; bingbot/2.0; +http://www.bing.com/bingbot.htm) Chrome/116.0.1938.76 Safari/537.36"
17.241.227.126 - - [12/Sep/2025:14:48:30 -0300] "GET /assets/index-BZLUkikW.js HTTP/1.1" 200 923512 "https://vacivitta.com.br/?page_id=1035" "Mozilla/5.0 (Macintosh; Intel Mac OS X 10_15_7) AppleWebKit/605.1.15 (KHTML, like Gecko) Version/17.4 Safari/605.1.15 (Applebot/0.1; +http://www.apple.com/go/applebot)"
17.241.219.65 - - [12/Sep/2025:14:48:31 -0300] "GET /assets/index-g8aW3Zx-.css HTTP/1.1" 200 2311 "https://vacivitta.com.br/?page_id=1035" "Mozilla/5.0 (Macintosh; Intel Mac OS X 10_15_7) AppleWebKit/605.1.15 (KHTML, like Gecko) Version/17.4 Safari/605.1.15 (Applebot/0.1; +http://www.apple.com/go/applebot)"
208.110.64.178 - - [12/Sep/2025:14:53:15 -0300] "GET /wp-content/edit.php HTTP/1.1" 404 - "https://vacivitta.com.br/wp-content/edit.php" "Mozilla/5.0 (Windows NT 10.0; Win64; x64) AppleWebKit/537.36 (KHTML, like Gecko) Chrome/58.0.3029.110 Safari/537.3"
208.110.64.178 - - [12/Sep/2025:14:54:36 -0300] "GET /wp-content/edit.php HTTP/1.1" 404 - "https://vacivitta.com.br/wp-content/edit.php" "Mozilla/5.0 (Windows NT 10.0; Win64; x64) AppleWebKit/537.36 (KHTML, like Gecko) Chrome/58.0.3029.110 Safari/537.3"
45.134.225.250 - - [12/Sep/2025:14:55:34 -0300] "GET /wp-login.php HTTP/1.1" 404 - "-" "Mozilla/5.0 (compatible; MSIE 9.0; Windows NT 6.1; Trident/5.0)"
45.134.225.250 - - [12/Sep/2025:14:55:34 -0300] "GET /safe_search/wp-login.php HTTP/1.1" 404 - "-" "Mozilla/5.0 (compatible; MSIE 9.0; Windows NT 6.1; Trident/5.0)"
66.249.77.165 - - [12/Sep/2025:14:56:38 -0300] "GET /safe_search/config?return_url=%2Fproduct%2Fdetail%2Fjunemie-shop-p-24101 HTTP/1.1" 404 - "-" "Mozilla/5.0 (Linux; Android 6.0.1; Nexus 5X Build/MMB29P) AppleWebKit/537.36 (KHTML, like Gecko) Chrome/140.0.7339.127 Mobile Safari/537.36 (compatible; Googlebot/2.1; +http://www.google.com/bot.html)"
3.236.157.71 - - [12/Sep/2025:14:58:29 -0300] "GET / HTTP/1.1" 200 488 "https://vacivitta.com.br" "Mozilla/5.0 (Windows NT 10.0; Win64; x64) AppleWebKit/537.36 (KHTML, like Gecko) Chrome/95.0.4638.69 Safari/537.36 Edg/95.0.1020.44"
193.36.237.51 - - [12/Sep/2025:14:59:49 -0300] "POST /wp-login.php/wp-login.php HTTP/1.1" 404 - "-" "Mozilla"
4.227.36.7 - - [12/Sep/2025:15:13:22 -0300] "GET /robots.txt HTTP/1.1" 404 - "-" "Mozilla/5.0 AppleWebKit/537.36 (KHTML, like Gecko; compatible; GPTBot/1.2; +https://openai.com/gptbot)"
66.249.77.167 - - [12/Sep/2025:15:21:40 -0300] "GET /pcmypage?callback=product/review/fancygirl-sp0603770531041u HTTP/1.1" 404 - "-" "Mozilla/5.0 (Linux; Android 6.0.1; Nexus 5X Build/MMB29P) AppleWebKit/537.36 (KHTML, like Gecko) Chrome/140.0.7339.127 Mobile Safari/537.36 (compatible; Googlebot/2.1; +http://www.google.com/bot.html)"
66.249.77.166 - - [12/Sep/2025:15:24:35 -0300] "GET /items/vrjwg91/46989?key=relative HTTP/1.1" 404 - "-" "Mozilla/5.0 (Linux; Android 6.0.1; Nexus 5X Build/MMB29P) AppleWebKit/537.36 (KHTML, like Gecko) Chrome/140.0.7339.127 Mobile Safari/537.36 (compatible; Googlebot/2.1; +http://www.google.com/bot.html)"
204.12.252.98 - - [12/Sep/2025:15:30:30 -0300] "GET /wp-content/edit.php HTTP/1.1" 404 - "https://vacivitta.com.br/wp-content/edit.php" "Mozilla/5.0 (Windows NT 10.0; Win64; x64) AppleWebKit/537.36 (KHTML, like Gecko) Chrome/58.0.3029.110 Safari/537.3"
124.226.225.247 - - [12/Sep/2025:15:35:44 -0300] "POST /wp-comments-post.php HTTP/1.1" 404 - "-" "Mozilla/5.0 (Windows NT 10.0; Win64; x64) AppleWebKit/537.36 (KHTML, like Gecko) Chrome/108.0.0.0 Safari/537.36 Edg/108.0.1462.46"
150.255.122.107 - - [12/Sep/2025:15:35:46 -0300] "GET / HTTP/1.1" 200 488 "-" "Go-http-client/1.1"
54.161.106.4 - - [12/Sep/2025:15:42:22 -0300] "GET / HTTP/1.1" 200 488 "https://www.google.com/" "Mozilla/5.0 (X11; Linux x86_64) AppleWebKit/537.36 (KHTML, like Gecko) Chrome/131.0.0.0 Safari/537.36"
54.161.106.4 - - [12/Sep/2025:15:42:24 -0300] "GET /assets/index-BZLUkikW.js HTTP/1.1" 200 923512 "https://vacivitta.com.br/" "Mozilla/5.0 (X11; Linux x86_64) AppleWebKit/537.36 (KHTML, like Gecko) Chrome/131.0.0.0 Safari/537.36"
66.249.77.166 - - [12/Sep/2025:15:42:36 -0300] "GET /pcmypage?callback=product/review/usdm-usdm-0036-88 HTTP/1.1" 404 - "-" "Mozilla/5.0 (Linux; Android 6.0.1; Nexus 5X Build/MMB29P) AppleWebKit/537.36 (KHTML, like Gecko) Chrome/140.0.7339.127 Mobile Safari/537.36 (compatible; Googlebot/2.1; +http://www.google.com/bot.html)"
114.119.144.88 - - [12/Sep/2025:15:46:06 -0300] "GET /?page_id=2781 HTTP/1.1" 200 488 "https://vacivitta.com.br/blog/2021/11/25/pacotes-de-vacinacao-para-bebes/" "Mozilla/5.0 (Linux; Android 7.0;) AppleWebKit/537.36 (KHTML, like Gecko) Mobile Safari/537.36 (compatible; PetalBot;+https://webmaster.petalsearch.com/site/petalbot)"
66.249.77.165 - - [12/Sep/2025:15:46:37 -0300] "GET /items/sixyw128/13324?key=bride HTTP/1.1" 404 - "-" "Mozilla/5.0 (Linux; Android 6.0.1; Nexus 5X Build/MMB29P) AppleWebKit/537.36 (KHTML, like Gecko) Chrome/140.0.7339.127 Mobile Safari/537.36 (compatible; Googlebot/2.1; +http://www.google.com/bot.html)"
114.119.150.32 - - [12/Sep/2025:15:47:31 -0300] "GET /2017/08/28/29-de-agosto-dia-nacional-de-combate-ao-fumo HTTP/1.1" 404 - "https://vacivitta.com.br/tag/dia-nacional-de-combate-ao-fumo/" "Mozilla/5.0 (Linux; Android 7.0;) AppleWebKit/537.36 (KHTML, like Gecko) Mobile Safari/537.36 (compatible; PetalBot;+https://webmaster.petalsearch.com/site/petalbot)"
66.249.77.165 - - [12/Sep/2025:15:47:37 -0300] "GET /pcmypage?callback=/product%2Fdetail%2suzukimotors-dop-net-vjwe51-915 HTTP/1.1" 404 - "-" "Mozilla/5.0 (Linux; Android 6.0.1; Nexus 5X Build/MMB29P) AppleWebKit/537.36 (KHTML, like Gecko) Chrome/140.0.7339.127 Mobile Safari/537.36 (compatible; Googlebot/2.1; +http://www.google.com/bot.html)"
187.21.235.8 - - [12/Sep/2025:15:49:23 -0300] "GET /webmaillogout.cgi HTTP/1.1" 200 12475 "-" "Mozilla/5.0 (Windows NT 10.0; Win64; x64) AppleWebKit/537.36 (KHTML, like Gecko) Chrome/140.0.0.0 Safari/537.36"
191.6.136.133 - - [12/Sep/2025:15:49:31 -0300] "GET /webmaillogout.cgi HTTP/1.1" 200 12484 "https://www.google.com/" "Mozilla/5.0 (Windows NT 10.0; Win64; x64) AppleWebKit/537.36 (KHTML, like Gecko) Chrome/139.0.0.0 Safari/537.36"
191.6.136.133 - - [12/Sep/2025:15:49:32 -0300] "GET /cPanel_magic_revision_1648610195/unprotected/cpanel/fonts/open_sans/open_sans.min.css HTTP/1.1" 200 522 "https://webmail.vacivitta.com.br/webmaillogout.cgi" "Mozilla/5.0 (Windows NT 10.0; Win64; x64) AppleWebKit/537.36 (KHTML, like Gecko) Chrome/139.0.0.0 Safari/537.36"
191.6.136.133 - - [12/Sep/2025:15:49:32 -0300] "GET /cPanel_magic_revision_1729093579/unprotected/cpanel/style_v2_optimized.css HTTP/1.1" 200 33186 "https://webmail.vacivitta.com.br/webmaillogout.cgi" "Mozilla/5.0 (Windows NT 10.0; Win64; x64) AppleWebKit/537.36 (KHTML, like Gecko) Chrome/139.0.0.0 Safari/537.36"
191.6.136.133 - - [12/Sep/2025:15:49:33 -0300] "GET /cPanel_magic_revision_1728930374/unprotected/cpanel/images/webmail-logo.svg HTTP/1.1" 200 2399 "https://webmail.vacivitta.com.br/webmaillogout.cgi" "Mozilla/5.0 (Windows NT 10.0; Win64; x64) AppleWebKit/537.36 (KHTML, like Gecko) Chrome/139.0.0.0 Safari/537.36"
191.6.136.133 - - [12/Sep/2025:15:49:33 -0300] "GET /cPanel_magic_revision_1648610195/unprotected/cpanel/fonts/open_sans/OpenSans-Regular-webfont.woff HTTP/1.1" 200 22660 "https://webmail.vacivitta.com.br/cPanel_magic_revision_1648610195/unprotected/cpanel/fonts/open_sans/open_sans.min.css" "Mozilla/5.0 (Windows NT 10.0; Win64; x64) AppleWebKit/537.36 (KHTML, like Gecko) Chrome/139.0.0.0 Safari/537.36"
191.6.136.133 - - [12/Sep/2025:15:49:33 -0300] "GET /cPanel_magic_revision_1648610195/unprotected/cpanel/fonts/open_sans/OpenSans-Semibold-webfont.woff HTTP/1.1" 200 22908 "https://webmail.vacivitta.com.br/cPanel_magic_revision_1648610195/unprotected/cpanel/fonts/open_sans/open_sans.min.css" "Mozilla/5.0 (Windows NT 10.0; Win64; x64) AppleWebKit/537.36 (KHTML, like Gecko) Chrome/139.0.0.0 Safari/537.36"
191.6.136.133 - - [12/Sep/2025:15:49:33 -0300] "GET /cPanel_magic_revision_1648610195/unprotected/cpanel/fonts/open_sans/OpenSans-Bold-webfont.woff HTTP/1.1" 200 22432 "https://webmail.vacivitta.com.br/cPanel_magic_revision_1648610195/unprotected/cpanel/fonts/open_sans/open_sans.min.css" "Mozilla/5.0 (Windows NT 10.0; Win64; x64) AppleWebKit/537.36 (KHTML, like Gecko) Chrome/139.0.0.0 Safari/537.36"
191.6.136.133 - - [12/Sep/2025:15:49:34 -0300] "GET /cPanel_magic_revision_1728930374/unprotected/cpanel/images/icon-password.png HTTP/1.1" 200 450 "https://webmail.vacivitta.com.br/cPanel_magic_revision_1729093579/unprotected/cpanel/style_v2_optimized.css" "Mozilla/5.0 (Windows NT 10.0; Win64; x64) AppleWebKit/537.36 (KHTML, like Gecko) Chrome/139.0.0.0 Safari/537.36"
191.6.136.133 - - [12/Sep/2025:15:49:34 -0300] "GET /cPanel_magic_revision_1728930374/unprotected/cpanel/images/notice-error.png HTTP/1.1" 200 1026 "https://webmail.vacivitta.com.br/cPanel_magic_revision_1729093579/unprotected/cpanel/style_v2_optimized.css" "Mozilla/5.0 (Windows NT 10.0; Win64; x64) AppleWebKit/537.36 (KHTML, like Gecko) Chrome/139.0.0.0 Safari/537.36"
191.6.136.133 - - [12/Sep/2025:15:49:34 -0300] "GET /cPanel_magic_revision_1728930374/unprotected/cpanel/images/icon-username.png HTTP/1.1" 200 320 "https://webmail.vacivitta.com.br/cPanel_magic_revision_1729093579/unprotected/cpanel/style_v2_optimized.css" "Mozilla/5.0 (Windows NT 10.0; Win64; x64) AppleWebKit/537.36 (KHTML, like Gecko) Chrome/139.0.0.0 Safari/537.36"
191.6.136.133 - - [12/Sep/2025:15:49:34 -0300] "GET /cPanel_magic_revision_1728930374/unprotected/cpanel/images/notice-info.png HTTP/1.1" 200 976 "https://webmail.vacivitta.com.br/cPanel_magic_revision_1729093579/unprotected/cpanel/style_v2_optimized.css" "Mozilla/5.0 (Windows NT 10.0; Win64; x64) AppleWebKit/537.36 (KHTML, like Gecko) Chrome/139.0.0.0 Safari/537.36"
191.6.136.133 - - [12/Sep/2025:15:49:34 -0300] "GET /cPanel_magic_revision_1728930374/unprotected/cpanel/images/notice-success.png HTTP/1.1" 200 962 "https://webmail.vacivitta.com.br/cPanel_magic_revision_1729093579/unprotected/cpanel/style_v2_optimized.css" "Mozilla/5.0 (Windows NT 10.0; Win64; x64) AppleWebKit/537.36 (KHTML, like Gecko) Chrome/139.0.0.0 Safari/537.36"
191.6.136.133 - - [12/Sep/2025:15:49:34 -0300] "GET /cPanel_magic_revision_1728930374/unprotected/cpanel/images/warning.png HTTP/1.1" 200 1060 "https://webmail.vacivitta.com.br/cPanel_magic_revision_1729093579/unprotected/cpanel/style_v2_optimized.css" "Mozilla/5.0 (Windows NT 10.0; Win64; x64) AppleWebKit/537.36 (KHTML, like Gecko) Chrome/139.0.0.0 Safari/537.36"
187.21.235.8 - - [12/Sep/2025:15:49:37 -0300] "POST /login/?login_only=1 HTTP/1.1" 308 104 "https://webmail.vacivitta.com.br/webmaillogout.cgi" "Mozilla/5.0 (Windows NT 10.0; Win64; x64) AppleWebKit/537.36 (KHTML, like Gecko) Chrome/140.0.0.0 Safari/537.36"
187.21.235.8 - - [12/Sep/2025:15:49:37 -0300] "POST /login/?login_only=1 HTTP/1.1" 401 38 "https://webmail.vacivitta.com.br/webmaillogout.cgi" "Mozilla/5.0 (Windows NT 10.0; Win64; x64) AppleWebKit/537.36 (KHTML, like Gecko) Chrome/140.0.0.0 Safari/537.36"
187.21.235.8 - - [12/Sep/2025:15:51:21 -0300] "POST /login/?login_only=1 HTTP/1.1" 401 38 "https://webmail.vacivitta.com.br/webmaillogout.cgi" "Mozilla/5.0 (Windows NT 10.0; Win64; x64) AppleWebKit/537.36 (KHTML, like Gecko) Chrome/140.0.0.0 Safari/537.36"
187.21.235.8 - - [12/Sep/2025:15:51:30 -0300] "POST /login/?login_only=1 HTTP/1.1" 200 156 "https://webmail.vacivitta.com.br/webmaillogout.cgi" "Mozilla/5.0 (Windows NT 10.0; Win64; x64) AppleWebKit/537.36 (KHTML, like Gecko) Chrome/140.0.0.0 Safari/537.36"
187.21.235.8 - - [12/Sep/2025:15:51:30 -0300] "GET /cpsess6208289486/3rdparty/roundcube/index.php?login=1&post_login=91921231829935 HTTP/1.1" 302 - "https://webmail.vacivitta.com.br/webmaillogout.cgi" "Mozilla/5.0 (Windows NT 10.0; Win64; x64) AppleWebKit/537.36 (KHTML, like Gecko) Chrome/140.0.0.0 Safari/537.36"
187.21.235.8 - - [12/Sep/2025:15:51:32 -0300] "GET /cpsess6208289486/3rdparty/roundcube/?_task=mail&_token=XJJgufoWu8ttwyqQwfCFq7W7QZtV3be1 HTTP/1.1" 200 13067 "https://webmail.vacivitta.com.br/webmaillogout.cgi" "Mozilla/5.0 (Windows NT 10.0; Win64; x64) AppleWebKit/537.36 (KHTML, like Gecko) Chrome/140.0.0.0 Safari/537.36"
187.21.235.8 - - [12/Sep/2025:15:51:32 -0300] "GET /cpsess6208289486/3rdparty/roundcube/skins/elastic/deps/bootstrap.min.css?s=1748763916 HTTP/1.1" 200 25867 "https://webmail.vacivitta.com.br/cpsess6208289486/3rdparty/roundcube/?_task=mail&_token=XJJgufoWu8ttwyqQwfCFq7W7QZtV3be1" "Mozilla/5.0 (Windows NT 10.0; Win64; x64) AppleWebKit/537.36 (KHTML, like Gecko) Chrome/140.0.0.0 Safari/537.36"
187.21.235.8 - - [12/Sep/2025:15:51:32 -0300] "GET /cpsess6208289486/3rdparty/roundcube/skins/elastic/styles/styles.min.css?s=1748763912 HTTP/1.1" 200 24006 "https://webmail.vacivitta.com.br/cpsess6208289486/3rdparty/roundcube/?_task=mail&_token=XJJgufoWu8ttwyqQwfCFq7W7QZtV3be1" "Mozilla/5.0 (Windows NT 10.0; Win64; x64) AppleWebKit/537.36 (KHTML, like Gecko) Chrome/140.0.0.0 Safari/537.36"
187.21.235.8 - - [12/Sep/2025:15:51:32 -0300] "GET /cpsess6208289486/3rdparty/roundcube/plugins/return_to_webmail/skins/elastic/return_to_webmail.css?s=1723156964 HTTP/1.1" 200 862 "https://webmail.vacivitta.com.br/cpsess6208289486/3rdparty/roundcube/?_task=mail&_token=XJJgufoWu8ttwyqQwfCFq7W7QZtV3be1" "Mozilla/5.0 (Windows NT 10.0; Win64; x64) AppleWebKit/537.36 (KHTML, like Gecko) Chrome/140.0.0.0 Safari/537.36"
187.21.235.8 - - [12/Sep/2025:15:51:32 -0300] "GET /cpsess6208289486/3rdparty/roundcube/plugins/jqueryui/themes/elastic/jquery-ui.min.css?s=1748763912 HTTP/1.1" 200 7701 "https://webmail.vacivitta.com.br/cpsess6208289486/3rdparty/roundcube/?_task=mail&_token=XJJgufoWu8ttwyqQwfCFq7W7QZtV3be1" "Mozilla/5.0 (Windows NT 10.0; Win64; x64) AppleWebKit/537.36 (KHTML, like Gecko) Chrome/140.0.0.0 Safari/537.36"
187.21.235.8 - - [12/Sep/2025:15:51:32 -0300] "GET /cpsess6208289486/3rdparty/roundcube/plugins/libkolab/skins/elastic/libkolab.min.css?s=1748880090 HTTP/1.1" 200 16069 "https://webmail.vacivitta.com.br/cpsess6208289486/3rdparty/roundcube/?_task=mail&_token=XJJgufoWu8ttwyqQwfCFq7W7QZtV3be1" "Mozilla/5.0 (Windows NT 10.0; Win64; x64) AppleWebKit/537.36 (KHTML, like Gecko) Chrome/140.0.0.0 Safari/537.36"
187.21.235.8 - - [12/Sep/2025:15:51:32 -0300] "GET /cpsess6208289486/3rdparty/roundcube/program/js/jquery.min.js?s=1748763914 HTTP/1.1" 200 32867 "https://webmail.vacivitta.com.br/cpsess6208289486/3rdparty/roundcube/?_task=mail&_token=XJJgufoWu8ttwyqQwfCFq7W7QZtV3be1" "Mozilla/5.0 (Windows NT 10.0; Win64; x64) AppleWebKit/537.36 (KHTML, like Gecko) Chrome/140.0.0.0 Safari/537.36"
187.21.235.8 - - [12/Sep/2025:15:51:32 -0300] "GET /cpsess6208289486/3rdparty/roundcube/program/js/app.min.js?s=1748763912 HTTP/1.1" 200 50593 "https://webmail.vacivitta.com.br/cpsess6208289486/3rdparty/roundcube/?_task=mail&_token=XJJgufoWu8ttwyqQwfCFq7W7QZtV3be1" "Mozilla/5.0 (Windows NT 10.0; Win64; x64) AppleWebKit/537.36 (KHTML, like Gecko) Chrome/140.0.0.0 Safari/537.36"
187.21.235.8 - - [12/Sep/2025:15:51:32 -0300] "GET /cpsess6208289486/3rdparty/roundcube/program/js/common.min.js?s=1748763912 HTTP/1.1" 200 4959 "https://webmail.vacivitta.com.br/cpsess6208289486/3rdparty/roundcube/?_task=mail&_token=XJJgufoWu8ttwyqQwfCFq7W7QZtV3be1" "Mozilla/5.0 (Windows NT 10.0; Win64; x64) AppleWebKit/537.36 (KHTML, like Gecko) Chrome/140.0.0.0 Safari/537.36"
187.21.235.8 - - [12/Sep/2025:15:51:32 -0300] "GET /cpsess6208289486/3rdparty/roundcube/program/js/treelist.min.js?s=1748763912 HTTP/1.1" 200 5390 "https://webmail.vacivitta.com.br/cpsess6208289486/3rdparty/roundcube/?_task=mail&_token=XJJgufoWu8ttwyqQwfCFq7W7QZtV3be1" "Mozilla/5.0 (Windows NT 10.0; Win64; x64) AppleWebKit/537.36 (KHTML, like Gecko) Chrome/140.0.0.0 Safari/537.36"
187.21.235.8 - - [12/Sep/2025:15:51:33 -0300] "GET /cpsess6208289486/3rdparty/roundcube/program/js/list.min.js?s=1748763912 HTTP/1.1" 200 8316 "https://webmail.vacivitta.com.br/cpsess6208289486/3rdparty/roundcube/?_task=mail&_token=XJJgufoWu8ttwyqQwfCFq7W7QZtV3be1" "Mozilla/5.0 (Windows NT 10.0; Win64; x64) AppleWebKit/537.36 (KHTML, like Gecko) Chrome/140.0.0.0 Safari/537.36"
187.21.235.8 - - [12/Sep/2025:15:51:33 -0300] "GET /cpsess6208289486/3rdparty/roundcube/plugins/archive/archive.min.js?s=1748763912 HTTP/1.1" 200 743 "https://webmail.vacivitta.com.br/cpsess6208289486/3rdparty/roundcube/?_task=mail&_token=XJJgufoWu8ttwyqQwfCFq7W7QZtV3be1" "Mozilla/5.0 (Windows NT 10.0; Win64; x64) AppleWebKit/537.36 (KHTML, like Gecko) Chrome/140.0.0.0 Safari/537.36"
187.21.235.8 - - [12/Sep/2025:15:51:33 -0300] "GET /cpsess6208289486/3rdparty/roundcube/plugins/return_to_webmail/return_to_webmail.js?s=1723156964 HTTP/1.1" 200 773 "https://webmail.vacivitta.com.br/cpsess6208289486/3rdparty/roundcube/?_task=mail&_token=XJJgufoWu8ttwyqQwfCFq7W7QZtV3be1" "Mozilla/5.0 (Windows NT 10.0; Win64; x64) AppleWebKit/537.36 (KHTML, like Gecko) Chrome/140.0.0.0 Safari/537.36"
187.21.235.8 - - [12/Sep/2025:15:51:33 -0300] "GET /cpsess6208289486/3rdparty/roundcube/plugins/markasjunk/markasjunk.min.js?s=1748763912 HTTP/1.1" 200 1144 "https://webmail.vacivitta.com.br/cpsess6208289486/3rdparty/roundcube/?_task=mail&_token=XJJgufoWu8ttwyqQwfCFq7W7QZtV3be1" "Mozilla/5.0 (Windows NT 10.0; Win64; x64) AppleWebKit/537.36 (KHTML, like Gecko) Chrome/140.0.0.0 Safari/537.36"
187.21.235.8 - - [12/Sep/2025:15:51:33 -0300] "GET /cpsess6208289486/3rdparty/roundcube/plugins/mixpanel_analytics/mixpanel_analytics_include.js?s=1752177780 HTTP/1.1" 200 974 "https://webmail.vacivitta.com.br/cpsess6208289486/3rdparty/roundcube/?_task=mail&_token=XJJgufoWu8ttwyqQwfCFq7W7QZtV3be1" "Mozilla/5.0 (Windows NT 10.0; Win64; x64) AppleWebKit/537.36 (KHTML, like Gecko) Chrome/140.0.0.0 Safari/537.36"
187.21.235.8 - - [12/Sep/2025:15:51:33 -0300] "GET /cpsess6208289486/3rdparty/roundcube/plugins/jqueryui/js/jquery-ui.min.js?s=1748763912 HTTP/1.1" 200 74366 "https://webmail.vacivitta.com.br/cpsess6208289486/3rdparty/roundcube/?_task=mail&_token=XJJgufoWu8ttwyqQwfCFq7W7QZtV3be1" "Mozilla/5.0 (Windows NT 10.0; Win64; x64) AppleWebKit/537.36 (KHTML, like Gecko) Chrome/140.0.0.0 Safari/537.36"
187.21.235.8 - - [12/Sep/2025:15:51:33 -0300] "GET /cpsess6208289486/3rdparty/roundcube/plugins/jqueryui/js/i18n/datepicker-pt.js?s=1748763912 HTTP/1.1" 200 609 "https://webmail.vacivitta.com.br/cpsess6208289486/3rdparty/roundcube/?_task=mail&_token=XJJgufoWu8ttwyqQwfCFq7W7QZtV3be1" "Mozilla/5.0 (Windows NT 10.0; Win64; x64) AppleWebKit/537.36 (KHTML, like Gecko) Chrome/140.0.0.0 Safari/537.36"
187.21.235.8 - - [12/Sep/2025:15:51:33 -0300] "GET /cpsess6208289486/3rdparty/roundcube/plugins/calendar/calendar_base.js?s=1748880084 HTTP/1.1" 200 1766 "https://webmail.vacivitta.com.br/cpsess6208289486/3rdparty/roundcube/?_task=mail&_token=XJJgufoWu8ttwyqQwfCFq7W7QZtV3be1" "Mozilla/5.0 (Windows NT 10.0; Win64; x64) AppleWebKit/537.36 (KHTML, like Gecko) Chrome/140.0.0.0 Safari/537.36"
187.21.235.8 - - [12/Sep/2025:15:51:33 -0300] "GET /cpsess6208289486/3rdparty/roundcube/plugins/libcalendaring/libcalendaring.js?s=1748880084 HTTP/1.1" 200 15738 "https://webmail.vacivitta.com.br/cpsess6208289486/3rdparty/roundcube/?_task=mail&_token=XJJgufoWu8ttwyqQwfCFq7W7QZtV3be1" "Mozilla/5.0 (Windows NT 10.0; Win64; x64) AppleWebKit/537.36 (KHTML, like Gecko) Chrome/140.0.0.0 Safari/537.36"
187.21.235.8 - - [12/Sep/2025:15:51:33 -0300] "GET /cpsess6208289486/3rdparty/roundcube/skins/elastic/images/logo.svg?s=1748763912 HTTP/1.1" 200 397 "https://webmail.vacivitta.com.br/cpsess6208289486/3rdparty/roundcube/?_task=mail&_token=XJJgufoWu8ttwyqQwfCFq7W7QZtV3be1" "Mozilla/5.0 (Windows NT 10.0; Win64; x64) AppleWebKit/537.36 (KHTML, like Gecko) Chrome/140.0.0.0 Safari/537.36"
187.21.235.8 - - [12/Sep/2025:15:51:33 -0300] "GET /cpsess6208289486/3rdparty/roundcube/skins/elastic/deps/bootstrap.bundle.min.js?s=1748763916 HTTP/1.1" 200 23054 "https://webmail.vacivitta.com.br/cpsess6208289486/3rdparty/roundcube/?_task=mail&_token=XJJgufoWu8ttwyqQwfCFq7W7QZtV3be1" "Mozilla/5.0 (Windows NT 10.0; Win64; x64) AppleWebKit/537.36 (KHTML, like Gecko) Chrome/140.0.0.0 Safari/537.36"
187.21.235.8 - - [12/Sep/2025:15:51:33 -0300] "GET /cpsess6208289486/3rdparty/roundcube/skins/elastic/ui.min.js?s=1748763912 HTTP/1.1" 200 20576 "https://webmail.vacivitta.com.br/cpsess6208289486/3rdparty/roundcube/?_task=mail&_token=XJJgufoWu8ttwyqQwfCFq7W7QZtV3be1" "Mozilla/5.0 (Windows NT 10.0; Win64; x64) AppleWebKit/537.36 (KHTML, like Gecko) Chrome/140.0.0.0 Safari/537.36"
187.21.235.8 - - [12/Sep/2025:15:51:33 -0300] "GET /cpsess6208289486/3rdparty/roundcube/skins/elastic/watermark.html HTTP/1.1" 200 494 "https://webmail.vacivitta.com.br/cpsess6208289486/3rdparty/roundcube/?_task=mail&_token=XJJgufoWu8ttwyqQwfCFq7W7QZtV3be1" "Mozilla/5.0 (Windows NT 10.0; Win64; x64) AppleWebKit/537.36 (KHTML, like Gecko) Chrome/140.0.0.0 Safari/537.36"
187.21.235.8 - - [12/Sep/2025:15:51:34 -0300] "GET /cpsess6208289486/3rdparty/roundcube/skins/elastic/images/logo.svg HTTP/1.1" 200 397 "https://webmail.vacivitta.com.br/cpsess6208289486/3rdparty/roundcube/skins/elastic/watermark.html" "Mozilla/5.0 (Windows NT 10.0; Win64; x64) AppleWebKit/537.36 (KHTML, like Gecko) Chrome/140.0.0.0 Safari/537.36"
187.21.235.8 - - [12/Sep/2025:15:51:34 -0300] "GET /cpsess6208289486/3rdparty/roundcube/?_task=mail&_action=list&_refresh=1&_layout=widescreen&_mbox=INBOX&_page=&_remote=1&_unlock=loading1757703094374&_=1757703093460 HTTP/1.1" 200 4289 "https://webmail.vacivitta.com.br/cpsess6208289486/3rdparty/roundcube/?_task=mail&_token=XJJgufoWu8ttwyqQwfCFq7W7QZtV3be1" "Mozilla/5.0 (Windows NT 10.0; Win64; x64) AppleWebKit/537.36 (KHTML, like Gecko) Chrome/140.0.0.0 Safari/537.36"
187.21.235.8 - - [12/Sep/2025:15:51:34 -0300] "GET /cpsess6208289486/3rdparty/roundcube/?_task=mail&_action=getunread&_page=1&_remote=1&_unlock=0&_=1757703093461 HTTP/1.1" 200 1387 "https://webmail.vacivitta.com.br/cpsess6208289486/3rdparty/roundcube/?_task=mail&_mbox=INBOX" "Mozilla/5.0 (Windows NT 10.0; Win64; x64) AppleWebKit/537.36 (KHTML, like Gecko) Chrome/140.0.0.0 Safari/537.36"
187.21.235.8 - - [12/Sep/2025:15:51:34 -0300] "GET /cpsess6208289486/3rdparty/roundcube/skins/elastic/images/favicon.ico?s=1748763912 HTTP/1.1" 200 1871 "https://webmail.vacivitta.com.br/cpsess6208289486/3rdparty/roundcube/?_task=mail&_mbox=INBOX" "Mozilla/5.0 (Windows NT 10.0; Win64; x64) AppleWebKit/537.36 (KHTML, like Gecko) Chrome/140.0.0.0 Safari/537.36"
187.21.235.8 - - [12/Sep/2025:15:51:34 -0300] "GET /cpsess6208289486/3rdparty/roundcube/program/resources/blank.webp HTTP/1.1" 200 86 "https://webmail.vacivitta.com.br/cpsess6208289486/3rdparty/roundcube/?_task=mail&_mbox=INBOX" "Mozilla/5.0 (Windows NT 10.0; Win64; x64) AppleWebKit/537.36 (KHTML, like Gecko) Chrome/140.0.0.0 Safari/537.36"
187.21.235.8 - - [12/Sep/2025:15:51:34 -0300] "GET /cpsess6208289486/3rdparty/roundcube/program/resources/blank.tiff HTTP/1.1" 200 270 "https://webmail.vacivitta.com.br/cpsess6208289486/3rdparty/roundcube/?_task=mail&_mbox=INBOX" "Mozilla/5.0 (Windows NT 10.0; Win64; x64) AppleWebKit/537.36 (KHTML, like Gecko) Chrome/140.0.0.0 Safari/537.36"
187.21.235.8 - - [12/Sep/2025:15:51:46 -0300] "GET /cpsess6208289486/3rdparty/roundcube/?_task=mail&_caps=pdf%3D1%2Cflash%3D0%2Ctiff%3D0%2Cwebp%3D1%2Cpgpmime%3D0&_uid=2157&_mbox=INBOX&_framed=1&_action=preview HTTP/1.1" 200 9471 "https://webmail.vacivitta.com.br/cpsess6208289486/3rdparty/roundcube/?_task=mail&_mbox=INBOX" "Mozilla/5.0 (Windows NT 10.0; Win64; x64) AppleWebKit/537.36 (KHTML, like Gecko) Chrome/140.0.0.0 Safari/537.36"
187.21.235.8 - - [12/Sep/2025:15:51:47 -0300] "GET /cpsess6208289486/3rdparty/roundcube/?_task=addressbook&_action=photo&_email=friendsuggestion%40facebookmail.com&_error=1&_bgcolor=transparent HTTP/1.1" 204 - "https://webmail.vacivitta.com.br/cpsess6208289486/3rdparty/roundcube/?_task=mail&_caps=pdf%3D1%2Cflash%3D0%2Ctiff%3D0%2Cwebp%3D1%2Cpgpmime%3D0&_uid=2157&_mbox=INBOX&_framed=1&_action=preview" "Mozilla/5.0 (Windows NT 10.0; Win64; x64) AppleWebKit/537.36 (KHTML, like Gecko) Chrome/140.0.0.0 Safari/537.36"
187.21.235.8 - - [12/Sep/2025:15:51:47 -0300] "GET /cpsess6208289486/3rdparty/roundcube/program/resources/blocked.gif HTTP/1.1" 200 118 "https://webmail.vacivitta.com.br/cpsess6208289486/3rdparty/roundcube/?_task=mail&_caps=pdf%3D1%2Cflash%3D0%2Ctiff%3D0%2Cwebp%3D1%2Cpgpmime%3D0&_uid=2157&_mbox=INBOX&_framed=1&_action=preview" "Mozilla/5.0 (Windows NT 10.0; Win64; x64) AppleWebKit/537.36 (KHTML, like Gecko) Chrome/140.0.0.0 Safari/537.36"
187.21.235.8 - - [12/Sep/2025:15:51:47 -0300] "GET /cpsess6208289486/3rdparty/roundcube/skins/elastic/images/contactpic.svg HTTP/1.1" 200 367 "https://webmail.vacivitta.com.br/cpsess6208289486/3rdparty/roundcube/?_task=mail&_caps=pdf%3D1%2Cflash%3D0%2Ctiff%3D0%2Cwebp%3D1%2Cpgpmime%3D0&_uid=2157&_mbox=INBOX&_framed=1&_action=preview" "Mozilla/5.0 (Windows NT 10.0; Win64; x64) AppleWebKit/537.36 (KHTML, like Gecko) Chrome/140.0.0.0 Safari/537.36"
187.21.235.8 - - [12/Sep/2025:15:51:48 -0300] "POST /cpsess6208289486/3rdparty/roundcube/?_task=mail&_action=move HTTP/1.1" 200 1813 "https://webmail.vacivitta.com.br/cpsess6208289486/3rdparty/roundcube/?_task=mail&_mbox=INBOX" "Mozilla/5.0 (Windows NT 10.0; Win64; x64) AppleWebKit/537.36 (KHTML, like Gecko) Chrome/140.0.0.0 Safari/537.36"
187.21.235.8 - - [12/Sep/2025:15:51:48 -0300] "GET /cpsess6208289486/3rdparty/roundcube/skins/elastic/watermark.html HTTP/1.1" 200 494 "https://webmail.vacivitta.com.br/cpsess6208289486/3rdparty/roundcube/?_task=mail&_mbox=INBOX" "Mozilla/5.0 (Windows NT 10.0; Win64; x64) AppleWebKit/537.36 (KHTML, like Gecko) Chrome/140.0.0.0 Safari/537.36"
187.21.235.8 - - [12/Sep/2025:15:51:48 -0300] "GET /cpsess6208289486/3rdparty/roundcube/?_task=mail&_caps=pdf%3D1%2Cflash%3D0%2Ctiff%3D0%2Cwebp%3D1%2Cpgpmime%3D0&_uid=2156&_mbox=INBOX&_framed=1&_action=preview HTTP/1.1" 200 20728 "https://webmail.vacivitta.com.br/cpsess6208289486/3rdparty/roundcube/?_task=mail&_mbox=INBOX" "Mozilla/5.0 (Windows NT 10.0; Win64; x64) AppleWebKit/537.36 (KHTML, like Gecko) Chrome/140.0.0.0 Safari/537.36"
187.21.235.8 - - [12/Sep/2025:15:51:49 -0300] "GET /cpsess6208289486/3rdparty/roundcube/?_task=addressbook&_action=photo&_email=noreply%40uber.com&_error=1&_bgcolor=transparent HTTP/1.1" 204 - "https://webmail.vacivitta.com.br/cpsess6208289486/3rdparty/roundcube/?_task=mail&_caps=pdf%3D1%2Cflash%3D0%2Ctiff%3D0%2Cwebp%3D1%2Cpgpmime%3D0&_uid=2156&_mbox=INBOX&_framed=1&_action=preview" "Mozilla/5.0 (Windows NT 10.0; Win64; x64) AppleWebKit/537.36 (KHTML, like Gecko) Chrome/140.0.0.0 Safari/537.36"
187.21.235.8 - - [12/Sep/2025:15:51:49 -0300] "GET /cpsess6208289486/3rdparty/roundcube/?_task=mail&_caps=pdf%3D1%2Cflash%3D0%2Ctiff%3D0%2Cwebp%3D1%2Cpgpmime%3D0&_uid=2158&_mbox=INBOX&_framed=1&_action=preview HTTP/1.1" 200 9457 "https://webmail.vacivitta.com.br/cpsess6208289486/3rdparty/roundcube/?_task=mail&_mbox=INBOX" "Mozilla/5.0 (Windows NT 10.0; Win64; x64) AppleWebKit/537.36 (KHTML, like Gecko) Chrome/140.0.0.0 Safari/537.36"
187.21.235.8 - - [12/Sep/2025:15:51:49 -0300] "GET /cpsess6208289486/3rdparty/roundcube/?_task=addressbook&_action=photo&_email=reminders%40facebookmail.com&_error=1&_bgcolor=transparent HTTP/1.1" 204 - "https://webmail.vacivitta.com.br/cpsess6208289486/3rdparty/roundcube/?_task=mail&_caps=pdf%3D1%2Cflash%3D0%2Ctiff%3D0%2Cwebp%3D1%2Cpgpmime%3D0&_uid=2158&_mbox=INBOX&_framed=1&_action=preview" "Mozilla/5.0 (Windows NT 10.0; Win64; x64) AppleWebKit/537.36 (KHTML, like Gecko) Chrome/140.0.0.0 Safari/537.36"
187.21.235.8 - - [12/Sep/2025:15:51:50 -0300] "POST /cpsess6208289486/3rdparty/roundcube/?_task=mail&_action=move HTTP/1.1" 200 1810 "https://webmail.vacivitta.com.br/cpsess6208289486/3rdparty/roundcube/?_task=mail&_mbox=INBOX" "Mozilla/5.0 (Windows NT 10.0; Win64; x64) AppleWebKit/537.36 (KHTML, like Gecko) Chrome/140.0.0.0 Safari/537.36"
187.21.235.8 - - [12/Sep/2025:15:51:50 -0300] "GET /cpsess6208289486/3rdparty/roundcube/skins/elastic/watermark.html HTTP/1.1" 200 494 "https://webmail.vacivitta.com.br/cpsess6208289486/3rdparty/roundcube/?_task=mail&_mbox=INBOX" "Mozilla/5.0 (Windows NT 10.0; Win64; x64) AppleWebKit/537.36 (KHTML, like Gecko) Chrome/140.0.0.0 Safari/537.36"
187.21.235.8 - - [12/Sep/2025:15:51:50 -0300] "GET /cpsess6208289486/3rdparty/roundcube/?_task=mail&_caps=pdf%3D1%2Cflash%3D0%2Ctiff%3D0%2Cwebp%3D1%2Cpgpmime%3D0&_uid=2156&_mbox=INBOX&_framed=1&_action=preview HTTP/1.1" 200 20728 "https://webmail.vacivitta.com.br/cpsess6208289486/3rdparty/roundcube/?_task=mail&_mbox=INBOX" "Mozilla/5.0 (Windows NT 10.0; Win64; x64) AppleWebKit/537.36 (KHTML, like Gecko) Chrome/140.0.0.0 Safari/537.36"
187.21.235.8 - - [12/Sep/2025:15:51:51 -0300] "GET /cpsess6208289486/3rdparty/roundcube/?_task=addressbook&_action=photo&_email=noreply%40uber.com&_error=1&_bgcolor=transparent HTTP/1.1" 204 - "https://webmail.vacivitta.com.br/cpsess6208289486/3rdparty/roundcube/?_task=mail&_caps=pdf%3D1%2Cflash%3D0%2Ctiff%3D0%2Cwebp%3D1%2Cpgpmime%3D0&_uid=2156&_mbox=INBOX&_framed=1&_action=preview" "Mozilla/5.0 (Windows NT 10.0; Win64; x64) AppleWebKit/537.36 (KHTML, like Gecko) Chrome/140.0.0.0 Safari/537.36"
208.110.64.178 - - [12/Sep/2025:15:57:17 -0300] "GET /wp-content/edit.php HTTP/1.1" 404 - "https://vacivitta.com.br/wp-content/edit.php" "Mozilla/5.0 (Windows NT 10.0; Win64; x64) AppleWebKit/537.36 (KHTML, like Gecko) Chrome/58.0.3029.110 Safari/537.3"
4.227.36.7 - - [12/Sep/2025:15:58:09 -0300] "GET /robots.txt HTTP/1.1" 404 - "-" "Mozilla/5.0 AppleWebKit/537.36 (KHTML, like Gecko; compatible; GPTBot/1.2; +https://openai.com/gptbot)"
66.249.77.165 - - [12/Sep/2025:16:00:42 -0300] "GET /pcmypage?callback=/product%2Fdetail%2nextsportsys-m26-bm-1765-6-139-48 HTTP/1.1" 404 - "-" "Mozilla/5.0 (Linux; Android 6.0.1; Nexus 5X Build/MMB29P) AppleWebKit/537.36 (KHTML, like Gecko) Chrome/140.0.7339.127 Mobile Safari/537.36 (compatible; Googlebot/2.1; +http://www.google.com/bot.html)"
66.249.77.165 - - [12/Sep/2025:16:00:42 -0300] "GET /robots.txt HTTP/1.1" 404 - "-" "Mozilla/5.0 (compatible; Googlebot/2.1; +http://www.google.com/bot.html)"
114.119.136.254 - - [12/Sep/2025:16:02:14 -0300] "GET /brasilia/ HTTP/1.1" 404 - "https://vacivitta.com.br/atendimento-a-escolas/" "Mozilla/5.0 (Linux; Android 7.0;) AppleWebKit/537.36 (KHTML, like Gecko) Mobile Safari/537.36 (compatible; PetalBot;+https://webmaster.petalsearch.com/site/petalbot)"
66.249.77.167 - - [12/Sep/2025:16:03:43 -0300] "GET /robots.txt HTTP/1.1" 404 - "-" "Mozilla/5.0 (compatible; Googlebot/2.1; +http://www.google.com/bot.html)"
66.249.77.167 - - [12/Sep/2025:16:03:43 -0300] "GET /items/nzdhy176/36474?key=portfolio HTTP/1.1" 404 - "-" "Mozilla/5.0 (Linux; Android 6.0.1; Nexus 5X Build/MMB29P) AppleWebKit/537.36 (KHTML, like Gecko) Chrome/140.0.7339.127 Mobile Safari/537.36 (compatible; Googlebot/2.1; +http://www.google.com/bot.html)"
114.119.144.88 - - [12/Sep/2025:16:04:00 -0300] "GET /atendimento-a-escolas/ HTTP/1.1" 404 - "https://vacivitta.com.br/atendimento-a-escolas/" "Mozilla/5.0 (Linux; Android 7.0;) AppleWebKit/537.36 (KHTML, like Gecko) Mobile Safari/537.36 (compatible; PetalBot;+https://webmaster.petalsearch.com/site/petalbot)"
4.227.36.7 - - [12/Sep/2025:16:06:32 -0300] "GET /robots.txt HTTP/1.1" 404 - "-" "Mozilla/5.0 AppleWebKit/537.36 (KHTML, like Gecko; compatible; GPTBot/1.2; +https://openai.com/gptbot)"
198.235.24.10 - - [12/Sep/2025:16:07:39 -0300] "GET / HTTP/1.1" 200 488 "http://162.240.171.180:80/" "-"
66.249.77.166 - - [12/Sep/2025:16:10:42 -0300] "GET /robots.txt HTTP/1.1" 404 - "-" "Mozilla/5.0 (compatible; Googlebot/2.1; +http://www.google.com/bot.html)"
66.249.77.165 - - [12/Sep/2025:16:10:42 -0300] "GET / HTTP/1.1" 200 488 "-" "Mozilla/5.0 (compatible; Googlebot/2.1; +http://www.google.com/bot.html)"
66.249.77.165 - - [12/Sep/2025:16:10:48 -0300] "GET /favicon.ico HTTP/1.1" 404 - "-" "Googlebot-Image/1.0"
74.125.213.4 - - [12/Sep/2025:16:11:28 -0300] "GET /.well-known/traffic-advice HTTP/1.1" 404 - "-" "Chrome Privacy Preserving Prefetch Proxy"
162.120.186.86 - - [12/Sep/2025:16:11:29 -0300] "GET / HTTP/1.1" 200 488 "https://www.google.com/" "Mozilla/5.0 (Linux; Android 10; K) AppleWebKit/537.36 (KHTML, like Gecko) Chrome/140.0.0.0 Mobile Safari/537.36"
66.249.77.165 - - [12/Sep/2025:16:12:44 -0300] "GET /safe_search/config?return_url=%2Fproduct%2Fdetail%2Fallier-store-usdm-3965-2879 HTTP/1.1" 404 - "-" "Mozilla/5.0 (Linux; Android 6.0.1; Nexus 5X Build/MMB29P) AppleWebKit/537.36 (KHTML, like Gecko) Chrome/140.0.7339.127 Mobile Safari/537.36 (compatible; Googlebot/2.1; +http://www.google.com/bot.html)"
66.249.77.166 - - [12/Sep/2025:16:14:45 -0300] "GET /product/edit/akatsuka-bs-20180405001 HTTP/1.1" 404 - "-" "Mozilla/5.0 (Linux; Android 6.0.1; Nexus 5X Build/MMB29P) AppleWebKit/537.36 (KHTML, like Gecko) Chrome/140.0.7339.127 Mobile Safari/537.36 (compatible; Googlebot/2.1; +http://www.google.com/bot.html)"
66.249.77.166 - - [12/Sep/2025:16:15:45 -0300] "GET /items/nstcw22/318?key=awareness HTTP/1.1" 404 - "-" "Mozilla/5.0 (Linux; Android 6.0.1; Nexus 5X Build/MMB29P) AppleWebKit/537.36 (KHTML, like Gecko) Chrome/140.0.7339.127 Mobile Safari/537.36 (compatible; Googlebot/2.1; +http://www.google.com/bot.html)"
192.187.97.219 - - [12/Sep/2025:16:16:19 -0300] "GET / HTTP/1.1" 200 488 "-" "Mozilla/5.0 (Windows NT 10.0; Win64; x64; rv:109.0) Firefox/121.0"
192.187.97.219 - - [12/Sep/2025:16:16:19 -0300] "GET /contato HTTP/1.1" 404 - "-" "Mozilla/5.0 (Windows NT 10.0; Win64; x64; rv:109.0) Firefox/121.0"
192.187.97.219 - - [12/Sep/2025:16:16:19 -0300] "GET /contatos HTTP/1.1" 404 - "-" "Mozilla/5.0 (Windows NT 10.0; Win64; x64; rv:109.0) Firefox/121.0"
192.187.97.219 - - [12/Sep/2025:16:16:19 -0300] "GET /contato.html HTTP/1.1" 404 - "-" "Mozilla/5.0 (Windows NT 10.0; Win64; x64; rv:109.0) Firefox/121.0"
192.187.97.219 - - [12/Sep/2025:16:16:19 -0300] "GET /contatos.html HTTP/1.1" 404 - "-" "Mozilla/5.0 (Windows NT 10.0; Win64; x64; rv:109.0) Firefox/121.0"
192.187.97.219 - - [12/Sep/2025:16:16:19 -0300] "GET /fale-conosco HTTP/1.1" 404 - "-" "Mozilla/5.0 (Windows NT 10.0; Win64; x64; rv:109.0) Firefox/121.0"
192.187.97.219 - - [12/Sep/2025:16:16:19 -0300] "GET /faleconosco HTTP/1.1" 404 - "-" "Mozilla/5.0 (Windows NT 10.0; Win64; x64; rv:109.0) Firefox/121.0"
192.187.97.219 - - [12/Sep/2025:16:16:19 -0300] "GET /contact HTTP/1.1" 404 - "-" "Mozilla/5.0 (Windows NT 10.0; Win64; x64; rv:109.0) Firefox/121.0"
192.187.97.219 - - [12/Sep/2025:16:16:19 -0300] "GET /contact-us HTTP/1.1" 404 - "-" "Mozilla/5.0 (Windows NT 10.0; Win64; x64; rv:109.0) Firefox/121.0"
192.187.97.219 - - [12/Sep/2025:16:16:19 -0300] "GET /contate HTTP/1.1" 404 - "-" "Mozilla/5.0 (Windows NT 10.0; Win64; x64; rv:109.0) Firefox/121.0"
192.187.97.219 - - [12/Sep/2025:16:16:19 -0300] "GET /contate-nos HTTP/1.1" 404 - "-" "Mozilla/5.0 (Windows NT 10.0; Win64; x64; rv:109.0) Firefox/121.0"
192.187.97.219 - - [12/Sep/2025:16:16:19 -0300] "GET /suporte HTTP/1.1" 404 - "-" "Mozilla/5.0 (Windows NT 10.0; Win64; x64; rv:109.0) Firefox/121.0"
223.109.255.151 - - [12/Sep/2025:16:17:33 -0300] "GET / HTTP/1.1" 200 488 "-" "Sogou web spider/4.0(+http://www.sogou.com/docs/help/webmasters.htm#07)"
74.7.35.51 - - [12/Sep/2025:16:20:02 -0300] "GET / HTTP/1.1" 200 488 "-" "Mozilla/5.0 AppleWebKit/537.36 (KHTML, like Gecko); compatible; ChatGPT-User/1.0; +https://openai.com/bot"
74.7.35.56 - - [12/Sep/2025:16:20:03 -0300] "GET / HTTP/1.1" 200 488 "-" "Mozilla/5.0 AppleWebKit/537.36 (KHTML, like Gecko); compatible; ChatGPT-User/1.0; +https://openai.com/bot"
66.249.77.165 - - [12/Sep/2025:16:25:36 -0300] "GET /safe_search/config?return_url=%2Fproduct%2Fdetail%2Fsungarden-exterior-sg107756 HTTP/1.1" 404 - "-" "Mozilla/5.0 (Linux; Android 6.0.1; Nexus 5X Build/MMB29P) AppleWebKit/537.36 (KHTML, like Gecko) Chrome/140.0.7339.127 Mobile Safari/537.36 (compatible; Googlebot/2.1; +http://www.google.com/bot.html)"
49.232.151.112 - - [12/Sep/2025:16:26:04 -0300] "GET / HTTP/1.1" 200 488 "http://www.vacivitta.com.br" "Mozilla/5.0 (iPhone; CPU iPhone OS 13_2_3 like Mac OS X) AppleWebKit/605.1.15 (KHTML, like Gecko) Version/13.0.3 Mobile/15E148 Safari/604.1"
204.12.252.98 - - [12/Sep/2025:16:31:07 -0300] "GET /wp-content/edit.php HTTP/1.1" 404 - "https://vacivitta.com.br/wp-content/edit.php" "Mozilla/5.0 (Windows NT 10.0; Win64; x64) AppleWebKit/537.36 (KHTML, like Gecko) Chrome/58.0.3029.110 Safari/537.3"
179.209.41.66 - - [12/Sep/2025:16:32:47 -0300] "GET / HTTP/1.1" 200 488 "https://www.google.com/" "Mozilla/5.0 (Windows NT 10.0; Win64; x64) AppleWebKit/537.36 (KHTML, like Gecko) Chrome/140.0.0.0 Safari/537.36"
179.209.41.66 - - [12/Sep/2025:16:32:49 -0300] "GET /assets/index-g8aW3Zx-.css HTTP/1.1" 200 2311 "https://vacivitta.com.br/" "Mozilla/5.0 (Windows NT 10.0; Win64; x64) AppleWebKit/537.36 (KHTML, like Gecko) Chrome/140.0.0.0 Safari/537.36"
179.209.41.66 - - [12/Sep/2025:16:32:48 -0300] "GET /assets/index-BZLUkikW.js HTTP/1.1" 200 923512 "https://vacivitta.com.br/" "Mozilla/5.0 (Windows NT 10.0; Win64; x64) AppleWebKit/537.36 (KHTML, like Gecko) Chrome/140.0.0.0 Safari/537.36"
179.209.41.66 - - [12/Sep/2025:16:32:50 -0300] "GET /logo.png HTTP/1.1" 200 25613 "https://vacivitta.com.br/" "Mozilla/5.0 (Windows NT 10.0; Win64; x64) AppleWebKit/537.36 (KHTML, like Gecko) Chrome/140.0.0.0 Safari/537.36"
179.209.41.66 - - [12/Sep/2025:16:32:51 -0300] "GET /vaci.jpg HTTP/1.1" 200 155283 "https://vacivitta.com.br/" "Mozilla/5.0 (Windows NT 10.0; Win64; x64) AppleWebKit/537.36 (KHTML, like Gecko) Chrome/140.0.0.0 Safari/537.36"
179.209.41.66 - - [12/Sep/2025:16:32:50 -0300] "GET /mapa.png HTTP/1.1" 200 1787231 "https://vacivitta.com.br/" "Mozilla/5.0 (Windows NT 10.0; Win64; x64) AppleWebKit/537.36 (KHTML, like Gecko) Chrome/140.0.0.0 Safari/537.36"
179.209.41.66 - - [12/Sep/2025:16:32:52 -0300] "GET /1.png HTTP/1.1" 200 1041468 "https://vacivitta.com.br/" "Mozilla/5.0 (Windows NT 10.0; Win64; x64) AppleWebKit/537.36 (KHTML, like Gecko) Chrome/140.0.0.0 Safari/537.36"
179.209.41.66 - - [12/Sep/2025:16:32:53 -0300] "GET /2.png HTTP/1.1" 200 1052379 "https://vacivitta.com.br/" "Mozilla/5.0 (Windows NT 10.0; Win64; x64) AppleWebKit/537.36 (KHTML, like Gecko) Chrome/140.0.0.0 Safari/537.36"
179.209.41.66 - - [12/Sep/2025:16:32:54 -0300] "GET /4.png HTTP/1.1" 200 1067791 "https://vacivitta.com.br/" "Mozilla/5.0 (Windows NT 10.0; Win64; x64) AppleWebKit/537.36 (KHTML, like Gecko) Chrome/140.0.0.0 Safari/537.36"
179.209.41.66 - - [12/Sep/2025:16:32:54 -0300] "GET /fts1.png HTTP/1.1" 200 2704287 "https://vacivitta.com.br/" "Mozilla/5.0 (Windows NT 10.0; Win64; x64) AppleWebKit/537.36 (KHTML, like Gecko) Chrome/140.0.0.0 Safari/537.36"
179.209.41.66 - - [12/Sep/2025:16:32:54 -0300] "GET /3.png HTTP/1.1" 200 1055246 "https://vacivitta.com.br/" "Mozilla/5.0 (Windows NT 10.0; Win64; x64) AppleWebKit/537.36 (KHTML, like Gecko) Chrome/140.0.0.0 Safari/537.36"
179.209.41.66 - - [12/Sep/2025:16:32:55 -0300] "GET /fts2.png HTTP/1.1" 200 2539592 "https://vacivitta.com.br/" "Mozilla/5.0 (Windows NT 10.0; Win64; x64) AppleWebKit/537.36 (KHTML, like Gecko) Chrome/140.0.0.0 Safari/537.36"
179.209.41.66 - - [12/Sep/2025:16:32:56 -0300] "GET /fts3.png HTTP/1.1" 200 798280 "https://vacivitta.com.br/" "Mozilla/5.0 (Windows NT 10.0; Win64; x64) AppleWebKit/537.36 (KHTML, like Gecko) Chrome/140.0.0.0 Safari/537.36"
179.209.41.66 - - [12/Sep/2025:16:32:56 -0300] "GET /walp.png HTTP/1.1" 200 26312 "https://vacivitta.com.br/" "Mozilla/5.0 (Windows NT 10.0; Win64; x64) AppleWebKit/537.36 (KHTML, like Gecko) Chrome/140.0.0.0 Safari/537.36"
179.209.41.66 - - [12/Sep/2025:16:32:56 -0300] "GET /homePage.png HTTP/1.1" 200 1495045 "https://vacivitta.com.br/" "Mozilla/5.0 (Windows NT 10.0; Win64; x64) AppleWebKit/537.36 (KHTML, like Gecko) Chrome/140.0.0.0 Safari/537.36"
179.209.41.66 - - [12/Sep/2025:16:32:57 -0300] "GET /homePage2.png HTTP/1.1" 200 227246 "https://vacivitta.com.br/" "Mozilla/5.0 (Windows NT 10.0; Win64; x64) AppleWebKit/537.36 (KHTML, like Gecko) Chrome/140.0.0.0 Safari/537.36"
179.209.41.66 - - [12/Sep/2025:16:32:57 -0300] "GET /ico.ico HTTP/1.1" 200 100526 "https://vacivitta.com.br/" "Mozilla/5.0 (Windows NT 10.0; Win64; x64) AppleWebKit/537.36 (KHTML, like Gecko) Chrome/140.0.0.0 Safari/537.36"
179.209.41.66 - - [12/Sep/2025:16:33:21 -0300] "GET /video.mp4 HTTP/1.1" 206 154015 "https://vacivitta.com.br/" "Mozilla/5.0 (Windows NT 10.0; Win64; x64) AppleWebKit/537.36 (KHTML, like Gecko) Chrome/140.0.0.0 Safari/537.36"
179.209.41.66 - - [12/Sep/2025:16:33:24 -0300] "GET /papinhamanga.jpg HTTP/1.1" 200 601139 "https://vacivitta.com.br/" "Mozilla/5.0 (Windows NT 10.0; Win64; x64) AppleWebKit/537.36 (KHTML, like Gecko) Chrome/140.0.0.0 Safari/537.36"
179.209.41.66 - - [12/Sep/2025:16:33:24 -0300] "GET /papinhapera.jpg HTTP/1.1" 200 645134 "https://vacivitta.com.br/" "Mozilla/5.0 (Windows NT 10.0; Win64; x64) AppleWebKit/537.36 (KHTML, like Gecko) Chrome/140.0.0.0 Safari/537.36"
179.209.41.66 - - [12/Sep/2025:16:33:24 -0300] "GET /papinhamaca.jpg HTTP/1.1" 200 620323 "https://vacivitta.com.br/" "Mozilla/5.0 (Windows NT 10.0; Win64; x64) AppleWebKit/537.36 (KHTML, like Gecko) Chrome/140.0.0.0 Safari/537.36"
179.209.41.66 - - [12/Sep/2025:16:33:25 -0300] "GET /papinhabatata.jpg HTTP/1.1" 200 576942 "https://vacivitta.com.br/" "Mozilla/5.0 (Windows NT 10.0; Win64; x64) AppleWebKit/537.36 (KHTML, like Gecko) Chrome/140.0.0.0 Safari/537.36"
