66.249.77.162 - - [12/Sep/2025:11:27:34 -0300] "GET /pcmypage?callback=/product%2Fdetail%2ntvshop-4010a4010003 HTTP/1.1" 404 - "-" "Mozilla/5.0 (Linux; Android 6.0.1; Nexus 5X Build/MMB29P) AppleWebKit/537.36 (KHTML, like Gecko) Chrome/140.0.7339.127 Mobile Safari/537.36 (compatible; Googlebot/2.1; +http://www.google.com/bot.html)"
66.249.77.160 - - [12/Sep/2025:11:27:35 -0300] "GET /safe_search/config?return_url=%2Fproduct%2Fdetail%2Frubbermark-3633-a3205x49 HTTP/1.1" 404 - "-" "Mozilla/5.0 (Linux; Android 6.0.1; Nexus 5X Build/MMB29P) AppleWebKit/537.36 (KHTML, like Gecko) Chrome/140.0.7339.127 Mobile Safari/537.36 (compatible; Googlebot/2.1; +http://www.google.com/bot.html)"
112.86.225.114 - - [12/Sep/2025:11:29:22 -0300] "GET / HTTP/1.1" 200 488 "-" "Sogou web spider/4.0(+http://www.sogou.com/docs/help/webmasters.htm#07)"
208.110.64.178 - - [12/Sep/2025:11:32:27 -0300] "GET /wp-content/edit.php HTTP/1.1" 404 - "https://vacivitta.com.br/wp-content/edit.php" "Mozilla/5.0 (Windows NT 10.0; Win64; x64) AppleWebKit/537.36 (KHTML, like Gecko) Chrome/58.0.3029.110 Safari/537.3"
187.22.14.80 - - [12/Sep/2025:11:34:55 -0300] "GET / HTTP/1.1" 200 488 "-" "Mozilla/5.0 (Windows NT 6.1; Win64; x64; rv:47.0) Gecko/20100101 Firefox/47.0"
66.249.77.161 - - [12/Sep/2025:11:38:36 -0300] "GET /pcmypage?callback=product/review/camp-8384-15226 HTTP/1.1" 404 - "-" "Mozilla/5.0 (Linux; Android 6.0.1; Nexus 5X Build/MMB29P) AppleWebKit/537.36 (KHTML, like Gecko) Chrome/140.0.7339.127 Mobile Safari/537.36 (compatible; Googlebot/2.1; +http://www.google.com/bot.html)"
93.180.227.140 - - [12/Sep/2025:11:40:27 -0300] "GET /2022/02/22/o-que-observar-na-hora-de-se-vacinar-2/ HTTP/1.1" 404 - "-" "Mozilla/5.0 (iPhone; CPU iPhone OS 11_0 like Mac OS X) AppleWebKit/537.36 (KHTML, like Gecko) Chrome/56.0.3650.1043 Mobile Safari/537.36"
208.110.64.178 - - [12/Sep/2025:11:40:48 -0300] "GET /wp-content/edit.php HTTP/1.1" 404 - "https://vacivitta.com.br/wp-content/edit.php" "Mozilla/5.0 (Windows NT 10.0; Win64; x64) AppleWebKit/537.36 (KHTML, like Gecko) Chrome/58.0.3029.110 Safari/537.3"
113.30.151.13 - - [12/Sep/2025:11:50:10 -0300] "GET / HTTP/1.1" 200 488 "-" "Go-http-client/1.1"
113.30.151.13 - - [12/Sep/2025:11:50:10 -0300] "GET /assets/index-bzlukikw.js HTTP/1.1" 404 - "-" "Go-http-client/1.1"
66.249.77.161 - - [12/Sep/2025:11:50:38 -0300] "GET /product/edit/middlereus-shopping-m0000044668 HTTP/1.1" 404 - "-" "Mozilla/5.0 (Linux; Android 6.0.1; Nexus 5X Build/MMB29P) AppleWebKit/537.36 (KHTML, like Gecko) Chrome/140.0.7339.127 Mobile Safari/537.36 (compatible; Googlebot/2.1; +http://www.google.com/bot.html)"
98.159.233.25 - - [12/Sep/2025:11:55:38 -0300] "GET /contato HTTP/1.1" 404 - "-" "Mozilla/5.0 (Windows NT 10.0; WOW64; x64) AppleWebKit/537.36 (KHTML, like Gecko) Chrome/114.0.0.0 Safari/537.36 OPR/89.0.4447.51"
98.159.233.9 - - [12/Sep/2025:11:55:38 -0300] "GET / HTTP/1.1" 200 488 "-" "Mozilla/5.0 (Windows NT 10.0; WOW64; x64) AppleWebKit/537.36 (KHTML, like Gecko) Chrome/114.0.0.0 Safari/537.36 OPR/89.0.4447.51"
208.110.64.178 - - [12/Sep/2025:11:56:05 -0300] "GET /wp-content/edit.php HTTP/1.1" 404 - "https://vacivitta.com.br/wp-content/edit.php" "Mozilla/5.0 (Windows NT 10.0; Win64; x64) AppleWebKit/537.36 (KHTML, like Gecko) Chrome/58.0.3029.110 Safari/537.3"
66.249.77.165 - - [12/Sep/2025:11:56:37 -0300] "GET /pcmypage?callback=product%2Fdetail%2Ftwilight-shop-20190610081300-00873-b HTTP/1.1" 404 - "-" "Mozilla/5.0 (Linux; Android 6.0.1; Nexus 5X Build/MMB29P) AppleWebKit/537.36 (KHTML, like Gecko) Chrome/140.0.7339.127 Mobile Safari/537.36 (compatible; Googlebot/2.1; +http://www.google.com/bot.html)"
198.55.98.203 - - [12/Sep/2025:11:58:02 -0300] "GET /.env HTTP/1.1" 404 - "-" "Mozilla/5.0 (Linux; U; Android 4.4.2; en-US; HM NOTE 1W Build/KOT49H) AppleWebKit/534.30 (KHTML, like Gecko) Version/4.0 UCBrowser/11.0.5.850 U3/0.8.0 Mobile Safari/534.30"
198.55.98.203 - - [12/Sep/2025:11:58:11 -0300] "POST / HTTP/1.1" 200 488 "-" "Mozilla/5.0 (Linux; U; Android 4.4.2; en-US; HM NOTE 1W Build/KOT49H) AppleWebKit/534.30 (KHTML, like Gecko) Version/4.0 UCBrowser/11.0.5.850 U3/0.8.0 Mobile Safari/534.30"
198.55.98.203 - - [12/Sep/2025:11:58:24 -0300] "GET /vendor/phpunit/phpunit/src/Util/PHP/eval-stdin.php HTTP/1.1" 404 - "-" "python-requests/2.25.1"
35.227.169.126 - - [12/Sep/2025:11:58:37 -0300] "GET / HTTP/1.1" 200 488 "http://vacivitta.com.br" "Mozilla/5.0 (compatible; CMS-Checker/1.0; +https://example.com)"
66.249.77.162 - - [12/Sep/2025:12:02:37 -0300] "GET /pcmypage?callback=/product%2Fdetail%2Firstfactory-wb-4936350046329 HTTP/1.1" 404 - "-" "Mozilla/5.0 (Linux; Android 6.0.1; Nexus 5X Build/MMB29P) AppleWebKit/537.36 (KHTML, like Gecko) Chrome/140.0.7339.127 Mobile Safari/537.36 (compatible; Googlebot/2.1; +http://www.google.com/bot.html)"
208.110.64.178 - - [12/Sep/2025:12:12:53 -0300] "GET /wp-content/edit.php HTTP/1.1" 404 - "https://vacivitta.com.br/wp-content/edit.php" "Mozilla/5.0 (Windows NT 10.0; Win64; x64) AppleWebKit/537.36 (KHTML, like Gecko) Chrome/58.0.3029.110 Safari/537.3"
66.249.77.165 - - [12/Sep/2025:12:14:38 -0300] "GET /items/qvriw7/21567?key=story HTTP/1.1" 404 - "-" "Mozilla/5.0 (Linux; Android 6.0.1; Nexus 5X Build/MMB29P) AppleWebKit/537.36 (KHTML, like Gecko) Chrome/140.0.7339.127 Mobile Safari/537.36 (compatible; Googlebot/2.1; +http://www.google.com/bot.html)"
4.227.36.23 - - [12/Sep/2025:12:18:22 -0300] "GET /robots.txt HTTP/1.1" 404 - "-" "Mozilla/5.0 AppleWebKit/537.36 (KHTML, like Gecko; compatible; GPTBot/1.2; +https://openai.com/gptbot)"
66.249.77.162 - - [12/Sep/2025:12:24:24 -0300] "GET /wp-content/uploads/2018/04/ExternalLink_2017-05-25-observar.jpg HTTP/1.1" 404 - "-" "Googlebot-Image/1.0"
66.249.77.161 - - [12/Sep/2025:12:24:40 -0300] "GET /items/htzxp98/41610?key=shape HTTP/1.1" 404 - "-" "Mozilla/5.0 (Linux; Android 6.0.1; Nexus 5X Build/MMB29P) AppleWebKit/537.36 (KHTML, like Gecko) Chrome/140.0.7339.127 Mobile Safari/537.36 (compatible; Googlebot/2.1; +http://www.google.com/bot.html)"
66.249.77.161 - - [12/Sep/2025:12:25:40 -0300] "GET /items/mpbhd45/795?key=telescope HTTP/1.1" 404 - "-" "Mozilla/5.0 (Linux; Android 6.0.1; Nexus 5X Build/MMB29P) AppleWebKit/537.36 (KHTML, like Gecko) Chrome/140.0.7339.127 Mobile Safari/537.36 (compatible; Googlebot/2.1; +http://www.google.com/bot.html)"
208.110.64.178 - - [12/Sep/2025:12:26:08 -0300] "GET /wp-content/edit.php HTTP/1.1" 404 - "https://vacivitta.com.br/wp-content/edit.php" "Mozilla/5.0 (Windows NT 10.0; Win64; x64) AppleWebKit/537.36 (KHTML, like Gecko) Chrome/58.0.3029.110 Safari/537.3"
204.12.252.98 - - [12/Sep/2025:12:30:04 -0300] "GET /wp-content/edit.php HTTP/1.1" 404 - "https://vacivitta.com.br/wp-content/edit.php" "Mozilla/5.0 (Windows NT 10.0; Win64; x64) AppleWebKit/537.36 (KHTML, like Gecko) Chrome/58.0.3029.110 Safari/537.3"
116.11.145.114 - - [12/Sep/2025:12:33:45 -0300] "POST /wp-comments-post.php HTTP/1.1" 404 - "-" "Mozilla/5.0 (Windows NT 10.0; Win64; x64) AppleWebKit/537.36 (KHTML, like Gecko) Chrome/108.0.0.0 Safari/537.36 Edg/108.0.1462.46"
52.178.193.251 - - [12/Sep/2025:12:43:51 -0300] "GET /wp-content/plugins/hellopress/wp_filemanager.php HTTP/1.1" 404 - "-" "-"
52.178.193.251 - - [12/Sep/2025:12:43:52 -0300] "GET /ee.php HTTP/1.1" 404 - "-" "-"
52.178.193.251 - - [12/Sep/2025:12:43:52 -0300] "GET /ffile.php HTTP/1.1" 404 - "-" "-"
52.178.193.251 - - [12/Sep/2025:12:43:52 -0300] "GET /bless2.php HTTP/1.1" 404 - "-" "-"
52.178.193.251 - - [12/Sep/2025:12:43:52 -0300] "GET /tcp.php HTTP/1.1" 404 - "-" "-"
52.178.193.251 - - [12/Sep/2025:12:43:53 -0300] "GET /num.php HTTP/1.1" 404 - "-" "-"
52.178.193.251 - - [12/Sep/2025:12:43:53 -0300] "GET /public/wsr2.php?p= HTTP/1.1" 404 - "-" "-"
52.178.193.251 - - [12/Sep/2025:12:43:53 -0300] "GET /slo.php HTTP/1.1" 404 - "-" "-"
52.178.193.251 - - [12/Sep/2025:12:43:54 -0300] "GET /ava.php HTTP/1.1" 404 - "-" "-"
52.178.193.251 - - [12/Sep/2025:12:43:54 -0300] "GET /pu.php HTTP/1.1" 404 - "-" "-"
52.178.193.251 - - [12/Sep/2025:12:43:54 -0300] "GET /epinyins.php HTTP/1.1" 404 - "-" "-"
52.178.193.251 - - [12/Sep/2025:12:43:54 -0300] "GET /hf HTTP/1.1" 404 - "-" "-"
52.178.193.251 - - [12/Sep/2025:12:43:55 -0300] "GET /aa17.php HTTP/1.1" 404 - "-" "-"
52.178.193.251 - - [12/Sep/2025:12:43:55 -0300] "GET /rak.php HTTP/1.1" 404 - "-" "-"
52.178.193.251 - - [12/Sep/2025:12:43:55 -0300] "GET /cfile.php HTTP/1.1" 404 - "-" "-"
52.178.193.251 - - [12/Sep/2025:12:43:55 -0300] "GET /x.php%20%20%20xleet HTTP/1.1" 404 - "-" "-"
52.178.193.251 - - [12/Sep/2025:12:43:56 -0300] "GET /wsr2.php HTTP/1.1" 404 - "-" "-"
52.178.193.251 - - [12/Sep/2025:12:43:56 -0300] "GET /upload.php HTTP/1.1" 404 - "-" "-"
52.178.193.251 - - [12/Sep/2025:12:43:56 -0300] "GET /z.php HTTP/1.1" 404 - "-" "-"
52.178.193.251 - - [12/Sep/2025:12:43:56 -0300] "GET /zc.php HTTP/1.1" 404 - "-" "-"
52.178.193.251 - - [12/Sep/2025:12:43:57 -0300] "GET /kill-9-1.php HTTP/1.1" 404 - "-" "-"
52.178.193.251 - - [12/Sep/2025:12:43:57 -0300] "GET /modules/mod_simplefileuploadv1.3/elements/wpxadmin.php HTTP/1.1" 404 - "-" "-"
52.178.193.251 - - [12/Sep/2025:12:43:57 -0300] "GET /xpas2.php HTTP/1.1" 404 - "-" "-"
52.178.193.251 - - [12/Sep/2025:12:43:57 -0300] "GET /nxx.php HTTP/1.1" 404 - "-" "-"
52.178.193.251 - - [12/Sep/2025:12:43:58 -0300] "GET /bypass.php HTTP/1.1" 404 - "-" "-"
52.178.193.251 - - [12/Sep/2025:12:43:58 -0300] "GET /filei.php HTTP/1.1" 404 - "-" "-"
52.178.193.251 - - [12/Sep/2025:12:43:58 -0300] "GET /ot.php HTTP/1.1" 404 - "-" "-"
52.178.193.251 - - [12/Sep/2025:12:43:59 -0300] "GET /wp-includes/buy.php HTTP/1.1" 404 - "-" "-"
52.178.193.251 - - [12/Sep/2025:12:43:59 -0300] "GET /lock360.php HTTP/1.1" 404 - "-" "-"
52.178.193.251 - - [12/Sep/2025:12:43:59 -0300] "GET /pass.php HTTP/1.1" 404 - "-" "-"
52.178.193.251 - - [12/Sep/2025:12:43:59 -0300] "GET /zc-749.php HTTP/1.1" 404 - "-" "-"
52.178.193.251 - - [12/Sep/2025:12:44:00 -0300] "GET /w3llstore.php HTTP/1.1" 404 - "-" "-"
52.178.193.251 - - [12/Sep/2025:12:44:00 -0300] "GET /ioxi-o.php HTTP/1.1" 404 - "-" "-"
52.178.193.251 - - [12/Sep/2025:12:44:01 -0300] "GET /wp-signup.php HTTP/1.1" 404 - "-" "-"
52.178.193.251 - - [12/Sep/2025:12:44:02 -0300] "GET /yee.php HTTP/1.1" 404 - "-" "-"
52.178.193.251 - - [12/Sep/2025:12:44:02 -0300] "GET /cache.php HTTP/1.1" 404 - "-" "-"
52.178.193.251 - - [12/Sep/2025:12:44:02 -0300] "GET /content.php HTTP/1.1" 404 - "-" "-"
52.178.193.251 - - [12/Sep/2025:12:44:02 -0300] "GET /axx.php HTTP/1.1" 404 - "-" "-"
52.178.193.251 - - [12/Sep/2025:12:44:03 -0300] "GET /.well-known/fm.php HTTP/1.1" 404 - "-" "-"
52.178.193.251 - - [12/Sep/2025:12:44:03 -0300] "GET /cool.php HTTP/1.1" 404 - "-" "-"
52.178.193.251 - - [12/Sep/2025:12:44:03 -0300] "GET /ef.php HTTP/1.1" 404 - "-" "-"
52.178.193.251 - - [12/Sep/2025:12:44:03 -0300] "GET /xleet HTTP/1.1" 404 - "-" "-"
52.178.193.251 - - [12/Sep/2025:12:44:04 -0300] "GET /aua.php HTTP/1.1" 404 - "-" "-"
52.178.193.251 - - [12/Sep/2025:12:44:04 -0300] "GET /reyna.php HTTP/1.1" 404 - "-" "-"
52.178.193.251 - - [12/Sep/2025:12:44:04 -0300] "GET /rsnu.php HTTP/1.1" 404 - "-" "-"
52.178.193.251 - - [12/Sep/2025:12:44:05 -0300] "GET /wp-su.php HTTP/1.1" 404 - "-" "-"
52.178.193.251 - - [12/Sep/2025:12:44:05 -0300] "GET /nxx.php HTTP/1.1" 404 - "-" "-"
52.178.193.251 - - [12/Sep/2025:12:44:05 -0300] "GET /goods.php HTTP/1.1" 404 - "-" "-"
52.178.193.251 - - [12/Sep/2025:12:44:05 -0300] "GET /aa8.php HTTP/1.1" 404 - "-" "-"
52.178.193.251 - - [12/Sep/2025:12:44:06 -0300] "GET /sh.php HTTP/1.1" 404 - "-" "-"
52.178.193.251 - - [12/Sep/2025:12:44:06 -0300] "GET /rdfe.php HTTP/1.1" 404 - "-" "-"
52.178.193.251 - - [12/Sep/2025:12:44:06 -0300] "GET /akc.php HTTP/1.1" 404 - "-" "-"
52.178.193.251 - - [12/Sep/2025:12:44:06 -0300] "GET /an.php HTTP/1.1" 404 - "-" "-"
52.178.193.251 - - [12/Sep/2025:12:44:07 -0300] "GET /gg.php HTTP/1.1" 404 - "-" "-"
52.178.193.251 - - [12/Sep/2025:12:44:07 -0300] "GET /aaaa.php HTTP/1.1" 404 - "-" "-"
52.178.193.251 - - [12/Sep/2025:12:44:07 -0300] "GET /pp.php HTTP/1.1" 404 - "-" "-"
52.178.193.251 - - [12/Sep/2025:12:44:07 -0300] "GET /blurbs8.php HTTP/1.1" 404 - "-" "-"
52.178.193.251 - - [12/Sep/2025:12:44:08 -0300] "GET /wp-gr.php HTTP/1.1" 404 - "-" "-"
52.178.193.251 - - [12/Sep/2025:12:44:08 -0300] "GET /dex.php HTTP/1.1" 404 - "-" "-"
52.178.193.251 - - [12/Sep/2025:12:44:08 -0300] "GET /bin.php HTTP/1.1" 404 - "-" "-"
52.178.193.251 - - [12/Sep/2025:12:44:09 -0300] "GET /filemanager.php HTTP/1.1" 404 - "-" "-"
52.178.193.251 - - [12/Sep/2025:12:44:09 -0300] "GET /sad.php HTTP/1.1" 404 - "-" "-"
52.178.193.251 - - [12/Sep/2025:12:44:09 -0300] "GET /bqcheck.php HTTP/1.1" 404 - "-" "-"
52.178.193.251 - - [12/Sep/2025:12:44:09 -0300] "GET /atomlib.php HTTP/1.1" 404 - "-" "-"
52.178.193.251 - - [12/Sep/2025:12:44:10 -0300] "GET /jga.php HTTP/1.1" 404 - "-" "-"
52.178.193.251 - - [12/Sep/2025:12:44:10 -0300] "GET /sarang.php HTTP/1.1" 404 - "-" "-"
52.178.193.251 - - [12/Sep/2025:12:44:10 -0300] "GET /bless3.php HTTP/1.1" 404 - "-" "-"
52.178.193.251 - - [12/Sep/2025:12:44:10 -0300] "GET /makeasmtp.php HTTP/1.1" 404 - "-" "-"
52.178.193.251 - - [12/Sep/2025:12:44:11 -0300] "GET /CLA.php HTTP/1.1" 404 - "-" "-"
52.178.193.251 - - [12/Sep/2025:12:44:11 -0300] "GET /cf.php HTTP/1.1" 404 - "-" "-"
52.178.193.251 - - [12/Sep/2025:12:44:11 -0300] "GET /yzkvrell.php HTTP/1.1" 404 - "-" "-"
52.178.193.251 - - [12/Sep/2025:12:44:11 -0300] "GET /13.php HTTP/1.1" 404 - "-" "-"
52.178.193.251 - - [12/Sep/2025:12:44:12 -0300] "GET /witmm.php HTTP/1.1" 404 - "-" "-"
52.178.193.251 - - [12/Sep/2025:12:44:12 -0300] "GET /bv3.php HTTP/1.1" 404 - "-" "-"
52.178.193.251 - - [12/Sep/2025:12:44:12 -0300] "GET /ahax.php HTTP/1.1" 404 - "-" "-"
52.178.193.251 - - [12/Sep/2025:12:44:13 -0300] "GET /3.php HTTP/1.1" 404 - "-" "-"
52.178.193.251 - - [12/Sep/2025:12:44:13 -0300] "GET /unity.php HTTP/1.1" 404 - "-" "-"
52.178.193.251 - - [12/Sep/2025:12:44:13 -0300] "GET /new.php HTTP/1.1" 404 - "-" "-"
52.178.193.251 - - [12/Sep/2025:12:44:13 -0300] "GET /kk.php HTTP/1.1" 404 - "-" "-"
52.178.193.251 - - [12/Sep/2025:12:44:14 -0300] "GET /wander.php HTTP/1.1" 404 - "-" "-"
52.178.193.251 - - [12/Sep/2025:12:44:14 -0300] "GET /gold.php HTTP/1.1" 404 - "-" "-"
4.227.36.7 - - [12/Sep/2025:12:47:22 -0300] "GET /robots.txt HTTP/1.1" 404 - "-" "Mozilla/5.0 AppleWebKit/537.36 (KHTML, like Gecko; compatible; GPTBot/1.2; +https://openai.com/gptbot)"
13.215.231.211 - - [12/Sep/2025:12:48:59 -0300] "GET /wp-content/uploads/2018/04/ExternalLink_hepatite-b.jpg HTTP/1.1" 404 - "-" "Mozilla/5.0 (compatible; crawler)"
209.126.5.30 - - [12/Sep/2025:12:49:00 -0300] "GET / HTTP/1.1" 200 488 "-" "Mozilla/5.0 (Windows NT 10.0; Win64; x64) AppleWebKit/537.36 (KHTML, like Gecko) Chrome/91.0.4472.124 Safari/537.36"
209.126.5.30 - - [12/Sep/2025:12:49:00 -0300] "GET /v1/config.js HTTP/1.1" 404 - "-" "Mozilla/5.0 (Windows NT 10.0; Win64; x64) AppleWebKit/537.36 (KHTML, like Gecko) Chrome/91.0.4472.124 Safari/537.36"
209.126.5.30 - - [12/Sep/2025:12:49:00 -0300] "GET /staging.js HTTP/1.1" 404 - "-" "Mozilla/5.0 (Windows NT 10.0; Win64; x64) AppleWebKit/537.36 (KHTML, like Gecko) Chrome/91.0.4472.124 Safari/537.36"
209.126.5.30 - - [12/Sep/2025:12:49:00 -0300] "GET /api/config.js HTTP/1.1" 404 - "-" "Mozilla/5.0 (Windows NT 10.0; Win64; x64) AppleWebKit/537.36 (KHTML, like Gecko) Chrome/91.0.4472.124 Safari/537.36"
209.126.5.30 - - [12/Sep/2025:12:49:00 -0300] "GET /test.js HTTP/1.1" 404 - "-" "Mozilla/5.0 (Windows NT 10.0; Win64; x64) AppleWebKit/537.36 (KHTML, like Gecko) Chrome/91.0.4472.124 Safari/537.36"
209.126.5.30 - - [12/Sep/2025:12:49:00 -0300] "GET /webpack.config.js HTTP/1.1" 404 - "-" "Mozilla/5.0 (Windows NT 10.0; Win64; x64) AppleWebKit/537.36 (KHTML, like Gecko) Chrome/91.0.4472.124 Safari/537.36"
209.126.5.30 - - [12/Sep/2025:12:49:00 -0300] "GET /src/constants.js HTTP/1.1" 404 - "-" "Mozilla/5.0 (Windows NT 10.0; Win64; x64) AppleWebKit/537.36 (KHTML, like Gecko) Chrome/91.0.4472.124 Safari/537.36"
209.126.5.30 - - [12/Sep/2025:12:49:00 -0300] "GET /panel/config.js HTTP/1.1" 404 - "-" "Mozilla/5.0 (Windows NT 10.0; Win64; x64) AppleWebKit/537.36 (KHTML, like Gecko) Chrome/91.0.4472.124 Safari/537.36"
209.126.5.30 - - [12/Sep/2025:12:49:00 -0300] "GET /dist/app.js HTTP/1.1" 404 - "-" "Mozilla/5.0 (Windows NT 10.0; Win64; x64) AppleWebKit/537.36 (KHTML, like Gecko) Chrome/91.0.4472.124 Safari/537.36"
209.126.5.30 - - [12/Sep/2025:12:49:00 -0300] "GET /settings.js HTTP/1.1" 404 - "-" "Mozilla/5.0 (Windows NT 10.0; Win64; x64) AppleWebKit/537.36 (KHTML, like Gecko) Chrome/91.0.4472.124 Safari/537.36"
209.126.5.30 - - [12/Sep/2025:12:49:00 -0300] "GET /env.production.js HTTP/1.1" 404 - "-" "Mozilla/5.0 (Windows NT 10.0; Win64; x64) AppleWebKit/537.36 (KHTML, like Gecko) Chrome/91.0.4472.124 Safari/537.36"
209.126.5.30 - - [12/Sep/2025:12:49:00 -0300] "GET /tokens.js HTTP/1.1" 404 - "-" "Mozilla/5.0 (Windows NT 10.0; Win64; x64) AppleWebKit/537.36 (KHTML, like Gecko) Chrome/91.0.4472.124 Safari/537.36"
209.126.5.30 - - [12/Sep/2025:12:49:00 -0300] "GET /dist/env.js HTTP/1.1" 404 - "-" "Mozilla/5.0 (Windows NT 10.0; Win64; x64) AppleWebKit/537.36 (KHTML, like Gecko) Chrome/91.0.4472.124 Safari/537.36"
209.126.5.30 - - [12/Sep/2025:12:49:00 -0300] "GET /bundle.js HTTP/1.1" 404 - "-" "Mozilla/5.0 (Windows NT 10.0; Win64; x64) AppleWebKit/537.36 (KHTML, like Gecko) Chrome/91.0.4472.124 Safari/537.36"
209.126.5.30 - - [12/Sep/2025:12:49:00 -0300] "GET /config.js HTTP/1.1" 404 - "-" "Mozilla/5.0 (Windows NT 10.0; Win64; x64) AppleWebKit/537.36 (KHTML, like Gecko) Chrome/91.0.4472.124 Safari/537.36"
209.126.5.30 - - [12/Sep/2025:12:49:00 -0300] "GET /environment.js HTTP/1.1" 404 - "-" "Mozilla/5.0 (Windows NT 10.0; Win64; x64) AppleWebKit/537.36 (KHTML, like Gecko) Chrome/91.0.4472.124 Safari/537.36"
209.126.5.30 - - [12/Sep/2025:12:49:00 -0300] "GET /js/env.js HTTP/1.1" 404 - "-" "Mozilla/5.0 (Windows NT 10.0; Win64; x64) AppleWebKit/537.36 (KHTML, like Gecko) Chrome/91.0.4472.124 Safari/537.36"
209.126.5.30 - - [12/Sep/2025:12:49:00 -0300] "GET /credentials.js HTTP/1.1" 404 - "-" "Mozilla/5.0 (Windows NT 10.0; Win64; x64) AppleWebKit/537.36 (KHTML, like Gecko) Chrome/91.0.4472.124 Safari/537.36"
209.126.5.30 - - [12/Sep/2025:12:49:00 -0300] "GET /config/services.js HTTP/1.1" 404 - "-" "Mozilla/5.0 (Windows NT 10.0; Win64; x64) AppleWebKit/537.36 (KHTML, like Gecko) Chrome/91.0.4472.124 Safari/537.36"
209.126.5.30 - - [12/Sep/2025:12:49:00 -0300] "GET /build/config.js HTTP/1.1" 404 - "-" "Mozilla/5.0 (Windows NT 10.0; Win64; x64) AppleWebKit/537.36 (KHTML, like Gecko) Chrome/91.0.4472.124 Safari/537.36"
209.126.5.30 - - [12/Sep/2025:12:49:00 -0300] "GET /src/config.js HTTP/1.1" 404 - "-" "Mozilla/5.0 (Windows NT 10.0; Win64; x64) AppleWebKit/537.36 (KHTML, like Gecko) Chrome/91.0.4472.124 Safari/537.36"
209.126.5.30 - - [12/Sep/2025:12:49:00 -0300] "GET /js/constants.js HTTP/1.1" 404 - "-" "Mozilla/5.0 (Windows NT 10.0; Win64; x64) AppleWebKit/537.36 (KHTML, like Gecko) Chrome/91.0.4472.124 Safari/537.36"
209.126.5.30 - - [12/Sep/2025:12:49:00 -0300] "GET /js/settings.js HTTP/1.1" 404 - "-" "Mozilla/5.0 (Windows NT 10.0; Win64; x64) AppleWebKit/537.36 (KHTML, like Gecko) Chrome/91.0.4472.124 Safari/537.36"
209.126.5.30 - - [12/Sep/2025:12:49:00 -0300] "GET /env.js HTTP/1.1" 404 - "-" "Mozilla/5.0 (Windows NT 10.0; Win64; x64) AppleWebKit/537.36 (KHTML, like Gecko) Chrome/91.0.4472.124 Safari/537.36"
209.126.5.30 - - [12/Sep/2025:12:49:00 -0300] "GET /dist/main.js HTTP/1.1" 404 - "-" "Mozilla/5.0 (Windows NT 10.0; Win64; x64) AppleWebKit/537.36 (KHTML, like Gecko) Chrome/91.0.4472.124 Safari/537.36"
209.126.5.30 - - [12/Sep/2025:12:49:00 -0300] "GET /index.js HTTP/1.1" 404 - "-" "Mozilla/5.0 (Windows NT 10.0; Win64; x64) AppleWebKit/537.36 (KHTML, like Gecko) Chrome/91.0.4472.124 Safari/537.36"
209.126.5.30 - - [12/Sep/2025:12:49:00 -0300] "GET /data.js HTTP/1.1" 404 - "-" "Mozilla/5.0 (Windows NT 10.0; Win64; x64) AppleWebKit/537.36 (KHTML, like Gecko) Chrome/91.0.4472.124 Safari/537.36"
209.126.5.30 - - [12/Sep/2025:12:49:00 -0300] "GET /vendor.js HTTP/1.1" 404 - "-" "Mozilla/5.0 (Windows NT 10.0; Win64; x64) AppleWebKit/537.36 (KHTML, like Gecko) Chrome/91.0.4472.124 Safari/537.36"
209.126.5.30 - - [12/Sep/2025:12:49:00 -0300] "GET /src/env.js HTTP/1.1" 404 - "-" "Mozilla/5.0 (Windows NT 10.0; Win64; x64) AppleWebKit/537.36 (KHTML, like Gecko) Chrome/91.0.4472.124 Safari/537.36"
209.126.5.30 - - [12/Sep/2025:12:49:00 -0300] "GET /build/env.js HTTP/1.1" 404 - "-" "Mozilla/5.0 (Windows NT 10.0; Win64; x64) AppleWebKit/537.36 (KHTML, like Gecko) Chrome/91.0.4472.124 Safari/537.36"
209.126.5.30 - - [12/Sep/2025:12:49:00 -0300] "GET /admin/config.js HTTP/1.1" 404 - "-" "Mozilla/5.0 (Windows NT 10.0; Win64; x64) AppleWebKit/537.36 (KHTML, like Gecko) Chrome/91.0.4472.124 Safari/537.36"
208.110.64.178 - - [12/Sep/2025:12:54:36 -0300] "GET /wp-content/edit.php HTTP/1.1" 404 - "https://vacivitta.com.br/wp-content/edit.php" "Mozilla/5.0 (Windows NT 10.0; Win64; x64) AppleWebKit/537.36 (KHTML, like Gecko) Chrome/58.0.3029.110 Safari/537.3"
66.249.77.165 - - [12/Sep/2025:12:54:39 -0300] "GET /ads.txt HTTP/1.1" 404 - "-" "Mozilla/5.0 (compatible; Googlebot/2.1; +http://www.google.com/bot.html)"
66.249.77.166 - - [12/Sep/2025:12:54:39 -0300] "GET /robots.txt HTTP/1.1" 404 - "-" "Mozilla/5.0 (compatible; Googlebot/2.1; +http://www.google.com/bot.html)"
3.236.157.71 - - [12/Sep/2025:12:57:27 -0300] "GET / HTTP/1.1" 200 488 "https://vacivitta.com.br" "Mozilla/5.0 (Windows NT 10.0; Win64; x64) AppleWebKit/537.36 (KHTML, like Gecko) Chrome/96.0.4664.45 Safari/537.36 Edg/96.0.1054.29"
74.125.213.5 - - [12/Sep/2025:13:00:25 -0300] "GET /.well-known/traffic-advice HTTP/1.1" 404 - "-" "Chrome Privacy Preserving Prefetch Proxy"
162.120.186.84 - - [12/Sep/2025:13:00:25 -0300] "GET / HTTP/1.1" 200 488 "https://www.google.com/" "Mozilla/5.0 (Linux; Android 10; K) AppleWebKit/537.36 (KHTML, like Gecko) Chrome/140.0.0.0 Mobile Safari/537.36"
66.249.77.167 - - [12/Sep/2025:13:00:40 -0300] "GET /product/edit/handelondemand-store-giaem7502-1023 HTTP/1.1" 404 - "-" "Mozilla/5.0 (Linux; Android 6.0.1; Nexus 5X Build/MMB29P) AppleWebKit/537.36 (KHTML, like Gecko) Chrome/140.0.7339.127 Mobile Safari/537.36 (compatible; Googlebot/2.1; +http://www.google.com/bot.html)"
128.90.157.16 - - [12/Sep/2025:13:05:18 -0300] "GET /contato/ HTTP/1.0" 404 - "https://vacivitta.com.br/contato/" "Mozilla/5.0 (Windows NT 10.0; Win64; x64) AppleWebKit/537.36 (KHTML, like Gecko) Chrome/131.0.0.0 Safari/537.36"
128.90.157.16 - - [12/Sep/2025:13:05:19 -0300] "GET / HTTP/1.0" 200 488 "https://vacivitta.com.br/" "Mozilla/5.0 (Windows NT 10.0; Win64; x64) AppleWebKit/537.36 (KHTML, like Gecko) Chrome/131.0.0.0 Safari/537.36"
208.110.64.178 - - [12/Sep/2025:13:06:41 -0300] "GET /wp-content/edit.php HTTP/1.1" 404 - "https://vacivitta.com.br/wp-content/edit.php" "Mozilla/5.0 (Windows NT 10.0; Win64; x64) AppleWebKit/537.36 (KHTML, like Gecko) Chrome/58.0.3029.110 Safari/537.3"
198.55.98.93 - - [12/Sep/2025:13:09:30 -0300] "GET /.git/config HTTP/1.1" 401 53 "-" "Mozilla/5.0 (Macintosh; U; Intel Mac OS X 10_6_2; en-us) AppleWebKit/531.21.8 (KHTML, like Gecko) Version/4.0.4 Safari/531.21.10"
66.249.77.166 - - [12/Sep/2025:13:13:42 -0300] "GET /pcmypage?callback=product%2Fdetail%2Foishiimikana-20231010002657-01879 HTTP/1.1" 404 - "-" "Mozilla/5.0 (Linux; Android 6.0.1; Nexus 5X Build/MMB29P) AppleWebKit/537.36 (KHTML, like Gecko) Chrome/140.0.7339.127 Mobile Safari/537.36 (compatible; Googlebot/2.1; +http://www.google.com/bot.html)"
51.81.46.212 - - [12/Sep/2025:13:15:57 -0300] "GET / HTTP/1.1" 200 488 "-" "-"
4.227.36.23 - - [12/Sep/2025:13:17:54 -0300] "GET /robots.txt HTTP/1.1" 404 - "-" "Mozilla/5.0 AppleWebKit/537.36 (KHTML, like Gecko; compatible; GPTBot/1.2; +https://openai.com/gptbot)"
66.249.77.165 - - [12/Sep/2025:13:18:43 -0300] "GET /pcmypage?callback=/product%2Fdetail%2kg-maido-tr-8177869 HTTP/1.1" 404 - "-" "Mozilla/5.0 (Linux; Android 6.0.1; Nexus 5X Build/MMB29P) AppleWebKit/537.36 (KHTML, like Gecko) Chrome/140.0.7339.127 Mobile Safari/537.36 (compatible; Googlebot/2.1; +http://www.google.com/bot.html)"
208.110.64.178 - - [12/Sep/2025:13:19:10 -0300] "GET /wp-content/edit.php HTTP/1.1" 404 - "https://vacivitta.com.br/wp-content/edit.php" "Mozilla/5.0 (Windows NT 10.0; Win64; x64) AppleWebKit/537.36 (KHTML, like Gecko) Chrome/58.0.3029.110 Safari/537.3"
179.215.121.57 - - [12/Sep/2025:13:21:13 -0300] "GET / HTTP/1.1" 200 488 "https://l.wl.co/" "Mozilla/5.0 (Linux; Android 10; K) AppleWebKit/537.36 (KHTML, like Gecko) Chrome/140.0.0.0 Mobile Safari/537.36"
178.128.99.81 - - [12/Sep/2025:13:21:51 -0300] "GET /wp-login.php HTTP/1.1" 404 - "-" "Mozila/5.0"
66.249.77.166 - - [12/Sep/2025:13:23:45 -0300] "GET /product/edit/craftia-cpm012sd HTTP/1.1" 404 - "-" "Mozilla/5.0 (Linux; Android 6.0.1; Nexus 5X Build/MMB29P) AppleWebKit/537.36 (KHTML, like Gecko) Chrome/140.0.7339.127 Mobile Safari/537.36 (compatible; Googlebot/2.1; +http://www.google.com/bot.html)"
66.249.77.166 - - [12/Sep/2025:13:23:45 -0300] "GET /products/83vv38272 HTTP/1.1" 404 - "-" "Mozilla/5.0 (Linux; Android 6.0.1; Nexus 5X Build/MMB29P) AppleWebKit/537.36 (KHTML, like Gecko) Chrome/140.0.7339.127 Mobile Safari/537.36 (compatible; Googlebot/2.1; +http://www.google.com/bot.html)"
66.249.77.166 - - [12/Sep/2025:13:23:46 -0300] "GET /products/88kd2261 HTTP/1.1" 404 - "-" "Mozilla/5.0 (Linux; Android 6.0.1; Nexus 5X Build/MMB29P) AppleWebKit/537.36 (KHTML, like Gecko) Chrome/140.0.7339.127 Mobile Safari/537.36 (compatible; Googlebot/2.1; +http://www.google.com/bot.html)"
66.249.77.165 - - [12/Sep/2025:13:24:34 -0300] "GET /product/edit/t-four2010-overtech-dp-qq-e-h-f2-222t HTTP/1.1" 404 - "-" "Mozilla/5.0 (Linux; Android 6.0.1; Nexus 5X Build/MMB29P) AppleWebKit/537.36 (KHTML, like Gecko) Chrome/140.0.7339.127 Mobile Safari/537.36 (compatible; Googlebot/2.1; +http://www.google.com/bot.html)"
86.127.227.252 - - [12/Sep/2025:13:25:39 -0300] "GET / HTTP/1.1" 200 488 "http://vacivitta.com.br/" "Mozilla/5.0 (Windows NT 10.0; Win64; x64)"
86.127.227.252 - - [12/Sep/2025:13:25:40 -0300] "GET / HTTP/1.1" 200 488 "-" "Mozilla/5.0 (Windows NT 10.0; Win64; x64) AppleWebKit/537.36 (KHTML, like Gecko) HeadlessChrome/138.0.7204.23 Safari/537.36"
118.99.84.42 - - [12/Sep/2025:13:26:03 -0300] "GET /wp-login.php HTTP/1.1" 404 - "-" "Mozilla/5.0 (X11; Ubuntu; Linux i686; rv:79.0) Gecko/20100101 Firefox/79.0"
118.99.84.42 - - [12/Sep/2025:13:29:21 -0300] "GET /wp-login.php HTTP/1.1" 404 - "-" "Mozilla/5.0 (Windows NT 10.0; Win64; x64) AppleWebKit/537.36 (KHTML, like Gecko) Chrome/84.0.4147.105 Safari/537.36"
135.232.200.24 - - [12/Sep/2025:13:31:37 -0300] "GET / HTTP/1.1" 200 488 "-" "Python/3.9 aiohttp/3.10.6"
4.227.36.23 - - [12/Sep/2025:13:33:52 -0300] "GET /robots.txt HTTP/1.1" 404 - "-" "Mozilla/5.0 AppleWebKit/537.36 (KHTML, like Gecko; compatible; GPTBot/1.2; +https://openai.com/gptbot)"
190.111.111.109 - - [12/Sep/2025:13:36:47 -0300] "GET / HTTP/1.1" 200 488 "-" "Mozilla/5.0 (iPhone; CPU iPhone OS 18_6_2 like Mac OS X) AppleWebKit/605.1.15 (KHTML, like Gecko) Version/18.6 Mobile/15E148 Safari/604.1"
31.13.115.2 - - [12/Sep/2025:13:36:59 -0300] "GET /?fbclid=IwZXh0bgNhZW0CMTEAAR52vGvXRgw1hDExpGRk3Sy_3qz1-RG_R-84qAS4ZUQAv1s9Ak91qqa4SDwzOw_aem_M9HYB36Gy_KWddP6flW4KQ HTTP/1.1" 200 488 "-" "Mozilla/5.0 (Linux; Android 11.0; Surface Duo) AppleWebKit/537.36 (KHTML, like Gecko) Chrome/119.0.6045.105 Mobile Safari/537.36"
31.13.115.115 - - [12/Sep/2025:13:37:01 -0300] "GET /assets/index-g8aW3Zx-.css HTTP/1.1" 200 2311 "https://vacivitta.com.br/?fbclid=IwZXh0bgNhZW0CMTEAAR52vGvXRgw1hDExpGRk3Sy_3qz1-RG_R-84qAS4ZUQAv1s9Ak91qqa4SDwzOw_aem_M9HYB36Gy_KWddP6flW4KQ" "Mozilla/5.0 (Linux; Android 11.0; Surface Duo) AppleWebKit/537.36 (KHTML, like Gecko) Chrome/119.0.6045.105 Mobile Safari/537.36"
31.13.115.2 - - [12/Sep/2025:13:37:01 -0300] "GET /assets/index-BZLUkikW.js HTTP/1.1" 200 923512 "https://vacivitta.com.br/?fbclid=IwZXh0bgNhZW0CMTEAAR52vGvXRgw1hDExpGRk3Sy_3qz1-RG_R-84qAS4ZUQAv1s9Ak91qqa4SDwzOw_aem_M9HYB36Gy_KWddP6flW4KQ" "Mozilla/5.0 (Linux; Android 11.0; Surface Duo) AppleWebKit/537.36 (KHTML, like Gecko) Chrome/119.0.6045.105 Mobile Safari/537.36"
31.13.115.2 - - [12/Sep/2025:13:37:03 -0300] "GET /logo.png HTTP/1.1" 200 25613 "https://vacivitta.com.br/?fbclid=IwZXh0bgNhZW0CMTEAAR52vGvXRgw1hDExpGRk3Sy_3qz1-RG_R-84qAS4ZUQAv1s9Ak91qqa4SDwzOw_aem_M9HYB36Gy_KWddP6flW4KQ" "Mozilla/5.0 (Linux; Android 11.0; Surface Duo) AppleWebKit/537.36 (KHTML, like Gecko) Chrome/119.0.6045.105 Mobile Safari/537.36"
31.13.115.2 - - [12/Sep/2025:13:37:03 -0300] "GET /mapa.png HTTP/1.1" 200 1787231 "https://vacivitta.com.br/?fbclid=IwZXh0bgNhZW0CMTEAAR52vGvXRgw1hDExpGRk3Sy_3qz1-RG_R-84qAS4ZUQAv1s9Ak91qqa4SDwzOw_aem_M9HYB36Gy_KWddP6flW4KQ" "Mozilla/5.0 (Linux; Android 11.0; Surface Duo) AppleWebKit/537.36 (KHTML, like Gecko) Chrome/119.0.6045.105 Mobile Safari/537.36"
31.13.115.113 - - [12/Sep/2025:13:37:04 -0300] "GET /vaci.jpg HTTP/1.1" 200 155283 "https://vacivitta.com.br/?fbclid=IwZXh0bgNhZW0CMTEAAR52vGvXRgw1hDExpGRk3Sy_3qz1-RG_R-84qAS4ZUQAv1s9Ak91qqa4SDwzOw_aem_M9HYB36Gy_KWddP6flW4KQ" "Mozilla/5.0 (Linux; Android 11.0; Surface Duo) AppleWebKit/537.36 (KHTML, like Gecko) Chrome/119.0.6045.105 Mobile Safari/537.36"
31.13.115.2 - - [12/Sep/2025:13:37:04 -0300] "GET /2.png HTTP/1.1" 200 1052379 "https://vacivitta.com.br/?fbclid=IwZXh0bgNhZW0CMTEAAR52vGvXRgw1hDExpGRk3Sy_3qz1-RG_R-84qAS4ZUQAv1s9Ak91qqa4SDwzOw_aem_M9HYB36Gy_KWddP6flW4KQ" "Mozilla/5.0 (Linux; Android 11.0; Surface Duo) AppleWebKit/537.36 (KHTML, like Gecko) Chrome/119.0.6045.105 Mobile Safari/537.36"
31.13.115.2 - - [12/Sep/2025:13:37:05 -0300] "GET /4.png HTTP/1.1" 200 1067791 "https://vacivitta.com.br/?fbclid=IwZXh0bgNhZW0CMTEAAR52vGvXRgw1hDExpGRk3Sy_3qz1-RG_R-84qAS4ZUQAv1s9Ak91qqa4SDwzOw_aem_M9HYB36Gy_KWddP6flW4KQ" "Mozilla/5.0 (Linux; Android 11.0; Surface Duo) AppleWebKit/537.36 (KHTML, like Gecko) Chrome/119.0.6045.105 Mobile Safari/537.36"
31.13.115.113 - - [12/Sep/2025:13:37:04 -0300] "GET /3.png HTTP/1.1" 200 1055246 "https://vacivitta.com.br/?fbclid=IwZXh0bgNhZW0CMTEAAR52vGvXRgw1hDExpGRk3Sy_3qz1-RG_R-84qAS4ZUQAv1s9Ak91qqa4SDwzOw_aem_M9HYB36Gy_KWddP6flW4KQ" "Mozilla/5.0 (Linux; Android 11.0; Surface Duo) AppleWebKit/537.36 (KHTML, like Gecko) Chrome/119.0.6045.105 Mobile Safari/537.36"
31.13.115.5 - - [12/Sep/2025:13:37:04 -0300] "GET /1.png HTTP/1.1" 200 1041468 "https://vacivitta.com.br/?fbclid=IwZXh0bgNhZW0CMTEAAR52vGvXRgw1hDExpGRk3Sy_3qz1-RG_R-84qAS4ZUQAv1s9Ak91qqa4SDwzOw_aem_M9HYB36Gy_KWddP6flW4KQ" "Mozilla/5.0 (Linux; Android 11.0; Surface Duo) AppleWebKit/537.36 (KHTML, like Gecko) Chrome/119.0.6045.105 Mobile Safari/537.36"
31.13.115.5 - - [12/Sep/2025:13:37:05 -0300] "GET /fts3.png HTTP/1.1" 200 798280 "https://vacivitta.com.br/?fbclid=IwZXh0bgNhZW0CMTEAAR52vGvXRgw1hDExpGRk3Sy_3qz1-RG_R-84qAS4ZUQAv1s9Ak91qqa4SDwzOw_aem_M9HYB36Gy_KWddP6flW4KQ" "Mozilla/5.0 (Linux; Android 11.0; Surface Duo) AppleWebKit/537.36 (KHTML, like Gecko) Chrome/119.0.6045.105 Mobile Safari/537.36"
31.13.115.2 - - [12/Sep/2025:13:37:05 -0300] "GET /fts1.png HTTP/1.1" 200 2704287 "https://vacivitta.com.br/?fbclid=IwZXh0bgNhZW0CMTEAAR52vGvXRgw1hDExpGRk3Sy_3qz1-RG_R-84qAS4ZUQAv1s9Ak91qqa4SDwzOw_aem_M9HYB36Gy_KWddP6flW4KQ" "Mozilla/5.0 (Linux; Android 11.0; Surface Duo) AppleWebKit/537.36 (KHTML, like Gecko) Chrome/119.0.6045.105 Mobile Safari/537.36"
31.13.115.113 - - [12/Sep/2025:13:37:05 -0300] "GET /fts2.png HTTP/1.1" 200 2539592 "https://vacivitta.com.br/?fbclid=IwZXh0bgNhZW0CMTEAAR52vGvXRgw1hDExpGRk3Sy_3qz1-RG_R-84qAS4ZUQAv1s9Ak91qqa4SDwzOw_aem_M9HYB36Gy_KWddP6flW4KQ" "Mozilla/5.0 (Linux; Android 11.0; Surface Duo) AppleWebKit/537.36 (KHTML, like Gecko) Chrome/119.0.6045.105 Mobile Safari/537.36"
31.13.115.5 - - [12/Sep/2025:13:37:05 -0300] "GET /walp.png HTTP/1.1" 200 26312 "https://vacivitta.com.br/?fbclid=IwZXh0bgNhZW0CMTEAAR52vGvXRgw1hDExpGRk3Sy_3qz1-RG_R-84qAS4ZUQAv1s9Ak91qqa4SDwzOw_aem_M9HYB36Gy_KWddP6flW4KQ" "Mozilla/5.0 (Linux; Android 11.0; Surface Duo) AppleWebKit/537.36 (KHTML, like Gecko) Chrome/119.0.6045.105 Mobile Safari/537.36"
31.13.115.113 - - [12/Sep/2025:13:37:06 -0300] "GET /homePage2.png HTTP/1.1" 200 227246 "https://vacivitta.com.br/?fbclid=IwZXh0bgNhZW0CMTEAAR52vGvXRgw1hDExpGRk3Sy_3qz1-RG_R-84qAS4ZUQAv1s9Ak91qqa4SDwzOw_aem_M9HYB36Gy_KWddP6flW4KQ" "Mozilla/5.0 (Linux; Android 11.0; Surface Duo) AppleWebKit/537.36 (KHTML, like Gecko) Chrome/119.0.6045.105 Mobile Safari/537.36"
31.13.115.5 - - [12/Sep/2025:13:37:06 -0300] "GET /homePage.png HTTP/1.1" 200 1495045 "https://vacivitta.com.br/?fbclid=IwZXh0bgNhZW0CMTEAAR52vGvXRgw1hDExpGRk3Sy_3qz1-RG_R-84qAS4ZUQAv1s9Ak91qqa4SDwzOw_aem_M9HYB36Gy_KWddP6flW4KQ" "Mozilla/5.0 (Linux; Android 11.0; Surface Duo) AppleWebKit/537.36 (KHTML, like Gecko) Chrome/119.0.6045.105 Mobile Safari/537.36"
31.13.115.113 - - [12/Sep/2025:13:37:06 -0300] "GET /ico.ico HTTP/1.1" 200 100526 "https://vacivitta.com.br/?fbclid=IwZXh0bgNhZW0CMTEAAR52vGvXRgw1hDExpGRk3Sy_3qz1-RG_R-84qAS4ZUQAv1s9Ak91qqa4SDwzOw_aem_M9HYB36Gy_KWddP6flW4KQ" "Mozilla/5.0 (Linux; Android 11.0; Surface Duo) AppleWebKit/537.36 (KHTML, like Gecko) Chrome/119.0.6045.105 Mobile Safari/537.36"
31.13.115.2 - - [12/Sep/2025:13:37:32 -0300] "GET /video.mp4 HTTP/1.1" 206 636967327 "https://vacivitta.com.br/?fbclid=IwZXh0bgNhZW0CMTEAAR52vGvXRgw1hDExpGRk3Sy_3qz1-RG_R-84qAS4ZUQAv1s9Ak91qqa4SDwzOw_aem_M9HYB36Gy_KWddP6flW4KQ" "Mozilla/5.0 (Linux; Android 11.0; Surface Duo) AppleWebKit/537.36 (KHTML, like Gecko) Chrome/119.0.6045.105 Mobile Safari/537.36"
31.13.115.7 - - [12/Sep/2025:13:37:35 -0300] "GET /video.mp4 HTTP/1.1" 206 154015 "https://vacivitta.com.br/?fbclid=IwZXh0bgNhZW0CMTEAAR52vGvXRgw1hDExpGRk3Sy_3qz1-RG_R-84qAS4ZUQAv1s9Ak91qqa4SDwzOw_aem_M9HYB36Gy_KWddP6flW4KQ" "Mozilla/5.0 (Linux; Android 11.0; Surface Duo) AppleWebKit/537.36 (KHTML, like Gecko) Chrome/119.0.6045.105 Mobile Safari/537.36"
173.252.107.10 - - [12/Sep/2025:13:37:55 -0300] "GET /mapa.png HTTP/1.1" 200 1787231 "-" "facebookexternalhit/1.1 (+http://www.facebook.com/externalhit_uatext.php)"
66.220.149.124 - - [12/Sep/2025:13:37:59 -0300] "GET /logo.png HTTP/1.1" 200 25613 "-" "facebookexternalhit/1.1 (+http://www.facebook.com/externalhit_uatext.php)"
66.220.149.15 - - [12/Sep/2025:13:38:12 -0300] "GET /1.png HTTP/1.1" 200 1041468 "-" "facebookexternalhit/1.1 (+http://www.facebook.com/externalhit_uatext.php)"
31.13.127.20 - - [12/Sep/2025:13:38:26 -0300] "GET /fts3.png HTTP/1.1" 200 798280 "-" "facebookexternalhit/1.1 (+http://www.facebook.com/externalhit_uatext.php)"
4.227.36.23 - - [12/Sep/2025:13:38:55 -0300] "GET /robots.txt HTTP/1.1" 404 - "-" "Mozilla/5.0 AppleWebKit/537.36 (KHTML, like Gecko; compatible; GPTBot/1.2; +https://openai.com/gptbot)"
173.252.127.39 - - [12/Sep/2025:13:38:58 -0300] "GET /fts1.png HTTP/1.1" 200 2704287 "-" "facebookexternalhit/1.1 (+http://www.facebook.com/externalhit_uatext.php)"
173.252.87.1 - - [12/Sep/2025:13:39:27 -0300] "GET /fts2.png HTTP/1.1" 200 2539592 "-" "facebookexternalhit/1.1 (+http://www.facebook.com/externalhit_uatext.php)"
66.249.77.165 - - [12/Sep/2025:13:39:35 -0300] "GET /safe_search/config?return_url=%2Fproduct%2Fdetail%2Fyasukichi-tkg-73-1142-0801 HTTP/1.1" 404 - "-" "Mozilla/5.0 (Linux; Android 6.0.1; Nexus 5X Build/MMB29P) AppleWebKit/537.36 (KHTML, like Gecko) Chrome/140.0.7339.127 Mobile Safari/537.36 (compatible; Googlebot/2.1; +http://www.google.com/bot.html)"
66.220.149.57 - - [12/Sep/2025:13:39:50 -0300] "GET /vaci.jpg HTTP/1.1" 200 155283 "-" "facebookexternalhit/1.1 (+http://www.facebook.com/externalhit_uatext.php)"
4.227.36.7 - - [12/Sep/2025:13:40:41 -0300] "GET /robots.txt HTTP/1.1" 404 - "-" "Mozilla/5.0 AppleWebKit/537.36 (KHTML, like Gecko; compatible; GPTBot/1.2; +https://openai.com/gptbot)"
208.110.64.178 - - [12/Sep/2025:13:42:42 -0300] "GET /wp-content/edit.php HTTP/1.1" 404 - "https://vacivitta.com.br/wp-content/edit.php" "Mozilla/5.0 (Windows NT 10.0; Win64; x64) AppleWebKit/537.36 (KHTML, like Gecko) Chrome/58.0.3029.110 Safari/537.3"
43.157.156.190 - - [12/Sep/2025:13:46:30 -0300] "GET / HTTP/1.1" 200 488 "http://vacivitta.com.br" "Mozilla/5.0 (iPhone; CPU iPhone OS 13_2_3 like Mac OS X) AppleWebKit/605.1.15 (KHTML, like Gecko) Version/13.0.3 Mobile/15E148 Safari/604.1"
162.120.185.211 - - [12/Sep/2025:13:52:35 -0300] "GET / HTTP/1.1" 200 488 "https://www.google.com/" "Mozilla/5.0 (Windows NT 10.0; Win64; x64) AppleWebKit/537.36 (KHTML, like Gecko) Chrome/140.0.0.0 Safari/537.36"
66.249.77.166 - - [12/Sep/2025:13:52:36 -0300] "GET /pcmypage?callback=product%2Fdetail%2Fishibashi-shops-08-095oxww65-3629 HTTP/1.1" 404 - "-" "Mozilla/5.0 (Linux; Android 6.0.1; Nexus 5X Build/MMB29P) AppleWebKit/537.36 (KHTML, like Gecko) Chrome/140.0.7339.127 Mobile Safari/537.36 (compatible; Googlebot/2.1; +http://www.google.com/bot.html)"
204.12.252.98 - - [12/Sep/2025:13:53:17 -0300] "GET /wp-content/edit.php HTTP/1.1" 404 - "https://vacivitta.com.br/wp-content/edit.php" "Mozilla/5.0 (Windows NT 10.0; Win64; x64) AppleWebKit/537.36 (KHTML, like Gecko) Chrome/58.0.3029.110 Safari/537.3"
172.232.23.97 - - [12/Sep/2025:13:53:52 -0300] "GET / HTTP/1.1" 200 12474 "-" "Mozilla/5.0 (Android 7.0; Mobile; LG-M150; rv:68.0) Gecko/68.0 Firefox/68.0"
66.249.77.165 - - [12/Sep/2025:13:54:43 -0300] "GET /items/zegzq281/24627?key=disease HTTP/1.1" 404 - "-" "Mozilla/5.0 (Linux; Android 6.0.1; Nexus 5X Build/MMB29P) AppleWebKit/537.36 (KHTML, like Gecko) Chrome/140.0.7339.127 Mobile Safari/537.36 (compatible; Googlebot/2.1; +http://www.google.com/bot.html)"
118.99.84.42 - - [12/Sep/2025:13:59:58 -0300] "GET /wp-login.php HTTP/1.1" 404 - "-" "Mozilla/5.0 (compatible; MSIE 10.0; Windows NT 6.1; Trident/6.0)"
66.249.77.165 - - [12/Sep/2025:14:00:43 -0300] "GET /pcmypage?callback=product/review/e-naniwaya-10002127 HTTP/1.1" 404 - "-" "Mozilla/5.0 (Linux; Android 6.0.1; Nexus 5X Build/MMB29P) AppleWebKit/537.36 (KHTML, like Gecko) Chrome/140.0.7339.127 Mobile Safari/537.36 (compatible; Googlebot/2.1; +http://www.google.com/bot.html)"
31.13.127.10 - - [12/Sep/2025:14:03:14 -0300] "GET / HTTP/1.1" 200 488 "-" "meta-externalagent/1.1 (+https://developers.facebook.com/docs/sharing/webmasters/crawler)"
66.249.77.165 - - [12/Sep/2025:14:04:44 -0300] "GET /safe_search/config?return_url=%2Fproduct%2Fdetail%2Fmarion14-nfh-8v6-r3muw HTTP/1.1" 404 - "-" "Mozilla/5.0 (Linux; Android 6.0.1; Nexus 5X Build/MMB29P) AppleWebKit/537.36 (KHTML, like Gecko) Chrome/140.0.7339.127 Mobile Safari/537.36 (compatible; Googlebot/2.1; +http://www.google.com/bot.html)"
49.207.250.135 - - [12/Sep/2025:14:05:09 -0300] "POST /xmlrpc.php HTTP/1.1" 404 - "-" "Mozilla/5.0 (Macintosh; Intel Mac OS X 10_15_7; arm64) AppleWebKit/537.36 (KHTML, like Gecko) Chrome/115.0.0.0 Safari/537.36"
98.128.166.153 - - [12/Sep/2025:14:06:43 -0300] "POST /xmlrpc.php HTTP/1.1" 404 - "-" "Mozilla/5.0 (Windows NT 10.0; Win64; x64) AppleWebKit/537.36 (KHTML, like Gecko) Chrome/91.0.4472.124 Safari/537.36"
107.152.51.249 - - [12/Sep/2025:14:08:37 -0300] "GET /robots.txt HTTP/1.1" 404 - "-" "Mozilla/5.0 (Linux; Android 8.0; Pixel 2 Build/OPD3.170816.012) AppleWebKit/537.36 (KHTML, like Gecko) Chrome/58.0.5553.1419 Mobile Safari/537.36"
170.85.20.111 - - [12/Sep/2025:14:14:08 -0300] "GET / HTTP/1.1" 200 488 "https://www.google.com/" "Mozilla/5.0 (Windows NT 10.0; Win64; x64) AppleWebKit/537.36 (KHTML, like Gecko) Chrome/140.0.0.0 Safari/537.36"
170.85.20.111 - - [12/Sep/2025:14:14:08 -0300] "GET /assets/index-g8aW3Zx-.css HTTP/1.1" 200 2311 "https://vacivitta.com.br/" "Mozilla/5.0 (Windows NT 10.0; Win64; x64) AppleWebKit/537.36 (KHTML, like Gecko) Chrome/140.0.0.0 Safari/537.36"
170.85.20.111 - - [12/Sep/2025:14:14:08 -0300] "GET /assets/index-BZLUkikW.js HTTP/1.1" 200 923512 "https://vacivitta.com.br/" "Mozilla/5.0 (Windows NT 10.0; Win64; x64) AppleWebKit/537.36 (KHTML, like Gecko) Chrome/140.0.0.0 Safari/537.36"
170.85.20.111 - - [12/Sep/2025:14:14:10 -0300] "GET /logo.png HTTP/1.1" 200 25613 "https://vacivitta.com.br/" "Mozilla/5.0 (Windows NT 10.0; Win64; x64) AppleWebKit/537.36 (KHTML, like Gecko) Chrome/140.0.0.0 Safari/537.36"
170.85.20.111 - - [12/Sep/2025:14:14:10 -0300] "GET /ico.ico HTTP/1.1" 200 100526 "https://vacivitta.com.br/" "Mozilla/5.0 (Windows NT 10.0; Win64; x64) AppleWebKit/537.36 (KHTML, like Gecko) Chrome/140.0.0.0 Safari/537.36"
170.85.20.111 - - [12/Sep/2025:14:14:10 -0300] "GET /1.png HTTP/1.1" 200 1041468 "https://vacivitta.com.br/" "Mozilla/5.0 (Windows NT 10.0; Win64; x64) AppleWebKit/537.36 (KHTML, like Gecko) Chrome/140.0.0.0 Safari/537.36"
170.85.20.111 - - [12/Sep/2025:14:14:10 -0300] "GET /vaci.jpg HTTP/1.1" 200 155283 "https://vacivitta.com.br/" "Mozilla/5.0 (Windows NT 10.0; Win64; x64) AppleWebKit/537.36 (KHTML, like Gecko) Chrome/140.0.0.0 Safari/537.36"
170.85.20.111 - - [12/Sep/2025:14:14:10 -0300] "GET /3.png HTTP/1.1" 200 1055246 "https://vacivitta.com.br/" "Mozilla/5.0 (Windows NT 10.0; Win64; x64) AppleWebKit/537.36 (KHTML, like Gecko) Chrome/140.0.0.0 Safari/537.36"
170.85.20.111 - - [12/Sep/2025:14:14:11 -0300] "GET /4.png HTTP/1.1" 200 1067791 "https://vacivitta.com.br/" "Mozilla/5.0 (Windows NT 10.0; Win64; x64) AppleWebKit/537.36 (KHTML, like Gecko) Chrome/140.0.0.0 Safari/537.36"
170.85.20.111 - - [12/Sep/2025:14:14:10 -0300] "GET /2.png HTTP/1.1" 200 1052379 "https://vacivitta.com.br/" "Mozilla/5.0 (Windows NT 10.0; Win64; x64) AppleWebKit/537.36 (KHTML, like Gecko) Chrome/140.0.0.0 Safari/537.36"
170.85.20.111 - - [12/Sep/2025:14:14:11 -0300] "GET /fts1.png HTTP/1.1" 200 2704287 "https://vacivitta.com.br/" "Mozilla/5.0 (Windows NT 10.0; Win64; x64) AppleWebKit/537.36 (KHTML, like Gecko) Chrome/140.0.0.0 Safari/537.36"
170.85.20.111 - - [12/Sep/2025:14:14:10 -0300] "GET /mapa.png HTTP/1.1" 200 1787231 "https://vacivitta.com.br/" "Mozilla/5.0 (Windows NT 10.0; Win64; x64) AppleWebKit/537.36 (KHTML, like Gecko) Chrome/140.0.0.0 Safari/537.36"
170.85.20.111 - - [12/Sep/2025:14:14:10 -0300] "GET /homePage.png HTTP/1.1" 200 1495045 "https://vacivitta.com.br/" "Mozilla/5.0 (Windows NT 10.0; Win64; x64) AppleWebKit/537.36 (KHTML, like Gecko) Chrome/140.0.0.0 Safari/537.36"
170.85.20.111 - - [12/Sep/2025:14:14:12 -0300] "GET /fts3.png HTTP/1.1" 200 798280 "https://vacivitta.com.br/" "Mozilla/5.0 (Windows NT 10.0; Win64; x64) AppleWebKit/537.36 (KHTML, like Gecko) Chrome/140.0.0.0 Safari/537.36"
170.85.20.111 - - [12/Sep/2025:14:14:12 -0300] "GET /fts2.png HTTP/1.1" 200 2539592 "https://vacivitta.com.br/" "Mozilla/5.0 (Windows NT 10.0; Win64; x64) AppleWebKit/537.36 (KHTML, like Gecko) Chrome/140.0.0.0 Safari/537.36"
170.85.20.111 - - [12/Sep/2025:14:14:12 -0300] "GET /walp.png HTTP/1.1" 200 26312 "https://vacivitta.com.br/" "Mozilla/5.0 (Windows NT 10.0; Win64; x64) AppleWebKit/537.36 (KHTML, like Gecko) Chrome/140.0.0.0 Safari/537.36"
170.85.20.111 - - [12/Sep/2025:14:14:13 -0300] "GET /homePage2.png HTTP/1.1" 200 227246 "https://vacivitta.com.br/" "Mozilla/5.0 (Windows NT 10.0; Win64; x64) AppleWebKit/537.36 (KHTML, like Gecko) Chrome/140.0.0.0 Safari/537.36"
170.85.20.111 - - [12/Sep/2025:14:14:13 -0300] "GET /video.mp4 HTTP/1.1" 206 154015 "https://vacivitta.com.br/" "Mozilla/5.0 (Windows NT 10.0; Win64; x64) AppleWebKit/537.36 (KHTML, like Gecko) Chrome/140.0.0.0 Safari/537.36"
170.85.20.111 - - [12/Sep/2025:14:14:12 -0300] "GET /video.mp4 HTTP/1.1" 206 636967327 "https://vacivitta.com.br/" "Mozilla/5.0 (Windows NT 10.0; Win64; x64) AppleWebKit/537.36 (KHTML, like Gecko) Chrome/140.0.0.0 Safari/537.36"
170.85.20.111 - - [12/Sep/2025:14:14:13 -0300] "GET /video.mp4 HTTP/1.1" 206 636557424 "https://vacivitta.com.br/" "Mozilla/5.0 (Windows NT 10.0; Win64; x64) AppleWebKit/537.36 (KHTML, like Gecko) Chrome/140.0.0.0 Safari/537.36"
170.85.20.111 - - [12/Sep/2025:14:14:22 -0300] "GET /video.mp4 HTTP/1.1" 206 636077541 "https://vacivitta.com.br/" "Mozilla/5.0 (Windows NT 10.0; Win64; x64) AppleWebKit/537.36 (KHTML, like Gecko) Chrome/140.0.0.0 Safari/537.36"
66.249.77.166 - - [12/Sep/2025:14:14:46 -0300] "GET /pcmypage?callback=product/review/jiatentu2-20231119083919-00371 HTTP/1.1" 404 - "-" "Mozilla/5.0 (Linux; Android 6.0.1; Nexus 5X Build/MMB29P) AppleWebKit/537.36 (KHTML, like Gecko) Chrome/140.0.7339.127 Mobile Safari/537.36 (compatible; Googlebot/2.1; +http://www.google.com/bot.html)"
34.182.115.26 - - [12/Sep/2025:14:18:05 -0300] "HEAD /main HTTP/1.1" 404 - "http://mail.vacivitta.com.br/main" "Mozilla/5.0 (Windows NT 10.0; Win64; x64) AppleWebKit/537.36 (KHTML, like Gecko) Chrome/120.0.6099.224 Safari/537.36 OPR/106.0.0.0"
34.182.115.26 - - [12/Sep/2025:14:18:05 -0300] "HEAD /bk HTTP/1.1" 404 - "http://mail.vacivitta.com.br/bk" "Mozilla/5.0 (Windows NT 11.0; Win64; x64; rv:126.0) Gecko/20100101 Firefox/126.0"
34.182.115.26 - - [12/Sep/2025:14:18:05 -0300] "HEAD /new HTTP/1.1" 404 - "http://mail.vacivitta.com.br/new" "Mozilla/5.0 (iPhone; CPU iPhone OS 17_4 like Mac OS X) AppleWebKit/605.1.15 (KHTML, like Gecko) Version/17.4 Mobile/15E148 Safari/604.1"
34.182.115.26 - - [12/Sep/2025:14:18:06 -0300] "HEAD /wordpress HTTP/1.1" 404 - "http://mail.vacivitta.com.br/wordpress" "Mozilla/5.0 (Linux; Android 12; CPH2381) AppleWebKit/537.36 (KHTML, like Gecko) Chrome/119.0.6045.163 Mobile Safari/537.36 OPR/76.3.4027.73374"
34.182.115.26 - - [12/Sep/2025:14:18:06 -0300] "HEAD /backup HTTP/1.1" 404 - "http://mail.vacivitta.com.br/backup" "Mozilla/5.0 (X11; Linux x86_64) AppleWebKit/537.36 (KHTML, like Gecko) Chrome/121.0.6167.85 Safari/537.36"
34.182.115.26 - - [12/Sep/2025:14:18:06 -0300] "HEAD /wp HTTP/1.1" 404 - "http://mail.vacivitta.com.br/wp" "Mozilla/5.0 (Macintosh; Intel Mac OS X 14_4) AppleWebKit/605.1.15 (KHTML, like Gecko) Version/17.4 Safari/605.1.15"
34.182.115.26 - - [12/Sep/2025:14:18:06 -0300] "HEAD /bc HTTP/1.1" 404 - "http://mail.vacivitta.com.br/bc" "Mozilla/5.0 (Macintosh; Intel Mac OS X 14_4) AppleWebKit/605.1.15 (KHTML, like Gecko) Version/17.4 Safari/605.1.15"
34.182.115.26 - - [12/Sep/2025:14:18:06 -0300] "HEAD / HTTP/1.1" 200 - "http://mail.vacivitta.com.br/" "Mozilla/5.0 (X11; Ubuntu; Linux x86_64; rv:124.0) Gecko/20100101 Firefox/124.0"
34.182.115.26 - - [12/Sep/2025:14:18:06 -0300] "HEAD /old HTTP/1.1" 404 - "http://mail.vacivitta.com.br/old" "Mozilla/5.0 (Macintosh; Intel Mac OS X 13_6) AppleWebKit/537.36 (KHTML, like Gecko) Chrome/122.0.6280.88 Safari/537.36"
34.182.115.26 - - [12/Sep/2025:14:18:06 -0300] "HEAD /home HTTP/1.1" 404 - "http://mail.vacivitta.com.br/home" "Mozilla/5.0 (Macintosh; Intel Mac OS X 14_2) AppleWebKit/537.36 (KHTML, like Gecko) Chrome/121.0.6167.86 Safari/537.36 Brave/1.62.162"
20.40.252.170 - - [12/Sep/2025:14:20:25 -0300] "GET /wp-admin/css/ HTTP/1.1" 404 - "binance.com" "Mozilla/5.0 (Windows NT 10.0; Win64; x64) AppleWebKit/537.36 (KHTML, like Gecko) Chrome/90.0.4430.85 Safari/537.36"
147.93.157.164 - - [12/Sep/2025:14:20:28 -0300] "HEAD /_ignition/execute-solution HTTP/1.1" 200 - "-" "python-requests/2.32.4"
147.93.157.164 - - [12/Sep/2025:14:20:29 -0300] "POST /_ignition/execute-solution HTTP/1.1" 200 12471 "-" "python-requests/2.32.4"
147.93.157.164 - - [12/Sep/2025:14:20:30 -0300] "POST /_ignition/execute-solution HTTP/1.1" 200 12482 "-" "python-requests/2.32.4"
20.40.252.170 - - [12/Sep/2025:14:20:40 -0300] "GET /.well-known/ HTTP/1.1" 200 795 "binance.com" "Mozilla/5.0 (Windows NT 10.0; Win64; x64) AppleWebKit/537.36 (KHTML, like Gecko) Chrome/90.0.4430.85 Safari/537.36"
20.40.252.170 - - [12/Sep/2025:14:20:51 -0300] "GET /sites/default/files/ HTTP/1.1" 404 - "binance.com" "Mozilla/5.0 (Windows NT 10.0; Win64; x64) AppleWebKit/537.36 (KHTML, like Gecko) Chrome/90.0.4430.85 Safari/537.36"
20.40.252.170 - - [12/Sep/2025:14:21:03 -0300] "GET /admin/controller/extension/extension/ HTTP/1.1" 404 - "binance.com" "Mozilla/5.0 (Windows NT 10.0; Win64; x64) AppleWebKit/537.36 (KHTML, like Gecko) Chrome/90.0.4430.85 Safari/537.36"
20.40.252.170 - - [12/Sep/2025:14:21:35 -0300] "GET /uploads/ HTTP/1.1" 404 - "binance.com" "Mozilla/5.0 (Windows NT 10.0; Win64; x64) AppleWebKit/537.36 (KHTML, like Gecko) Chrome/90.0.4430.85 Safari/537.36"
20.40.252.170 - - [12/Sep/2025:14:21:47 -0300] "GET /images/ HTTP/1.1" 404 - "binance.com" "Mozilla/5.0 (Windows NT 10.0; Win64; x64) AppleWebKit/537.36 (KHTML, like Gecko) Chrome/90.0.4430.85 Safari/537.36"
20.40.252.170 - - [12/Sep/2025:14:21:58 -0300] "GET /files/ HTTP/1.1" 404 - "binance.com" "Mozilla/5.0 (Windows NT 10.0; Win64; x64) AppleWebKit/537.36 (KHTML, like Gecko) Chrome/90.0.4430.85 Safari/537.36"
118.99.84.42 - - [12/Sep/2025:14:27:03 -0300] "GET /wp-login.php HTTP/1.1" 404 - "-" "Mozilla/5.0 (Macintosh; Intel Mac OS X 10.15; rv:79.0) Gecko/20100101 Firefox/79.0"
187.57.13.216 - - [12/Sep/2025:14:29:15 -0300] "GET / HTTP/1.1" 200 488 "-" "Mozilla/5.0 (Windows NT 10.0; Win64; x64) AppleWebKit/537.36 (KHTML, like Gecko) Chrome/140.0.0.0 Safari/537.36"
187.57.13.216 - - [12/Sep/2025:14:29:15 -0300] "GET /assets/index-g8aW3Zx-.css HTTP/1.1" 200 2311 "https://vacivitta.com.br/" "Mozilla/5.0 (Windows NT 10.0; Win64; x64) AppleWebKit/537.36 (KHTML, like Gecko) Chrome/140.0.0.0 Safari/537.36"
187.57.13.216 - - [12/Sep/2025:14:29:15 -0300] "GET /assets/index-BZLUkikW.js HTTP/1.1" 200 923512 "https://vacivitta.com.br/" "Mozilla/5.0 (Windows NT 10.0; Win64; x64) AppleWebKit/537.36 (KHTML, like Gecko) Chrome/140.0.0.0 Safari/537.36"
187.57.13.216 - - [12/Sep/2025:14:29:16 -0300] "GET /logo.png HTTP/1.1" 200 25613 "https://vacivitta.com.br/" "Mozilla/5.0 (Windows NT 10.0; Win64; x64) AppleWebKit/537.36 (KHTML, like Gecko) Chrome/140.0.0.0 Safari/537.36"
187.57.13.216 - - [12/Sep/2025:14:29:16 -0300] "GET /vaci.jpg HTTP/1.1" 200 155283 "https://vacivitta.com.br/" "Mozilla/5.0 (Windows NT 10.0; Win64; x64) AppleWebKit/537.36 (KHTML, like Gecko) Chrome/140.0.0.0 Safari/537.36"
