17.22.253.176 - - [12/Sep/2025:21:20:26 -0300] "GET /assets/index-g8aW3Zx-.css HTTP/1.1" 200 2311 "https://vacivitta.com.br/?page_id=7676" "Mozilla/5.0 (Macintosh; Intel Mac OS X 10_15_7) AppleWebKit/605.1.15 (KHTML, like Gecko) Version/17.4 Safari/605.1.15 (Applebot/0.1; +http://www.apple.com/go/applebot)"
134.17.14.34 - - [12/Sep/2025:21:23:45 -0300] "GET /file.php HTTP/1.1" 404 - "-" "Mozilla/4.0 (compatible; MSIE 6.0; Windows NT 5.1; SV1)"
66.249.77.166 - - [12/Sep/2025:21:29:45 -0300] "GET /?_ga=2.193929543.1954859000.1729550949-963870751.1699386649&_bdsid=47u8bn.n~DOXON.1743916948286.1788022705&_bd_prev_page=https://vacivitta.com.br/collect.asp?products/113wm13992 HTTP/1.1" 304 - "-" "Mozilla/5.0 (Linux; Android 6.0.1; Nexus 5X Build/MMB29P) AppleWebKit/537.36 (KHTML, like Gecko) Chrome/140.0.7339.127 Mobile Safari/537.36 (compatible; Googlebot/2.1; +http://www.google.com/bot.html)"
66.249.77.167 - - [12/Sep/2025:21:38:37 -0300] "GET /video.mp4 HTTP/1.1" 200 636967327 "-" "Googlebot-Video/1.0"
66.249.77.165 - - [12/Sep/2025:21:38:38 -0300] "GET /wp-content/uploads/sites/2/2023/09/AnyConv.com__logo_vacivitta_horizontal__1_-removebg-preview.webp HTTP/1.1" 404 - "-" "Googlebot-Image/1.0"
208.110.64.178 - - [12/Sep/2025:21:40:05 -0300] "GET /wp-content/edit.php HTTP/1.1" 404 - "https://vacivitta.com.br/wp-content/edit.php" "Mozilla/5.0 (Windows NT 10.0; Win64; x64) AppleWebKit/537.36 (KHTML, like Gecko) Chrome/58.0.3029.110 Safari/537.3"
52.167.144.199 - - [12/Sep/2025:21:41:41 -0300] "GET /2021/11/25/tetano-como-prevenir-essa-doenca/ HTTP/1.1" 404 - "-" "Mozilla/5.0 AppleWebKit/537.36 (KHTML, like Gecko; compatible; bingbot/2.0; +http://www.bing.com/bingbot.htm) Chrome/116.0.1938.76 Safari/537.36"
156.228.0.209 - - [12/Sep/2025:21:48:11 -0300] "GET /wp-login.php HTTP/1.1" 404 - "-" "Mozilla/5.0 (Windows NT 10.0; Win64; x64) AppleWebKit/537.36 (KHTML, like Gecko) Chrome/115.0.0.0 Safari/537.36 Edg/115.0.1901.203"
66.249.77.166 - - [12/Sep/2025:21:50:43 -0300] "GET /mapa.png HTTP/1.1" 304 - "-" "Googlebot-Image/1.0"
66.249.77.166 - - [12/Sep/2025:21:51:44 -0300] "GET /fts2.png HTTP/1.1" 304 - "-" "Googlebot-Image/1.0"
66.249.77.166 - - [12/Sep/2025:21:52:44 -0300] "GET /2.png HTTP/1.1" 304 - "-" "Googlebot-Image/1.0"
66.249.77.166 - - [12/Sep/2025:21:52:50 -0300] "GET /items/vtyhh51/24141?key=chunk HTTP/1.1" 404 - "-" "Mozilla/5.0 (Linux; Android 6.0.1; Nexus 5X Build/MMB29P) AppleWebKit/537.36 (KHTML, like Gecko) Chrome/140.0.7339.127 Mobile Safari/537.36 (compatible; Googlebot/2.1; +http://www.google.com/bot.html)"
66.249.77.166 - - [12/Sep/2025:21:53:45 -0300] "GET /ico.ico HTTP/1.1" 304 - "-" "Googlebot-Image/1.0"
182.43.31.128 - - [12/Sep/2025:21:54:18 -0300] "GET /wp-login.php HTTP/1.1" 404 - "-" "Apache-HttpClient/4.5.2 (Java/1.8.0_151)"
182.43.31.128 - - [12/Sep/2025:21:54:19 -0300] "GET /?author=1 HTTP/1.1" 200 488 "-" "Apache-HttpClient/4.5.2 (Java/1.8.0_151)"
182.43.31.128 - - [12/Sep/2025:21:54:19 -0300] "GET /?author=2 HTTP/1.1" 200 488 "-" "Apache-HttpClient/4.5.2 (Java/1.8.0_151)"
182.43.31.128 - - [12/Sep/2025:21:54:21 -0300] "GET /?author=3 HTTP/1.1" 200 488 "-" "Apache-HttpClient/4.5.2 (Java/1.8.0_151)"
182.43.31.128 - - [12/Sep/2025:21:54:24 -0300] "GET /?author=4 HTTP/1.1" 200 488 "-" "Apache-HttpClient/4.5.2 (Java/1.8.0_151)"
182.43.31.128 - - [12/Sep/2025:21:54:29 -0300] "GET /?author=5 HTTP/1.1" 200 488 "-" "Apache-HttpClient/4.5.2 (Java/1.8.0_151)"
182.43.31.128 - - [12/Sep/2025:21:54:30 -0300] "GET /?author=6 HTTP/1.1" 200 488 "-" "Apache-HttpClient/4.5.2 (Java/1.8.0_151)"
182.43.31.128 - - [12/Sep/2025:21:54:30 -0300] "GET /?author=7 HTTP/1.1" 200 488 "-" "Apache-HttpClient/4.5.2 (Java/1.8.0_151)"
182.43.31.128 - - [12/Sep/2025:21:54:31 -0300] "GET /?author=8 HTTP/1.1" 200 488 "-" "Apache-HttpClient/4.5.2 (Java/1.8.0_151)"
182.43.31.128 - - [12/Sep/2025:21:54:32 -0300] "GET /?author=9 HTTP/1.1" 200 488 "-" "Apache-HttpClient/4.5.2 (Java/1.8.0_151)"
182.43.31.128 - - [12/Sep/2025:21:54:32 -0300] "GET /?author=10 HTTP/1.1" 200 488 "-" "Apache-HttpClient/4.5.2 (Java/1.8.0_151)"
182.43.31.128 - - [12/Sep/2025:21:54:34 -0300] "GET /?author=11 HTTP/1.1" 200 488 "-" "Apache-HttpClient/4.5.2 (Java/1.8.0_151)"
182.43.31.128 - - [12/Sep/2025:21:54:34 -0300] "GET /?author=12 HTTP/1.1" 200 488 "-" "Apache-HttpClient/4.5.2 (Java/1.8.0_151)"
182.43.31.128 - - [12/Sep/2025:21:54:34 -0300] "GET /?author=13 HTTP/1.1" 200 488 "-" "Apache-HttpClient/4.5.2 (Java/1.8.0_151)"
182.43.31.128 - - [12/Sep/2025:21:54:35 -0300] "GET /?author=14 HTTP/1.1" 200 488 "-" "Apache-HttpClient/4.5.2 (Java/1.8.0_151)"
182.43.31.128 - - [12/Sep/2025:21:54:36 -0300] "GET /?author=15 HTTP/1.1" 200 488 "-" "Apache-HttpClient/4.5.2 (Java/1.8.0_151)"
182.43.31.128 - - [12/Sep/2025:21:54:36 -0300] "GET /?author=16 HTTP/1.1" 200 488 "-" "Apache-HttpClient/4.5.2 (Java/1.8.0_151)"
182.43.31.128 - - [12/Sep/2025:21:54:38 -0300] "GET /?author=17 HTTP/1.1" 200 488 "-" "Apache-HttpClient/4.5.2 (Java/1.8.0_151)"
182.43.31.128 - - [12/Sep/2025:21:54:38 -0300] "GET /?author=18 HTTP/1.1" 200 488 "-" "Apache-HttpClient/4.5.2 (Java/1.8.0_151)"
182.43.31.128 - - [12/Sep/2025:21:54:39 -0300] "GET /?author=19 HTTP/1.1" 200 488 "-" "Apache-HttpClient/4.5.2 (Java/1.8.0_151)"
182.43.31.128 - - [12/Sep/2025:21:54:40 -0300] "GET /?author=20 HTTP/1.1" 200 488 "-" "Apache-HttpClient/4.5.2 (Java/1.8.0_151)"
138.246.253.24 - - [12/Sep/2025:22:00:24 -0300] "GET /robots.txt HTTP/1.1" 200 26 "-" "Mozilla/5.0 (Windows NT 10.0; Win64; x64) AppleWebKit/537.36 (KHTML, like Gecko) Chrome/103.0.5060.134 Safari/537.36"
104.28.94.186 - - [12/Sep/2025:22:00:49 -0300] "GET / HTTP/1.1" 200 488 "-" "Mozilla/5.0 (Macintosh; Intel Mac OS X 10_11_1) AppleWebKit/601.2.4 (KHTML, like Gecko) Version/9.0.1 Safari/601.2.4 facebookexternalhit/1.1 Facebot Twitterbot/1.0"
207.46.13.231 - - [12/Sep/2025:22:01:26 -0300] "GET /robots.txt HTTP/1.1" 200 26 "-" "Mozilla/5.0 AppleWebKit/537.36 (KHTML, like Gecko; compatible; bingbot/2.0; +http://www.bing.com/bingbot.htm) Chrome/116.0.1938.76 Safari/537.36"
208.110.64.178 - - [12/Sep/2025:22:03:33 -0300] "GET /wp-content/edit.php HTTP/1.1" 404 - "https://vacivitta.com.br/wp-content/edit.php" "Mozilla/5.0 (Windows NT 10.0; Win64; x64) AppleWebKit/537.36 (KHTML, like Gecko) Chrome/58.0.3029.110 Safari/537.3"
110.249.201.182 - - [12/Sep/2025:22:09:10 -0300] "GET /robots.txt HTTP/1.1" 404 - "-" "Mozilla/5.0 (Linux; Android 5.0) AppleWebKit/537.36 (KHTML, like Gecko) Mobile Safari/537.36 (compatible; Bytespider; https://zhanzhang.toutiao.com/)"
69.171.249.114 - - [12/Sep/2025:22:09:30 -0300] "GET /robots.txt HTTP/1.1" 404 - "-" "facebookexternalhit/1.1 (+http://www.facebook.com/externalhit_uatext.php)"
66.249.77.166 - - [12/Sep/2025:22:17:40 -0300] "GET /items/ikdyk61/1199?key=class HTTP/1.1" 404 - "-" "Mozilla/5.0 (Linux; Android 6.0.1; Nexus 5X Build/MMB29P) AppleWebKit/537.36 (KHTML, like Gecko) Chrome/140.0.7339.127 Mobile Safari/537.36 (compatible; Googlebot/2.1; +http://www.google.com/bot.html)"
208.110.64.178 - - [12/Sep/2025:22:19:19 -0300] "GET /wp-content/edit.php HTTP/1.1" 404 - "https://vacivitta.com.br/wp-content/edit.php" "Mozilla/5.0 (Windows NT 10.0; Win64; x64) AppleWebKit/537.36 (KHTML, like Gecko) Chrome/58.0.3029.110 Safari/537.3"
66.249.77.166 - - [12/Sep/2025:22:24:38 -0300] "GET /pcmypage?callback=product/review/diet-jy1161966 HTTP/1.1" 404 - "-" "Mozilla/5.0 (Linux; Android 6.0.1; Nexus 5X Build/MMB29P) AppleWebKit/537.36 (KHTML, like Gecko) Chrome/140.0.7339.127 Mobile Safari/537.36 (compatible; Googlebot/2.1; +http://www.google.com/bot.html)"
66.249.77.167 - - [12/Sep/2025:22:24:38 -0300] "GET /items/zfoqt241/21129?key=unlike HTTP/1.1" 404 - "-" "Mozilla/5.0 (Linux; Android 6.0.1; Nexus 5X Build/MMB29P) AppleWebKit/537.36 (KHTML, like Gecko) Chrome/140.0.7339.127 Mobile Safari/537.36 (compatible; Googlebot/2.1; +http://www.google.com/bot.html)"
45.201.98.177 - - [12/Sep/2025:22:27:00 -0300] "GET /dois-vizinhos/ HTTP/1.1" 404 - "-" "Mozilla/5.0 (Linux; Android 5.0; SM-G900P Build/LRX21T) AppleWebKit/537.36 (KHTML, like Gecko) Chrome/50.0.9225.1676 Mobile Safari/537.36"
114.119.150.32 - - [12/Sep/2025:22:30:05 -0300] "GET /contato/perguntas-e-respostas%0A HTTP/1.1" 404 - "-" "Mozilla/5.0 (Linux; Android 7.0;) AppleWebKit/537.36 (KHTML, like Gecko) Mobile Safari/537.36 (compatible; PetalBot;+https://webmaster.petalsearch.com/site/petalbot)"
66.249.77.165 - - [12/Sep/2025:22:37:39 -0300] "GET /pcmypage?callback=/product%2Fdetail%2ippuukishi-ik-00-0550677 HTTP/1.1" 404 - "-" "Mozilla/5.0 (Linux; Android 6.0.1; Nexus 5X Build/MMB29P) AppleWebKit/537.36 (KHTML, like Gecko) Chrome/140.0.7339.127 Mobile Safari/537.36 (compatible; Googlebot/2.1; +http://www.google.com/bot.html)"
196.251.83.31 - - [12/Sep/2025:22:47:48 -0300] "GET /emergency.php HTTP/1.1" 404 - "https://www.reddit.com/" "Mozilla/5.0 (Macintosh; Intel Mac OS X 11_7_2) AppleWebKit/605.1.15 (KHTML, like Gecko) Version/17.1 Safari/605.1.15"
204.12.252.98 - - [12/Sep/2025:22:48:34 -0300] "GET /wp-content/edit.php HTTP/1.1" 404 - "https://vacivitta.com.br/wp-content/edit.php" "Mozilla/5.0 (Windows NT 10.0; Win64; x64) AppleWebKit/537.36 (KHTML, like Gecko) Chrome/58.0.3029.110 Safari/537.3"
14.116.251.29 - - [12/Sep/2025:22:52:40 -0300] "GET /wp-login.php HTTP/1.1" 404 - "-" "Apache-HttpClient/4.5.2 (Java/1.8.0_161)"
4.227.36.125 - - [12/Sep/2025:22:53:08 -0300] "GET /robots.txt HTTP/1.1" 404 - "http://www.vacivitta.com.br/robots.txt" "Mozilla/5.0 AppleWebKit/537.36 (KHTML, like Gecko; compatible; GPTBot/1.2; +https://openai.com/gptbot)"
14.116.251.29 - - [12/Sep/2025:22:55:42 -0300] "GET /?author=9 HTTP/1.1" 200 488 "-" "Apache-HttpClient/4.5.2 (Java/1.8.0_161)"
14.116.251.29 - - [12/Sep/2025:22:55:42 -0300] "GET /?author=10 HTTP/1.1" 200 488 "-" "Apache-HttpClient/4.5.2 (Java/1.8.0_161)"
14.116.251.29 - - [12/Sep/2025:22:55:43 -0300] "GET /?author=11 HTTP/1.1" 200 488 "-" "Apache-HttpClient/4.5.2 (Java/1.8.0_161)"
14.116.251.29 - - [12/Sep/2025:22:55:43 -0300] "GET /?author=12 HTTP/1.1" 200 488 "-" "Apache-HttpClient/4.5.2 (Java/1.8.0_161)"
14.116.251.29 - - [12/Sep/2025:22:55:44 -0300] "GET /?author=13 HTTP/1.1" 200 488 "-" "Apache-HttpClient/4.5.2 (Java/1.8.0_161)"
14.116.251.29 - - [12/Sep/2025:22:55:44 -0300] "GET /?author=14 HTTP/1.1" 200 488 "-" "Apache-HttpClient/4.5.2 (Java/1.8.0_161)"
14.116.251.29 - - [12/Sep/2025:22:55:45 -0300] "GET /?author=15 HTTP/1.1" 200 488 "-" "Apache-HttpClient/4.5.2 (Java/1.8.0_161)"
14.116.251.29 - - [12/Sep/2025:22:55:47 -0300] "GET /?author=16 HTTP/1.1" 200 488 "-" "Apache-HttpClient/4.5.2 (Java/1.8.0_161)"
14.116.251.29 - - [12/Sep/2025:22:55:47 -0300] "GET /?author=17 HTTP/1.1" 200 488 "-" "Apache-HttpClient/4.5.2 (Java/1.8.0_161)"
14.116.251.29 - - [12/Sep/2025:22:55:47 -0300] "GET /?author=18 HTTP/1.1" 200 488 "-" "Apache-HttpClient/4.5.2 (Java/1.8.0_161)"
14.116.251.29 - - [12/Sep/2025:22:55:48 -0300] "GET /?author=19 HTTP/1.1" 200 488 "-" "Apache-HttpClient/4.5.2 (Java/1.8.0_161)"
14.116.251.29 - - [12/Sep/2025:22:55:49 -0300] "GET /?author=20 HTTP/1.1" 200 488 "-" "Apache-HttpClient/4.5.2 (Java/1.8.0_161)"
66.249.77.166 - - [12/Sep/2025:22:59:59 -0300] "GET / HTTP/1.1" 200 488 "-" "Mozilla/5.0 (Linux; Android 6.0.1; Nexus 5X Build/MMB29P) AppleWebKit/537.36 (KHTML, like Gecko) Chrome/99.0.4844.84 Mobile Safari/537.36 (compatible; Googlebot/2.1; +http://www.google.com/bot.html)"
66.249.77.166 - - [12/Sep/2025:22:59:59 -0300] "GET / HTTP/1.1" 200 488 "-" "Mozilla/5.0 (compatible; Googlebot/2.1; +http://www.google.com/bot.html)"
66.249.77.165 - - [12/Sep/2025:23:00:00 -0300] "GET /favicon.ico HTTP/1.1" 404 - "-" "Googlebot-Image/1.0"
66.249.77.166 - - [12/Sep/2025:23:00:00 -0300] "GET /favicon.ico HTTP/1.1" 404 - "-" "Googlebot-Image/1.0"
3.236.157.71 - - [12/Sep/2025:23:02:26 -0300] "GET / HTTP/1.1" 200 488 "https://vacivitta.com.br" "Mozilla/5.0 (Windows NT 10.0; Win64; x64) AppleWebKit/537.36 (KHTML, like Gecko) Chrome/94.0.4606.61 Safari/537.36"
66.249.77.166 - - [12/Sep/2025:23:03:45 -0300] "GET /?_ga=2.193929543.1954859000.1729550949-963870751.1699386649&_bdsid=47u8bn.n~DOXON.1743916948286.1788022705&_bd_prev_page=https://vacivitta.com.br/collect.asp?items/zwvwe12/5162?key=complex HTTP/1.1" 200 488 "-" "Mozilla/5.0 (Linux; Android 6.0.1; Nexus 5X Build/MMB29P) AppleWebKit/537.36 (KHTML, like Gecko) Chrome/140.0.7339.127 Mobile Safari/537.36 (compatible; Googlebot/2.1; +http://www.google.com/bot.html)"
57.141.0.17 - - [12/Sep/2025:23:10:09 -0300] "GET /2017/08/28/29-de-agosto-dia-nacional-de-combate-ao-fumo/ HTTP/1.1" 404 - "-" "meta-externalagent/1.1 (+https://developers.facebook.com/docs/sharing/webmasters/crawler)"
74.125.213.4 - - [12/Sep/2025:23:10:44 -0300] "GET /.well-known/traffic-advice HTTP/1.1" 404 - "-" "Chrome Privacy Preserving Prefetch Proxy"
72.14.201.241 - - [12/Sep/2025:23:10:45 -0300] "GET / HTTP/1.1" 200 488 "-" "Mozilla/5.0 (Linux; Android 10; K) AppleWebKit/537.36 (KHTML, like Gecko) Chrome/140.0.0.0 Mobile Safari/537.36"
193.186.4.200 - - [12/Sep/2025:23:19:49 -0300] "GET / HTTP/1.1" 200 488 "-" "Mozilla/5.0 (Linux; Android 10; K) AppleWebKit/537.36 (KHTML, like Gecko) Chrome/140.0.0.0 Mobile Safari/537.36"
204.12.252.98 - - [12/Sep/2025:23:26:24 -0300] "GET /wp-content/edit.php HTTP/1.1" 404 - "https://vacivitta.com.br/wp-content/edit.php" "Mozilla/5.0 (Windows NT 10.0; Win64; x64) AppleWebKit/537.36 (KHTML, like Gecko) Chrome/58.0.3029.110 Safari/537.3"
45.157.54.21 - - [12/Sep/2025:23:30:44 -0300] "POST /xmlrpc.php HTTP/1.1" 404 - "-" "Mozilla/5.0 (Windows NT 10.0; Win64; x64) AppleWebKit/537.36 (KHTML, like Gecko) Chrome/127.0.0.0 Safari/537.36"
45.157.54.21 - - [12/Sep/2025:23:30:44 -0300] "POST /xmlrpc.php HTTP/1.1" 404 - "-" "Mozilla/5.0 (Windows NT 10.0; Win64; x64) AppleWebKit/537.36 (KHTML, like Gecko) Chrome/127.0.0.0 Safari/537.36"
23.180.120.243 - - [12/Sep/2025:23:34:49 -0300] "GET /assets/index-BZLUkikW.js HTTP/1.1" 200 923512 "-" "Mozilla/5.0 (Macintosh; Intel Mac OS X 10_15_7) AppleWebKit/537.36 Chrome/120.0.0.0"
45.134.225.250 - - [12/Sep/2025:23:44:55 -0300] "GET /wp-login.php HTTP/1.1" 404 - "-" "Mozilla/5.0 (compatible; MSIE 9.0; Windows NT 6.1; Trident/5.0)"
45.134.225.250 - - [12/Sep/2025:23:44:55 -0300] "GET /safe_search/wp-login.php HTTP/1.1" 404 - "-" "Mozilla/5.0 (compatible; MSIE 9.0; Windows NT 6.1; Trident/5.0)"
37.27.59.134 - - [12/Sep/2025:23:44:56 -0300] "GET /robots.txt HTTP/1.1" 404 - "-" "Mozilla/5.0 (compatible; BLEXBot/1.0; +https://help.seranking.com/en/blex-crawler)"
37.27.59.134 - - [12/Sep/2025:23:44:57 -0300] "GET /robots.txt HTTP/1.1" 404 - "-" "Mozilla/5.0 (compatible; BLEXBot/1.0; +https://help.seranking.com/en/blex-crawler)"
37.27.59.134 - - [12/Sep/2025:23:44:58 -0300] "GET /robots.txt HTTP/1.1" 404 - "-" "Mozilla/5.0 (compatible; BLEXBot/1.0; +https://help.seranking.com/en/blex-crawler)"
37.27.59.134 - - [12/Sep/2025:23:45:10 -0300] "GET /robots.txt HTTP/1.1" 404 - "-" "Mozilla/5.0 (compatible; BLEXBot/1.0; +https://help.seranking.com/en/blex-crawler)"
37.27.59.134 - - [12/Sep/2025:23:45:11 -0300] "GET /robots.txt HTTP/1.1" 404 - "-" "Mozilla/5.0 (compatible; BLEXBot/1.0; +https://help.seranking.com/en/blex-crawler)"
37.27.59.134 - - [12/Sep/2025:23:45:11 -0300] "GET /robots.txt HTTP/1.1" 404 - "-" "Mozilla/5.0 (compatible; BLEXBot/1.0; +https://help.seranking.com/en/blex-crawler)"
66.249.77.166 - - [12/Sep/2025:23:49:40 -0300] "GET /items/ugtrg57/18841?key=suspend HTTP/1.1" 404 - "-" "Mozilla/5.0 (Linux; Android 6.0.1; Nexus 5X Build/MMB29P) AppleWebKit/537.36 (KHTML, like Gecko) Chrome/140.0.7339.127 Mobile Safari/537.36 (compatible; Googlebot/2.1; +http://www.google.com/bot.html)"
114.96.103.33 - - [12/Sep/2025:23:53:38 -0300] "GET / HTTP/1.1" 200 488 "http://www.vacivitta.com.br" "Mozilla/5.0 (iPhone; CPU iPhone OS 13_2_3 like Mac OS X) AppleWebKit/605.1.15 (KHTML, like Gecko) Version/13.0.3 Mobile/15E148 Safari/604.1"
66.249.77.167 - - [12/Sep/2025:23:55:41 -0300] "GET /product/edit/diy-tool-s261-193775 HTTP/1.1" 404 - "-" "Mozilla/5.0 (Linux; Android 6.0.1; Nexus 5X Build/MMB29P) AppleWebKit/537.36 (KHTML, like Gecko) Chrome/140.0.7339.127 Mobile Safari/537.36 (compatible; Googlebot/2.1; +http://www.google.com/bot.html)"
208.110.64.178 - - [13/Sep/2025:00:05:56 -0300] "GET /wp-content/edit.php HTTP/1.1" 404 - "https://vacivitta.com.br/wp-content/edit.php" "Mozilla/5.0 (Windows NT 10.0; Win64; x64) AppleWebKit/537.36 (KHTML, like Gecko) Chrome/58.0.3029.110 Safari/537.3"
66.249.77.166 - - [13/Sep/2025:00:07:42 -0300] "GET /?_ga=2.193929543.1954859000.1729550949-963870751.1699386649&_bdsid=47u8bn.n~DOXON.1743916948286.1788022705&_bd_prev_page=https://vacivitta.com.br/collect.asp?items/atsou55/31071?key=ironically HTTP/1.1" 200 488 "-" "Mozilla/5.0 (Linux; Android 6.0.1; Nexus 5X Build/MMB29P) AppleWebKit/537.36 (KHTML, like Gecko) Chrome/140.0.7339.127 Mobile Safari/537.36 (compatible; Googlebot/2.1; +http://www.google.com/bot.html)"
40.84.221.234 - - [13/Sep/2025:00:08:37 -0300] "GET / HTTP/1.1" 200 488 "-" "Mozilla/5.0 AppleWebKit/537.36 (KHTML, like Gecko); compatible; ChatGPT-User/1.0; +https://openai.com/bot"
66.249.77.165 - - [13/Sep/2025:00:12:43 -0300] "GET /items/ewuqq19/785?key=rock HTTP/1.1" 404 - "-" "Mozilla/5.0 (Linux; Android 6.0.1; Nexus 5X Build/MMB29P) AppleWebKit/537.36 (KHTML, like Gecko) Chrome/140.0.7339.127 Mobile Safari/537.36 (compatible; Googlebot/2.1; +http://www.google.com/bot.html)"
66.249.77.166 - - [13/Sep/2025:00:16:43 -0300] "GET /santos/ HTTP/1.1" 404 - "-" "Mozilla/5.0 (Linux; Android 6.0.1; Nexus 5X Build/MMB29P) AppleWebKit/537.36 (KHTML, like Gecko) Chrome/140.0.7339.127 Mobile Safari/537.36 (compatible; Googlebot/2.1; +http://www.google.com/bot.html)"
66.249.77.166 - - [13/Sep/2025:00:20:28 -0300] "GET /wp-content/uploads/2018/03/passo-1-234x300.jpg HTTP/1.1" 404 - "-" "Googlebot-Image/1.0"
23.82.104.114 - - [13/Sep/2025:00:29:27 -0300] "GET /contato/ HTTP/1.1" 404 - "http://vacivitta.com.br/contato/" "Mozilla/5.0 (X11; Fedora; Linux x86_64; rv:114.0) Gecko/20100101 Firefox/114.0"
23.82.104.114 - - [13/Sep/2025:00:29:27 -0300] "GET / HTTP/1.1" 200 488 "-" "Mozilla/5.0 (X11; Fedora; Linux x86_64; rv:114.0) Gecko/20100101 Firefox/114.0"
17.241.219.112 - - [13/Sep/2025:00:34:31 -0300] "GET / HTTP/1.1" 200 488 "-" "Mozilla/5.0 (Macintosh; Intel Mac OS X 10_15_7) AppleWebKit/605.1.15 (KHTML, like Gecko) Version/17.4 Safari/605.1.15 (Applebot/0.1; +http://www.apple.com/go/applebot)"
17.22.237.106 - - [13/Sep/2025:00:37:35 -0300] "GET /robots.txt HTTP/1.1" 404 - "-" "Mozilla/5.0 (Macintosh; Intel Mac OS X 10_15_7) AppleWebKit/605.1.15 (KHTML, like Gecko) Version/17.4 Safari/605.1.15 (Applebot/0.1; +http://www.apple.com/go/applebot)"
17.22.237.106 - - [13/Sep/2025:00:37:36 -0300] "GET /assets/index-g8aW3Zx-.css HTTP/1.1" 200 2311 "https://www.vacivitta.com.br/" "Mozilla/5.0 (Macintosh; Intel Mac OS X 10_15_7) AppleWebKit/605.1.15 (KHTML, like Gecko) Version/17.4 Safari/605.1.15 (Applebot/0.1; +http://www.apple.com/go/applebot)"
17.22.245.150 - - [13/Sep/2025:00:37:36 -0300] "GET /robots.txt HTTP/1.1" 404 - "-" "Mozilla/5.0 (Macintosh; Intel Mac OS X 10_15_7) AppleWebKit/605.1.15 (KHTML, like Gecko) Version/17.4 Safari/605.1.15 (Applebot/0.1; +http://www.apple.com/go/applebot)"
17.22.245.150 - - [13/Sep/2025:00:37:36 -0300] "GET /assets/index-BZLUkikW.js HTTP/1.1" 200 923512 "https://www.vacivitta.com.br/" "Mozilla/5.0 (Macintosh; Intel Mac OS X 10_15_7) AppleWebKit/605.1.15 (KHTML, like Gecko) Version/17.4 Safari/605.1.15 (Applebot/0.1; +http://www.apple.com/go/applebot)"
208.110.64.178 - - [13/Sep/2025:00:44:30 -0300] "GET /wp-content/edit.php HTTP/1.1" 404 - "https://vacivitta.com.br/wp-content/edit.php" "Mozilla/5.0 (Windows NT 10.0; Win64; x64) AppleWebKit/537.36 (KHTML, like Gecko) Chrome/58.0.3029.110 Safari/537.3"
66.249.77.166 - - [13/Sep/2025:00:53:57 -0300] "GET / HTTP/1.1" 304 - "-" "Mozilla/5.0 (compatible; Googlebot/2.1; +http://www.google.com/bot.html)"
66.249.77.165 - - [13/Sep/2025:00:54:02 -0300] "GET /video.mp4 HTTP/1.1" 206 636967327 "https://vacivitta.com.br/" "Mozilla/5.0 AppleWebKit/537.36 (KHTML, like Gecko; compatible; Googlebot/2.1; +http://www.google.com/bot.html) Chrome/139.0.7258.127 Safari/537.36"
66.249.77.165 - - [13/Sep/2025:00:54:02 -0300] "GET /video.mp4 HTTP/1.1" 206 154015 "https://vacivitta.com.br/" "Mozilla/5.0 AppleWebKit/537.36 (KHTML, like Gecko; compatible; Googlebot/2.1; +http://www.google.com/bot.html) Chrome/139.0.7258.127 Safari/537.36"
66.249.77.167 - - [13/Sep/2025:01:00:42 -0300] "GET /items/bpskb11/2783?key=pastor HTTP/1.1" 404 - "-" "Mozilla/5.0 (Linux; Android 6.0.1; Nexus 5X Build/MMB29P) AppleWebKit/537.36 (KHTML, like Gecko) Chrome/140.0.7339.127 Mobile Safari/537.36 (compatible; Googlebot/2.1; +http://www.google.com/bot.html)"
3.236.157.71 - - [13/Sep/2025:01:03:26 -0300] "GET / HTTP/1.1" 200 488 "https://vacivitta.com.br" "Mozilla/5.0 (Macintosh; Intel Mac OS X 10_15_7) AppleWebKit/605.1.15 (KHTML, like Gecko) Version/14.1.1 Safari/605.1.15"
196.251.69.248 - - [13/Sep/2025:01:03:29 -0300] "GET /.git/config HTTP/1.1" 404 - "-" "fasthttp"
66.249.77.165 - - [13/Sep/2025:01:09:43 -0300] "GET /robots.txt HTTP/1.1" 404 - "-" "Mozilla/5.0 (compatible; Googlebot/2.1; +http://www.google.com/bot.html)"
66.249.77.165 - - [13/Sep/2025:01:09:44 -0300] "GET /campanha-hpv/itu HTTP/1.1" 404 - "-" "Mozilla/5.0 (Linux; Android 6.0.1; Nexus 5X Build/MMB29P) AppleWebKit/537.36 (KHTML, like Gecko) Chrome/140.0.7339.127 Mobile Safari/537.36 (compatible; Googlebot/2.1; +http://www.google.com/bot.html)"
66.249.77.167 - - [13/Sep/2025:01:10:45 -0300] "GET /campanha-hpv/itu HTTP/1.1" 404 - "-" "Mozilla/5.0 (Linux; Android 6.0.1; Nexus 5X Build/MMB29P) AppleWebKit/537.36 (KHTML, like Gecko) Chrome/140.0.7339.127 Mobile Safari/537.36 (compatible; Googlebot/2.1; +http://www.google.com/bot.html)"
66.249.77.165 - - [13/Sep/2025:01:12:42 -0300] "GET /category/309_310_311/1/listing HTTP/1.1" 404 - "-" "Mozilla/5.0 (Linux; Android 6.0.1; Nexus 5X Build/MMB29P) AppleWebKit/537.36 (KHTML, like Gecko) Chrome/140.0.7339.127 Mobile Safari/537.36 (compatible; Googlebot/2.1; +http://www.google.com/bot.html)"
66.249.77.167 - - [13/Sep/2025:01:16:45 -0300] "GET /pcmypage?callback=/product%2Fdetail%2ssol-shopping-2324941530951 HTTP/1.1" 404 - "-" "Mozilla/5.0 (Linux; Android 6.0.1; Nexus 5X Build/MMB29P) AppleWebKit/537.36 (KHTML, like Gecko) Chrome/140.0.7339.127 Mobile Safari/537.36 (compatible; Googlebot/2.1; +http://www.google.com/bot.html)"
17.22.253.217 - - [13/Sep/2025:01:20:45 -0300] "GET /robots.txt HTTP/1.1" 404 - "-" "Mozilla/5.0 (Macintosh; Intel Mac OS X 10_15_7) AppleWebKit/605.1.15 (KHTML, like Gecko) Version/17.4 Safari/605.1.15 (Applebot/0.1; +http://www.apple.com/go/applebot)"
17.22.253.217 - - [13/Sep/2025:01:20:45 -0300] "GET /?page_id=4375 HTTP/1.1" 200 488 "-" "Mozilla/5.0 (Macintosh; Intel Mac OS X 10_15_7) AppleWebKit/605.1.15 (KHTML, like Gecko) Version/17.4 Safari/605.1.15 (Applebot/0.1; +http://www.apple.com/go/applebot)"
66.249.77.165 - - [13/Sep/2025:01:24:45 -0300] "GET /safe_search/config?return_url=%2Fproduct%2Fdetail%2Ftreasure-one-company-ch110-1665-1145-19560-kr32 HTTP/1.1" 404 - "-" "Mozilla/5.0 (Linux; Android 6.0.1; Nexus 5X Build/MMB29P) AppleWebKit/537.36 (KHTML, like Gecko) Chrome/140.0.7339.127 Mobile Safari/537.36 (compatible; Googlebot/2.1; +http://www.google.com/bot.html)"
35.90.141.111 - - [13/Sep/2025:01:30:36 -0300] "HEAD / HTTP/1.1" 200 - "-" "Mozilla/5.0 (Macintosh; U; Intel Mac OS X 10_5_8; zh-tw) AppleWebKit/533.16 (KHTML, like Gecko) Version/5.0 Safari/533.16"
52.167.144.158 - - [13/Sep/2025:01:31:00 -0300] "GET /wp-content/uploads/sites/7/2023/06/banner-blog_vacina-da-dengue_vacivitta_1200x630px-768x403.jpg HTTP/1.1" 404 - "-" "Mozilla/5.0 AppleWebKit/537.36 (KHTML, like Gecko; compatible; bingbot/2.0; +http://www.bing.com/bingbot.htm) Chrome/116.0.1938.76 Safari/537.36"
208.110.64.178 - - [13/Sep/2025:01:31:47 -0300] "GET /wp-content/edit.php HTTP/1.1" 404 - "https://vacivitta.com.br/wp-content/edit.php" "Mozilla/5.0 (Windows NT 10.0; Win64; x64) AppleWebKit/537.36 (KHTML, like Gecko) Chrome/58.0.3029.110 Safari/537.3"
173.44.33.142 - - [13/Sep/2025:01:32:33 -0300] "GET /2022/03/14/o-que-e-a-meningite-meningococica/ HTTP/1.1" 404 - "-" "Mozilla/5.0 (Linux; Android 8.0; Pixel 2 Build/OPD3.170816.012) AppleWebKit/537.36 (KHTML, like Gecko) Chrome/59.0.2124.1694 Mobile Safari/537.36"
47.128.96.203 - - [13/Sep/2025:01:33:14 -0300] "GET /2018/06/18/seu-filho-tem-medo-de-agulha/ HTTP/1.1" 404 - "-" "Mozilla/5.0 (Linux; Android 5.0) AppleWebKit/537.36 (KHTML, like Gecko) Mobile Safari/537.36 (compatible; TikTokSpider; ttspider-feedback@tiktok.com)"
17.22.253.125 - - [13/Sep/2025:01:35:13 -0300] "GET /?page_id=4375 HTTP/1.1" 200 488 "-" "Mozilla/5.0 (Macintosh; Intel Mac OS X 10_15_7) AppleWebKit/605.1.15 (KHTML, like Gecko) Version/17.4 Safari/605.1.15 (Applebot/0.1; +http://www.apple.com/go/applebot)"
17.22.253.160 - - [13/Sep/2025:01:35:14 -0300] "GET /assets/index-g8aW3Zx-.css HTTP/1.1" 200 2311 "https://vacivitta.com.br/?page_id=4375" "Mozilla/5.0 (Macintosh; Intel Mac OS X 10_15_7) AppleWebKit/605.1.15 (KHTML, like Gecko) Version/17.4 Safari/605.1.15 (Applebot/0.1; +http://www.apple.com/go/applebot)"
17.22.253.96 - - [13/Sep/2025:01:35:14 -0300] "GET /assets/index-BZLUkikW.js HTTP/1.1" 200 923512 "https://vacivitta.com.br/?page_id=4375" "Mozilla/5.0 (Macintosh; Intel Mac OS X 10_15_7) AppleWebKit/605.1.15 (KHTML, like Gecko) Version/17.4 Safari/605.1.15 (Applebot/0.1; +http://www.apple.com/go/applebot)"
43.135.182.95 - - [13/Sep/2025:01:40:43 -0300] "GET / HTTP/1.1" 200 488 "http://vacivitta.com.br" "Mozilla/5.0 (iPhone; CPU iPhone OS 13_2_3 like Mac OS X) AppleWebKit/605.1.15 (KHTML, like Gecko) Version/13.0.3 Mobile/15E148 Safari/604.1"
112.86.225.69 - - [13/Sep/2025:01:40:47 -0300] "GET / HTTP/1.1" 200 488 "-" "Sogou web spider/4.0(+http://www.sogou.com/docs/help/webmasters.htm#07)"
66.249.77.166 - - [13/Sep/2025:01:45:46 -0300] "GET /pcmypage?callback=/product%2Fdetail%2Coupertop-usdm-011332-6205 HTTP/1.1" 404 - "-" "Mozilla/5.0 (Linux; Android 6.0.1; Nexus 5X Build/MMB29P) AppleWebKit/537.36 (KHTML, like Gecko) Chrome/140.0.7339.127 Mobile Safari/537.36 (compatible; Googlebot/2.1; +http://www.google.com/bot.html)"
66.249.77.167 - - [13/Sep/2025:01:54:41 -0300] "GET /pcmypage?callback=/product%2Fdetail%2Flady-ds-2517677 HTTP/1.1" 404 - "-" "Mozilla/5.0 (Linux; Android 6.0.1; Nexus 5X Build/MMB29P) AppleWebKit/537.36 (KHTML, like Gecko) Chrome/140.0.7339.127 Mobile Safari/537.36 (compatible; Googlebot/2.1; +http://www.google.com/bot.html)"
66.249.77.165 - - [13/Sep/2025:01:56:42 -0300] "GET /items/jbyju9/469?key=adviser HTTP/1.1" 404 - "-" "Mozilla/5.0 (Linux; Android 6.0.1; Nexus 5X Build/MMB29P) AppleWebKit/537.36 (KHTML, like Gecko) Chrome/140.0.7339.127 Mobile Safari/537.36 (compatible; Googlebot/2.1; +http://www.google.com/bot.html)"
198.55.98.93 - - [13/Sep/2025:02:04:50 -0300] "GET /.git/config HTTP/1.1" 200 12472 "-" "Mozilla/5.0 (Linux; Android 9; ONEPLUS A6003) AppleWebKit/537.36 (KHTML, like Gecko) Chrome/76.0.3809.111 Mobile Safari/537.36"
136.243.228.181 - - [13/Sep/2025:02:06:27 -0300] "GET /robots.txt HTTP/1.1" 404 - "-" "Mozilla/5.0 (compatible; DataForSeoBot/1.0; +https://dataforseo.com/dataforseo-bot)"
136.243.228.181 - - [13/Sep/2025:02:06:28 -0300] "GET /robots.txt HTTP/1.1" 404 - "-" "Mozilla/5.0 (compatible; DataForSeoBot/1.0; +https://dataforseo.com/dataforseo-bot)"
136.243.228.181 - - [13/Sep/2025:02:06:28 -0300] "GET /produtos-covid/ HTTP/1.1" 404 - "-" "Mozilla/5.0 (compatible; DataForSeoBot/1.0; +https://dataforseo.com/dataforseo-bot)"
136.243.228.181 - - [13/Sep/2025:02:06:28 -0300] "GET /robots.txt HTTP/1.1" 404 - "-" "Mozilla/5.0 (compatible; DataForSeoBot/1.0; +https://dataforseo.com/dataforseo-bot)"
209.38.122.157 - - [13/Sep/2025:02:19:45 -0300] "GET /wp-admin/css/ HTTP/1.1" 404 - "binance.com" "Mozilla/5.0 (Windows NT 10.0; Win64; x64) AppleWebKit/537.36 (KHTML, like Gecko) Chrome/90.0.4430.85 Safari/537.36"
209.38.122.157 - - [13/Sep/2025:02:20:34 -0300] "GET /.well-known/ HTTP/1.1" 200 795 "binance.com" "Mozilla/5.0 (Windows NT 10.0; Win64; x64) AppleWebKit/537.36 (KHTML, like Gecko) Chrome/90.0.4430.85 Safari/537.36"
209.38.122.157 - - [13/Sep/2025:02:21:18 -0300] "GET /sites/default/files/ HTTP/1.1" 404 - "binance.com" "Mozilla/5.0 (Windows NT 10.0; Win64; x64) AppleWebKit/537.36 (KHTML, like Gecko) Chrome/90.0.4430.85 Safari/537.36"
185.183.33.61 - - [13/Sep/2025:02:21:38 -0300] "GET / HTTP/1.1" 200 488 "-" "Mozilla/5.0 (Macintosh; Intel Mac OS X 13_0) AppleWebKit/605.1.15 (KHTML, like Gecko) Version/18.0 Safari/605.1.15"
209.38.122.157 - - [13/Sep/2025:02:22:12 -0300] "GET /admin/controller/extension/extension/ HTTP/1.1" 404 - "binance.com" "Mozilla/5.0 (Windows NT 10.0; Win64; x64) AppleWebKit/537.36 (KHTML, like Gecko) Chrome/90.0.4430.85 Safari/537.36"
209.38.122.157 - - [13/Sep/2025:02:22:59 -0300] "GET /uploads/ HTTP/1.1" 404 - "binance.com" "Mozilla/5.0 (Windows NT 10.0; Win64; x64) AppleWebKit/537.36 (KHTML, like Gecko) Chrome/90.0.4430.85 Safari/537.36"
116.11.144.19 - - [13/Sep/2025:02:23:00 -0300] "POST /wp-comments-post.php HTTP/1.1" 404 - "-" "Mozilla/5.0 (Windows NT 10.0; Win64; x64) AppleWebKit/537.36 (KHTML, like Gecko) Chrome/108.0.0.0 Safari/537.36 Edg/108.0.1462.46"
209.38.122.157 - - [13/Sep/2025:02:23:46 -0300] "GET /images/ HTTP/1.1" 404 - "binance.com" "Mozilla/5.0 (Windows NT 10.0; Win64; x64) AppleWebKit/537.36 (KHTML, like Gecko) Chrome/90.0.4430.85 Safari/537.36"
209.38.122.157 - - [13/Sep/2025:02:24:32 -0300] "GET /files/ HTTP/1.1" 404 - "binance.com" "Mozilla/5.0 (Windows NT 10.0; Win64; x64) AppleWebKit/537.36 (KHTML, like Gecko) Chrome/90.0.4430.85 Safari/537.36"
66.249.77.166 - - [13/Sep/2025:02:24:44 -0300] "GET /pcmypage?callback=product%2Fdetail%2Fgolfpartner-2100363136618 HTTP/1.1" 404 - "-" "Mozilla/5.0 (Linux; Android 6.0.1; Nexus 5X Build/MMB29P) AppleWebKit/537.36 (KHTML, like Gecko) Chrome/140.0.7339.127 Mobile Safari/537.36 (compatible; Googlebot/2.1; +http://www.google.com/bot.html)"
66.249.77.166 - - [13/Sep/2025:02:29:35 -0300] "GET /?_ga=2.193929543.1954859000.1729550949-963870751.1699386649&_bdsid=47u8bn.n~DOXON.1743916948286.1788022705&_bd_prev_page=https://vacivitta.com.br/collect.asp?products/16cu30001 HTTP/1.1" 200 488 "-" "Mozilla/5.0 (Linux; Android 6.0.1; Nexus 5X Build/MMB29P) AppleWebKit/537.36 (KHTML, like Gecko) Chrome/140.0.7339.127 Mobile Safari/537.36 (compatible; Googlebot/2.1; +http://www.google.com/bot.html)"
66.249.77.167 - - [13/Sep/2025:02:33:35 -0300] "GET /items/pnmmm93/23085?key=athletic HTTP/1.1" 404 - "-" "Mozilla/5.0 (Linux; Android 6.0.1; Nexus 5X Build/MMB29P) AppleWebKit/537.36 (KHTML, like Gecko) Chrome/140.0.7339.127 Mobile Safari/537.36 (compatible; Googlebot/2.1; +http://www.google.com/bot.html)"
47.128.121.181 - - [13/Sep/2025:02:39:04 -0300] "GET /pneumo15/ HTTP/1.1" 404 - "-" "Mozilla/5.0 (Linux; Android 5.0) AppleWebKit/537.36 (KHTML, like Gecko) Mobile Safari/537.36 (compatible; TikTokSpider; ttspider-feedback@tiktok.com)"
208.110.64.178 - - [13/Sep/2025:02:40:31 -0300] "GET /wp-content/edit.php HTTP/1.1" 404 - "https://vacivitta.com.br/wp-content/edit.php" "Mozilla/5.0 (Windows NT 10.0; Win64; x64) AppleWebKit/537.36 (KHTML, like Gecko) Chrome/58.0.3029.110 Safari/537.3"
173.252.87.14 - - [13/Sep/2025:02:43:10 -0300] "GET /robots.txt HTTP/1.1" 404 - "-" "facebookexternalhit/1.1 (+http://www.facebook.com/externalhit_uatext.php)"
52.74.185.192 - - [13/Sep/2025:02:45:41 -0300] "GET /wp-content/uploads/2018/03/passo-5-252x300.jpg HTTP/1.1" 404 - "-" "Mozilla/5.0 (compatible; crawler)"
3.236.157.71 - - [13/Sep/2025:03:04:30 -0300] "GET / HTTP/1.1" 200 488 "https://vacivitta.com.br" "Mozilla/5.0 (Windows NT 10.0; rv:78.0) Gecko/20100101 Firefox/78.0"
66.249.77.166 - - [13/Sep/2025:03:06:14 -0300] "GET /pcmypage?callback=product%2Fdetail%2Fcoolbattery-pcaosh0152 HTTP/1.1" 404 - "-" "Mozilla/5.0 (Linux; Android 6.0.1; Nexus 5X Build/MMB29P) AppleWebKit/537.36 (KHTML, like Gecko) Chrome/140.0.7339.127 Mobile Safari/537.36 (compatible; Googlebot/2.1; +http://www.google.com/bot.html)"
143.198.208.127 - - [13/Sep/2025:03:36:59 -0300] "POST /wp-login.php HTTP/1.1" 404 - "https://vacivitta.com.br/wp-admin/" "Mozilla/5.0 (Windows NT 10.0; Win64; x64) AppleWebKit/537.36 (KHTML, like Gecko) Chrome/90.0.4430.85 Safari/537.36"
143.198.208.127 - - [13/Sep/2025:03:36:59 -0300] "GET /wp-admin/ HTTP/1.1" 404 - "https://www.google.com" "Mozilla/5.0 (Windows NT 10.0; Win64; x64) AppleWebKit/537.36 (KHTML, like Gecko) Chrome/90.0.4430.85 Safari/537.36"
58.68.205.4 - - [13/Sep/2025:03:39:50 -0300] "GET /2023/10/04/na-amamentacao/ HTTP/1.1" 404 - "-" "Mozilla/5.0 (Linux; Android 5.0; SM-G900P Build/LRX21T) AppleWebKit/537.36 (KHTML, like Gecko) Chrome/58.0.8743.1022 Mobile Safari/537.36"
23.81.60.251 - - [13/Sep/2025:03:44:02 -0300] "GET / HTTP/1.1" 200 488 "-" "Mozilla/5.0 (Macintosh; Intel Mac OS X 10_15_7) AppleWebKit/537.36 (KHTML, like Gecko) Chrome/131.0.0.0 Safari/537.36"
23.81.60.251 - - [13/Sep/2025:03:44:02 -0300] "GET /assets/index-BZLUkikW.js HTTP/1.1" 200 923512 "-" "Mozilla/5.0 (Macintosh; Intel Mac OS X 10_15_7) AppleWebKit/537.36 (KHTML, like Gecko) Chrome/131.0.0.0 Safari/537.36"
23.81.60.251 - - [13/Sep/2025:03:44:03 -0300] "GET /assets/index-De3kXugN.js HTTP/1.1" 200 944851 "-" "Mozilla/5.0 (Macintosh; Intel Mac OS X 10_15_7) AppleWebKit/537.36 (KHTML, like Gecko) Chrome/131.0.0.0 Safari/537.36"
23.81.60.251 - - [13/Sep/2025:03:44:03 -0300] "GET /assets/index-CeMXvSyR.js HTTP/1.1" 200 857114 "-" "Mozilla/5.0 (Macintosh; Intel Mac OS X 10_15_7) AppleWebKit/537.36 (KHTML, like Gecko) Chrome/131.0.0.0 Safari/537.36"
164.68.102.93 - - [13/Sep/2025:03:53:33 -0300] "GET /wp-login.php HTTP/1.1" 404 - "-" "Mozilla/5.0 (X11; Linux x86_64) AppleWebKit/537.36 (KHTML, like Gecko) Chrome/118.0.5993.88 Safari/537.36"
164.68.102.93 - - [13/Sep/2025:03:53:34 -0300] "GET /wp-login.php HTTP/1.1" 404 - "https://wordpress.org/" "Mozilla/5.0 (Macintosh; Intel Mac OS X 10_15_7) AppleWebKit/537.36 (KHTML, like Gecko) Chrome/122.0.6261.57 Safari/537.36"
164.68.102.93 - - [13/Sep/2025:03:53:34 -0300] "GET /wp-admin/ HTTP/1.1" 404 - "" "Mozilla/5.0 (Windows NT 10.0; Win64; x64) AppleWebKit/537.36 (KHTML, like Gecko) Chrome/120.0.6099.130 Safari/537.36"
66.249.77.166 - - [13/Sep/2025:03:56:43 -0300] "GET /pcmypage?callback=product%2Fdetail%2Fheartfelt2-a120434500046349 HTTP/1.1" 404 - "-" "Mozilla/5.0 (Linux; Android 6.0.1; Nexus 5X Build/MMB29P) AppleWebKit/537.36 (KHTML, like Gecko) Chrome/140.0.7339.127 Mobile Safari/537.36 (compatible; Googlebot/2.1; +http://www.google.com/bot.html)"
198.235.24.175 - - [13/Sep/2025:03:57:06 -0300] "GET / HTTP/1.1" 401 36 "-" "-"
66.249.77.166 - - [13/Sep/2025:03:57:43 -0300] "GET /pcmypage?callback=product%2Fdetail%2Foceaniaclub-ds-2467214 HTTP/1.1" 404 - "-" "Mozilla/5.0 (Linux; Android 6.0.1; Nexus 5X Build/MMB29P) AppleWebKit/537.36 (KHTML, like Gecko) Chrome/140.0.7339.127 Mobile Safari/537.36 (compatible; Googlebot/2.1; +http://www.google.com/bot.html)"
66.249.77.167 - - [13/Sep/2025:03:58:44 -0300] "GET /?p=1532 HTTP/1.1" 200 488 "-" "Mozilla/5.0 (Linux; Android 6.0.1; Nexus 5X Build/MMB29P) AppleWebKit/537.36 (KHTML, like Gecko) Chrome/140.0.7339.127 Mobile Safari/537.36 (compatible; Googlebot/2.1; +http://www.google.com/bot.html)"
172.190.142.176 - - [13/Sep/2025:04:00:49 -0300] "GET /wp-content/plugins/hellopress/wp_filemanager.php HTTP/1.1" 404 - "-" "-"
172.190.142.176 - - [13/Sep/2025:04:00:49 -0300] "GET /pinak.php HTTP/1.1" 404 - "-" "-"
172.190.142.176 - - [13/Sep/2025:04:00:50 -0300] "GET /mr.php HTTP/1.1" 404 - "-" "-"
172.190.142.176 - - [13/Sep/2025:04:00:50 -0300] "GET /pm.php HTTP/1.1" 404 - "-" "-"
172.190.142.176 - - [13/Sep/2025:04:00:50 -0300] "GET /vxrl.php HTTP/1.1" 404 - "-" "-"
172.190.142.176 - - [13/Sep/2025:04:00:50 -0300] "GET /shorw.php HTTP/1.1" 404 - "-" "-"
172.190.142.176 - - [13/Sep/2025:04:00:50 -0300] "GET /gifclass.php HTTP/1.1" 404 - "-" "-"
172.190.142.176 - - [13/Sep/2025:04:00:50 -0300] "GET /orm.php HTTP/1.1" 404 - "-" "-"
172.190.142.176 - - [13/Sep/2025:04:00:50 -0300] "GET /gmo.php HTTP/1.1" 404 - "-" "-"
172.190.142.176 - - [13/Sep/2025:04:00:50 -0300] "GET /ioxi2.php HTTP/1.1" 404 - "-" "-"
172.190.142.176 - - [13/Sep/2025:04:00:50 -0300] "GET /MARIJUANA.php HTTP/1.1" 404 - "-" "-"
172.190.142.176 - - [13/Sep/2025:04:00:51 -0300] "GET /file17.php HTTP/1.1" 404 - "-" "-"
172.190.142.176 - - [13/Sep/2025:04:00:51 -0300] "GET /H.php HTTP/1.1" 404 - "-" "-"
172.190.142.176 - - [13/Sep/2025:04:00:51 -0300] "GET /zcxb.php HTTP/1.1" 404 - "-" "-"
172.190.142.176 - - [13/Sep/2025:04:00:51 -0300] "GET /wpls.php HTTP/1.1" 404 - "-" "-"
172.190.142.176 - - [13/Sep/2025:04:00:51 -0300] "GET /testas.php HTTP/1.1" 404 - "-" "-"
172.190.142.176 - - [13/Sep/2025:04:00:51 -0300] "GET /nope.php HTTP/1.1" 404 - "-" "-"
172.190.142.176 - - [13/Sep/2025:04:00:51 -0300] "GET /reyna.php HTTP/1.1" 404 - "-" "-"
172.190.142.176 - - [13/Sep/2025:04:00:51 -0300] "GET /ma1.php HTTP/1.1" 404 - "-" "-"
172.190.142.176 - - [13/Sep/2025:04:00:52 -0300] "GET /bypltspd.php HTTP/1.1" 404 - "-" "-"
172.190.142.176 - - [13/Sep/2025:04:00:52 -0300] "GET /aaa.php HTTP/1.1" 404 - "-" "-"
172.190.142.176 - - [13/Sep/2025:04:00:52 -0300] "GET /wp-xx.php HTTP/1.1" 404 - "-" "-"
172.190.142.176 - - [13/Sep/2025:04:00:52 -0300] "GET /wp-xm.php HTTP/1.1" 404 - "-" "-"
172.190.142.176 - - [13/Sep/2025:04:00:52 -0300] "GET /zeal.php HTTP/1.1" 404 - "-" "-"
172.190.142.176 - - [13/Sep/2025:04:00:52 -0300] "GET /h8h9.php HTTP/1.1" 404 - "-" "-"
172.190.142.176 - - [13/Sep/2025:04:00:52 -0300] "GET /zasd.php HTTP/1.1" 404 - "-" "-"
172.190.142.176 - - [13/Sep/2025:04:00:52 -0300] "GET /xzs.php HTTP/1.1" 404 - "-" "-"
172.190.142.176 - - [13/Sep/2025:04:00:52 -0300] "GET /yep.php HTTP/1.1" 404 - "-" "-"
172.190.142.176 - - [13/Sep/2025:04:00:53 -0300] "GET /des.php HTTP/1.1" 404 - "-" "-"
172.190.142.176 - - [13/Sep/2025:04:00:53 -0300] "GET /xex.php HTTP/1.1" 404 - "-" "-"
172.190.142.176 - - [13/Sep/2025:04:00:53 -0300] "GET /tox.php HTTP/1.1" 404 - "-" "-"
172.190.142.176 - - [13/Sep/2025:04:00:53 -0300] "GET /racs3.php HTTP/1.1" 404 - "-" "-"
172.190.142.176 - - [13/Sep/2025:04:00:53 -0300] "GET /wp-cliner.php HTTP/1.1" 404 - "-" "-"
172.190.142.176 - - [13/Sep/2025:04:00:53 -0300] "GET /law.php HTTP/1.1" 404 - "-" "-"
172.190.142.176 - - [13/Sep/2025:04:00:53 -0300] "GET /moo.php HTTP/1.1" 404 - "-" "-"
172.190.142.176 - - [13/Sep/2025:04:00:53 -0300] "GET /89.php HTTP/1.1" 404 - "-" "-"
172.190.142.176 - - [13/Sep/2025:04:00:54 -0300] "GET /noe.php HTTP/1.1" 404 - "-" "-"
172.190.142.176 - - [13/Sep/2025:04:00:54 -0300] "GET /fe5.php HTTP/1.1" 404 - "-" "-"
172.190.142.176 - - [13/Sep/2025:04:00:54 -0300] "GET /gg.php HTTP/1.1" 404 - "-" "-"
172.190.142.176 - - [13/Sep/2025:04:00:54 -0300] "GET /fresh3.php HTTP/1.1" 404 - "-" "-"
172.190.142.176 - - [13/Sep/2025:04:00:54 -0300] "GET /mo.php HTTP/1.1" 404 - "-" "-"
172.190.142.176 - - [13/Sep/2025:04:00:54 -0300] "GET /6erg.php HTTP/1.1" 404 - "-" "-"
172.190.142.176 - - [13/Sep/2025:04:00:54 -0300] "GET /rsnu.php HTTP/1.1" 404 - "-" "-"
172.190.142.176 - - [13/Sep/2025:04:00:54 -0300] "GET /card.php HTTP/1.1" 404 - "-" "-"
172.190.142.176 - - [13/Sep/2025:04:00:54 -0300] "GET /aa17.php HTTP/1.1" 404 - "-" "-"
172.190.142.176 - - [13/Sep/2025:04:00:55 -0300] "GET /admi.php HTTP/1.1" 404 - "-" "-"
172.190.142.176 - - [13/Sep/2025:04:00:55 -0300] "GET /note.php HTTP/1.1" 404 - "-" "-"
172.190.142.176 - - [13/Sep/2025:04:00:55 -0300] "GET /png.php HTTP/1.1" 404 - "-" "-"
172.190.142.176 - - [13/Sep/2025:04:00:55 -0300] "GET /ava.php HTTP/1.1" 404 - "-" "-"
172.190.142.176 - - [13/Sep/2025:04:00:55 -0300] "GET /resp.php HTTP/1.1" 404 - "-" "-"
172.190.142.176 - - [13/Sep/2025:04:00:55 -0300] "GET /algox.php HTTP/1.1" 404 - "-" "-"
172.190.142.176 - - [13/Sep/2025:04:00:55 -0300] "GET /v2.php HTTP/1.1" 404 - "-" "-"
172.190.142.176 - - [13/Sep/2025:04:00:55 -0300] "GET /hb02ugyh.php HTTP/1.1" 404 - "-" "-"
172.190.142.176 - - [13/Sep/2025:04:00:56 -0300] "GET /sxb.php HTTP/1.1" 404 - "-" "-"
172.190.142.176 - - [13/Sep/2025:04:00:56 -0300] "GET /gm.php HTTP/1.1" 404 - "-" "-"
172.190.142.176 - - [13/Sep/2025:04:00:56 -0300] "GET /jga.php HTTP/1.1" 404 - "-" "-"
172.190.142.176 - - [13/Sep/2025:04:00:56 -0300] "GET /file5.php HTTP/1.1" 404 - "-" "-"
172.190.142.176 - - [13/Sep/2025:04:00:56 -0300] "GET /miansha.php HTTP/1.1" 404 - "-" "-"
172.190.142.176 - - [13/Sep/2025:04:00:56 -0300] "GET /mjq.php HTTP/1.1" 404 - "-" "-"
172.190.142.176 - - [13/Sep/2025:04:00:56 -0300] "GET /yasnu.php HTTP/1.1" 404 - "-" "-"
172.190.142.176 - - [13/Sep/2025:04:00:56 -0300] "GET /yanki.php HTTP/1.1" 404 - "-" "-"
172.190.142.176 - - [13/Sep/2025:04:00:56 -0300] "GET /elf.php HTTP/1.1" 404 - "-" "-"
204.12.252.98 - - [13/Sep/2025:04:01:50 -0300] "GET /wp-content/edit.php HTTP/1.1" 404 - "https://vacivitta.com.br/wp-content/edit.php" "Mozilla/5.0 (Windows NT 10.0; Win64; x64) AppleWebKit/537.36 (KHTML, like Gecko) Chrome/58.0.3029.110 Safari/537.3"
66.249.77.165 - - [13/Sep/2025:04:07:43 -0300] "GET /obrigado HTTP/1.1" 404 - "-" "Mozilla/5.0 (Linux; Android 6.0.1; Nexus 5X Build/MMB29P) AppleWebKit/537.36 (KHTML, like Gecko) Chrome/140.0.7339.127 Mobile Safari/537.36 (compatible; Googlebot/2.1; +http://www.google.com/bot.html)"
208.110.64.178 - - [13/Sep/2025:04:10:55 -0300] "GET /wp-content/edit.php HTTP/1.1" 404 - "https://vacivitta.com.br/wp-content/edit.php" "Mozilla/5.0 (Windows NT 10.0; Win64; x64) AppleWebKit/537.36 (KHTML, like Gecko) Chrome/58.0.3029.110 Safari/537.3"
34.34.182.94 - - [13/Sep/2025:04:11:04 -0300] "GET /robots.txt HTTP/1.1" 404 - "-" "Prewave-Crawler"
34.34.182.94 - - [13/Sep/2025:04:11:04 -0300] "HEAD / HTTP/1.1" 200 - "https://www.google.com" "Mozilla/5.0 (Windows NT 10.0; Win64; x64) AppleWebKit/537.36 (KHTML, like Gecko) Chrome/120.0.0.0 Safari/537.36"
34.34.182.94 - - [13/Sep/2025:04:11:04 -0300] "GET / HTTP/1.1" 200 488 "https://www.google.com" "Mozilla/5.0 (Windows NT 10.0; Win64; x64) AppleWebKit/537.36 (KHTML, like Gecko) Chrome/120.0.0.0 Safari/537.36"
34.34.182.94 - - [13/Sep/2025:04:11:07 -0300] "GET /sitemap.xml HTTP/1.1" 404 - "-" "okhttp/4.12.0"
66.249.77.166 - - [13/Sep/2025:04:12:10 -0300] "GET /robots.txt HTTP/1.1" 404 - "-" "Mozilla/5.0 (compatible; Googlebot/2.1; +http://www.google.com/bot.html)"

Zerion Mini Shell 1.0