196.251.83.161 - - [13/May/2025:17:47:46 -0300] "GET /wp-content/themes/seotheme/db.php?u HTTP/1.1" 404 - "www.google.com" "Mozlila/5.0 (Linux; Android 7.0; SM-G892A Bulid/NRD90M; wv) AppleWebKit/537.36 (KHTML, like Gecko) Version/4.0 Chrome/60.0.3112.107 Moblie Safari/537.36"
196.251.83.161 - - [13/May/2025:17:47:46 -0300] "GET /hsrlplwe.php?Fox=d3wL7 HTTP/1.1" 404 - "www.google.com" "Mozilla/5.0 (Linux; Android 7.0; SM-G892A Bulid/NRD90M; wv) AppleWebKit/537.36 (KHTML, like Gecko) Version/4.0 Chrome/60.0.3112.107 Moblie Safari/537.36"
196.251.83.161 - - [13/May/2025:17:47:46 -0300] "GET /wp-content/themes/seotheme/db.php?u HTTP/1.1" 404 - "www.google.com" "Mozlila/5.0 (Linux; Android 7.0; SM-G892A Bulid/NRD90M; wv) AppleWebKit/537.36 (KHTML, like Gecko) Version/4.0 Chrome/60.0.3112.107 Moblie Safari/537.36"
196.251.83.161 - - [13/May/2025:17:47:46 -0300] "POST /alfacgiapi/perl.alfa HTTP/1.1" 404 - "www.google.com" "Mozlila/5.0 (Linux; Android 7.0; SM-G892A Bulid/NRD90M; wv) AppleWebKit/537.36 (KHTML, like Gecko) Version/4.0 Chrome/60.0.3112.107 Moblie Safari/537.36"
208.110.64.178 - - [13/May/2025:17:48:41 -0300] "GET /wp-content/edit.php HTTP/1.1" 404 - "https://vacivitta.com.br/wp-content/edit.php" "Mozilla/5.0 (Windows NT 10.0; Win64; x64) AppleWebKit/537.36 (KHTML, like Gecko) Chrome/58.0.3029.110 Safari/537.3"
88.99.80.227 - - [13/May/2025:17:49:12 -0300] "HEAD / HTTP/1.1" 200 - "https://vacivitta.com.br/" "Mozilla/5.0+(compatible; UptimeRobot/2.0; http://www.uptimerobot.com/)"
51.222.253.3 - - [13/May/2025:17:49:25 -0300] "GET /?p=9706 HTTP/1.1" 304 - "-" "Mozilla/5.0 (compatible; AhrefsBot/7.0; +http://ahrefs.com/robot/)"
72.14.201.237 - - [13/May/2025:17:50:05 -0300] "GET / HTTP/1.1" 200 488 "https://www.google.com/" "Mozilla/5.0 (Linux; Android 10; K) AppleWebKit/537.36 (KHTML, like Gecko) Chrome/136.0.0.0 Mobile Safari/537.36"
208.100.26.247 - - [13/May/2025:17:50:10 -0300] "GET / HTTP/1.1" 200 488 "http://mail.vacivitta.com.br/" "Mozilla/5.0 (Windows NT 10.0; Win64; x64) AppleWebKit/537.36 (KHTML, like Gecko) Chrome/85.0.4164.0 Safari/537.36"
208.100.26.249 - - [13/May/2025:17:50:12 -0300] "GET / HTTP/1.1" 200 488 "-" "Mozilla/5.0 (Macintosh; Intel Mac OS X 10_15_4) AppleWebKit/537.36 (KHTML, like Gecko) Chrome/81.0.4044.92 Safari/537.36"
208.110.64.178 - - [13/May/2025:17:51:22 -0300] "GET /wp-content/edit.php HTTP/1.1" 404 - "https://vacivitta.com.br/wp-content/edit.php" "Mozilla/5.0 (Windows NT 10.0; Win64; x64) AppleWebKit/537.36 (KHTML, like Gecko) Chrome/58.0.3029.110 Safari/537.3"
66.249.72.69 - - [13/May/2025:17:51:54 -0300] "GET /product/edit/creer-net-bmc-fb653-20 HTTP/1.1" 404 - "-" "Mozilla/5.0 (Linux; Android 6.0.1; Nexus 5X Build/MMB29P) AppleWebKit/537.36 (KHTML, like Gecko) Chrome/136.0.7103.59 Mobile Safari/537.36 (compatible; Googlebot/2.1; +http://www.google.com/bot.html)"
157.90.156.63 - - [13/May/2025:17:54:17 -0300] "HEAD / HTTP/1.1" 200 - "https://vacivitta.com.br/" "Mozilla/5.0+(compatible; UptimeRobot/2.0; http://www.uptimerobot.com/)"
66.249.72.68 - - [13/May/2025:17:54:54 -0300] "GET /2023/12/07/amamentacao-no-primeiro-mes/ HTTP/1.1" 404 - "-" "Mozilla/5.0 (Linux; Android 6.0.1; Nexus 5X Build/MMB29P) AppleWebKit/537.36 (KHTML, like Gecko) Chrome/136.0.7103.59 Mobile Safari/537.36 (compatible; Googlebot/2.1; +http://www.google.com/bot.html)"
179.193.30.232 - - [13/May/2025:17:56:49 -0300] "GET /?fbclid=PAZXh0bgNhZW0CMTEAAafhr0nqlYUmq_Vw4xn75HzgQzcxZZ47yCyTjvIbZTy5gFGWmQPlvx75iDEVtQ_aem_gEc41-QX5ZMmaJEmAy0Yvw HTTP/1.1" 200 488 "https://l.instagram.com/" "Mozilla/5.0 (iPhone; CPU iPhone OS 18_4_1 like Mac OS X) AppleWebKit/605.1.15 (KHTML, like Gecko) Mobile/22E252 Instagram 379.0.0.26.81 (iPhone14,2; iOS 18_4_1; pt_BR; pt; scale=3.00; 1170x2532; 729569027; IABMV/1)"
179.193.30.232 - - [13/May/2025:17:56:50 -0300] "GET /assets/index-g8aW3Zx-.css HTTP/1.1" 200 2311 "https://www.vacivitta.com.br/?fbclid=PAZXh0bgNhZW0CMTEAAafhr0nqlYUmq_Vw4xn75HzgQzcxZZ47yCyTjvIbZTy5gFGWmQPlvx75iDEVtQ_aem_gEc41-QX5ZMmaJEmAy0Yvw" "Mozilla/5.0 (iPhone; CPU iPhone OS 18_4_1 like Mac OS X) AppleWebKit/605.1.15 (KHTML, like Gecko) Mobile/22E252 Instagram 379.0.0.26.81 (iPhone14,2; iOS 18_4_1; pt_BR; pt; scale=3.00; 1170x2532; 729569027; IABMV/1)"
179.193.30.232 - - [13/May/2025:17:56:50 -0300] "GET /assets/index-CeMXvSyR.js HTTP/1.1" 200 857114 "https://www.vacivitta.com.br/?fbclid=PAZXh0bgNhZW0CMTEAAafhr0nqlYUmq_Vw4xn75HzgQzcxZZ47yCyTjvIbZTy5gFGWmQPlvx75iDEVtQ_aem_gEc41-QX5ZMmaJEmAy0Yvw" "Mozilla/5.0 (iPhone; CPU iPhone OS 18_4_1 like Mac OS X) AppleWebKit/605.1.15 (KHTML, like Gecko) Mobile/22E252 Instagram 379.0.0.26.81 (iPhone14,2; iOS 18_4_1; pt_BR; pt; scale=3.00; 1170x2532; 729569027; IABMV/1)"
179.193.30.232 - - [13/May/2025:17:56:51 -0300] "GET /logo.png HTTP/1.1" 200 25613 "https://www.vacivitta.com.br/?fbclid=PAZXh0bgNhZW0CMTEAAafhr0nqlYUmq_Vw4xn75HzgQzcxZZ47yCyTjvIbZTy5gFGWmQPlvx75iDEVtQ_aem_gEc41-QX5ZMmaJEmAy0Yvw" "Mozilla/5.0 (iPhone; CPU iPhone OS 18_4_1 like Mac OS X) AppleWebKit/605.1.15 (KHTML, like Gecko) Mobile/22E252 Instagram 379.0.0.26.81 (iPhone14,2; iOS 18_4_1; pt_BR; pt; scale=3.00; 1170x2532; 729569027; IABMV/1)"
179.193.30.232 - - [13/May/2025:17:56:51 -0300] "GET /4.png HTTP/1.1" 200 1067791 "https://www.vacivitta.com.br/?fbclid=PAZXh0bgNhZW0CMTEAAafhr0nqlYUmq_Vw4xn75HzgQzcxZZ47yCyTjvIbZTy5gFGWmQPlvx75iDEVtQ_aem_gEc41-QX5ZMmaJEmAy0Yvw" "Mozilla/5.0 (iPhone; CPU iPhone OS 18_4_1 like Mac OS X) AppleWebKit/605.1.15 (KHTML, like Gecko) Mobile/22E252 Instagram 379.0.0.26.81 (iPhone14,2; iOS 18_4_1; pt_BR; pt; scale=3.00; 1170x2532; 729569027; IABMV/1)"
179.193.30.232 - - [13/May/2025:17:56:52 -0300] "GET /fts1.png HTTP/1.1" 200 2704287 "https://www.vacivitta.com.br/?fbclid=PAZXh0bgNhZW0CMTEAAafhr0nqlYUmq_Vw4xn75HzgQzcxZZ47yCyTjvIbZTy5gFGWmQPlvx75iDEVtQ_aem_gEc41-QX5ZMmaJEmAy0Yvw" "Mozilla/5.0 (iPhone; CPU iPhone OS 18_4_1 like Mac OS X) AppleWebKit/605.1.15 (KHTML, like Gecko) Mobile/22E252 Instagram 379.0.0.26.81 (iPhone14,2; iOS 18_4_1; pt_BR; pt; scale=3.00; 1170x2532; 729569027; IABMV/1)"
179.193.30.232 - - [13/May/2025:17:56:52 -0300] "GET /vaci.jpg HTTP/1.1" 200 155283 "https://www.vacivitta.com.br/?fbclid=PAZXh0bgNhZW0CMTEAAafhr0nqlYUmq_Vw4xn75HzgQzcxZZ47yCyTjvIbZTy5gFGWmQPlvx75iDEVtQ_aem_gEc41-QX5ZMmaJEmAy0Yvw" "Mozilla/5.0 (iPhone; CPU iPhone OS 18_4_1 like Mac OS X) AppleWebKit/605.1.15 (KHTML, like Gecko) Mobile/22E252 Instagram 379.0.0.26.81 (iPhone14,2; iOS 18_4_1; pt_BR; pt; scale=3.00; 1170x2532; 729569027; IABMV/1)"
179.193.30.232 - - [13/May/2025:17:56:52 -0300] "GET /fts2.png HTTP/1.1" 200 2539592 "https://www.vacivitta.com.br/?fbclid=PAZXh0bgNhZW0CMTEAAafhr0nqlYUmq_Vw4xn75HzgQzcxZZ47yCyTjvIbZTy5gFGWmQPlvx75iDEVtQ_aem_gEc41-QX5ZMmaJEmAy0Yvw" "Mozilla/5.0 (iPhone; CPU iPhone OS 18_4_1 like Mac OS X) AppleWebKit/605.1.15 (KHTML, like Gecko) Mobile/22E252 Instagram 379.0.0.26.81 (iPhone14,2; iOS 18_4_1; pt_BR; pt; scale=3.00; 1170x2532; 729569027; IABMV/1)"
179.193.30.232 - - [13/May/2025:17:56:51 -0300] "GET /mapa.png HTTP/1.1" 200 1787231 "https://www.vacivitta.com.br/?fbclid=PAZXh0bgNhZW0CMTEAAafhr0nqlYUmq_Vw4xn75HzgQzcxZZ47yCyTjvIbZTy5gFGWmQPlvx75iDEVtQ_aem_gEc41-QX5ZMmaJEmAy0Yvw" "Mozilla/5.0 (iPhone; CPU iPhone OS 18_4_1 like Mac OS X) AppleWebKit/605.1.15 (KHTML, like Gecko) Mobile/22E252 Instagram 379.0.0.26.81 (iPhone14,2; iOS 18_4_1; pt_BR; pt; scale=3.00; 1170x2532; 729569027; IABMV/1)"
179.193.30.232 - - [13/May/2025:17:56:52 -0300] "GET /1.png HTTP/1.1" 200 1041468 "https://www.vacivitta.com.br/?fbclid=PAZXh0bgNhZW0CMTEAAafhr0nqlYUmq_Vw4xn75HzgQzcxZZ47yCyTjvIbZTy5gFGWmQPlvx75iDEVtQ_aem_gEc41-QX5ZMmaJEmAy0Yvw" "Mozilla/5.0 (iPhone; CPU iPhone OS 18_4_1 like Mac OS X) AppleWebKit/605.1.15 (KHTML, like Gecko) Mobile/22E252 Instagram 379.0.0.26.81 (iPhone14,2; iOS 18_4_1; pt_BR; pt; scale=3.00; 1170x2532; 729569027; IABMV/1)"
179.193.30.232 - - [13/May/2025:17:56:52 -0300] "GET /fts3.png HTTP/1.1" 200 798280 "https://www.vacivitta.com.br/?fbclid=PAZXh0bgNhZW0CMTEAAafhr0nqlYUmq_Vw4xn75HzgQzcxZZ47yCyTjvIbZTy5gFGWmQPlvx75iDEVtQ_aem_gEc41-QX5ZMmaJEmAy0Yvw" "Mozilla/5.0 (iPhone; CPU iPhone OS 18_4_1 like Mac OS X) AppleWebKit/605.1.15 (KHTML, like Gecko) Mobile/22E252 Instagram 379.0.0.26.81 (iPhone14,2; iOS 18_4_1; pt_BR; pt; scale=3.00; 1170x2532; 729569027; IABMV/1)"
179.193.30.232 - - [13/May/2025:17:56:53 -0300] "GET /walp.png HTTP/1.1" 200 26312 "https://www.vacivitta.com.br/?fbclid=PAZXh0bgNhZW0CMTEAAafhr0nqlYUmq_Vw4xn75HzgQzcxZZ47yCyTjvIbZTy5gFGWmQPlvx75iDEVtQ_aem_gEc41-QX5ZMmaJEmAy0Yvw" "Mozilla/5.0 (iPhone; CPU iPhone OS 18_4_1 like Mac OS X) AppleWebKit/605.1.15 (KHTML, like Gecko) Mobile/22E252 Instagram 379.0.0.26.81 (iPhone14,2; iOS 18_4_1; pt_BR; pt; scale=3.00; 1170x2532; 729569027; IABMV/1)"
179.193.30.232 - - [13/May/2025:17:56:52 -0300] "GET /2.png HTTP/1.1" 200 1052379 "https://www.vacivitta.com.br/?fbclid=PAZXh0bgNhZW0CMTEAAafhr0nqlYUmq_Vw4xn75HzgQzcxZZ47yCyTjvIbZTy5gFGWmQPlvx75iDEVtQ_aem_gEc41-QX5ZMmaJEmAy0Yvw" "Mozilla/5.0 (iPhone; CPU iPhone OS 18_4_1 like Mac OS X) AppleWebKit/605.1.15 (KHTML, like Gecko) Mobile/22E252 Instagram 379.0.0.26.81 (iPhone14,2; iOS 18_4_1; pt_BR; pt; scale=3.00; 1170x2532; 729569027; IABMV/1)"
179.193.30.232 - - [13/May/2025:17:56:52 -0300] "GET /3.png HTTP/1.1" 200 1055246 "https://www.vacivitta.com.br/?fbclid=PAZXh0bgNhZW0CMTEAAafhr0nqlYUmq_Vw4xn75HzgQzcxZZ47yCyTjvIbZTy5gFGWmQPlvx75iDEVtQ_aem_gEc41-QX5ZMmaJEmAy0Yvw" "Mozilla/5.0 (iPhone; CPU iPhone OS 18_4_1 like Mac OS X) AppleWebKit/605.1.15 (KHTML, like Gecko) Mobile/22E252 Instagram 379.0.0.26.81 (iPhone14,2; iOS 18_4_1; pt_BR; pt; scale=3.00; 1170x2532; 729569027; IABMV/1)"
179.193.30.232 - - [13/May/2025:17:56:53 -0300] "GET /mobilePage.png HTTP/1.1" 200 1355793 "https://www.vacivitta.com.br/?fbclid=PAZXh0bgNhZW0CMTEAAafhr0nqlYUmq_Vw4xn75HzgQzcxZZ47yCyTjvIbZTy5gFGWmQPlvx75iDEVtQ_aem_gEc41-QX5ZMmaJEmAy0Yvw" "Mozilla/5.0 (iPhone; CPU iPhone OS 18_4_1 like Mac OS X) AppleWebKit/605.1.15 (KHTML, like Gecko) Mobile/22E252 Instagram 379.0.0.26.81 (iPhone14,2; iOS 18_4_1; pt_BR; pt; scale=3.00; 1170x2532; 729569027; IABMV/1)"
179.193.30.232 - - [13/May/2025:17:56:53 -0300] "GET /homePage2.png HTTP/1.1" 200 227246 "https://www.vacivitta.com.br/?fbclid=PAZXh0bgNhZW0CMTEAAafhr0nqlYUmq_Vw4xn75HzgQzcxZZ47yCyTjvIbZTy5gFGWmQPlvx75iDEVtQ_aem_gEc41-QX5ZMmaJEmAy0Yvw" "Mozilla/5.0 (iPhone; CPU iPhone OS 18_4_1 like Mac OS X) AppleWebKit/605.1.15 (KHTML, like Gecko) Mobile/22E252 Instagram 379.0.0.26.81 (iPhone14,2; iOS 18_4_1; pt_BR; pt; scale=3.00; 1170x2532; 729569027; IABMV/1)"
66.249.72.68 - - [13/May/2025:17:56:54 -0300] "GET /items/wfjdk134/22582?key=franchise HTTP/1.1" 404 - "-" "Mozilla/5.0 (Linux; Android 6.0.1; Nexus 5X Build/MMB29P) AppleWebKit/537.36 (KHTML, like Gecko) Chrome/136.0.7103.59 Mobile Safari/537.36 (compatible; Googlebot/2.1; +http://www.google.com/bot.html)"
35.180.209.137 - - [13/May/2025:17:57:23 -0300] "POST /wp-content/plugins/wp-ver.php HTTP/1.1" 404 - "www.google.com" "Mozlila/5.0 (Linux; Android 7.0; SM-G892A Bulid/NRD90M; wv) AppleWebKit/537.36 (KHTML, like Gecko) Version/4.0 Chrome/60.0.3112.107 Moblie Safari/537.36"
66.249.72.67 - - [13/May/2025:17:57:55 -0300] "GET /items/bltzo135/48043?key=guess HTTP/1.1" 404 - "-" "Mozilla/5.0 (Linux; Android 6.0.1; Nexus 5X Build/MMB29P) AppleWebKit/537.36 (KHTML, like Gecko) Chrome/136.0.7103.59 Mobile Safari/537.36 (compatible; Googlebot/2.1; +http://www.google.com/bot.html)"
204.12.252.98 - - [13/May/2025:17:58:31 -0300] "GET /wp-content/edit.php HTTP/1.1" 404 - "https://vacivitta.com.br/wp-content/edit.php" "Mozilla/5.0 (Windows NT 10.0; Win64; x64) AppleWebKit/537.36 (KHTML, like Gecko) Chrome/58.0.3029.110 Safari/537.3"
78.46.190.63 - - [13/May/2025:17:59:19 -0300] "HEAD / HTTP/1.1" 200 - "https://vacivitta.com.br/" "Mozilla/5.0+(compatible; UptimeRobot/2.0; http://www.uptimerobot.com/)"
208.110.64.178 - - [13/May/2025:18:00:15 -0300] "GET /wp-content/edit.php HTTP/1.1" 404 - "https://vacivitta.com.br/wp-content/edit.php" "Mozilla/5.0 (Windows NT 10.0; Win64; x64) AppleWebKit/537.36 (KHTML, like Gecko) Chrome/58.0.3029.110 Safari/537.3"
179.193.30.232 - - [13/May/2025:18:02:47 -0300] "GET / HTTP/1.1" 200 488 "https://www.google.com/" "Mozilla/5.0 (iPhone; CPU iPhone OS 18_4_1 like Mac OS X) AppleWebKit/605.1.15 (KHTML, like Gecko) Version/18.4 Mobile/15E148 Safari/604.1"
179.193.30.232 - - [13/May/2025:18:02:47 -0300] "GET /assets/index-g8aW3Zx-.css HTTP/1.1" 200 2311 "https://vacivitta.com.br/" "Mozilla/5.0 (iPhone; CPU iPhone OS 18_4_1 like Mac OS X) AppleWebKit/605.1.15 (KHTML, like Gecko) Version/18.4 Mobile/15E148 Safari/604.1"
179.193.30.232 - - [13/May/2025:18:02:47 -0300] "GET /assets/index-CeMXvSyR.js HTTP/1.1" 200 857114 "https://vacivitta.com.br/" "Mozilla/5.0 (iPhone; CPU iPhone OS 18_4_1 like Mac OS X) AppleWebKit/605.1.15 (KHTML, like Gecko) Version/18.4 Mobile/15E148 Safari/604.1"
179.193.30.232 - - [13/May/2025:18:02:49 -0300] "GET /logo.png HTTP/1.1" 200 25613 "https://vacivitta.com.br/" "Mozilla/5.0 (iPhone; CPU iPhone OS 18_4_1 like Mac OS X) AppleWebKit/605.1.15 (KHTML, like Gecko) Version/18.4 Mobile/15E148 Safari/604.1"
179.193.30.232 - - [13/May/2025:18:02:49 -0300] "GET /vaci.jpg HTTP/1.1" 200 155283 "https://vacivitta.com.br/" "Mozilla/5.0 (iPhone; CPU iPhone OS 18_4_1 like Mac OS X) AppleWebKit/605.1.15 (KHTML, like Gecko) Version/18.4 Mobile/15E148 Safari/604.1"
179.193.30.232 - - [13/May/2025:18:02:49 -0300] "GET /4.png HTTP/1.1" 200 1067791 "https://vacivitta.com.br/" "Mozilla/5.0 (iPhone; CPU iPhone OS 18_4_1 like Mac OS X) AppleWebKit/605.1.15 (KHTML, like Gecko) Version/18.4 Mobile/15E148 Safari/604.1"
179.193.30.232 - - [13/May/2025:18:02:49 -0300] "GET /fts1.png HTTP/1.1" 200 2704287 "https://vacivitta.com.br/" "Mozilla/5.0 (iPhone; CPU iPhone OS 18_4_1 like Mac OS X) AppleWebKit/605.1.15 (KHTML, like Gecko) Version/18.4 Mobile/15E148 Safari/604.1"
179.193.30.232 - - [13/May/2025:18:02:53 -0300] "GET /fts3.png HTTP/1.1" 200 798280 "https://vacivitta.com.br/" "Mozilla/5.0 (iPhone; CPU iPhone OS 18_4_1 like Mac OS X) AppleWebKit/605.1.15 (KHTML, like Gecko) Version/18.4 Mobile/15E148 Safari/604.1"
179.193.30.232 - - [13/May/2025:18:02:54 -0300] "GET /walp.png HTTP/1.1" 200 26312 "https://vacivitta.com.br/" "Mozilla/5.0 (iPhone; CPU iPhone OS 18_4_1 like Mac OS X) AppleWebKit/605.1.15 (KHTML, like Gecko) Version/18.4 Mobile/15E148 Safari/604.1"
179.193.30.232 - - [13/May/2025:18:02:54 -0300] "GET /mobilePage.png HTTP/1.1" 200 1355793 "https://vacivitta.com.br/" "Mozilla/5.0 (iPhone; CPU iPhone OS 18_4_1 like Mac OS X) AppleWebKit/605.1.15 (KHTML, like Gecko) Version/18.4 Mobile/15E148 Safari/604.1"
179.193.30.232 - - [13/May/2025:18:02:49 -0300] "GET /3.png HTTP/1.1" 200 1055246 "https://vacivitta.com.br/" "Mozilla/5.0 (iPhone; CPU iPhone OS 18_4_1 like Mac OS X) AppleWebKit/605.1.15 (KHTML, like Gecko) Version/18.4 Mobile/15E148 Safari/604.1"
179.193.30.232 - - [13/May/2025:18:02:58 -0300] "GET /homePage2.png HTTP/1.1" 200 227246 "https://vacivitta.com.br/" "Mozilla/5.0 (iPhone; CPU iPhone OS 18_4_1 like Mac OS X) AppleWebKit/605.1.15 (KHTML, like Gecko) Version/18.4 Mobile/15E148 Safari/604.1"
179.193.30.232 - - [13/May/2025:18:02:58 -0300] "GET /video.mp4 HTTP/1.1" 206 2 "https://vacivitta.com.br/" "Mozilla/5.0 (iPhone; CPU iPhone OS 18_4_1 like Mac OS X) AppleWebKit/605.1.15 (KHTML, like Gecko) Version/18.4 Mobile/15E148 Safari/604.1"
179.193.30.232 - - [13/May/2025:18:02:49 -0300] "GET /mapa.png HTTP/1.1" 200 1787231 "https://vacivitta.com.br/" "Mozilla/5.0 (iPhone; CPU iPhone OS 18_4_1 like Mac OS X) AppleWebKit/605.1.15 (KHTML, like Gecko) Version/18.4 Mobile/15E148 Safari/604.1"
179.193.30.232 - - [13/May/2025:18:02:52 -0300] "GET /fts2.png HTTP/1.1" 200 2539592 "https://vacivitta.com.br/" "Mozilla/5.0 (iPhone; CPU iPhone OS 18_4_1 like Mac OS X) AppleWebKit/605.1.15 (KHTML, like Gecko) Version/18.4 Mobile/15E148 Safari/604.1"
179.193.30.232 - - [13/May/2025:18:02:49 -0300] "GET /2.png HTTP/1.1" 200 1052379 "https://vacivitta.com.br/" "Mozilla/5.0 (iPhone; CPU iPhone OS 18_4_1 like Mac OS X) AppleWebKit/605.1.15 (KHTML, like Gecko) Version/18.4 Mobile/15E148 Safari/604.1"
179.193.30.232 - - [13/May/2025:18:02:49 -0300] "GET /1.png HTTP/1.1" 200 1041468 "https://vacivitta.com.br/" "Mozilla/5.0 (iPhone; CPU iPhone OS 18_4_1 like Mac OS X) AppleWebKit/605.1.15 (KHTML, like Gecko) Version/18.4 Mobile/15E148 Safari/604.1"
69.197.135.226 - - [13/May/2025:18:03:14 -0300] "GET /wp-content/edit.php HTTP/1.1" 404 - "https://vacivitta.com.br/wp-content/edit.php" "Mozilla/5.0 (Windows NT 10.0; Win64; x64) AppleWebKit/537.36 (KHTML, like Gecko) Chrome/58.0.3029.110 Safari/537.3"
78.47.173.76 - - [13/May/2025:18:04:21 -0300] "HEAD / HTTP/1.1" 200 - "https://vacivitta.com.br/" "Mozilla/5.0+(compatible; UptimeRobot/2.0; http://www.uptimerobot.com/)"
66.249.72.68 - - [13/May/2025:18:04:40 -0300] "GET /product/edit/car-cpc-g-yu-ecoba-ecb-115d31l-12869 HTTP/1.1" 404 - "-" "Mozilla/5.0 (Linux; Android 6.0.1; Nexus 5X Build/MMB29P) AppleWebKit/537.36 (KHTML, like Gecko) Chrome/136.0.7103.59 Mobile Safari/537.36 (compatible; Googlebot/2.1; +http://www.google.com/bot.html)"
187.21.232.134 - - [13/May/2025:18:04:46 -0300] "GET /webmaillogout.cgi HTTP/1.1" 401 12248 "-" "Mozilla/5.0 (Windows NT 10.0; Win64; x64) AppleWebKit/537.36 (KHTML, like Gecko) Chrome/136.0.0.0 Safari/537.36"
69.197.182.50 - - [13/May/2025:18:07:17 -0300] "GET /wp-content/edit.php HTTP/1.1" 404 - "https://vacivitta.com.br/wp-content/edit.php" "Mozilla/5.0 (Windows NT 10.0; Win64; x64) AppleWebKit/537.36 (KHTML, like Gecko) Chrome/58.0.3029.110 Safari/537.3"
66.249.72.69 - - [13/May/2025:18:08:53 -0300] "GET /items/zbhmp76/33302?key=shareholder HTTP/1.1" 404 - "-" "Mozilla/5.0 (Linux; Android 6.0.1; Nexus 5X Build/MMB29P) AppleWebKit/537.36 (KHTML, like Gecko) Chrome/136.0.7103.59 Mobile Safari/537.36 (compatible; Googlebot/2.1; +http://www.google.com/bot.html)"
78.47.173.76 - - [13/May/2025:18:09:24 -0300] "HEAD / HTTP/1.1" 200 - "https://vacivitta.com.br/" "Mozilla/5.0+(compatible; UptimeRobot/2.0; http://www.uptimerobot.com/)"
66.249.72.67 - - [13/May/2025:18:10:57 -0300] "GET /items/fclzt70/20?key=on HTTP/1.1" 404 - "-" "Mozilla/5.0 (Linux; Android 6.0.1; Nexus 5X Build/MMB29P) AppleWebKit/537.36 (KHTML, like Gecko) Chrome/136.0.7103.59 Mobile Safari/537.36 (compatible; Googlebot/2.1; +http://www.google.com/bot.html)"
208.110.64.178 - - [13/May/2025:18:12:04 -0300] "GET /wp-content/edit.php HTTP/1.1" 404 - "https://vacivitta.com.br/wp-content/edit.php" "Mozilla/5.0 (Windows NT 10.0; Win64; x64) AppleWebKit/537.36 (KHTML, like Gecko) Chrome/58.0.3029.110 Safari/537.3"
66.249.72.68 - - [13/May/2025:18:13:06 -0300] "GET /pcmypage?callback=product/review/suzukimotors-dop-net-hmbg54-110-408 HTTP/1.1" 404 - "-" "Mozilla/5.0 (Linux; Android 6.0.1; Nexus 5X Build/MMB29P) AppleWebKit/537.36 (KHTML, like Gecko) Chrome/136.0.7103.59 Mobile Safari/537.36 (compatible; Googlebot/2.1; +http://www.google.com/bot.html)"
104.45.211.239 - - [13/May/2025:18:13:15 -0300] "GET / HTTP/1.1" 200 488 "-" "Mozilla/5.0 (Windows NT 10.0; WOW64) AppleWebKit/537.36 (KHTML, like Gecko) Chrome/63.0.3239.84 Safari/537.36"
88.99.80.227 - - [13/May/2025:18:14:27 -0300] "HEAD / HTTP/1.1" 200 - "https://vacivitta.com.br/" "Mozilla/5.0+(compatible; UptimeRobot/2.0; http://www.uptimerobot.com/)"
131.153.240.2 - - [13/May/2025:18:14:44 -0300] "GET /feed/ HTTP/1.1" 404 - "-" "Mozilla/5.0 (Macintosh; Intel Mac OS X 10.15; rv:134.0) Gecko/20100101 Firefox/134.0"
69.197.182.50 - - [13/May/2025:18:16:46 -0300] "GET /wp-content/edit.php HTTP/1.1" 404 - "https://vacivitta.com.br/wp-content/edit.php" "Mozilla/5.0 (Windows NT 10.0; Win64; x64) AppleWebKit/537.36 (KHTML, like Gecko) Chrome/58.0.3029.110 Safari/537.3"
172.203.190.143 - - [13/May/2025:18:16:59 -0300] "GET /robots.txt HTTP/1.1" 404 - "-" "Mozilla/5.0 (Macintosh; Intel Mac OS X 10_15_7) AppleWebKit/537.36 (KHTML, like Gecko) Chrome/131.0.0.0 Safari/537.36; compatible; OAI-SearchBot/1.0; +https://openai.com/searchbot"
172.203.190.143 - - [13/May/2025:18:17:00 -0300] "GET /robots.txt HTTP/1.1" 404 - "-" "Mozilla/5.0 (Macintosh; Intel Mac OS X 10_15_7) AppleWebKit/537.36 (KHTML, like Gecko) Chrome/131.0.0.0 Safari/537.36; compatible; OAI-SearchBot/1.0; +https://openai.com/searchbot"
66.249.72.68 - - [13/May/2025:18:18:46 -0300] "GET /products/174is39553 HTTP/1.1" 404 - "-" "Mozilla/5.0 (Linux; Android 6.0.1; Nexus 5X Build/MMB29P) AppleWebKit/537.36 (KHTML, like Gecko) Chrome/136.0.7103.59 Mobile Safari/537.36 (compatible; GoogleOther)"
51.222.253.3 - - [13/May/2025:18:19:26 -0300] "GET /?p=4122 HTTP/1.1" 304 - "-" "Mozilla/5.0 (compatible; AhrefsBot/7.0; +http://ahrefs.com/robot/)"
128.140.106.114 - - [13/May/2025:18:19:30 -0300] "HEAD / HTTP/1.1" 200 - "https://vacivitta.com.br/" "Mozilla/5.0+(compatible; UptimeRobot/2.0; http://www.uptimerobot.com/)"
66.249.72.68 - - [13/May/2025:18:21:55 -0300] "GET /products/44rv785 HTTP/1.1" 404 - "-" "Mozilla/5.0 (Linux; Android 6.0.1; Nexus 5X Build/MMB29P) AppleWebKit/537.36 (KHTML, like Gecko) Chrome/136.0.7103.59 Mobile Safari/537.36 (compatible; Googlebot/2.1; +http://www.google.com/bot.html)"
66.249.72.67 - - [13/May/2025:18:21:57 -0300] "GET /products/155fm9456 HTTP/1.1" 404 - "-" "Mozilla/5.0 (Linux; Android 6.0.1; Nexus 5X Build/MMB29P) AppleWebKit/537.36 (KHTML, like Gecko) Chrome/136.0.7103.59 Mobile Safari/537.36 (compatible; Googlebot/2.1; +http://www.google.com/bot.html)"
69.197.182.50 - - [13/May/2025:18:23:08 -0300] "GET /wp-content/edit.php HTTP/1.1" 404 - "https://vacivitta.com.br/wp-content/edit.php" "Mozilla/5.0 (Windows NT 10.0; Win64; x64) AppleWebKit/537.36 (KHTML, like Gecko) Chrome/58.0.3029.110 Safari/537.3"
128.140.106.114 - - [13/May/2025:18:24:32 -0300] "HEAD / HTTP/1.1" 200 - "https://vacivitta.com.br/" "Mozilla/5.0+(compatible; UptimeRobot/2.0; http://www.uptimerobot.com/)"
204.12.252.98 - - [13/May/2025:18:26:16 -0300] "GET /wp-content/edit.php HTTP/1.1" 404 - "https://vacivitta.com.br/wp-content/edit.php" "Mozilla/5.0 (Windows NT 10.0; Win64; x64) AppleWebKit/537.36 (KHTML, like Gecko) Chrome/58.0.3029.110 Safari/537.3"
62.171.167.190 - - [13/May/2025:18:26:17 -0300] "GET /wp-content/plugins/HelloDollyV2/hello_dolly_v2.php HTTP/1.1" 404 - "www.google.com" "Mozilla/5.0 (Linux; Android 7.0; SM-G892A Build/NRD90M; wv) AppleWebKit/537.36 (KHTML, like Gecko) Version/4.0 Chrome/60.0.3112.107 Mobile Safari/537.36"
66.249.72.68 - - [13/May/2025:18:26:17 -0300] "GET /product/edit/oldgear-yunyuchronusch11094 HTTP/1.1" 404 - "-" "Mozilla/5.0 (Linux; Android 6.0.1; Nexus 5X Build/MMB29P) AppleWebKit/537.36 (KHTML, like Gecko) Chrome/136.0.7103.59 Mobile Safari/537.36 (compatible; Googlebot/2.1; +http://www.google.com/bot.html)"
62.171.167.190 - - [13/May/2025:18:26:22 -0300] "GET /wp-content/themes/hello_dolly_v2.php HTTP/1.1" 404 - "www.google.com" "Mozilla/5.0 (Linux; Android 7.0; SM-G892A Build/NRD90M; wv) AppleWebKit/537.36 (KHTML, like Gecko) Version/4.0 Chrome/60.0.3112.107 Mobile Safari/537.36"
62.171.167.190 - - [13/May/2025:18:26:24 -0300] "GET /wp-content/themes/include.php HTTP/1.1" 404 - "www.google.com" "Mozilla/5.0 (Linux; Android 7.0; SM-G892A Build/NRD90M; wv) AppleWebKit/537.36 (KHTML, like Gecko) Version/4.0 Chrome/60.0.3112.107 Mobile Safari/537.36"
62.171.167.190 - - [13/May/2025:18:26:30 -0300] "GET /style.php HTTP/1.1" 404 - "www.google.com" "Mozilla/5.0 (Linux; Android 7.0; SM-G892A Build/NRD90M; wv) AppleWebKit/537.36 (KHTML, like Gecko) Version/4.0 Chrome/60.0.3112.107 Mobile Safari/537.36"
62.171.167.190 - - [13/May/2025:18:26:34 -0300] "GET /wp-content/plugins/order-delivery-date/readme.txt HTTP/1.1" 404 - "www.google.com" "Mozilla/5.0 (Linux; Android 7.0; SM-G892A Build/NRD90M; wv) AppleWebKit/537.36 (KHTML, like Gecko) Version/4.0 Chrome/60.0.3112.107 Mobile Safari/537.36"
142.132.180.39 - - [13/May/2025:18:29:35 -0300] "HEAD / HTTP/1.1" 200 - "https://vacivitta.com.br/" "Mozilla/5.0+(compatible; UptimeRobot/2.0; http://www.uptimerobot.com/)"
66.249.72.69 - - [13/May/2025:18:29:57 -0300] "GET /products/98xk105 HTTP/1.1" 404 - "-" "Mozilla/5.0 (Linux; Android 6.0.1; Nexus 5X Build/MMB29P) AppleWebKit/537.36 (KHTML, like Gecko) Chrome/136.0.7103.59 Mobile Safari/537.36 (compatible; Googlebot/2.1; +http://www.google.com/bot.html)"
66.249.72.67 - - [13/May/2025:18:30:17 -0300] "GET /pcmypage?callback=product%2Fdetail%2Fkimono-syoukaku-h2752 HTTP/1.1" 404 - "-" "Mozilla/5.0 (Linux; Android 6.0.1; Nexus 5X Build/MMB29P) AppleWebKit/537.36 (KHTML, like Gecko) Chrome/136.0.7103.59 Mobile Safari/537.36 (compatible; Googlebot/2.1; +http://www.google.com/bot.html)"
66.249.72.67 - - [13/May/2025:18:30:33 -0300] "GET /product/edit/biy-japan-80-9881 HTTP/1.1" 404 - "-" "Mozilla/5.0 (Linux; Android 6.0.1; Nexus 5X Build/MMB29P) AppleWebKit/537.36 (KHTML, like Gecko) Chrome/136.0.7103.59 Mobile Safari/537.36 (compatible; Googlebot/2.1; +http://www.google.com/bot.html)"
66.249.72.68 - - [13/May/2025:18:30:33 -0300] "GET /items/jgakp38/492?key=ash HTTP/1.1" 404 - "-" "Mozilla/5.0 (Linux; Android 6.0.1; Nexus 5X Build/MMB29P) AppleWebKit/537.36 (KHTML, like Gecko) Chrome/136.0.7103.59 Mobile Safari/537.36 (compatible; Googlebot/2.1; +http://www.google.com/bot.html)"
45.227.254.34 - - [13/May/2025:18:30:39 -0300] "GET /wp-login.php HTTP/1.1" 404 - "-" "Mozilla/5.0 (Windows NT 10.0; Win64; x64) AppleWebKit/537.36 (KHTML, like Gecko) Chrome/107.0.0.0 Safari/537.36"
69.197.135.226 - - [13/May/2025:18:31:25 -0300] "GET /wp-content/edit.php HTTP/1.1" 404 - "https://vacivitta.com.br/wp-content/edit.php" "Mozilla/5.0 (Windows NT 10.0; Win64; x64) AppleWebKit/537.36 (KHTML, like Gecko) Chrome/58.0.3029.110 Safari/537.3"
143.244.185.159 - - [13/May/2025:18:31:49 -0300] "GET /wp-login.php HTTP/1.1" 404 - "-" "Mozilla/5.0 (Windows NT 10.0; Win64; x64) AppleWebKit/537.36 (KHTML, like Gecko) Chrome/107.0.0.0 Safari/537.36"
35.93.253.108 - - [13/May/2025:18:33:33 -0300] "GET /robots.txt HTTP/1.1" 503 - "-" "Mozilla/5.0 (compatible; wpbot/1.3; +https://forms.gle/ajBaxygz9jSR8p8G9)"
35.93.253.108 - - [13/May/2025:18:33:33 -0300] "GET / HTTP/1.1" 503 - "-" "Mozilla/5.0 (compatible; wpbot/1.3; +https://forms.gle/ajBaxygz9jSR8p8G9)"
66.249.72.69 - - [13/May/2025:18:33:35 -0300] "GET /items/ztvhg88/44630?key=elderly HTTP/1.1" 404 - "-" "Mozilla/5.0 (Linux; Android 6.0.1; Nexus 5X Build/MMB29P) AppleWebKit/537.36 (KHTML, like Gecko) Chrome/136.0.7103.59 Mobile Safari/537.36 (compatible; Googlebot/2.1; +http://www.google.com/bot.html)"
66.249.72.69 - - [13/May/2025:18:33:36 -0300] "GET /items/ijpgg42/732?key=resolve HTTP/1.1" 404 - "-" "Mozilla/5.0 (Linux; Android 6.0.1; Nexus 5X Build/MMB29P) AppleWebKit/537.36 (KHTML, like Gecko) Chrome/136.0.7103.59 Mobile Safari/537.36 (compatible; Googlebot/2.1; +http://www.google.com/bot.html)"
66.249.72.67 - - [13/May/2025:18:34:17 -0300] "GET /pcmypage?callback=/product%2Fdetail%2iefan-daiken-2mr-614 HTTP/1.1" 404 - "-" "Mozilla/5.0 (Linux; Android 6.0.1; Nexus 5X Build/MMB29P) AppleWebKit/537.36 (KHTML, like Gecko) Chrome/136.0.7103.59 Mobile Safari/537.36 (compatible; Googlebot/2.1; +http://www.google.com/bot.html)"
159.69.158.189 - - [13/May/2025:18:34:38 -0300] "HEAD / HTTP/1.1" 200 - "https://vacivitta.com.br/" "Mozilla/5.0+(compatible; UptimeRobot/2.0; http://www.uptimerobot.com/)"
194.145.227.125 - - [13/May/2025:18:36:03 -0300] "GET /elfinder/php/connector.minimal.php HTTP/1.1" 404 - "-" "ALittle Client"
177.79.102.199 - - [13/May/2025:18:38:31 -0300] "GET /?fbclid=PAZXh0bgNhZW0CMTEAAacx2vaab9novZo8c2QCn8eT6MrkqQMtjAHyrnCGERmUgOckyoYfE5Lyly3ztg_aem_730e68s1pt1LUd0I3LDjEw HTTP/1.1" 200 488 "https://l.instagram.com/" "Mozilla/5.0 (Linux; Android 15; SM-A566E Build/AP3A.240905.015.A2; wv) AppleWebKit/537.36 (KHTML, like Gecko) Version/4.0 Chrome/136.0.7103.60 Mobile Safari/537.36 Instagram 379.1.0.43.80 Android (35/15; 450dpi; 1080x2340; samsung; SM-A566E; a56x; s5e8855; pt_BR; 731638302; IABMV/1)"
177.79.102.199 - - [13/May/2025:18:38:31 -0300] "GET /assets/index-g8aW3Zx-.css HTTP/1.1" 200 2311 "https://www.vacivitta.com.br/?fbclid=PAZXh0bgNhZW0CMTEAAacx2vaab9novZo8c2QCn8eT6MrkqQMtjAHyrnCGERmUgOckyoYfE5Lyly3ztg_aem_730e68s1pt1LUd0I3LDjEw" "Mozilla/5.0 (Linux; Android 15; SM-A566E Build/AP3A.240905.015.A2; wv) AppleWebKit/537.36 (KHTML, like Gecko) Version/4.0 Chrome/136.0.7103.60 Mobile Safari/537.36 Instagram 379.1.0.43.80 Android (35/15; 450dpi; 1080x2340; samsung; SM-A566E; a56x; s5e8855; pt_BR; 731638302; IABMV/1)"
177.79.102.199 - - [13/May/2025:18:38:32 -0300] "GET /assets/index-CeMXvSyR.js HTTP/1.1" 200 857114 "https://www.vacivitta.com.br/?fbclid=PAZXh0bgNhZW0CMTEAAacx2vaab9novZo8c2QCn8eT6MrkqQMtjAHyrnCGERmUgOckyoYfE5Lyly3ztg_aem_730e68s1pt1LUd0I3LDjEw" "Mozilla/5.0 (Linux; Android 15; SM-A566E Build/AP3A.240905.015.A2; wv) AppleWebKit/537.36 (KHTML, like Gecko) Version/4.0 Chrome/136.0.7103.60 Mobile Safari/537.36 Instagram 379.1.0.43.80 Android (35/15; 450dpi; 1080x2340; samsung; SM-A566E; a56x; s5e8855; pt_BR; 731638302; IABMV/1)"
177.79.102.199 - - [13/May/2025:18:38:34 -0300] "GET /logo.png HTTP/1.1" 200 25613 "https://www.vacivitta.com.br/?fbclid=PAZXh0bgNhZW0CMTEAAacx2vaab9novZo8c2QCn8eT6MrkqQMtjAHyrnCGERmUgOckyoYfE5Lyly3ztg_aem_730e68s1pt1LUd0I3LDjEw" "Mozilla/5.0 (Linux; Android 15; SM-A566E Build/AP3A.240905.015.A2; wv) AppleWebKit/537.36 (KHTML, like Gecko) Version/4.0 Chrome/136.0.7103.60 Mobile Safari/537.36 Instagram 379.1.0.43.80 Android (35/15; 450dpi; 1080x2340; samsung; SM-A566E; a56x; s5e8855; pt_BR; 731638302; IABMV/1)"
177.79.102.199 - - [13/May/2025:18:38:34 -0300] "GET /ico.ico HTTP/1.1" 200 100526 "https://www.vacivitta.com.br/?fbclid=PAZXh0bgNhZW0CMTEAAacx2vaab9novZo8c2QCn8eT6MrkqQMtjAHyrnCGERmUgOckyoYfE5Lyly3ztg_aem_730e68s1pt1LUd0I3LDjEw" "Mozilla/5.0 (Linux; Android 15; SM-A566E Build/AP3A.240905.015.A2; wv) AppleWebKit/537.36 (KHTML, like Gecko) Version/4.0 Chrome/136.0.7103.60 Mobile Safari/537.36 Instagram 379.1.0.43.80 Android (35/15; 450dpi; 1080x2340; samsung; SM-A566E; a56x; s5e8855; pt_BR; 731638302; IABMV/1)"
177.79.102.199 - - [13/May/2025:18:38:35 -0300] "GET /vaci.jpg HTTP/1.1" 200 155283 "https://www.vacivitta.com.br/?fbclid=PAZXh0bgNhZW0CMTEAAacx2vaab9novZo8c2QCn8eT6MrkqQMtjAHyrnCGERmUgOckyoYfE5Lyly3ztg_aem_730e68s1pt1LUd0I3LDjEw" "Mozilla/5.0 (Linux; Android 15; SM-A566E Build/AP3A.240905.015.A2; wv) AppleWebKit/537.36 (KHTML, like Gecko) Version/4.0 Chrome/136.0.7103.60 Mobile Safari/537.36 Instagram 379.1.0.43.80 Android (35/15; 450dpi; 1080x2340; samsung; SM-A566E; a56x; s5e8855; pt_BR; 731638302; IABMV/1)"
177.79.102.199 - - [13/May/2025:18:38:35 -0300] "GET /2.png HTTP/1.1" 200 1052379 "https://www.vacivitta.com.br/?fbclid=PAZXh0bgNhZW0CMTEAAacx2vaab9novZo8c2QCn8eT6MrkqQMtjAHyrnCGERmUgOckyoYfE5Lyly3ztg_aem_730e68s1pt1LUd0I3LDjEw" "Mozilla/5.0 (Linux; Android 15; SM-A566E Build/AP3A.240905.015.A2; wv) AppleWebKit/537.36 (KHTML, like Gecko) Version/4.0 Chrome/136.0.7103.60 Mobile Safari/537.36 Instagram 379.1.0.43.80 Android (35/15; 450dpi; 1080x2340; samsung; SM-A566E; a56x; s5e8855; pt_BR; 731638302; IABMV/1)"
177.79.100.20 - - [13/May/2025:18:38:35 -0300] "GET /3.png HTTP/1.1" 200 1055246 "https://www.vacivitta.com.br/?fbclid=PAZXh0bgNhZW0CMTEAAacx2vaab9novZo8c2QCn8eT6MrkqQMtjAHyrnCGERmUgOckyoYfE5Lyly3ztg_aem_730e68s1pt1LUd0I3LDjEw" "Mozilla/5.0 (Linux; Android 15; SM-A566E Build/AP3A.240905.015.A2; wv) AppleWebKit/537.36 (KHTML, like Gecko) Version/4.0 Chrome/136.0.7103.60 Mobile Safari/537.36 Instagram 379.1.0.43.80 Android (35/15; 450dpi; 1080x2340; samsung; SM-A566E; a56x; s5e8855; pt_BR; 731638302; IABMV/1)"
177.79.102.199 - - [13/May/2025:18:38:35 -0300] "GET /1.png HTTP/1.1" 200 1041468 "https://www.vacivitta.com.br/?fbclid=PAZXh0bgNhZW0CMTEAAacx2vaab9novZo8c2QCn8eT6MrkqQMtjAHyrnCGERmUgOckyoYfE5Lyly3ztg_aem_730e68s1pt1LUd0I3LDjEw" "Mozilla/5.0 (Linux; Android 15; SM-A566E Build/AP3A.240905.015.A2; wv) AppleWebKit/537.36 (KHTML, like Gecko) Version/4.0 Chrome/136.0.7103.60 Mobile Safari/537.36 Instagram 379.1.0.43.80 Android (35/15; 450dpi; 1080x2340; samsung; SM-A566E; a56x; s5e8855; pt_BR; 731638302; IABMV/1)"
177.79.102.199 - - [13/May/2025:18:38:36 -0300] "GET /4.png HTTP/1.1" 200 1067791 "https://www.vacivitta.com.br/?fbclid=PAZXh0bgNhZW0CMTEAAacx2vaab9novZo8c2QCn8eT6MrkqQMtjAHyrnCGERmUgOckyoYfE5Lyly3ztg_aem_730e68s1pt1LUd0I3LDjEw" "Mozilla/5.0 (Linux; Android 15; SM-A566E Build/AP3A.240905.015.A2; wv) AppleWebKit/537.36 (KHTML, like Gecko) Version/4.0 Chrome/136.0.7103.60 Mobile Safari/537.36 Instagram 379.1.0.43.80 Android (35/15; 450dpi; 1080x2340; samsung; SM-A566E; a56x; s5e8855; pt_BR; 731638302; IABMV/1)"
177.79.102.199 - - [13/May/2025:18:38:35 -0300] "GET /mobilePage.png HTTP/1.1" 200 1355793 "https://www.vacivitta.com.br/?fbclid=PAZXh0bgNhZW0CMTEAAacx2vaab9novZo8c2QCn8eT6MrkqQMtjAHyrnCGERmUgOckyoYfE5Lyly3ztg_aem_730e68s1pt1LUd0I3LDjEw" "Mozilla/5.0 (Linux; Android 15; SM-A566E Build/AP3A.240905.015.A2; wv) AppleWebKit/537.36 (KHTML, like Gecko) Version/4.0 Chrome/136.0.7103.60 Mobile Safari/537.36 Instagram 379.1.0.43.80 Android (35/15; 450dpi; 1080x2340; samsung; SM-A566E; a56x; s5e8855; pt_BR; 731638302; IABMV/1)"
177.79.102.199 - - [13/May/2025:18:38:43 -0300] "GET /homePage2.png HTTP/1.1" 200 227246 "https://www.vacivitta.com.br/?fbclid=PAZXh0bgNhZW0CMTEAAacx2vaab9novZo8c2QCn8eT6MrkqQMtjAHyrnCGERmUgOckyoYfE5Lyly3ztg_aem_730e68s1pt1LUd0I3LDjEw" "Mozilla/5.0 (Linux; Android 15; SM-A566E Build/AP3A.240905.015.A2; wv) AppleWebKit/537.36 (KHTML, like Gecko) Version/4.0 Chrome/136.0.7103.60 Mobile Safari/537.36 Instagram 379.1.0.43.80 Android (35/15; 450dpi; 1080x2340; samsung; SM-A566E; a56x; s5e8855; pt_BR; 731638302; IABMV/1)"
177.79.102.199 - - [13/May/2025:18:38:46 -0300] "GET /walp.png HTTP/1.1" 200 26312 "https://www.vacivitta.com.br/?fbclid=PAZXh0bgNhZW0CMTEAAacx2vaab9novZo8c2QCn8eT6MrkqQMtjAHyrnCGERmUgOckyoYfE5Lyly3ztg_aem_730e68s1pt1LUd0I3LDjEw" "Mozilla/5.0 (Linux; Android 15; SM-A566E Build/AP3A.240905.015.A2; wv) AppleWebKit/537.36 (KHTML, like Gecko) Version/4.0 Chrome/136.0.7103.60 Mobile Safari/537.36 Instagram 379.1.0.43.80 Android (35/15; 450dpi; 1080x2340; samsung; SM-A566E; a56x; s5e8855; pt_BR; 731638302; IABMV/1)"
177.79.102.199 - - [13/May/2025:18:38:47 -0300] "GET /video.mp4 HTTP/1.1" 206 636967327 "https://www.vacivitta.com.br/?fbclid=PAZXh0bgNhZW0CMTEAAacx2vaab9novZo8c2QCn8eT6MrkqQMtjAHyrnCGERmUgOckyoYfE5Lyly3ztg_aem_730e68s1pt1LUd0I3LDjEw" "Mozilla/5.0 (Linux; Android 15; SM-A566E Build/AP3A.240905.015.A2; wv) AppleWebKit/537.36 (KHTML, like Gecko) Version/4.0 Chrome/136.0.7103.60 Mobile Safari/537.36 Instagram 379.1.0.43.80 Android (35/15; 450dpi; 1080x2340; samsung; SM-A566E; a56x; s5e8855; pt_BR; 731638302; IABMV/1)"
177.79.102.199 - - [13/May/2025:18:38:47 -0300] "GET /video.mp4 HTTP/1.1" 206 154015 "https://www.vacivitta.com.br/?fbclid=PAZXh0bgNhZW0CMTEAAacx2vaab9novZo8c2QCn8eT6MrkqQMtjAHyrnCGERmUgOckyoYfE5Lyly3ztg_aem_730e68s1pt1LUd0I3LDjEw" "Mozilla/5.0 (Linux; Android 15; SM-A566E Build/AP3A.240905.015.A2; wv) AppleWebKit/537.36 (KHTML, like Gecko) Version/4.0 Chrome/136.0.7103.60 Mobile Safari/537.36 Instagram 379.1.0.43.80 Android (35/15; 450dpi; 1080x2340; samsung; SM-A566E; a56x; s5e8855; pt_BR; 731638302; IABMV/1)"
177.79.102.199 - - [13/May/2025:18:38:46 -0300] "GET /fts3.png HTTP/1.1" 200 798280 "https://www.vacivitta.com.br/?fbclid=PAZXh0bgNhZW0CMTEAAacx2vaab9novZo8c2QCn8eT6MrkqQMtjAHyrnCGERmUgOckyoYfE5Lyly3ztg_aem_730e68s1pt1LUd0I3LDjEw" "Mozilla/5.0 (Linux; Android 15; SM-A566E Build/AP3A.240905.015.A2; wv) AppleWebKit/537.36 (KHTML, like Gecko) Version/4.0 Chrome/136.0.7103.60 Mobile Safari/537.36 Instagram 379.1.0.43.80 Android (35/15; 450dpi; 1080x2340; samsung; SM-A566E; a56x; s5e8855; pt_BR; 731638302; IABMV/1)"
177.79.102.199 - - [13/May/2025:18:38:48 -0300] "GET /video.mp4 HTTP/1.1" 206 636765424 "https://www.vacivitta.com.br/?fbclid=PAZXh0bgNhZW0CMTEAAacx2vaab9novZo8c2QCn8eT6MrkqQMtjAHyrnCGERmUgOckyoYfE5Lyly3ztg_aem_730e68s1pt1LUd0I3LDjEw" "Mozilla/5.0 (Linux; Android 15; SM-A566E Build/AP3A.240905.015.A2; wv) AppleWebKit/537.36 (KHTML, like Gecko) Version/4.0 Chrome/136.0.7103.60 Mobile Safari/537.36 Instagram 379.1.0.43.80 Android (35/15; 450dpi; 1080x2340; samsung; SM-A566E; a56x; s5e8855; pt_BR; 731638302; IABMV/1)"
177.79.102.199 - - [13/May/2025:18:38:34 -0300] "GET /mapa.png HTTP/1.1" 200 1787231 "https://www.vacivitta.com.br/?fbclid=PAZXh0bgNhZW0CMTEAAacx2vaab9novZo8c2QCn8eT6MrkqQMtjAHyrnCGERmUgOckyoYfE5Lyly3ztg_aem_730e68s1pt1LUd0I3LDjEw" "Mozilla/5.0 (Linux; Android 15; SM-A566E Build/AP3A.240905.015.A2; wv) AppleWebKit/537.36 (KHTML, like Gecko) Version/4.0 Chrome/136.0.7103.60 Mobile Safari/537.36 Instagram 379.1.0.43.80 Android (35/15; 450dpi; 1080x2340; samsung; SM-A566E; a56x; s5e8855; pt_BR; 731638302; IABMV/1)"
177.79.100.20 - - [13/May/2025:18:38:42 -0300] "GET /fts1.png HTTP/1.1" 200 2704287 "https://www.vacivitta.com.br/?fbclid=PAZXh0bgNhZW0CMTEAAacx2vaab9novZo8c2QCn8eT6MrkqQMtjAHyrnCGERmUgOckyoYfE5Lyly3ztg_aem_730e68s1pt1LUd0I3LDjEw" "Mozilla/5.0 (Linux; Android 15; SM-A566E Build/AP3A.240905.015.A2; wv) AppleWebKit/537.36 (KHTML, like Gecko) Version/4.0 Chrome/136.0.7103.60 Mobile Safari/537.36 Instagram 379.1.0.43.80 Android (35/15; 450dpi; 1080x2340; samsung; SM-A566E; a56x; s5e8855; pt_BR; 731638302; IABMV/1)"
177.79.100.20 - - [13/May/2025:18:39:15 -0300] "GET /aplicar.png HTTP/1.1" 200 264463 "https://www.vacivitta.com.br/?fbclid=PAZXh0bgNhZW0CMTEAAacx2vaab9novZo8c2QCn8eT6MrkqQMtjAHyrnCGERmUgOckyoYfE5Lyly3ztg_aem_730e68s1pt1LUd0I3LDjEw" "Mozilla/5.0 (Linux; Android 15; SM-A566E Build/AP3A.240905.015.A2; wv) AppleWebKit/537.36 (KHTML, like Gecko) Version/4.0 Chrome/136.0.7103.60 Mobile Safari/537.36 Instagram 379.1.0.43.80 Android (35/15; 450dpi; 1080x2340; samsung; SM-A566E; a56x; s5e8855; pt_BR; 731638302; IABMV/1)"
177.79.102.199 - - [13/May/2025:18:39:12 -0300] "GET /exame.png HTTP/1.1" 200 238352 "https://www.vacivitta.com.br/?fbclid=PAZXh0bgNhZW0CMTEAAacx2vaab9novZo8c2QCn8eT6MrkqQMtjAHyrnCGERmUgOckyoYfE5Lyly3ztg_aem_730e68s1pt1LUd0I3LDjEw" "Mozilla/5.0 (Linux; Android 15; SM-A566E Build/AP3A.240905.015.A2; wv) AppleWebKit/537.36 (KHTML, like Gecko) Version/4.0 Chrome/136.0.7103.60 Mobile Safari/537.36 Instagram 379.1.0.43.80 Android (35/15; 450dpi; 1080x2340; samsung; SM-A566E; a56x; s5e8855; pt_BR; 731638302; IABMV/1)"
177.79.102.199 - - [13/May/2025:18:39:12 -0300] "GET /especialista.png HTTP/1.1" 200 292040 "https://www.vacivitta.com.br/?fbclid=PAZXh0bgNhZW0CMTEAAacx2vaab9novZo8c2QCn8eT6MrkqQMtjAHyrnCGERmUgOckyoYfE5Lyly3ztg_aem_730e68s1pt1LUd0I3LDjEw" "Mozilla/5.0 (Linux; Android 15; SM-A566E Build/AP3A.240905.015.A2; wv) AppleWebKit/537.36 (KHTML, like Gecko) Version/4.0 Chrome/136.0.7103.60 Mobile Safari/537.36 Instagram 379.1.0.43.80 Android (35/15; 450dpi; 1080x2340; samsung; SM-A566E; a56x; s5e8855; pt_BR; 731638302; IABMV/1)"
177.79.100.20 - - [13/May/2025:18:39:16 -0300] "GET /pediatra.png HTTP/1.1" 200 290608 "https://www.vacivitta.com.br/?fbclid=PAZXh0bgNhZW0CMTEAAacx2vaab9novZo8c2QCn8eT6MrkqQMtjAHyrnCGERmUgOckyoYfE5Lyly3ztg_aem_730e68s1pt1LUd0I3LDjEw" "Mozilla/5.0 (Linux; Android 15; SM-A566E Build/AP3A.240905.015.A2; wv) AppleWebKit/537.36 (KHTML, like Gecko) Version/4.0 Chrome/136.0.7103.60 Mobile Safari/537.36 Instagram 379.1.0.43.80 Android (35/15; 450dpi; 1080x2340; samsung; SM-A566E; a56x; s5e8855; pt_BR; 731638302; IABMV/1)"
177.79.102.199 - - [13/May/2025:18:39:12 -0300] "GET /amamentar.png HTTP/1.1" 200 290680 "https://www.vacivitta.com.br/?fbclid=PAZXh0bgNhZW0CMTEAAacx2vaab9novZo8c2QCn8eT6MrkqQMtjAHyrnCGERmUgOckyoYfE5Lyly3ztg_aem_730e68s1pt1LUd0I3LDjEw" "Mozilla/5.0 (Linux; Android 15; SM-A566E Build/AP3A.240905.015.A2; wv) AppleWebKit/537.36 (KHTML, like Gecko) Version/4.0 Chrome/136.0.7103.60 Mobile Safari/537.36 Instagram 379.1.0.43.80 Android (35/15; 450dpi; 1080x2340; samsung; SM-A566E; a56x; s5e8855; pt_BR; 731638302; IABMV/1)"
177.79.100.20 - - [13/May/2025:18:39:17 -0300] "GET /pattern.svg HTTP/1.1" 404 - "https://www.vacivitta.com.br/?fbclid=PAZXh0bgNhZW0CMTEAAacx2vaab9novZo8c2QCn8eT6MrkqQMtjAHyrnCGERmUgOckyoYfE5Lyly3ztg_aem_730e68s1pt1LUd0I3LDjEw" "Mozilla/5.0 (Linux; Android 15; SM-A566E Build/AP3A.240905.015.A2; wv) AppleWebKit/537.36 (KHTML, like Gecko) Version/4.0 Chrome/136.0.7103.60 Mobile Safari/537.36 Instagram 379.1.0.43.80 Android (35/15; 450dpi; 1080x2340; samsung; SM-A566E; a56x; s5e8855; pt_BR; 731638302; IABMV/1)"
66.249.72.68 - - [13/May/2025:18:39:18 -0300] "GET /pcmypage?callback=product/review/momoda-500030692 HTTP/1.1" 404 - "-" "Mozilla/5.0 (Linux; Android 6.0.1; Nexus 5X Build/MMB29P) AppleWebKit/537.36 (KHTML, like Gecko) Chrome/136.0.7103.59 Mobile Safari/537.36 (compatible; Googlebot/2.1; +http://www.google.com/bot.html)"
177.79.102.199 - - [13/May/2025:18:39:12 -0300] "GET /homePage.png HTTP/1.1" 200 1495045 "https://www.vacivitta.com.br/?fbclid=PAZXh0bgNhZW0CMTEAAacx2vaab9novZo8c2QCn8eT6MrkqQMtjAHyrnCGERmUgOckyoYfE5Lyly3ztg_aem_730e68s1pt1LUd0I3LDjEw" "Mozilla/5.0 (Linux; Android 15; SM-A566E Build/AP3A.240905.015.A2; wv) AppleWebKit/537.36 (KHTML, like Gecko) Version/4.0 Chrome/136.0.7103.60 Mobile Safari/537.36 Instagram 379.1.0.43.80 Android (35/15; 450dpi; 1080x2340; samsung; SM-A566E; a56x; s5e8855; pt_BR; 731638302; IABMV/1)"
177.79.102.199 - - [13/May/2025:18:39:16 -0300] "GET /corporativa.png HTTP/1.1" 200 287653 "https://www.vacivitta.com.br/?fbclid=PAZXh0bgNhZW0CMTEAAacx2vaab9novZo8c2QCn8eT6MrkqQMtjAHyrnCGERmUgOckyoYfE5Lyly3ztg_aem_730e68s1pt1LUd0I3LDjEw" "Mozilla/5.0 (Linux; Android 15; SM-A566E Build/AP3A.240905.015.A2; wv) AppleWebKit/537.36 (KHTML, like Gecko) Version/4.0 Chrome/136.0.7103.60 Mobile Safari/537.36 Instagram 379.1.0.43.80 Android (35/15; 450dpi; 1080x2340; samsung; SM-A566E; a56x; s5e8855; pt_BR; 731638302; IABMV/1)"
177.79.102.199 - - [13/May/2025:18:38:46 -0300] "GET /fts2.png HTTP/1.1" 200 2539592 "https://www.vacivitta.com.br/?fbclid=PAZXh0bgNhZW0CMTEAAacx2vaab9novZo8c2QCn8eT6MrkqQMtjAHyrnCGERmUgOckyoYfE5Lyly3ztg_aem_730e68s1pt1LUd0I3LDjEw" "Mozilla/5.0 (Linux; Android 15; SM-A566E Build/AP3A.240905.015.A2; wv) AppleWebKit/537.36 (KHTML, like Gecko) Version/4.0 Chrome/136.0.7103.60 Mobile Safari/537.36 Instagram 379.1.0.43.80 Android (35/15; 450dpi; 1080x2340; samsung; SM-A566E; a56x; s5e8855; pt_BR; 731638302; IABMV/1)"
177.79.102.199 - - [13/May/2025:18:39:33 -0300] "GET /mobilePage.png HTTP/1.1" 200 1355793 "https://www.vacivitta.com.br/?fbclid=PAZXh0bgNhZW0CMTEAAacx2vaab9novZo8c2QCn8eT6MrkqQMtjAHyrnCGERmUgOckyoYfE5Lyly3ztg_aem_730e68s1pt1LUd0I3LDjEw" "Mozilla/5.0 (Linux; Android 15; SM-A566E Build/AP3A.240905.015.A2; wv) AppleWebKit/537.36 (KHTML, like Gecko) Version/4.0 Chrome/136.0.7103.60 Mobile Safari/537.36 Instagram 379.1.0.43.80 Android (35/15; 450dpi; 1080x2340; samsung; SM-A566E; a56x; s5e8855; pt_BR; 731638302; IABMV/1)"
78.46.190.63 - - [13/May/2025:18:39:40 -0300] "HEAD / HTTP/1.1" 200 - "https://vacivitta.com.br/" "Mozilla/5.0+(compatible; UptimeRobot/2.0; http://www.uptimerobot.com/)"
69.197.182.50 - - [13/May/2025:18:39:43 -0300] "GET /wp-content/edit.php HTTP/1.1" 404 - "https://vacivitta.com.br/wp-content/edit.php" "Mozilla/5.0 (Windows NT 10.0; Win64; x64) AppleWebKit/537.36 (KHTML, like Gecko) Chrome/58.0.3029.110 Safari/537.3"
181.77.159.159 - - [13/May/2025:18:40:53 -0300] "GET /ico.ico HTTP/1.1" 200 100526 "https://vacivitta.com.br/" "Mozilla/5.0 (iPhone; CPU iPhone OS 18_4_1 like Mac OS X) AppleWebKit/605.1.15 (KHTML, like Gecko) Version/18.4 Mobile/15E148 Safari/604.1"
66.249.72.67 - - [13/May/2025:18:41:37 -0300] "GET /items/rajhx21/103?key=distance HTTP/1.1" 404 - "-" "Mozilla/5.0 (Linux; Android 6.0.1; Nexus 5X Build/MMB29P) AppleWebKit/537.36 (KHTML, like Gecko) Chrome/136.0.7103.59 Mobile Safari/537.36 (compatible; Googlebot/2.1; +http://www.google.com/bot.html)"
69.197.135.226 - - [13/May/2025:18:43:31 -0300] "GET /wp-content/edit.php HTTP/1.1" 404 - "https://vacivitta.com.br/wp-content/edit.php" "Mozilla/5.0 (Windows NT 10.0; Win64; x64) AppleWebKit/537.36 (KHTML, like Gecko) Chrome/58.0.3029.110 Safari/537.3"
88.99.80.227 - - [13/May/2025:18:44:44 -0300] "HEAD / HTTP/1.1" 200 - "https://vacivitta.com.br/" "Mozilla/5.0+(compatible; UptimeRobot/2.0; http://www.uptimerobot.com/)"
3.236.157.71 - - [13/May/2025:18:47:08 -0300] "GET / HTTP/1.1" 200 488 "https://vacivitta.com.br" "Mozilla/5.0 (Windows NT 10.0; rv:91.0) Gecko/20100101 Firefox/91.0"
51.222.253.20 - - [13/May/2025:18:48:48 -0300] "GET /?p=10320 HTTP/1.1" 304 - "-" "Mozilla/5.0 (compatible; AhrefsBot/7.0; +http://ahrefs.com/robot/)"
49.13.164.148 - - [13/May/2025:18:49:46 -0300] "HEAD / HTTP/1.1" 200 - "https://vacivitta.com.br/" "Mozilla/5.0+(compatible; UptimeRobot/2.0; http://www.uptimerobot.com/)"
2.57.215.181 - - [13/May/2025:18:49:47 -0300] "GET /wp-login.php/wp-login.php HTTP/1.1" 404 - "-" "python-requests/2.32.3"
2.57.215.181 - - [13/May/2025:18:49:47 -0300] "POST /wp-login.php/wp-login.php HTTP/1.1" 404 - "-" "python-requests/2.32.3"
34.200.248.120 - - [13/May/2025:18:50:41 -0300] "GET /?page_id=11539 HTTP/1.1" 200 488 "https://vacivitta.com.br" "Mozilla/5.0 (Windows NT 10.0; Win64; x64; rv:92.0) Gecko/20100101 Firefox/92.0"
18.207.103.181 - - [13/May/2025:18:50:43 -0300] "GET /?page_id=2773 HTTP/1.1" 200 488 "https://vacivitta.com.br" "Mozilla/5.0 (Windows NT 10.0; Win64; x64) AppleWebKit/537.36 (KHTML, like Gecko) Chrome/94.0.4606.81 Safari/537.36"
44.200.156.83 - - [13/May/2025:18:50:50 -0300] "GET /?page_id=11396 HTTP/1.1" 200 488 "https://vacivitta.com.br" "Mozilla/5.0 (Windows NT 10.0; Win64; x64) AppleWebKit/537.36 (KHTML, like Gecko) Chrome/95.0.4638.54 Safari/537.36"
3.219.33.36 - - [13/May/2025:18:51:00 -0300] "GET /?page_id=3112 HTTP/1.1" 200 488 "https://vacivitta.com.br" "Mozilla/5.0 (X11; Linux x86_64) AppleWebKit/537.36 (KHTML, like Gecko) Chrome/95.0.4638.54 Safari/537.36"
69.197.182.50 - - [13/May/2025:18:51:00 -0300] "GET /wp-content/edit.php HTTP/1.1" 404 - "https://vacivitta.com.br/wp-content/edit.php" "Mozilla/5.0 (Windows NT 10.0; Win64; x64) AppleWebKit/537.36 (KHTML, like Gecko) Chrome/58.0.3029.110 Safari/537.3"
52.3.236.116 - - [13/May/2025:18:51:01 -0300] "GET /?page_id=3409 HTTP/1.1" 200 488 "https://vacivitta.com.br" "Mozilla/5.0 (X11; Linux x86_64) AppleWebKit/537.36 (KHTML, like Gecko) Chrome/96.0.4664.45 Safari/537.36"
44.200.156.83 - - [13/May/2025:18:51:04 -0300] "GET /?page_id=1039 HTTP/1.1" 200 488 "https://vacivitta.com.br" "Mozilla/5.0 (X11; Linux x86_64) AppleWebKit/537.36 (KHTML, like Gecko) Chrome/95.0.4638.69 Safari/537.36"
44.200.195.128 - - [13/May/2025:18:51:15 -0300] "GET /?page_id=3368 HTTP/1.1" 200 488 "https://vacivitta.com.br" "Mozilla/5.0 (Macintosh; Intel Mac OS X 10_15_7) AppleWebKit/605.1.15 (KHTML, like Gecko) Version/15.1 Safari/605.1.15"
100.27.38.167 - - [13/May/2025:18:51:17 -0300] "GET /?page_id=7676 HTTP/1.1" 200 488 "https://vacivitta.com.br" "Mozilla/5.0 (Windows NT 10.0; Win64; x64) AppleWebKit/537.36 (KHTML, like Gecko) Chrome/94.0.4606.81 Safari/537.36 OPR/80.0.4170.63 (Edition Yx 05)"
52.3.236.116 - - [13/May/2025:18:51:23 -0300] "GET /?page_id=2790 HTTP/1.1" 200 488 "https://vacivitta.com.br" "Mozilla/5.0 (Windows NT 10.0; Win64; x64) AppleWebKit/537.36 (KHTML, like Gecko) Chrome/95.0.4638.69 Safari/537.36"
3.219.33.36 - - [13/May/2025:18:51:36 -0300] "GET /?page_id=1038 HTTP/1.1" 200 488 "https://vacivitta.com.br" "Mozilla/5.0 (Windows NT 10.0; Win64; x64) AppleWebKit/537.36 (KHTML, like Gecko) Chrome/94.0.4606.61 Safari/537.36"
3.235.16.13 - - [13/May/2025:18:51:36 -0300] "GET /?page_id=8460 HTTP/1.1" 200 488 "https://vacivitta.com.br" "Mozilla/5.0 (Macintosh; Intel Mac OS X 10.15; rv:93.0) Gecko/20100101 Firefox/93.0"
44.203.216.99 - - [13/May/2025:18:51:37 -0300] "GET /?page_id=1035 HTTP/1.1" 200 488 "https://vacivitta.com.br" "Mozilla/5.0 (Windows NT 6.1; Win64; x64) AppleWebKit/537.36 (KHTML, like Gecko) Chrome/95.0.4638.69 Safari/537.36"
44.198.181.119 - - [13/May/2025:18:51:38 -0300] "GET /?page_id=10621 HTTP/1.1" 200 488 "https://vacivitta.com.br" "Mozilla/5.0 (Windows NT 10.0; Win64; x64) AppleWebKit/537.36 (KHTML, like Gecko) Chrome/95.0.4638.54 Safari/537.36 Edg/95.0.1020.40"
3.94.31.201 - - [13/May/2025:18:51:44 -0300] "GET /?page_id=2775 HTTP/1.1" 200 488 "https://vacivitta.com.br" "Mozilla/5.0 (Windows NT 6.1; Win64; x64; rv:94.0) Gecko/20100101 Firefox/94.0"
3.94.31.201 - - [13/May/2025:18:51:46 -0300] "GET /?page_id=2781 HTTP/1.1" 200 488 "https://vacivitta.com.br" "Mozilla/5.0 (Macintosh; Intel Mac OS X 10.15; rv:94.0) Gecko/20100101 Firefox/94.0"
3.239.16.199 - - [13/May/2025:18:51:46 -0300] "GET /?page_id=4375 HTTP/1.1" 200 488 "https://vacivitta.com.br" "Mozilla/5.0 (Windows NT 10.0; Win64; x64) AppleWebKit/537.36 (KHTML, like Gecko) Chrome/94.0.4606.61 Safari/537.36"
34.200.248.120 - - [13/May/2025:18:51:48 -0300] "GET /?page_id=8252 HTTP/1.1" 200 488 "https://vacivitta.com.br" "Mozilla/5.0 (Windows NT 10.0; Win64; x64) AppleWebKit/537.36 (KHTML, like Gecko) Chrome/94.0.4606.71 Safari/537.36"
69.197.182.50 - - [13/May/2025:18:53:23 -0300] "GET /wp-content/edit.php HTTP/1.1" 404 - "https://vacivitta.com.br/wp-content/edit.php" "Mozilla/5.0 (Windows NT 10.0; Win64; x64) AppleWebKit/537.36 (KHTML, like Gecko) Chrome/58.0.3029.110 Safari/537.3"
66.249.72.69 - - [13/May/2025:18:53:37 -0300] "GET /items/rmjjh65/757?key=interview HTTP/1.1" 404 - "-" "Mozilla/5.0 (Linux; Android 6.0.1; Nexus 5X Build/MMB29P) AppleWebKit/537.36 (KHTML, like Gecko) Chrome/136.0.7103.59 Mobile Safari/537.36 (compatible; Googlebot/2.1; +http://www.google.com/bot.html)"
168.119.96.239 - - [13/May/2025:18:54:50 -0300] "HEAD / HTTP/1.1" 200 - "https://vacivitta.com.br/" "Mozilla/5.0+(compatible; UptimeRobot/2.0; http://www.uptimerobot.com/)"
