%PDF- %PDF-
Mini Shell

Mini Shell

Direktori : /home2/vacivi36/access-logs/
Upload File :
Create Path :
Current File : //home2/vacivi36/access-logs/vacivitta.com.br-ssl_log

66.249.77.160 - - [12/Sep/2025:09:22:41 -0300] "GET /pcmypage?callback=product%2Fdetail%2Ftakeuchistore-20230622044146-00856 HTTP/1.1" 404 - "-" "Mozilla/5.0 (Linux; Android 6.0.1; Nexus 5X Build/MMB29P) AppleWebKit/537.36 (KHTML, like Gecko) Chrome/140.0.7339.127 Mobile Safari/537.36 (compatible; Googlebot/2.1; +http://www.google.com/bot.html)"
66.249.77.162 - - [12/Sep/2025:09:23:42 -0300] "GET /pcmypage?callback=product/review/hokuoliving-dsth40112522 HTTP/1.1" 404 - "-" "Mozilla/5.0 (Linux; Android 6.0.1; Nexus 5X Build/MMB29P) AppleWebKit/537.36 (KHTML, like Gecko) Chrome/140.0.7339.127 Mobile Safari/537.36 (compatible; Googlebot/2.1; +http://www.google.com/bot.html)"
204.12.252.98 - - [12/Sep/2025:09:26:21 -0300] "GET /wp-content/edit.php HTTP/1.1" 404 - "https://vacivitta.com.br/wp-content/edit.php" "Mozilla/5.0 (Windows NT 10.0; Win64; x64) AppleWebKit/537.36 (KHTML, like Gecko) Chrome/58.0.3029.110 Safari/537.3"
147.93.157.164 - - [12/Sep/2025:09:27:14 -0300] "HEAD /_ignition/execute-solution HTTP/1.1" 401 - "-" "python-requests/2.32.4"
173.44.33.211 - - [12/Sep/2025:09:34:28 -0300] "GET /2017/11/27/12-vacinas-esquecidas-pelas-mulheres/ HTTP/1.1" 404 - "-" "Mozilla/5.0 (iPhone; CPU iPhone OS 11_0 like Mac OS X) AppleWebKit/537.36 (KHTML, like Gecko) Chrome/47.0.4149.1417 Mobile Safari/537.36"
204.12.252.98 - - [12/Sep/2025:09:43:30 -0300] "GET /wp-content/edit.php HTTP/1.1" 404 - "https://vacivitta.com.br/wp-content/edit.php" "Mozilla/5.0 (Windows NT 10.0; Win64; x64) AppleWebKit/537.36 (KHTML, like Gecko) Chrome/58.0.3029.110 Safari/537.3"
66.249.77.160 - - [12/Sep/2025:09:43:39 -0300] "GET /pcmypage?callback=/product%2Fdetail%2nuts-berry-sp0130gr HTTP/1.1" 404 - "-" "Mozilla/5.0 (Linux; Android 6.0.1; Nexus 5X Build/MMB29P) AppleWebKit/537.36 (KHTML, like Gecko) Chrome/140.0.7339.127 Mobile Safari/537.36 (compatible; Googlebot/2.1; +http://www.google.com/bot.html)"
34.16.195.153 - - [12/Sep/2025:09:45:18 -0300] "GET / HTTP/1.1" 200 488 "http://vacivitta.com.br" "Mozilla/5.0 (compatible; CMS-Checker/1.0; +https://example.com)"
103.187.146.33 - - [12/Sep/2025:09:45:55 -0300] "GET /laravel-filemanager HTTP/1.1" 404 - "-" "Mozilla/5.0 (Windows NT 10.0; Win64; x64) AppleWebKit/537.36 (KHTML, like Gecko) Chrome/85.0.4183.102 Safari/537.36"
103.187.146.33 - - [12/Sep/2025:09:45:55 -0300] "GET /filemanager HTTP/1.1" 404 - "-" "Mozilla/5.0 (Windows NT 10.0; Win64; x64) AppleWebKit/537.36 (KHTML, like Gecko) Chrome/85.0.4183.102 Safari/537.36"
103.187.146.33 - - [12/Sep/2025:09:45:56 -0300] "GET /DOMAIN-INI-HAPUS-SAJA-GA-VULN HTTP/1.1" 404 - "-" "Mozilla/5.0 (Windows NT 10.0; Win64; x64) AppleWebKit/537.36 (KHTML, like Gecko) Chrome/85.0.4183.102 Safari/537.36"
103.187.146.33 - - [12/Sep/2025:09:45:56 -0300] "GET /laravel-filemanager HTTP/1.1" 404 - "-" "Mozilla/5.0 (Windows NT 10.0; Win64; x64) AppleWebKit/537.36 (KHTML, like Gecko) Chrome/85.0.4183.102 Safari/537.36"
103.187.146.33 - - [12/Sep/2025:09:45:56 -0300] "GET /laravel-filemanager HTTP/1.1" 404 - "-" "Mozilla/5.0 (Windows NT 10.0; Win64; x64) AppleWebKit/537.36 (KHTML, like Gecko) Chrome/85.0.4183.102 Safari/537.36"
103.187.146.33 - - [12/Sep/2025:09:45:56 -0300] "GET /filemanager HTTP/1.1" 404 - "-" "Mozilla/5.0 (Windows NT 10.0; Win64; x64) AppleWebKit/537.36 (KHTML, like Gecko) Chrome/85.0.4183.102 Safari/537.36"
103.187.146.33 - - [12/Sep/2025:09:45:57 -0300] "GET /filemanager HTTP/1.1" 404 - "-" "Mozilla/5.0 (Windows NT 10.0; Win64; x64) AppleWebKit/537.36 (KHTML, like Gecko) Chrome/85.0.4183.102 Safari/537.36"
103.187.146.33 - - [12/Sep/2025:09:45:57 -0300] "GET /DOMAIN-INI-HAPUS-SAJA-GA-VULN HTTP/1.1" 404 - "-" "Mozilla/5.0 (Windows NT 10.0; Win64; x64) AppleWebKit/537.36 (KHTML, like Gecko) Chrome/85.0.4183.102 Safari/537.36"
103.187.146.33 - - [12/Sep/2025:09:45:57 -0300] "GET /DOMAIN-INI-HAPUS-SAJA-GA-VULN HTTP/1.1" 404 - "-" "Mozilla/5.0 (Windows NT 10.0; Win64; x64) AppleWebKit/537.36 (KHTML, like Gecko) Chrome/85.0.4183.102 Safari/537.36"
195.178.110.161 - - [12/Sep/2025:09:46:35 -0300] "GET /.env HTTP/1.1" 200 12475 "-" "Mozilla/5.0 (X11; Linux x86_64) AppleWebKit/537.36 (KHTML, like Gecko) Chrome/81.0.4044.129 Safari/537.36"
195.178.110.161 - - [12/Sep/2025:09:46:35 -0300] "GET /.env.save HTTP/1.1" 200 12470 "-" "Mozilla/5.0 (X11; Linux x86_64) AppleWebKit/537.36 (KHTML, like Gecko) Chrome/81.0.4044.129 Safari/537.36"
195.178.110.161 - - [12/Sep/2025:09:46:36 -0300] "GET /.env.prod HTTP/1.1" 200 12475 "-" "Mozilla/5.0 (X11; Linux x86_64) AppleWebKit/537.36 (KHTML, like Gecko) Chrome/81.0.4044.129 Safari/537.36"
195.178.110.161 - - [12/Sep/2025:09:46:37 -0300] "GET /api/.env HTTP/1.1" 200 12483 "-" "Mozilla/5.0 (X11; Linux x86_64) AppleWebKit/537.36 (KHTML, like Gecko) Chrome/81.0.4044.129 Safari/537.36"
195.178.110.161 - - [12/Sep/2025:09:46:37 -0300] "GET /dev/.env HTTP/1.1" 200 12480 "-" "Mozilla/5.0 (X11; Linux x86_64) AppleWebKit/537.36 (KHTML, like Gecko) Chrome/81.0.4044.129 Safari/537.36"
195.178.110.161 - - [12/Sep/2025:09:46:53 -0300] "GET /application/.env HTTP/1.1" 200 12479 "-" "Mozilla/5.0 (X11; Linux x86_64) AppleWebKit/537.36 (KHTML, like Gecko) Chrome/81.0.4044.129 Safari/537.36"
195.178.110.161 - - [12/Sep/2025:09:46:54 -0300] "GET /phpinfo.php HTTP/1.1" 200 12475 "-" "Mozilla/5.0 (X11; Linux x86_64) AppleWebKit/537.36 (KHTML, like Gecko) Chrome/81.0.4044.129 Safari/537.36"
195.178.110.161 - - [12/Sep/2025:09:46:54 -0300] "GET /phpinfo HTTP/1.1" 200 12481 "-" "Mozilla/5.0 (X11; Linux x86_64) AppleWebKit/537.36 (KHTML, like Gecko) Chrome/81.0.4044.129 Safari/537.36"
195.178.110.161 - - [12/Sep/2025:09:46:55 -0300] "GET /php_info.php HTTP/1.1" 200 12475 "-" "Mozilla/5.0 (X11; Linux x86_64) AppleWebKit/537.36 (KHTML, like Gecko) Chrome/81.0.4044.129 Safari/537.36"
195.178.110.161 - - [12/Sep/2025:09:46:56 -0300] "GET /_profiler/phpinfo HTTP/1.1" 200 12478 "-" "Mozilla/5.0 (X11; Linux x86_64) AppleWebKit/537.36 (KHTML, like Gecko) Chrome/81.0.4044.129 Safari/537.36"
195.178.110.161 - - [12/Sep/2025:09:46:56 -0300] "GET /backend/.env HTTP/1.1" 200 12473 "-" "Mozilla/5.0 (X11; Linux x86_64) AppleWebKit/537.36 (KHTML, like Gecko) Chrome/81.0.4044.129 Safari/537.36"
195.178.110.161 - - [12/Sep/2025:09:47:02 -0300] "GET /.env.example HTTP/1.1" 200 12470 "-" "Mozilla/5.0 (X11; Linux x86_64) AppleWebKit/537.36 (KHTML, like Gecko) Chrome/81.0.4044.129 Safari/537.36"
195.178.110.161 - - [12/Sep/2025:09:47:02 -0300] "GET /admin/.env HTTP/1.1" 200 12475 "-" "Mozilla/5.0 (X11; Linux x86_64) AppleWebKit/537.36 (KHTML, like Gecko) Chrome/81.0.4044.129 Safari/537.36"
195.178.110.161 - - [12/Sep/2025:09:47:03 -0300] "GET /info HTTP/1.1" 200 12472 "-" "Mozilla/5.0 (X11; Linux x86_64) AppleWebKit/537.36 (KHTML, like Gecko) Chrome/81.0.4044.129 Safari/537.36"
195.178.110.161 - - [12/Sep/2025:09:47:04 -0300] "POST / HTTP/1.1" 200 12480 "-" "Mozilla/5.0 (X11; Linux x86_64) AppleWebKit/537.36 (KHTML, like Gecko) Chrome/81.0.4044.129 Safari/537.36"
193.24.211.33 - - [12/Sep/2025:09:49:03 -0300] "POST /xmlrpc.php HTTP/1.1" 404 - "-" "Mozilla/5.0 (Windows NT 10.0; Win64; x64; rv:127.0) Gecko/20100101 Firefox/127.0"
88.218.44.250 - - [12/Sep/2025:09:49:22 -0300] "POST /xmlrpc.php HTTP/1.1" 404 - "-" "Mozilla/5.0 (Windows NT 10.0; Win64; x64; rv:127.0) Gecko/20100101 Firefox/127.0"
193.233.130.151 - - [12/Sep/2025:09:49:59 -0300] "POST /xmlrpc.php HTTP/1.1" 404 - "-" "Mozilla/5.0 (Macintosh; Intel Mac OS X 13_5) AppleWebKit/605.1.15 (KHTML, like Gecko) Version/17.5 Safari/605.1.15"
193.233.216.180 - - [12/Sep/2025:09:50:30 -0300] "POST /xmlrpc.php HTTP/1.1" 404 - "-" "Mozilla/5.0 (Windows NT 10.0; Win64; x64) AppleWebKit/537.36 (KHTML, like Gecko) Chrome/124.0.6367.207 Safari/537.36"
193.24.211.33 - - [12/Sep/2025:09:51:16 -0300] "GET /wp-login.php HTTP/1.1" 404 - "-" "Mozilla/5.0 (Windows NT 10.0; Win64; x64; rv:127.0) Gecko/20100101 Firefox/127.0"
45.155.167.195 - - [12/Sep/2025:09:51:32 -0300] "GET /wp-login.php HTTP/1.1" 404 - "-" "Mozilla/5.0 (Macintosh; Intel Mac OS X 13_5) AppleWebKit/605.1.15 (KHTML, like Gecko) Version/17.5 Safari/605.1.15"
193.233.209.252 - - [12/Sep/2025:09:51:52 -0300] "GET /wp-login.php HTTP/1.1" 404 - "-" "Mozilla/5.0 (Macintosh; Intel Mac OS X 13_5) AppleWebKit/605.1.15 (KHTML, like Gecko) Version/17.5 Safari/605.1.15"
31.134.0.68 - - [12/Sep/2025:09:52:15 -0300] "GET /wp-login.php HTTP/1.1" 404 - "-" "Mozilla/5.0 (Macintosh; Intel Mac OS X 13_5) AppleWebKit/605.1.15 (KHTML, like Gecko) Version/17.5 Safari/605.1.15"
193.233.128.178 - - [12/Sep/2025:09:52:38 -0300] "GET /wp-login.php HTTP/1.1" 404 - "-" "Mozilla/5.0 (Macintosh; Intel Mac OS X 13_5) AppleWebKit/605.1.15 (KHTML, like Gecko) Version/17.5 Safari/605.1.15"
45.136.25.118 - - [12/Sep/2025:09:53:03 -0300] "GET /wp-login.php HTTP/1.1" 404 - "-" "Mozilla/5.0 (Windows NT 10.0; Win64; x64; rv:127.0) Gecko/20100101 Firefox/127.0"
193.142.38.161 - - [12/Sep/2025:09:53:25 -0300] "GET /wp-login.php HTTP/1.1" 404 - "-" "Mozilla/5.0 (Windows NT 10.0; Win64; x64) AppleWebKit/537.36 (KHTML, like Gecko) Chrome/124.0.6367.207 Safari/537.36"
45.133.115.140 - - [12/Sep/2025:09:54:08 -0300] "GET /wp-login.php HTTP/1.1" 404 - "-" "Mozilla/5.0 (Windows NT 10.0; Win64; x64) AppleWebKit/537.36 (KHTML, like Gecko) Chrome/124.0.6367.207 Safari/537.36"
45.135.3.147 - - [12/Sep/2025:09:54:25 -0300] "GET /wp-login.php HTTP/1.1" 404 - "-" "Mozilla/5.0 (Windows NT 10.0; Win64; x64; rv:127.0) Gecko/20100101 Firefox/127.0"
66.249.77.163 - - [12/Sep/2025:09:54:50 -0300] "GET /product/edit/hyogoparts-1a1188113e HTTP/1.1" 404 - "-" "Mozilla/5.0 (Linux; Android 6.0.1; Nexus 5X Build/MMB29P) AppleWebKit/537.36 (KHTML, like Gecko) Chrome/140.0.7339.127 Mobile Safari/537.36 (compatible; Googlebot/2.1; +http://www.google.com/bot.html)"
66.249.77.163 - - [12/Sep/2025:09:54:51 -0300] "GET /items/dfnck9/269?key=casual HTTP/1.1" 404 - "-" "Mozilla/5.0 (Linux; Android 6.0.1; Nexus 5X Build/MMB29P) AppleWebKit/537.36 (KHTML, like Gecko) Chrome/140.0.7339.127 Mobile Safari/537.36 (compatible; Googlebot/2.1; +http://www.google.com/bot.html)"
66.249.77.163 - - [12/Sep/2025:09:54:51 -0300] "GET /pcmypage?callback=product/review/chouka-399427-0001 HTTP/1.1" 404 - "-" "Mozilla/5.0 (Linux; Android 6.0.1; Nexus 5X Build/MMB29P) AppleWebKit/537.36 (KHTML, like Gecko) Chrome/140.0.7339.127 Mobile Safari/537.36 (compatible; Googlebot/2.1; +http://www.google.com/bot.html)"
66.249.77.163 - - [12/Sep/2025:09:55:54 -0300] "GET /pcmypage?callback=product/review/reright-store-usdm-4415-5217 HTTP/1.1" 404 - "-" "Mozilla/5.0 (Linux; Android 6.0.1; Nexus 5X Build/MMB29P) AppleWebKit/537.36 (KHTML, like Gecko) Chrome/140.0.7339.127 Mobile Safari/537.36 (compatible; Googlebot/2.1; +http://www.google.com/bot.html)"
66.249.77.163 - - [12/Sep/2025:09:56:55 -0300] "GET /product/edit/plus1tools-fku-2300417 HTTP/1.1" 404 - "-" "Mozilla/5.0 (Linux; Android 6.0.1; Nexus 5X Build/MMB29P) AppleWebKit/537.36 (KHTML, like Gecko) Chrome/140.0.7339.127 Mobile Safari/537.36 (compatible; Googlebot/2.1; +http://www.google.com/bot.html)"
66.249.77.161 - - [12/Sep/2025:09:57:56 -0300] "GET /product/edit/ioo-7773268 HTTP/1.1" 404 - "-" "Mozilla/5.0 (Linux; Android 6.0.1; Nexus 5X Build/MMB29P) AppleWebKit/537.36 (KHTML, like Gecko) Chrome/140.0.7339.127 Mobile Safari/537.36 (compatible; Googlebot/2.1; +http://www.google.com/bot.html)"
74.125.213.5 - - [12/Sep/2025:09:59:54 -0300] "GET /.well-known/traffic-advice HTTP/1.1" 404 - "-" "Chrome Privacy Preserving Prefetch Proxy"
193.186.4.239 - - [12/Sep/2025:09:59:54 -0300] "GET / HTTP/1.1" 200 488 "https://www.google.com/" "Mozilla/5.0 (Windows NT 10.0; Win64; x64) AppleWebKit/537.36 (KHTML, like Gecko) Chrome/139.0.0.0 Safari/537.36"
208.110.64.178 - - [12/Sep/2025:10:00:05 -0300] "GET /wp-content/edit.php HTTP/1.1" 404 - "https://vacivitta.com.br/wp-content/edit.php" "Mozilla/5.0 (Windows NT 10.0; Win64; x64) AppleWebKit/537.36 (KHTML, like Gecko) Chrome/58.0.3029.110 Safari/537.3"
193.186.4.237 - - [12/Sep/2025:10:00:17 -0300] "GET / HTTP/1.1" 200 488 "https://www.google.com/" "Mozilla/5.0 (Windows NT 10.0; Win64; x64) AppleWebKit/537.36 (KHTML, like Gecko) Chrome/139.0.0.0 Safari/537.36"
18.140.103.95 - - [12/Sep/2025:10:05:04 -0300] "GET /wp-content/uploads/2018/03/banner1-1.jpg HTTP/1.1" 404 - "-" "Mozilla/5.0 (compatible; crawler)"
66.249.77.160 - - [12/Sep/2025:10:06:58 -0300] "GET /pcmypage?callback=/product%2Fdetail%2justparts-gy024-1856015-2 HTTP/1.1" 404 - "-" "Mozilla/5.0 (Linux; Android 6.0.1; Nexus 5X Build/MMB29P) AppleWebKit/537.36 (KHTML, like Gecko) Chrome/140.0.7339.127 Mobile Safari/537.36 (compatible; Googlebot/2.1; +http://www.google.com/bot.html)"
66.249.77.160 - - [12/Sep/2025:10:06:58 -0300] "GET /pcmypage?callback=product%2Fdetail%2Ftreasure-one-company-s13p-wh-1980-1145-24540-ng2 HTTP/1.1" 404 - "-" "Mozilla/5.0 (Linux; Android 6.0.1; Nexus 5X Build/MMB29P) AppleWebKit/537.36 (KHTML, like Gecko) Chrome/140.0.7339.127 Mobile Safari/537.36 (compatible; Googlebot/2.1; +http://www.google.com/bot.html)"
208.110.64.178 - - [12/Sep/2025:10:07:37 -0300] "GET /wp-content/edit.php HTTP/1.1" 404 - "https://vacivitta.com.br/wp-content/edit.php" "Mozilla/5.0 (Windows NT 10.0; Win64; x64) AppleWebKit/537.36 (KHTML, like Gecko) Chrome/58.0.3029.110 Safari/537.3"
72.14.201.239 - - [12/Sep/2025:10:07:58 -0300] "GET / HTTP/1.1" 200 488 "https://www.google.com/" "Mozilla/5.0 (Windows NT 10.0; Win64; x64) AppleWebKit/537.36 (KHTML, like Gecko) Chrome/140.0.0.0 Safari/537.36"
189.84.139.66 - - [12/Sep/2025:10:08:02 -0300] "GET /assets/index-g8aW3Zx-.css HTTP/1.1" 200 2311 "https://vacivitta.com.br/" "Mozilla/5.0 (Windows NT 10.0; Win64; x64) AppleWebKit/537.36 (KHTML, like Gecko) Chrome/140.0.0.0 Safari/537.36"
189.84.139.66 - - [12/Sep/2025:10:08:02 -0300] "GET /assets/index-BZLUkikW.js HTTP/1.1" 200 923512 "https://vacivitta.com.br/" "Mozilla/5.0 (Windows NT 10.0; Win64; x64) AppleWebKit/537.36 (KHTML, like Gecko) Chrome/140.0.0.0 Safari/537.36"
189.84.139.66 - - [12/Sep/2025:10:08:04 -0300] "GET /logo.png HTTP/1.1" 200 25613 "https://vacivitta.com.br/" "Mozilla/5.0 (Windows NT 10.0; Win64; x64) AppleWebKit/537.36 (KHTML, like Gecko) Chrome/140.0.0.0 Safari/537.36"
189.84.139.66 - - [12/Sep/2025:10:08:05 -0300] "GET /ico.ico HTTP/1.1" 200 100526 "https://vacivitta.com.br/" "Mozilla/5.0 (Windows NT 10.0; Win64; x64) AppleWebKit/537.36 (KHTML, like Gecko) Chrome/140.0.0.0 Safari/537.36"
189.84.139.66 - - [12/Sep/2025:10:08:04 -0300] "GET /mapa.png HTTP/1.1" 200 1787231 "https://vacivitta.com.br/" "Mozilla/5.0 (Windows NT 10.0; Win64; x64) AppleWebKit/537.36 (KHTML, like Gecko) Chrome/140.0.0.0 Safari/537.36"
189.84.139.66 - - [12/Sep/2025:10:08:05 -0300] "GET /vaci.jpg HTTP/1.1" 200 155283 "https://vacivitta.com.br/" "Mozilla/5.0 (Windows NT 10.0; Win64; x64) AppleWebKit/537.36 (KHTML, like Gecko) Chrome/140.0.0.0 Safari/537.36"
189.84.139.66 - - [12/Sep/2025:10:08:05 -0300] "GET /homePage.png HTTP/1.1" 200 1495045 "https://vacivitta.com.br/" "Mozilla/5.0 (Windows NT 10.0; Win64; x64) AppleWebKit/537.36 (KHTML, like Gecko) Chrome/140.0.0.0 Safari/537.36"
189.84.139.66 - - [12/Sep/2025:10:08:05 -0300] "GET /1.png HTTP/1.1" 200 1041468 "https://vacivitta.com.br/" "Mozilla/5.0 (Windows NT 10.0; Win64; x64) AppleWebKit/537.36 (KHTML, like Gecko) Chrome/140.0.0.0 Safari/537.36"
189.84.139.66 - - [12/Sep/2025:10:08:05 -0300] "GET /3.png HTTP/1.1" 200 1055246 "https://vacivitta.com.br/" "Mozilla/5.0 (Windows NT 10.0; Win64; x64) AppleWebKit/537.36 (KHTML, like Gecko) Chrome/140.0.0.0 Safari/537.36"
189.84.139.66 - - [12/Sep/2025:10:08:07 -0300] "GET /fts3.png HTTP/1.1" 200 798280 "https://vacivitta.com.br/" "Mozilla/5.0 (Windows NT 10.0; Win64; x64) AppleWebKit/537.36 (KHTML, like Gecko) Chrome/140.0.0.0 Safari/537.36"
189.84.139.66 - - [12/Sep/2025:10:08:07 -0300] "GET /walp.png HTTP/1.1" 200 26312 "https://vacivitta.com.br/" "Mozilla/5.0 (Windows NT 10.0; Win64; x64) AppleWebKit/537.36 (KHTML, like Gecko) Chrome/140.0.0.0 Safari/537.36"
189.84.139.66 - - [12/Sep/2025:10:08:07 -0300] "GET /video.mp4 HTTP/1.1" 206 636967327 "https://vacivitta.com.br/" "Mozilla/5.0 (Windows NT 10.0; Win64; x64) AppleWebKit/537.36 (KHTML, like Gecko) Chrome/140.0.0.0 Safari/537.36"
189.84.139.66 - - [12/Sep/2025:10:08:07 -0300] "GET /fts2.png HTTP/1.1" 200 2539592 "https://vacivitta.com.br/" "Mozilla/5.0 (Windows NT 10.0; Win64; x64) AppleWebKit/537.36 (KHTML, like Gecko) Chrome/140.0.0.0 Safari/537.36"
189.84.139.66 - - [12/Sep/2025:10:08:08 -0300] "GET /homePage2.png HTTP/1.1" 200 227246 "https://vacivitta.com.br/" "Mozilla/5.0 (Windows NT 10.0; Win64; x64) AppleWebKit/537.36 (KHTML, like Gecko) Chrome/140.0.0.0 Safari/537.36"
189.84.139.66 - - [12/Sep/2025:10:08:08 -0300] "GET /video.mp4 HTTP/1.1" 206 154015 "https://vacivitta.com.br/" "Mozilla/5.0 (Windows NT 10.0; Win64; x64) AppleWebKit/537.36 (KHTML, like Gecko) Chrome/140.0.0.0 Safari/537.36"
189.84.139.66 - - [12/Sep/2025:10:08:07 -0300] "GET /fts1.png HTTP/1.1" 200 2704287 "https://vacivitta.com.br/" "Mozilla/5.0 (Windows NT 10.0; Win64; x64) AppleWebKit/537.36 (KHTML, like Gecko) Chrome/140.0.0.0 Safari/537.36"
189.84.139.66 - - [12/Sep/2025:10:08:09 -0300] "GET /video.mp4 HTTP/1.1" 206 636765424 "https://vacivitta.com.br/" "Mozilla/5.0 (Windows NT 10.0; Win64; x64) AppleWebKit/537.36 (KHTML, like Gecko) Chrome/140.0.0.0 Safari/537.36"
189.84.139.66 - - [12/Sep/2025:10:08:06 -0300] "GET /4.png HTTP/1.1" 200 1067791 "https://vacivitta.com.br/" "Mozilla/5.0 (Windows NT 10.0; Win64; x64) AppleWebKit/537.36 (KHTML, like Gecko) Chrome/140.0.0.0 Safari/537.36"
189.84.139.66 - - [12/Sep/2025:10:08:05 -0300] "GET /2.png HTTP/1.1" 200 1052379 "https://vacivitta.com.br/" "Mozilla/5.0 (Windows NT 10.0; Win64; x64) AppleWebKit/537.36 (KHTML, like Gecko) Chrome/140.0.0.0 Safari/537.36"
189.84.139.66 - - [12/Sep/2025:10:08:16 -0300] "GET /video.mp4 HTTP/1.1" 206 636085540 "https://vacivitta.com.br/" "Mozilla/5.0 (Windows NT 10.0; Win64; x64) AppleWebKit/537.36 (KHTML, like Gecko) Chrome/140.0.0.0 Safari/537.36"
189.84.139.66 - - [12/Sep/2025:10:08:38 -0300] "GET /vacinacao-corporativa.jpg HTTP/1.1" 404 - "https://vacivitta.com.br/" "Mozilla/5.0 (Windows NT 10.0; Win64; x64) AppleWebKit/537.36 (KHTML, like Gecko) Chrome/140.0.0.0 Safari/537.36"
216.194.80.65 - - [12/Sep/2025:10:13:01 -0300] "GET /2022/02/08/vacina-da-gripe-e-um-investimento/ HTTP/1.1" 404 - "-" "Mozilla/5.0 (Linux; Android 5.0; SM-G900P Build/LRX21T) AppleWebKit/537.36 (KHTML, like Gecko) Chrome/48.0.5325.1534 Mobile Safari/537.36"
31.13.127.15 - - [12/Sep/2025:10:14:24 -0300] "GET / HTTP/1.1" 200 488 "-" "facebookexternalhit/1.1 (+http://www.facebook.com/externalhit_uatext.php)"
208.110.64.178 - - [12/Sep/2025:10:16:55 -0300] "GET /wp-content/edit.php HTTP/1.1" 404 - "https://vacivitta.com.br/wp-content/edit.php" "Mozilla/5.0 (Windows NT 10.0; Win64; x64) AppleWebKit/537.36 (KHTML, like Gecko) Chrome/58.0.3029.110 Safari/537.3"
66.249.77.162 - - [12/Sep/2025:10:18:01 -0300] "GET /items/vhgvp96/16998?key=bacteria HTTP/1.1" 404 - "-" "Mozilla/5.0 (Linux; Android 6.0.1; Nexus 5X Build/MMB29P) AppleWebKit/537.36 (KHTML, like Gecko) Chrome/140.0.7339.127 Mobile Safari/537.36 (compatible; Googlebot/2.1; +http://www.google.com/bot.html)"
204.12.252.98 - - [12/Sep/2025:10:23:53 -0300] "GET /wp-content/edit.php HTTP/1.1" 404 - "https://vacivitta.com.br/wp-content/edit.php" "Mozilla/5.0 (Windows NT 10.0; Win64; x64) AppleWebKit/537.36 (KHTML, like Gecko) Chrome/58.0.3029.110 Safari/537.3"
177.84.61.121 - - [12/Sep/2025:10:24:52 -0300] "GET / HTTP/1.1" 200 488 "-" "Mozilla/5.0 (Windows NT 10.0; Win64; x64) AppleWebKit/537.36 (KHTML, like Gecko) Chrome/95.0.4638.54 Safari/537.36"
45.227.171.194 - - [12/Sep/2025:10:28:34 -0300] "GET / HTTP/1.1" 200 488 "-" "Mozilla/5.0 (Linux; Android 10; K) AppleWebKit/537.36 (KHTML, like Gecko) Chrome/140.0.0.0 Mobile Safari/537.36"
45.227.171.194 - - [12/Sep/2025:10:28:35 -0300] "GET /assets/index-g8aW3Zx-.css HTTP/1.1" 200 2311 "https://vacivitta.com.br/" "Mozilla/5.0 (Linux; Android 10; K) AppleWebKit/537.36 (KHTML, like Gecko) Chrome/140.0.0.0 Mobile Safari/537.36"
45.227.171.194 - - [12/Sep/2025:10:28:34 -0300] "GET /assets/index-BZLUkikW.js HTTP/1.1" 200 923512 "https://vacivitta.com.br/" "Mozilla/5.0 (Linux; Android 10; K) AppleWebKit/537.36 (KHTML, like Gecko) Chrome/140.0.0.0 Mobile Safari/537.36"
45.227.171.194 - - [12/Sep/2025:10:28:38 -0300] "GET /logo.png HTTP/1.1" 200 25613 "https://vacivitta.com.br/" "Mozilla/5.0 (Linux; Android 10; K) AppleWebKit/537.36 (KHTML, like Gecko) Chrome/140.0.0.0 Mobile Safari/537.36"
45.227.171.194 - - [12/Sep/2025:10:28:38 -0300] "GET /vaci.jpg HTTP/1.1" 200 155283 "https://vacivitta.com.br/" "Mozilla/5.0 (Linux; Android 10; K) AppleWebKit/537.36 (KHTML, like Gecko) Chrome/140.0.0.0 Mobile Safari/537.36"
45.227.171.194 - - [12/Sep/2025:10:28:38 -0300] "GET /ico.ico HTTP/1.1" 200 100526 "https://vacivitta.com.br/" "Mozilla/5.0 (Linux; Android 10; K) AppleWebKit/537.36 (KHTML, like Gecko) Chrome/140.0.0.0 Mobile Safari/537.36"
45.227.171.194 - - [12/Sep/2025:10:28:38 -0300] "GET /1.png HTTP/1.1" 200 1041468 "https://vacivitta.com.br/" "Mozilla/5.0 (Linux; Android 10; K) AppleWebKit/537.36 (KHTML, like Gecko) Chrome/140.0.0.0 Mobile Safari/537.36"
45.227.171.194 - - [12/Sep/2025:10:28:38 -0300] "GET /mapa.png HTTP/1.1" 200 1787231 "https://vacivitta.com.br/" "Mozilla/5.0 (Linux; Android 10; K) AppleWebKit/537.36 (KHTML, like Gecko) Chrome/140.0.0.0 Mobile Safari/537.36"
45.227.171.194 - - [12/Sep/2025:10:28:38 -0300] "GET /3.png HTTP/1.1" 200 1055246 "https://vacivitta.com.br/" "Mozilla/5.0 (Linux; Android 10; K) AppleWebKit/537.36 (KHTML, like Gecko) Chrome/140.0.0.0 Mobile Safari/537.36"
45.227.171.194 - - [12/Sep/2025:10:28:38 -0300] "GET /2.png HTTP/1.1" 200 1052379 "https://vacivitta.com.br/" "Mozilla/5.0 (Linux; Android 10; K) AppleWebKit/537.36 (KHTML, like Gecko) Chrome/140.0.0.0 Mobile Safari/537.36"
45.227.171.194 - - [12/Sep/2025:10:28:43 -0300] "GET /homePage2.png HTTP/1.1" 200 227246 "https://vacivitta.com.br/" "Mozilla/5.0 (Linux; Android 10; K) AppleWebKit/537.36 (KHTML, like Gecko) Chrome/140.0.0.0 Mobile Safari/537.36"
45.227.171.194 - - [12/Sep/2025:10:28:45 -0300] "GET /fts3.png HTTP/1.1" 200 798280 "https://vacivitta.com.br/" "Mozilla/5.0 (Linux; Android 10; K) AppleWebKit/537.36 (KHTML, like Gecko) Chrome/140.0.0.0 Mobile Safari/537.36"
45.227.171.194 - - [12/Sep/2025:10:28:42 -0300] "GET /mobilePage.png HTTP/1.1" 200 1355793 "https://vacivitta.com.br/" "Mozilla/5.0 (Linux; Android 10; K) AppleWebKit/537.36 (KHTML, like Gecko) Chrome/140.0.0.0 Mobile Safari/537.36"
45.227.171.194 - - [12/Sep/2025:10:28:38 -0300] "GET /4.png HTTP/1.1" 200 1067791 "https://vacivitta.com.br/" "Mozilla/5.0 (Linux; Android 10; K) AppleWebKit/537.36 (KHTML, like Gecko) Chrome/140.0.0.0 Mobile Safari/537.36"
45.227.171.194 - - [12/Sep/2025:10:28:47 -0300] "GET /walp.png HTTP/1.1" 200 26312 "https://vacivitta.com.br/" "Mozilla/5.0 (Linux; Android 10; K) AppleWebKit/537.36 (KHTML, like Gecko) Chrome/140.0.0.0 Mobile Safari/537.36"
45.227.171.194 - - [12/Sep/2025:10:28:48 -0300] "GET /video.mp4 HTTP/1.1" 206 636967327 "https://vacivitta.com.br/" "Mozilla/5.0 (Linux; Android 10; K) AppleWebKit/537.36 (KHTML, like Gecko) Chrome/140.0.0.0 Mobile Safari/537.36"
45.227.171.194 - - [12/Sep/2025:10:28:49 -0300] "GET /video.mp4 HTTP/1.1" 206 154015 "https://vacivitta.com.br/" "Mozilla/5.0 (Linux; Android 10; K) AppleWebKit/537.36 (KHTML, like Gecko) Chrome/140.0.0.0 Mobile Safari/537.36"
45.227.171.194 - - [12/Sep/2025:10:28:43 -0300] "GET /fts1.png HTTP/1.1" 200 2704287 "https://vacivitta.com.br/" "Mozilla/5.0 (Linux; Android 10; K) AppleWebKit/537.36 (KHTML, like Gecko) Chrome/140.0.0.0 Mobile Safari/537.36"
45.227.171.194 - - [12/Sep/2025:10:28:51 -0300] "GET /video.mp4 HTTP/1.1" 206 636773424 "https://vacivitta.com.br/" "Mozilla/5.0 (Linux; Android 10; K) AppleWebKit/537.36 (KHTML, like Gecko) Chrome/140.0.0.0 Mobile Safari/537.36"
45.227.171.194 - - [12/Sep/2025:10:28:43 -0300] "GET /fts2.png HTTP/1.1" 200 2539592 "https://vacivitta.com.br/" "Mozilla/5.0 (Linux; Android 10; K) AppleWebKit/537.36 (KHTML, like Gecko) Chrome/140.0.0.0 Mobile Safari/537.36"
45.227.171.194 - - [12/Sep/2025:10:29:24 -0300] "GET /video.mp4 HTTP/1.1" 206 636085540 "https://vacivitta.com.br/" "Mozilla/5.0 (Linux; Android 10; K) AppleWebKit/537.36 (KHTML, like Gecko) Chrome/140.0.0.0 Mobile Safari/537.36"
204.12.252.98 - - [12/Sep/2025:10:32:32 -0300] "GET /wp-content/edit.php HTTP/1.1" 404 - "https://vacivitta.com.br/wp-content/edit.php" "Mozilla/5.0 (Windows NT 10.0; Win64; x64) AppleWebKit/537.36 (KHTML, like Gecko) Chrome/58.0.3029.110 Safari/537.3"
66.249.77.165 - - [12/Sep/2025:10:32:39 -0300] "GET /items/hgurh88/490?key=child HTTP/1.1" 404 - "-" "Mozilla/5.0 (Linux; Android 6.0.1; Nexus 5X Build/MMB29P) AppleWebKit/537.36 (KHTML, like Gecko) Chrome/140.0.7339.127 Mobile Safari/537.36 (compatible; Googlebot/2.1; +http://www.google.com/bot.html)"
124.248.184.195 - - [12/Sep/2025:10:42:09 -0300] "HEAD /wp-login.php HTTP/1.1" 404 - "-" "python-requests/2.32.4"
208.110.64.178 - - [12/Sep/2025:10:45:24 -0300] "GET /wp-content/edit.php HTTP/1.1" 404 - "https://vacivitta.com.br/wp-content/edit.php" "Mozilla/5.0 (Windows NT 10.0; Win64; x64) AppleWebKit/537.36 (KHTML, like Gecko) Chrome/58.0.3029.110 Safari/537.3"
31.13.127.10 - - [12/Sep/2025:10:46:29 -0300] "GET /novaiguacu/ HTTP/1.1" 404 - "-" "facebookexternalhit/1.1 (+http://www.facebook.com/externalhit_uatext.php)"
173.252.127.8 - - [12/Sep/2025:10:46:42 -0300] "GET /?fbclid=IwZXh0bgNhZW0CMTEAAR4Xepk1vZdG29LsqDMmq_fASTzbg42CAkSd-KHNSohVjaoYwO8F1bgnMfjIqQ_aem_0Bon8r5ONB4kq8pTBdx7Sw HTTP/1.1" 200 488 "-" "Mozilla/5.0 (iPhone; CPU iPhone OS 18_6_2 like Mac OS X) AppleWebKit/605.1.15 (KHTML, like Gecko) Version/18.6 Mobile/15E148 Safari/604.1"
173.252.127.36 - - [12/Sep/2025:10:46:42 -0300] "GET /assets/index-g8aW3Zx-.css HTTP/1.1" 200 2311 "https://vacivitta.com.br/?fbclid=IwZXh0bgNhZW0CMTEAAR4Xepk1vZdG29LsqDMmq_fASTzbg42CAkSd-KHNSohVjaoYwO8F1bgnMfjIqQ_aem_0Bon8r5ONB4kq8pTBdx7Sw" "Mozilla/5.0 (iPhone; CPU iPhone OS 18_6_2 like Mac OS X) AppleWebKit/605.1.15 (KHTML, like Gecko) Version/18.6 Mobile/15E148 Safari/604.1"
173.252.127.8 - - [12/Sep/2025:10:46:42 -0300] "GET /assets/index-BZLUkikW.js HTTP/1.1" 200 923512 "https://vacivitta.com.br/?fbclid=IwZXh0bgNhZW0CMTEAAR4Xepk1vZdG29LsqDMmq_fASTzbg42CAkSd-KHNSohVjaoYwO8F1bgnMfjIqQ_aem_0Bon8r5ONB4kq8pTBdx7Sw" "Mozilla/5.0 (iPhone; CPU iPhone OS 18_6_2 like Mac OS X) AppleWebKit/605.1.15 (KHTML, like Gecko) Version/18.6 Mobile/15E148 Safari/604.1"
173.252.127.8 - - [12/Sep/2025:10:46:42 -0300] "GET /logo.png HTTP/1.1" 200 25613 "https://vacivitta.com.br/?fbclid=IwZXh0bgNhZW0CMTEAAR4Xepk1vZdG29LsqDMmq_fASTzbg42CAkSd-KHNSohVjaoYwO8F1bgnMfjIqQ_aem_0Bon8r5ONB4kq8pTBdx7Sw" "Mozilla/5.0 (iPhone; CPU iPhone OS 18_6_2 like Mac OS X) AppleWebKit/605.1.15 (KHTML, like Gecko) Version/18.6 Mobile/15E148 Safari/604.1"
173.252.127.8 - - [12/Sep/2025:10:46:42 -0300] "GET /vaci.jpg HTTP/1.1" 200 155283 "https://vacivitta.com.br/?fbclid=IwZXh0bgNhZW0CMTEAAR4Xepk1vZdG29LsqDMmq_fASTzbg42CAkSd-KHNSohVjaoYwO8F1bgnMfjIqQ_aem_0Bon8r5ONB4kq8pTBdx7Sw" "Mozilla/5.0 (iPhone; CPU iPhone OS 18_6_2 like Mac OS X) AppleWebKit/605.1.15 (KHTML, like Gecko) Version/18.6 Mobile/15E148 Safari/604.1"
173.252.127.8 - - [12/Sep/2025:10:46:42 -0300] "GET /homePage.png HTTP/1.1" 200 1495045 "https://vacivitta.com.br/?fbclid=IwZXh0bgNhZW0CMTEAAR4Xepk1vZdG29LsqDMmq_fASTzbg42CAkSd-KHNSohVjaoYwO8F1bgnMfjIqQ_aem_0Bon8r5ONB4kq8pTBdx7Sw" "Mozilla/5.0 (iPhone; CPU iPhone OS 18_6_2 like Mac OS X) AppleWebKit/605.1.15 (KHTML, like Gecko) Version/18.6 Mobile/15E148 Safari/604.1"
173.252.127.8 - - [12/Sep/2025:10:46:43 -0300] "GET /1.png HTTP/1.1" 200 1041468 "https://vacivitta.com.br/?fbclid=IwZXh0bgNhZW0CMTEAAR4Xepk1vZdG29LsqDMmq_fASTzbg42CAkSd-KHNSohVjaoYwO8F1bgnMfjIqQ_aem_0Bon8r5ONB4kq8pTBdx7Sw" "Mozilla/5.0 (iPhone; CPU iPhone OS 18_6_2 like Mac OS X) AppleWebKit/605.1.15 (KHTML, like Gecko) Version/18.6 Mobile/15E148 Safari/604.1"
173.252.127.115 - - [12/Sep/2025:10:46:42 -0300] "GET /homePage2.png HTTP/1.1" 200 227246 "https://vacivitta.com.br/?fbclid=IwZXh0bgNhZW0CMTEAAR4Xepk1vZdG29LsqDMmq_fASTzbg42CAkSd-KHNSohVjaoYwO8F1bgnMfjIqQ_aem_0Bon8r5ONB4kq8pTBdx7Sw" "Mozilla/5.0 (iPhone; CPU iPhone OS 18_6_2 like Mac OS X) AppleWebKit/605.1.15 (KHTML, like Gecko) Version/18.6 Mobile/15E148 Safari/604.1"
173.252.127.36 - - [12/Sep/2025:10:46:42 -0300] "GET /mapa.png HTTP/1.1" 200 1787231 "https://vacivitta.com.br/?fbclid=IwZXh0bgNhZW0CMTEAAR4Xepk1vZdG29LsqDMmq_fASTzbg42CAkSd-KHNSohVjaoYwO8F1bgnMfjIqQ_aem_0Bon8r5ONB4kq8pTBdx7Sw" "Mozilla/5.0 (iPhone; CPU iPhone OS 18_6_2 like Mac OS X) AppleWebKit/605.1.15 (KHTML, like Gecko) Version/18.6 Mobile/15E148 Safari/604.1"
173.252.127.36 - - [12/Sep/2025:10:46:43 -0300] "GET /3.png HTTP/1.1" 200 1055246 "https://vacivitta.com.br/?fbclid=IwZXh0bgNhZW0CMTEAAR4Xepk1vZdG29LsqDMmq_fASTzbg42CAkSd-KHNSohVjaoYwO8F1bgnMfjIqQ_aem_0Bon8r5ONB4kq8pTBdx7Sw" "Mozilla/5.0 (iPhone; CPU iPhone OS 18_6_2 like Mac OS X) AppleWebKit/605.1.15 (KHTML, like Gecko) Version/18.6 Mobile/15E148 Safari/604.1"
173.252.127.8 - - [12/Sep/2025:10:46:43 -0300] "GET /4.png HTTP/1.1" 200 1067791 "https://vacivitta.com.br/?fbclid=IwZXh0bgNhZW0CMTEAAR4Xepk1vZdG29LsqDMmq_fASTzbg42CAkSd-KHNSohVjaoYwO8F1bgnMfjIqQ_aem_0Bon8r5ONB4kq8pTBdx7Sw" "Mozilla/5.0 (iPhone; CPU iPhone OS 18_6_2 like Mac OS X) AppleWebKit/605.1.15 (KHTML, like Gecko) Version/18.6 Mobile/15E148 Safari/604.1"
173.252.127.115 - - [12/Sep/2025:10:46:43 -0300] "GET /2.png HTTP/1.1" 200 1052379 "https://vacivitta.com.br/?fbclid=IwZXh0bgNhZW0CMTEAAR4Xepk1vZdG29LsqDMmq_fASTzbg42CAkSd-KHNSohVjaoYwO8F1bgnMfjIqQ_aem_0Bon8r5ONB4kq8pTBdx7Sw" "Mozilla/5.0 (iPhone; CPU iPhone OS 18_6_2 like Mac OS X) AppleWebKit/605.1.15 (KHTML, like Gecko) Version/18.6 Mobile/15E148 Safari/604.1"
173.252.127.36 - - [12/Sep/2025:10:46:43 -0300] "GET /fts1.png HTTP/1.1" 200 2704287 "https://vacivitta.com.br/?fbclid=IwZXh0bgNhZW0CMTEAAR4Xepk1vZdG29LsqDMmq_fASTzbg42CAkSd-KHNSohVjaoYwO8F1bgnMfjIqQ_aem_0Bon8r5ONB4kq8pTBdx7Sw" "Mozilla/5.0 (iPhone; CPU iPhone OS 18_6_2 like Mac OS X) AppleWebKit/605.1.15 (KHTML, like Gecko) Version/18.6 Mobile/15E148 Safari/604.1"
173.252.127.8 - - [12/Sep/2025:10:46:43 -0300] "GET /fts2.png HTTP/1.1" 200 2539592 "https://vacivitta.com.br/?fbclid=IwZXh0bgNhZW0CMTEAAR4Xepk1vZdG29LsqDMmq_fASTzbg42CAkSd-KHNSohVjaoYwO8F1bgnMfjIqQ_aem_0Bon8r5ONB4kq8pTBdx7Sw" "Mozilla/5.0 (iPhone; CPU iPhone OS 18_6_2 like Mac OS X) AppleWebKit/605.1.15 (KHTML, like Gecko) Version/18.6 Mobile/15E148 Safari/604.1"
173.252.127.115 - - [12/Sep/2025:10:46:43 -0300] "GET /fts3.png HTTP/1.1" 200 798280 "https://vacivitta.com.br/?fbclid=IwZXh0bgNhZW0CMTEAAR4Xepk1vZdG29LsqDMmq_fASTzbg42CAkSd-KHNSohVjaoYwO8F1bgnMfjIqQ_aem_0Bon8r5ONB4kq8pTBdx7Sw" "Mozilla/5.0 (iPhone; CPU iPhone OS 18_6_2 like Mac OS X) AppleWebKit/605.1.15 (KHTML, like Gecko) Version/18.6 Mobile/15E148 Safari/604.1"
173.252.127.115 - - [12/Sep/2025:10:46:43 -0300] "GET /walp.png HTTP/1.1" 200 26312 "https://vacivitta.com.br/?fbclid=IwZXh0bgNhZW0CMTEAAR4Xepk1vZdG29LsqDMmq_fASTzbg42CAkSd-KHNSohVjaoYwO8F1bgnMfjIqQ_aem_0Bon8r5ONB4kq8pTBdx7Sw" "Mozilla/5.0 (iPhone; CPU iPhone OS 18_6_2 like Mac OS X) AppleWebKit/605.1.15 (KHTML, like Gecko) Version/18.6 Mobile/15E148 Safari/604.1"
173.252.127.115 - - [12/Sep/2025:10:46:43 -0300] "GET /ico.ico HTTP/1.1" 200 100526 "https://vacivitta.com.br/?fbclid=IwZXh0bgNhZW0CMTEAAR4Xepk1vZdG29LsqDMmq_fASTzbg42CAkSd-KHNSohVjaoYwO8F1bgnMfjIqQ_aem_0Bon8r5ONB4kq8pTBdx7Sw" "Mozilla/5.0 (iPhone; CPU iPhone OS 18_6_2 like Mac OS X) AppleWebKit/605.1.15 (KHTML, like Gecko) Version/18.6 Mobile/15E148 Safari/604.1"
173.252.127.18 - - [12/Sep/2025:10:47:10 -0300] "GET /video.mp4 HTTP/1.1" 206 636967327 "https://vacivitta.com.br/?fbclid=IwZXh0bgNhZW0CMTEAAR4Xepk1vZdG29LsqDMmq_fASTzbg42CAkSd-KHNSohVjaoYwO8F1bgnMfjIqQ_aem_0Bon8r5ONB4kq8pTBdx7Sw" "Mozilla/5.0 (iPhone; CPU iPhone OS 18_6_2 like Mac OS X) AppleWebKit/605.1.15 (KHTML, like Gecko) Version/18.6 Mobile/15E148 Safari/604.1"
173.252.127.62 - - [12/Sep/2025:10:47:11 -0300] "GET /video.mp4 HTTP/1.1" 206 154015 "https://vacivitta.com.br/?fbclid=IwZXh0bgNhZW0CMTEAAR4Xepk1vZdG29LsqDMmq_fASTzbg42CAkSd-KHNSohVjaoYwO8F1bgnMfjIqQ_aem_0Bon8r5ONB4kq8pTBdx7Sw" "Mozilla/5.0 (iPhone; CPU iPhone OS 18_6_2 like Mac OS X) AppleWebKit/605.1.15 (KHTML, like Gecko) Version/18.6 Mobile/15E148 Safari/604.1"
173.252.127.62 - - [12/Sep/2025:10:47:12 -0300] "GET /video.mp4 HTTP/1.1" 206 636725425 "https://vacivitta.com.br/?fbclid=IwZXh0bgNhZW0CMTEAAR4Xepk1vZdG29LsqDMmq_fASTzbg42CAkSd-KHNSohVjaoYwO8F1bgnMfjIqQ_aem_0Bon8r5ONB4kq8pTBdx7Sw" "Mozilla/5.0 (iPhone; CPU iPhone OS 18_6_2 like Mac OS X) AppleWebKit/605.1.15 (KHTML, like Gecko) Version/18.6 Mobile/15E148 Safari/604.1"
173.252.95.17 - - [12/Sep/2025:10:47:24 -0300] "GET /4.png HTTP/1.1" 200 1067791 "-" "facebookexternalhit/1.1 (+http://www.facebook.com/externalhit_uatext.php)"
173.252.79.116 - - [12/Sep/2025:10:47:25 -0300] "GET /vaci.jpg HTTP/1.1" 200 155283 "-" "facebookexternalhit/1.1 (+http://www.facebook.com/externalhit_uatext.php)"
31.13.127.113 - - [12/Sep/2025:10:47:39 -0300] "GET /1.png HTTP/1.1" 200 1041468 "-" "facebookexternalhit/1.1 (+http://www.facebook.com/externalhit_uatext.php)"
66.220.149.37 - - [12/Sep/2025:10:47:43 -0300] "GET /fts3.png HTTP/1.1" 200 798280 "-" "facebookexternalhit/1.1 (+http://www.facebook.com/externalhit_uatext.php)"
66.220.149.47 - - [12/Sep/2025:10:47:53 -0300] "GET /2.png HTTP/1.1" 200 1052379 "-" "facebookexternalhit/1.1 (+http://www.facebook.com/externalhit_uatext.php)"
66.249.77.166 - - [12/Sep/2025:10:52:42 -0300] "GET /items/dbyxo34/24042?key=script HTTP/1.1" 404 - "-" "Mozilla/5.0 (Linux; Android 6.0.1; Nexus 5X Build/MMB29P) AppleWebKit/537.36 (KHTML, like Gecko) Chrome/140.0.7339.127 Mobile Safari/537.36 (compatible; Googlebot/2.1; +http://www.google.com/bot.html)"
204.12.252.98 - - [12/Sep/2025:10:53:12 -0300] "GET /wp-content/edit.php HTTP/1.1" 404 - "https://vacivitta.com.br/wp-content/edit.php" "Mozilla/5.0 (Windows NT 10.0; Win64; x64) AppleWebKit/537.36 (KHTML, like Gecko) Chrome/58.0.3029.110 Safari/537.3"
3.236.157.71 - - [12/Sep/2025:10:56:26 -0300] "GET / HTTP/1.1" 200 488 "https://vacivitta.com.br" "Mozilla/5.0 (Windows NT 10.0; Win64; x64; rv:78.0) Gecko/20100101 Firefox/78.0"
208.110.64.178 - - [12/Sep/2025:10:59:03 -0300] "GET /wp-content/edit.php HTTP/1.1" 404 - "https://vacivitta.com.br/wp-content/edit.php" "Mozilla/5.0 (Windows NT 10.0; Win64; x64) AppleWebKit/537.36 (KHTML, like Gecko) Chrome/58.0.3029.110 Safari/537.3"
74.125.213.5 - - [12/Sep/2025:10:59:04 -0300] "GET /.well-known/traffic-advice HTTP/1.1" 404 - "-" "Chrome Privacy Preserving Prefetch Proxy"
193.186.4.239 - - [12/Sep/2025:10:59:04 -0300] "GET / HTTP/1.1" 200 488 "https://www.google.com/" "Mozilla/5.0 (Windows NT 10.0; Win64; x64) AppleWebKit/537.36 (KHTML, like Gecko) Chrome/140.0.0.0 Safari/537.36"
156.235.67.87 - - [12/Sep/2025:10:59:27 -0300] "GET /jundiai/ HTTP/1.1" 404 - "-" "Mozilla/5.0 (Linux; Android 6.0; Nexus 5 Build/MRA58N) AppleWebKit/537.36 (KHTML, like Gecko) Chrome/49.0.5613.1234 Mobile Safari/537.36"
195.178.110.161 - - [12/Sep/2025:10:59:44 -0300] "GET /.env HTTP/1.1" 401 53 "-" "Mozilla/5.0 (X11; Linux x86_64) AppleWebKit/537.36 (KHTML, like Gecko) Chrome/81.0.4044.129 Safari/537.36"
195.178.110.161 - - [12/Sep/2025:10:59:45 -0300] "GET /.env.save HTTP/1.1" 401 53 "-" "Mozilla/5.0 (X11; Linux x86_64) AppleWebKit/537.36 (KHTML, like Gecko) Chrome/81.0.4044.129 Safari/537.36"
195.178.110.161 - - [12/Sep/2025:10:59:46 -0300] "GET /.env.prod HTTP/1.1" 401 53 "-" "Mozilla/5.0 (X11; Linux x86_64) AppleWebKit/537.36 (KHTML, like Gecko) Chrome/81.0.4044.129 Safari/537.36"
195.178.110.161 - - [12/Sep/2025:10:59:51 -0300] "GET /api/.env HTTP/1.1" 401 53 "-" "Mozilla/5.0 (X11; Linux x86_64) AppleWebKit/537.36 (KHTML, like Gecko) Chrome/81.0.4044.129 Safari/537.36"
195.178.110.161 - - [12/Sep/2025:10:59:52 -0300] "GET /dev/.env HTTP/1.1" 401 53 "-" "Mozilla/5.0 (X11; Linux x86_64) AppleWebKit/537.36 (KHTML, like Gecko) Chrome/81.0.4044.129 Safari/537.36"
195.178.110.161 - - [12/Sep/2025:10:59:52 -0300] "GET /application/.env HTTP/1.1" 401 53 "-" "Mozilla/5.0 (X11; Linux x86_64) AppleWebKit/537.36 (KHTML, like Gecko) Chrome/81.0.4044.129 Safari/537.36"
195.178.110.161 - - [12/Sep/2025:10:59:58 -0300] "GET /phpinfo.php HTTP/1.1" 401 53 "-" "Mozilla/5.0 (X11; Linux x86_64) AppleWebKit/537.36 (KHTML, like Gecko) Chrome/81.0.4044.129 Safari/537.36"
195.178.110.161 - - [12/Sep/2025:11:00:08 -0300] "GET /phpinfo HTTP/1.1" 401 53 "-" "Mozilla/5.0 (X11; Linux x86_64) AppleWebKit/537.36 (KHTML, like Gecko) Chrome/81.0.4044.129 Safari/537.36"
195.178.110.161 - - [12/Sep/2025:11:00:10 -0300] "GET /php_info.php HTTP/1.1" 401 53 "-" "Mozilla/5.0 (X11; Linux x86_64) AppleWebKit/537.36 (KHTML, like Gecko) Chrome/81.0.4044.129 Safari/537.36"
195.178.110.161 - - [12/Sep/2025:11:00:25 -0300] "GET /_profiler/phpinfo HTTP/1.1" 401 53 "-" "Mozilla/5.0 (X11; Linux x86_64) AppleWebKit/537.36 (KHTML, like Gecko) Chrome/81.0.4044.129 Safari/537.36"
195.178.110.161 - - [12/Sep/2025:11:00:26 -0300] "GET /backend/.env HTTP/1.1" 401 53 "-" "Mozilla/5.0 (X11; Linux x86_64) AppleWebKit/537.36 (KHTML, like Gecko) Chrome/81.0.4044.129 Safari/537.36"
195.178.110.161 - - [12/Sep/2025:11:00:31 -0300] "GET /.env.example HTTP/1.1" 401 53 "-" "Mozilla/5.0 (X11; Linux x86_64) AppleWebKit/537.36 (KHTML, like Gecko) Chrome/81.0.4044.129 Safari/537.36"
195.178.110.161 - - [12/Sep/2025:11:00:32 -0300] "GET /admin/.env HTTP/1.1" 401 53 "-" "Mozilla/5.0 (X11; Linux x86_64) AppleWebKit/537.36 (KHTML, like Gecko) Chrome/81.0.4044.129 Safari/537.36"
195.178.110.161 - - [12/Sep/2025:11:00:32 -0300] "GET /info HTTP/1.1" 401 53 "-" "Mozilla/5.0 (X11; Linux x86_64) AppleWebKit/537.36 (KHTML, like Gecko) Chrome/81.0.4044.129 Safari/537.36"
195.178.110.161 - - [12/Sep/2025:11:00:38 -0300] "POST / HTTP/1.1" 401 53 "-" "Mozilla/5.0 (X11; Linux x86_64) AppleWebKit/537.36 (KHTML, like Gecko) Chrome/81.0.4044.129 Safari/537.36"
155.2.192.235 - - [12/Sep/2025:11:03:14 -0300] "GET /.env HTTP/1.1" 404 - "-" "Mozilla/5.0 (X11; Linux x86_64) AppleWebKit/537.36 (KHTML, like Gecko) Chrome/81.0.4044.129 Safari/537.36"
66.249.77.160 - - [12/Sep/2025:11:04:36 -0300] "GET /safe_search/config?return_url=%2Fproduct%2Fdetail%2Fhexstore-52119-b2g30-a0-5ba-la850s-gbpz HTTP/1.1" 404 - "-" "Mozilla/5.0 (Linux; Android 6.0.1; Nexus 5X Build/MMB29P) AppleWebKit/537.36 (KHTML, like Gecko) Chrome/140.0.7339.127 Mobile Safari/537.36 (compatible; Googlebot/2.1; +http://www.google.com/bot.html)"
66.249.77.160 - - [12/Sep/2025:11:04:36 -0300] "GET /pcmypage?callback=/product%2Fdetail%2say-store-b1031006655184603c HTTP/1.1" 404 - "-" "Mozilla/5.0 (Linux; Android 6.0.1; Nexus 5X Build/MMB29P) AppleWebKit/537.36 (KHTML, like Gecko) Chrome/140.0.7339.127 Mobile Safari/537.36 (compatible; Googlebot/2.1; +http://www.google.com/bot.html)"
66.249.77.161 - - [12/Sep/2025:11:04:36 -0300] "GET /pcmypage?callback=product%2Fdetail%2Fitempost-1-loward-5 HTTP/1.1" 404 - "-" "Mozilla/5.0 (Linux; Android 6.0.1; Nexus 5X Build/MMB29P) AppleWebKit/537.36 (KHTML, like Gecko) Chrome/140.0.7339.127 Mobile Safari/537.36 (compatible; Googlebot/2.1; +http://www.google.com/bot.html)"
155.2.192.235 - - [12/Sep/2025:11:05:36 -0300] "POST / HTTP/1.1" 200 488 "-" "Mozilla/5.0 (X11; Linux x86_64) AppleWebKit/537.36 (KHTML, like Gecko) Chrome/81.0.4044.129 Safari/537.36"
45.225.193.104 - - [12/Sep/2025:11:06:51 -0300] "GET /2.png HTTP/1.1" 200 1052379 "https://myactivity.google.com/" "Mozilla/5.0 (iPhone; CPU iPhone OS 18_5_0 like Mac OS X) AppleWebKit/605.1.15 (KHTML, like Gecko) GSA/385.0.802777482 Mobile/15E148 Safari/604.1"
124.236.100.56 - - [12/Sep/2025:11:07:32 -0300] "GET / HTTP/1.1" 200 488 "-" "Mozilla/5.0 (Windows NT 6.1; Win64; x64) AppleWebKit/537.36 (KHTML, like Gecko) Chrome/61.0.3163.100 Safari/537.36"
104.47.23.62 - - [12/Sep/2025:11:11:38 -0300] "HEAD / HTTP/1.1" 200 - "-" "-"
4.203.152.200 - - [12/Sep/2025:11:12:21 -0300] "GET / HTTP/1.1" 200 488 "-" "Mozilla/5.0 (Windows NT 10.0; Win64; x64) AppleWebKit/537.36 (KHTML, like Gecko) Chrome/138.0.7204.96 Safari/537.36"
4.203.152.200 - - [12/Sep/2025:11:12:22 -0300] "GET /assets/index-g8aW3Zx-.css HTTP/1.1" 200 2311 "https://vacivitta.com.br/" "Mozilla/5.0 (Windows NT 10.0; Win64; x64) AppleWebKit/537.36 (KHTML, like Gecko) Chrome/138.0.7204.96 Safari/537.36"
4.203.152.200 - - [12/Sep/2025:11:12:22 -0300] "GET /assets/index-BZLUkikW.js HTTP/1.1" 200 923512 "https://vacivitta.com.br/" "Mozilla/5.0 (Windows NT 10.0; Win64; x64) AppleWebKit/537.36 (KHTML, like Gecko) Chrome/138.0.7204.96 Safari/537.36"
4.203.152.200 - - [12/Sep/2025:11:12:27 -0300] "GET /logo.png HTTP/1.1" 200 25613 "https://vacivitta.com.br/" "Mozilla/5.0 (Windows NT 10.0; Win64; x64) AppleWebKit/537.36 (KHTML, like Gecko) Chrome/138.0.7204.96 Safari/537.36"
4.203.152.200 - - [12/Sep/2025:11:12:28 -0300] "GET /vaci.jpg HTTP/1.1" 200 155283 "https://vacivitta.com.br/" "Mozilla/5.0 (Windows NT 10.0; Win64; x64) AppleWebKit/537.36 (KHTML, like Gecko) Chrome/138.0.7204.96 Safari/537.36"
4.203.152.200 - - [12/Sep/2025:11:12:27 -0300] "GET /mapa.png HTTP/1.1" 200 1787231 "https://vacivitta.com.br/" "Mozilla/5.0 (Windows NT 10.0; Win64; x64) AppleWebKit/537.36 (KHTML, like Gecko) Chrome/138.0.7204.96 Safari/537.36"
4.203.152.200 - - [12/Sep/2025:11:12:28 -0300] "GET /4.png HTTP/1.1" 200 1067791 "https://vacivitta.com.br/" "Mozilla/5.0 (Windows NT 10.0; Win64; x64) AppleWebKit/537.36 (KHTML, like Gecko) Chrome/138.0.7204.96 Safari/537.36"
4.203.152.200 - - [12/Sep/2025:11:12:28 -0300] "GET /3.png HTTP/1.1" 200 1055246 "https://vacivitta.com.br/" "Mozilla/5.0 (Windows NT 10.0; Win64; x64) AppleWebKit/537.36 (KHTML, like Gecko) Chrome/138.0.7204.96 Safari/537.36"
4.203.152.200 - - [12/Sep/2025:11:12:28 -0300] "GET /2.png HTTP/1.1" 200 1052379 "https://vacivitta.com.br/" "Mozilla/5.0 (Windows NT 10.0; Win64; x64) AppleWebKit/537.36 (KHTML, like Gecko) Chrome/138.0.7204.96 Safari/537.36"
4.203.152.200 - - [12/Sep/2025:11:12:28 -0300] "GET /1.png HTTP/1.1" 200 1041468 "https://vacivitta.com.br/" "Mozilla/5.0 (Windows NT 10.0; Win64; x64) AppleWebKit/537.36 (KHTML, like Gecko) Chrome/138.0.7204.96 Safari/537.36"
4.203.152.200 - - [12/Sep/2025:11:12:28 -0300] "GET /fts1.png HTTP/1.1" 200 2704287 "https://vacivitta.com.br/" "Mozilla/5.0 (Windows NT 10.0; Win64; x64) AppleWebKit/537.36 (KHTML, like Gecko) Chrome/138.0.7204.96 Safari/537.36"
4.203.152.200 - - [12/Sep/2025:11:12:29 -0300] "GET /fts2.png HTTP/1.1" 200 2539592 "https://vacivitta.com.br/" "Mozilla/5.0 (Windows NT 10.0; Win64; x64) AppleWebKit/537.36 (KHTML, like Gecko) Chrome/138.0.7204.96 Safari/537.36"
4.203.152.200 - - [12/Sep/2025:11:12:29 -0300] "GET /fts3.png HTTP/1.1" 200 798280 "https://vacivitta.com.br/" "Mozilla/5.0 (Windows NT 10.0; Win64; x64) AppleWebKit/537.36 (KHTML, like Gecko) Chrome/138.0.7204.96 Safari/537.36"
4.203.152.200 - - [12/Sep/2025:11:12:29 -0300] "GET /walp.png HTTP/1.1" 200 26312 "https://vacivitta.com.br/" "Mozilla/5.0 (Windows NT 10.0; Win64; x64) AppleWebKit/537.36 (KHTML, like Gecko) Chrome/138.0.7204.96 Safari/537.36"
4.203.152.200 - - [12/Sep/2025:11:12:30 -0300] "GET /video.mp4 HTTP/1.1" 206 636967327 "https://vacivitta.com.br/" "Mozilla/5.0 (Windows NT 10.0; Win64; x64) AppleWebKit/537.36 (KHTML, like Gecko) Chrome/138.0.7204.96 Safari/537.36"
4.203.152.200 - - [12/Sep/2025:11:12:31 -0300] "GET /ico.ico HTTP/1.1" 200 100526 "https://vacivitta.com.br/" "Mozilla/5.0 (Windows NT 10.0; Win64; x64) AppleWebKit/537.36 (KHTML, like Gecko) Chrome/138.0.7204.96 Safari/537.36"
4.203.152.200 - - [12/Sep/2025:11:12:32 -0300] "GET /homePage.png HTTP/1.1" 200 1495045 "https://vacivitta.com.br/" "Mozilla/5.0 (Windows NT 10.0; Win64; x64) AppleWebKit/537.36 (KHTML, like Gecko) Chrome/138.0.7204.96 Safari/537.36"
4.203.152.200 - - [12/Sep/2025:11:12:32 -0300] "GET /video.mp4 HTTP/1.1" 206 154015 "https://vacivitta.com.br/" "Mozilla/5.0 (Windows NT 10.0; Win64; x64) AppleWebKit/537.36 (KHTML, like Gecko) Chrome/138.0.7204.96 Safari/537.36"
4.203.152.200 - - [12/Sep/2025:11:12:32 -0300] "GET /homePage2.png HTTP/1.1" 200 227246 "https://vacivitta.com.br/" "Mozilla/5.0 (Windows NT 10.0; Win64; x64) AppleWebKit/537.36 (KHTML, like Gecko) Chrome/138.0.7204.96 Safari/537.36"
208.110.64.178 - - [12/Sep/2025:11:14:16 -0300] "GET /wp-content/edit.php HTTP/1.1" 404 - "https://vacivitta.com.br/wp-content/edit.php" "Mozilla/5.0 (Windows NT 10.0; Win64; x64) AppleWebKit/537.36 (KHTML, like Gecko) Chrome/58.0.3029.110 Safari/537.3"
4.203.152.201 - - [12/Sep/2025:11:14:50 -0300] "GET / HTTP/1.1" 200 488 "https://vacivitta.com.br/" "Mozilla/5.0 (Windows NT 10.0; Win64; x64) AppleWebKit/537.36 (KHTML, like Gecko) Chrome/138.0.7204.97 Safari/537.36"
195.216.176.149 - - [12/Sep/2025:11:14:54 -0300] "POST /wp-login.php HTTP/1.1" 404 - "https://vacivitta.com.br/wp-login.php" "Mozilla/5.0 (Windows NT 10.0; Win64; x64) AppleWebKit/537.36 (KHTML, like Gecko) Chrome/91.0.4472.124 Safari/537.36"
4.203.152.201 - - [12/Sep/2025:11:14:54 -0300] "GET /assets/index-g8aW3Zx-.css HTTP/1.1" 200 2311 "https://vacivitta.com.br/" "Mozilla/5.0 (Windows NT 10.0; Win64; x64) AppleWebKit/537.36 (KHTML, like Gecko) Chrome/138.0.7204.97 Safari/537.36"
4.203.152.201 - - [12/Sep/2025:11:14:54 -0300] "GET /assets/index-BZLUkikW.js HTTP/1.1" 200 923512 "https://vacivitta.com.br/" "Mozilla/5.0 (Windows NT 10.0; Win64; x64) AppleWebKit/537.36 (KHTML, like Gecko) Chrome/138.0.7204.97 Safari/537.36"
4.203.152.201 - - [12/Sep/2025:11:15:01 -0300] "GET /logo.png HTTP/1.1" 200 25613 "https://vacivitta.com.br/" "Mozilla/5.0 (Windows NT 10.0; Win64; x64) AppleWebKit/537.36 (KHTML, like Gecko) Chrome/138.0.7204.97 Safari/537.36"
4.203.152.201 - - [12/Sep/2025:11:15:01 -0300] "GET /exame.png HTTP/1.1" 200 238352 "https://vacivitta.com.br/" "Mozilla/5.0 (Windows NT 10.0; Win64; x64) AppleWebKit/537.36 (KHTML, like Gecko) Chrome/138.0.7204.97 Safari/537.36"
4.203.152.201 - - [12/Sep/2025:11:15:01 -0300] "GET /amamentar.png HTTP/1.1" 200 290680 "https://vacivitta.com.br/" "Mozilla/5.0 (Windows NT 10.0; Win64; x64) AppleWebKit/537.36 (KHTML, like Gecko) Chrome/138.0.7204.97 Safari/537.36"
4.203.152.201 - - [12/Sep/2025:11:15:01 -0300] "GET /especialista.png HTTP/1.1" 200 292040 "https://vacivitta.com.br/" "Mozilla/5.0 (Windows NT 10.0; Win64; x64) AppleWebKit/537.36 (KHTML, like Gecko) Chrome/138.0.7204.97 Safari/537.36"
4.203.152.201 - - [12/Sep/2025:11:15:01 -0300] "GET /aplicar.png HTTP/1.1" 200 264463 "https://vacivitta.com.br/" "Mozilla/5.0 (Windows NT 10.0; Win64; x64) AppleWebKit/537.36 (KHTML, like Gecko) Chrome/138.0.7204.97 Safari/537.36"
4.203.152.201 - - [12/Sep/2025:11:15:01 -0300] "GET /pediatra.png HTTP/1.1" 200 290608 "https://vacivitta.com.br/" "Mozilla/5.0 (Windows NT 10.0; Win64; x64) AppleWebKit/537.36 (KHTML, like Gecko) Chrome/138.0.7204.97 Safari/537.36"
4.203.152.201 - - [12/Sep/2025:11:15:01 -0300] "GET /corporativa.png HTTP/1.1" 200 287653 "https://vacivitta.com.br/" "Mozilla/5.0 (Windows NT 10.0; Win64; x64) AppleWebKit/537.36 (KHTML, like Gecko) Chrome/138.0.7204.97 Safari/537.36"
4.203.152.201 - - [12/Sep/2025:11:15:03 -0300] "GET /pattern.svg HTTP/1.1" 404 - "https://vacivitta.com.br/" "Mozilla/5.0 (Windows NT 10.0; Win64; x64) AppleWebKit/537.36 (KHTML, like Gecko) Chrome/138.0.7204.97 Safari/537.36"
4.203.152.201 - - [12/Sep/2025:11:15:03 -0300] "GET /homePage.png HTTP/1.1" 200 1495045 "https://vacivitta.com.br/" "Mozilla/5.0 (Windows NT 10.0; Win64; x64) AppleWebKit/537.36 (KHTML, like Gecko) Chrome/138.0.7204.97 Safari/537.36"
4.203.152.201 - - [12/Sep/2025:11:15:05 -0300] "GET /ico.ico HTTP/1.1" 200 100526 "https://vacivitta.com.br/" "Mozilla/5.0 (Windows NT 10.0; Win64; x64) AppleWebKit/537.36 (KHTML, like Gecko) Chrome/138.0.7204.97 Safari/537.36"
66.249.77.160 - - [12/Sep/2025:11:15:37 -0300] "GET /safe_search/config?return_url=%2Fproduct%2Fdetail%2Fj-jewelry-19566-ptdd HTTP/1.1" 404 - "-" "Mozilla/5.0 (Linux; Android 6.0.1; Nexus 5X Build/MMB29P) AppleWebKit/537.36 (KHTML, like Gecko) Chrome/140.0.7339.127 Mobile Safari/537.36 (compatible; Googlebot/2.1; +http://www.google.com/bot.html)"
2.57.170.69 - - [12/Sep/2025:11:15:46 -0300] "GET /style.php HTTP/1.1" 404 - "www.google.com" "Mozlila/5.0 (Linux; Android 7.0; SM-G892A Bulid/NRD90M; wv) AppleWebKit/537.36 (KHTML, like Gecko) Version/4.0 Chrome/60.0.3112.107 Moblie Safari/537.36"
45.227.171.194 - - [12/Sep/2025:11:20:23 -0300] "GET / HTTP/1.1" 200 488 "-" "Mozilla/5.0 (Linux; Android 10; K) AppleWebKit/537.36 (KHTML, like Gecko) Chrome/140.0.0.0 Mobile Safari/537.36"
45.227.171.194 - - [12/Sep/2025:11:20:25 -0300] "GET /video.mp4 HTTP/1.1" 206 635293658 "https://vacivitta.com.br/" "Mozilla/5.0 (Linux; Android 10; K) AppleWebKit/537.36 (KHTML, like Gecko) Chrome/140.0.0.0 Mobile Safari/537.36"
208.110.64.178 - - [12/Sep/2025:11:22:12 -0300] "GET /wp-content/edit.php HTTP/1.1" 404 - "https://vacivitta.com.br/wp-content/edit.php" "Mozilla/5.0 (Windows NT 10.0; Win64; x64) AppleWebKit/537.36 (KHTML, like Gecko) Chrome/58.0.3029.110 Safari/537.3"
192.161.59.252 - - [12/Sep/2025:11:24:49 -0300] "GET /dtpa/ HTTP/1.1" 404 - "-" "Mozilla/5.0 (Linux; Android 6.0; Nexus 5 Build/MRA58N) AppleWebKit/537.36 (KHTML, like Gecko) Chrome/46.0.8958.1301 Mobile Safari/537.36"
66.249.77.161 - - [12/Sep/2025:11:26:34 -0300] "GET /products/72pa169 HTTP/1.1" 404 - "-" "Mozilla/5.0 (Linux; Android 6.0.1; Nexus 5X Build/MMB29P) AppleWebKit/537.36 (KHTML, like Gecko) Chrome/140.0.7339.127 Mobile Safari/537.36 (compatible; Googlebot/2.1; +http://www.google.com/bot.html)"
