66.249.75.3 - - [13/May/2025:11:21:48 -0300] "GET /pcmypage?callback=/product%2Fdetail%2Clover8888-toshiba201907-0918-q HTTP/1.1" 404 - "-" "Mozilla/5.0 (Linux; Android 6.0.1; Nexus 5X Build/MMB29P) AppleWebKit/537.36 (KHTML, like Gecko) Chrome/136.0.7103.59 Mobile Safari/537.36 (compatible; Googlebot/2.1; +http://www.google.com/bot.html)"
51.222.253.5 - - [13/May/2025:11:22:12 -0300] "GET /?terbang=303hoki HTTP/1.1" 200 488 "-" "Mozilla/5.0 (compatible; AhrefsBot/7.0; +http://ahrefs.com/robot/)"
66.249.69.5 - - [13/May/2025:11:22:42 -0300] "GET /pcmypage?callback=product/review/kogunohyotan-2-kh2-fkd-2be-465r HTTP/1.1" 404 - "-" "Mozilla/5.0 (Linux; Android 6.0.1; Nexus 5X Build/MMB29P) AppleWebKit/537.36 (KHTML, like Gecko) Chrome/136.0.7103.59 Mobile Safari/537.36 (compatible; Googlebot/2.1; +http://www.google.com/bot.html)"
51.222.253.1 - - [13/May/2025:11:25:14 -0300] "GET /?terbang=BEO4D HTTP/1.1" 200 488 "-" "Mozilla/5.0 (compatible; AhrefsBot/7.0; +http://ahrefs.com/robot/)"
51.222.253.7 - - [13/May/2025:11:25:18 -0300] "GET /?terbang=lode777 HTTP/1.1" 200 488 "-" "Mozilla/5.0 (compatible; AhrefsBot/7.0; +http://ahrefs.com/robot/)"
172.203.190.128 - - [13/May/2025:11:26:37 -0300] "GET /robots.txt HTTP/1.1" 404 - "-" "Mozilla/5.0 (Macintosh; Intel Mac OS X 10_15_7) AppleWebKit/537.36 (KHTML, like Gecko) Chrome/131.0.0.0 Safari/537.36; compatible; OAI-SearchBot/1.0; +https://openai.com/searchbot"
66.249.69.6 - - [13/May/2025:11:26:39 -0300] "GET /pcmypage?callback=/product%2Fdetail%2toolmania-n-ms01002410050 HTTP/1.1" 404 - "-" "Mozilla/5.0 (compatible; Googlebot/2.1; +http://www.google.com/bot.html)"
66.249.69.4 - - [13/May/2025:11:27:13 -0300] "GET /pcmypage?callback=product/review/mauto-gcvx-ms-2080-1145-24545-ve304 HTTP/1.1" 404 - "-" "Mozilla/5.0 (Linux; Android 6.0.1; Nexus 5X Build/MMB29P) AppleWebKit/537.36 (KHTML, like Gecko) Chrome/136.0.7103.59 Mobile Safari/537.36 (compatible; Googlebot/2.1; +http://www.google.com/bot.html)"
51.222.253.14 - - [13/May/2025:11:27:15 -0300] "GET /?terbang=BEST188 HTTP/1.1" 200 488 "-" "Mozilla/5.0 (compatible; AhrefsBot/7.0; +http://ahrefs.com/robot/)"
51.222.253.2 - - [13/May/2025:11:28:59 -0300] "GET /?terbang=eie88 HTTP/1.1" 200 488 "-" "Mozilla/5.0 (compatible; AhrefsBot/7.0; +http://ahrefs.com/robot/)"
66.249.69.5 - - [13/May/2025:11:29:14 -0300] "GET /pcmypage?callback=product%2Fdetail%2Fyouai-glenty-400-260 HTTP/1.1" 404 - "-" "Mozilla/5.0 (Linux; Android 6.0.1; Nexus 5X Build/MMB29P) AppleWebKit/537.36 (KHTML, like Gecko) Chrome/136.0.7103.59 Mobile Safari/537.36 (compatible; Googlebot/2.1; +http://www.google.com/bot.html)"
51.222.253.8 - - [13/May/2025:11:30:17 -0300] "GET /?terbang=GAMES HTTP/1.1" 200 488 "-" "Mozilla/5.0 (compatible; AhrefsBot/7.0; +http://ahrefs.com/robot/)"
66.249.75.2 - - [13/May/2025:11:30:42 -0300] "GET /pcmypage?callback=/product%2Fdetail%2Fancygirl-sp2588874982731u HTTP/1.1" 404 - "-" "Mozilla/5.0 (compatible; Googlebot/2.1; +http://www.google.com/bot.html)"
66.249.75.1 - - [13/May/2025:11:32:00 -0300] "GET /safe_search/config?return_url=%2Fproduct%2Fdetail%2Fbikeroad-z-71152 HTTP/1.1" 404 - "-" "Mozilla/5.0 (compatible; Googlebot/2.1; +http://www.google.com/bot.html)"
66.249.69.4 - - [13/May/2025:11:32:07 -0300] "GET /pcmypage?callback=/product%2Fdetail.cjoyecj23-17476800 HTTP/1.1" 404 - "-" "Mozilla/5.0 (compatible; Googlebot/2.1; +http://www.google.com/bot.html)"
66.249.69.6 - - [13/May/2025:11:33:48 -0300] "GET /products/35it34630 HTTP/1.1" 404 - "-" "Mozilla/5.0 (Linux; Android 6.0.1; Nexus 5X Build/MMB29P) AppleWebKit/537.36 (KHTML, like Gecko) Chrome/136.0.7103.59 Mobile Safari/537.36 (compatible; Googlebot/2.1; +http://www.google.com/bot.html)"
66.249.69.5 - - [13/May/2025:11:33:49 -0300] "GET /items/drpiy29/40579?key=nobody HTTP/1.1" 404 - "-" "Mozilla/5.0 (Linux; Android 6.0.1; Nexus 5X Build/MMB29P) AppleWebKit/537.36 (KHTML, like Gecko) Chrome/136.0.7103.59 Mobile Safari/537.36 (compatible; Googlebot/2.1; +http://www.google.com/bot.html)"
66.249.75.3 - - [13/May/2025:11:34:22 -0300] "GET /safe_search/config?return_url=%2Fproduct%2Fdetail%2Fhaikanbuhin-00750049 HTTP/1.1" 404 - "-" "Mozilla/5.0 (Linux; Android 6.0.1; Nexus 5X Build/MMB29P) AppleWebKit/537.36 (KHTML, like Gecko) Chrome/136.0.7103.59 Mobile Safari/537.36 (compatible; Googlebot/2.1; +http://www.google.com/bot.html)"
66.249.69.4 - - [13/May/2025:11:34:49 -0300] "GET /safe_search/config?return_url=%2Fproduct%2Fdetail%2Foregairu-kobo-20211109012233-01116us HTTP/1.1" 404 - "-" "Mozilla/5.0 (Linux; Android 6.0.1; Nexus 5X Build/MMB29P) AppleWebKit/537.36 (KHTML, like Gecko) Chrome/136.0.7103.59 Mobile Safari/537.36 (compatible; Googlebot/2.1; +http://www.google.com/bot.html)"
51.222.253.1 - - [13/May/2025:11:35:03 -0300] "GET /?terbang=NIKOSIA HTTP/1.1" 200 488 "-" "Mozilla/5.0 (compatible; AhrefsBot/7.0; +http://ahrefs.com/robot/)"
51.222.253.4 - - [13/May/2025:11:37:10 -0300] "GET /?terbang=depo4d HTTP/1.1" 200 488 "-" "Mozilla/5.0 (compatible; AhrefsBot/7.0; +http://ahrefs.com/robot/)"
66.249.69.5 - - [13/May/2025:11:37:31 -0300] "GET /pcmypage?callback=product/review/asty-shop2-75-1p312sndli-0236 HTTP/1.1" 404 - "-" "Mozilla/5.0 (compatible; Googlebot/2.1; +http://www.google.com/bot.html)"
66.249.75.1 - - [13/May/2025:11:38:07 -0300] "GET /pcmypage?callback=product%2Fdetail%2Fanaheimshop-924570205 HTTP/1.1" 404 - "-" "Mozilla/5.0 (compatible; Googlebot/2.1; +http://www.google.com/bot.html)"
66.249.75.3 - - [13/May/2025:11:38:09 -0300] "GET /pcmypage?callback=product%2Fdetail%2Fanaheimshop-924570205 HTTP/1.1" 404 - "-" "Mozilla/5.0 (Linux; Android 6.0.1; Nexus 5X Build/MMB29P) AppleWebKit/537.36 (KHTML, like Gecko) Chrome/136.0.7103.59 Mobile Safari/537.36 (compatible; Googlebot/2.1; +http://www.google.com/bot.html)"
66.249.69.6 - - [13/May/2025:11:38:25 -0300] "GET /pcmypage?callback=product/review/noelonlinenet-80310-at003-186088 HTTP/1.1" 404 - "-" "Mozilla/5.0 (Linux; Android 6.0.1; Nexus 5X Build/MMB29P) AppleWebKit/537.36 (KHTML, like Gecko) Chrome/136.0.7103.59 Mobile Safari/537.36 (compatible; Googlebot/2.1; +http://www.google.com/bot.html)"
66.249.75.3 - - [13/May/2025:11:39:26 -0300] "GET /items/ftnpr79/983?key=suite HTTP/1.1" 404 - "-" "Mozilla/5.0 (Linux; Android 6.0.1; Nexus 5X Build/MMB29P) AppleWebKit/537.36 (KHTML, like Gecko) Chrome/136.0.7103.59 Mobile Safari/537.36 (compatible; Googlebot/2.1; +http://www.google.com/bot.html)"
66.249.75.2 - - [13/May/2025:11:39:26 -0300] "GET /items/ftnpr79/983?key=suite HTTP/1.1" 404 - "-" "Mozilla/5.0 (compatible; Googlebot/2.1; +http://www.google.com/bot.html)"
66.249.69.4 - - [13/May/2025:11:39:50 -0300] "GET /pcmypage?callback=product%2Fdetail%2Fgrip-moroc-2090-1396-40-4 HTTP/1.1" 404 - "-" "Mozilla/5.0 (Linux; Android 6.0.1; Nexus 5X Build/MMB29P) AppleWebKit/537.36 (KHTML, like Gecko) Chrome/136.0.7103.59 Mobile Safari/537.36 (compatible; Googlebot/2.1; +http://www.google.com/bot.html)"
66.249.69.6 - - [13/May/2025:11:41:26 -0300] "GET /pcmypage?callback=product%2Fdetail%2Frgt-on-line-b0cm9mhvbz HTTP/1.1" 404 - "-" "Mozilla/5.0 (Linux; Android 6.0.1; Nexus 5X Build/MMB29P) AppleWebKit/537.36 (KHTML, like Gecko) Chrome/136.0.7103.59 Mobile Safari/537.36 (compatible; Googlebot/2.1; +http://www.google.com/bot.html)"
66.249.69.4 - - [13/May/2025:11:41:26 -0300] "GET /pcmypage?callback=product%2Fdetail%2Frgt-on-line-b0cm9mhvbz HTTP/1.1" 404 - "-" "Mozilla/5.0 (compatible; Googlebot/2.1; +http://www.google.com/bot.html)"
51.222.253.18 - - [13/May/2025:11:41:56 -0300] "GET /?terbang=bajaj4d HTTP/1.1" 200 488 "-" "Mozilla/5.0 (compatible; AhrefsBot/7.0; +http://ahrefs.com/robot/)"
66.249.69.5 - - [13/May/2025:11:42:05 -0300] "GET /pcmypage?callback=/product%2Fdetail%2rutiru-store-b0173euuby HTTP/1.1" 404 - "-" "Mozilla/5.0 (Linux; Android 6.0.1; Nexus 5X Build/MMB29P) AppleWebKit/537.36 (KHTML, like Gecko) Chrome/136.0.7103.59 Mobile Safari/537.36 (compatible; Googlebot/2.1; +http://www.google.com/bot.html)"
66.249.75.2 - - [13/May/2025:11:43:50 -0300] "GET /pcmypage?callback=product%2Fdetail%2Fapagency02-422386990 HTTP/1.1" 404 - "-" "Mozilla/5.0 (compatible; Googlebot/2.1; +http://www.google.com/bot.html)"
66.249.69.6 - - [13/May/2025:11:43:51 -0300] "GET /pcmypage?callback=/product%2Fdetail%2nejikuru-000000010020005004 HTTP/1.1" 404 - "-" "Mozilla/5.0 (Linux; Android 6.0.1; Nexus 5X Build/MMB29P) AppleWebKit/537.36 (KHTML, like Gecko) Chrome/136.0.7103.59 Mobile Safari/537.36 (compatible; Googlebot/2.1; +http://www.google.com/bot.html)"
66.249.75.3 - - [13/May/2025:11:43:51 -0300] "GET /items/hehyy227/7691?key=question HTTP/1.1" 404 - "-" "Mozilla/5.0 (Linux; Android 6.0.1; Nexus 5X Build/MMB29P) AppleWebKit/537.36 (KHTML, like Gecko) Chrome/136.0.7103.59 Mobile Safari/537.36 (compatible; Googlebot/2.1; +http://www.google.com/bot.html)"
51.222.253.20 - - [13/May/2025:11:45:07 -0300] "GET /?terbang=MPO288 HTTP/1.1" 200 488 "-" "Mozilla/5.0 (compatible; AhrefsBot/7.0; +http://ahrefs.com/robot/)"
66.249.75.3 - - [13/May/2025:11:45:52 -0300] "GET /pcmypage?callback=product%2Fdetail%2Frevida2-y1-17818455ej HTTP/1.1" 404 - "-" "Mozilla/5.0 (Linux; Android 6.0.1; Nexus 5X Build/MMB29P) AppleWebKit/537.36 (KHTML, like Gecko) Chrome/136.0.7103.59 Mobile Safari/537.36 (compatible; Googlebot/2.1; +http://www.google.com/bot.html)"
51.222.253.15 - - [13/May/2025:11:46:50 -0300] "GET /?terbang=KEBUNQQ HTTP/1.1" 200 488 "-" "Mozilla/5.0 (compatible; AhrefsBot/7.0; +http://ahrefs.com/robot/)"
66.249.75.2 - - [13/May/2025:11:47:07 -0300] "GET /pcmypage?callback=product%2Fdetail%2Fvectorpremium-020-902402030003 HTTP/1.1" 404 - "-" "Mozilla/5.0 (compatible; Googlebot/2.1; +http://www.google.com/bot.html)"
66.249.69.6 - - [13/May/2025:11:48:52 -0300] "GET /pcmypage?callback=/product%2Fdetail%2kougurakuichi-5202770 HTTP/1.1" 404 - "-" "Mozilla/5.0 (Linux; Android 6.0.1; Nexus 5X Build/MMB29P) AppleWebKit/537.36 (KHTML, like Gecko) Chrome/136.0.7103.59 Mobile Safari/537.36 (compatible; Googlebot/2.1; +http://www.google.com/bot.html)"
220.167.233.177 - - [13/May/2025:11:50:37 -0300] "GET / HTTP/1.1" 200 488 "-" "Mozilla/5.0 (Linux; Android 6.0; Nexus 5 Build/MRA58N) AppleWebKit/537.36 (KHTML, like Gecko) Chrome/55.0.2883.87 Mobile Safari/537.36"
66.249.69.4 - - [13/May/2025:11:51:05 -0300] "GET /safe_search/config?return_url=%2Fproduct%2Fdetail%2Fcocoatta-4549176159069 HTTP/1.1" 404 - "-" "Mozilla/5.0 (compatible; Googlebot/2.1; +http://www.google.com/bot.html)"
51.222.253.1 - - [13/May/2025:11:51:26 -0300] "GET /?terbang=BELIZE HTTP/1.1" 200 488 "-" "Mozilla/5.0 (compatible; AhrefsBot/7.0; +http://ahrefs.com/robot/)"
66.249.69.6 - - [13/May/2025:11:52:52 -0300] "GET /products/289fs49080 HTTP/1.1" 404 - "-" "Mozilla/5.0 (Linux; Android 6.0.1; Nexus 5X Build/MMB29P) AppleWebKit/537.36 (KHTML, like Gecko) Chrome/136.0.7103.59 Mobile Safari/537.36 (compatible; Googlebot/2.1; +http://www.google.com/bot.html)"
66.249.69.6 - - [13/May/2025:11:52:53 -0300] "GET /pcmypage?callback=product/review/shop-kt-three-20230927101534-01216 HTTP/1.1" 404 - "-" "Mozilla/5.0 (Linux; Android 6.0.1; Nexus 5X Build/MMB29P) AppleWebKit/537.36 (KHTML, like Gecko) Chrome/136.0.7103.59 Mobile Safari/537.36 (compatible; Googlebot/2.1; +http://www.google.com/bot.html)"
51.222.253.18 - - [13/May/2025:11:53:31 -0300] "GET /?terbang=sakau88 HTTP/1.1" 200 488 "-" "Mozilla/5.0 (compatible; AhrefsBot/7.0; +http://ahrefs.com/robot/)"
51.222.253.9 - - [13/May/2025:11:53:57 -0300] "GET /?terbang=caspo HTTP/1.1" 200 488 "-" "Mozilla/5.0 (compatible; AhrefsBot/7.0; +http://ahrefs.com/robot/)"
66.249.69.4 - - [13/May/2025:11:54:53 -0300] "GET /pcmypage?callback=product%2Fdetail%2Fgolf20c-as-fwblackxspire-fw38 HTTP/1.1" 404 - "-" "Mozilla/5.0 (Linux; Android 6.0.1; Nexus 5X Build/MMB29P) AppleWebKit/537.36 (KHTML, like Gecko) Chrome/136.0.7103.59 Mobile Safari/537.36 (compatible; Googlebot/2.1; +http://www.google.com/bot.html)"
51.222.253.6 - - [13/May/2025:11:55:14 -0300] "GET /?terbang=VPNSLOT HTTP/1.1" 200 488 "-" "Mozilla/5.0 (compatible; AhrefsBot/7.0; +http://ahrefs.com/robot/)"
66.249.75.3 - - [13/May/2025:11:56:47 -0300] "GET /items/krojx48/956?key=undertake HTTP/1.1" 404 - "-" "Mozilla/5.0 (Linux; Android 6.0.1; Nexus 5X Build/MMB29P) AppleWebKit/537.36 (KHTML, like Gecko) Chrome/136.0.7103.59 Mobile Safari/537.36 (compatible; Googlebot/2.1; +http://www.google.com/bot.html)"
66.249.69.6 - - [13/May/2025:12:00:38 -0300] "GET /product/edit/pochon-do-20221012112714-00471 HTTP/1.1" 404 - "-" "Mozilla/5.0 (Linux; Android 6.0.1; Nexus 5X Build/MMB29P) AppleWebKit/537.36 (KHTML, like Gecko) Chrome/136.0.7103.59 Mobile Safari/537.36 (compatible; Googlebot/2.1; +http://www.google.com/bot.html)"
66.249.69.6 - - [13/May/2025:12:00:38 -0300] "GET /pcmypage?callback=/product%2Fdetail%2E-kikai-2867751 HTTP/1.1" 404 - "-" "Mozilla/5.0 (Linux; Android 6.0.1; Nexus 5X Build/MMB29P) AppleWebKit/537.36 (KHTML, like Gecko) Chrome/136.0.7103.59 Mobile Safari/537.36 (compatible; Googlebot/2.1; +http://www.google.com/bot.html)"
66.249.75.3 - - [13/May/2025:12:00:51 -0300] "GET /pcmypage?callback=product/review/justparts-wlfs-mc-1980-1145-22545-r330 HTTP/1.1" 404 - "-" "Mozilla/5.0 (compatible; Googlebot/2.1; +http://www.google.com/bot.html)"
51.222.253.19 - - [13/May/2025:12:01:52 -0300] "GET /?terbang=ABO138 HTTP/1.1" 200 488 "-" "Mozilla/5.0 (compatible; AhrefsBot/7.0; +http://ahrefs.com/robot/)"
66.249.75.1 - - [13/May/2025:12:02:26 -0300] "GET /pcmypage?callback=product%2Fdetail%2Ffurusatochoice-5697633 HTTP/1.1" 404 - "-" "Mozilla/5.0 (Linux; Android 6.0.1; Nexus 5X Build/MMB29P) AppleWebKit/537.36 (KHTML, like Gecko) Chrome/136.0.7103.59 Mobile Safari/537.36 (compatible; Googlebot/2.1; +http://www.google.com/bot.html)"
66.249.75.2 - - [13/May/2025:12:02:30 -0300] "GET /safe_search/config?return_url=%2Fproduct%2Fdetail%2Fjustparts-hs09-1560-1005-18560-v553 HTTP/1.1" 404 - "-" "Mozilla/5.0 (compatible; Googlebot/2.1; +http://www.google.com/bot.html)"
66.249.69.4 - - [13/May/2025:12:02:32 -0300] "GET /pcmypage?callback=product%2Fdetail%2Fking-ya-316481 HTTP/1.1" 404 - "-" "Mozilla/5.0 (Linux; Android 6.0.1; Nexus 5X Build/MMB29P) AppleWebKit/537.36 (KHTML, like Gecko) Chrome/136.0.7103.59 Mobile Safari/537.36 (compatible; Googlebot/2.1; +http://www.google.com/bot.html)"
66.249.69.5 - - [13/May/2025:12:02:39 -0300] "GET /items/thhiv76/6054?key=barn HTTP/1.1" 404 - "-" "Mozilla/5.0 (Linux; Android 6.0.1; Nexus 5X Build/MMB29P) AppleWebKit/537.36 (KHTML, like Gecko) Chrome/136.0.7103.59 Mobile Safari/537.36 (compatible; Googlebot/2.1; +http://www.google.com/bot.html)"
66.249.69.4 - - [13/May/2025:12:03:29 -0300] "GET /pcmypage?callback=/product%2Fdetail%2recommendo-tm-2154537 HTTP/1.1" 404 - "-" "Mozilla/5.0 (compatible; Googlebot/2.1; +http://www.google.com/bot.html)"
66.249.75.2 - - [13/May/2025:12:04:10 -0300] "GET /safe_search/config?return_url=%2Fproduct%2Fdetail%2Fdiy-tool-t138-10969 HTTP/1.1" 404 - "-" "Mozilla/5.0 (Linux; Android 6.0.1; Nexus 5X Build/MMB29P) AppleWebKit/537.36 (KHTML, like Gecko) Chrome/136.0.7103.59 Mobile Safari/537.36 (compatible; Googlebot/2.1; +http://www.google.com/bot.html)"
66.249.75.3 - - [13/May/2025:12:04:11 -0300] "GET /safe_search/config?return_url=%2Fproduct%2Fdetail%2Fdiy-tool-t138-10969 HTTP/1.1" 404 - "-" "Mozilla/5.0 (compatible; Googlebot/2.1; +http://www.google.com/bot.html)"
66.249.75.1 - - [13/May/2025:12:04:55 -0300] "GET /pcmypage?callback=product%2Fdetail%2Fshop-kt-three-20231016070125-01167 HTTP/1.1" 404 - "-" "Mozilla/5.0 (Linux; Android 6.0.1; Nexus 5X Build/MMB29P) AppleWebKit/537.36 (KHTML, like Gecko) Chrome/136.0.7103.59 Mobile Safari/537.36 (compatible; Googlebot/2.1; +http://www.google.com/bot.html)"
66.249.75.2 - - [13/May/2025:12:04:55 -0300] "GET /pcmypage?callback=product%2Fdetail%2Fshop-kt-three-20231016070125-01167 HTTP/1.1" 404 - "-" "Mozilla/5.0 (compatible; Googlebot/2.1; +http://www.google.com/bot.html)"
66.249.75.1 - - [13/May/2025:12:06:58 -0300] "GET /pcmypage?callback=/product%2Fdetail%2k-tire-eg002774316 HTTP/1.1" 404 - "-" "Mozilla/5.0 (compatible; Googlebot/2.1; +http://www.google.com/bot.html)"
66.249.69.4 - - [13/May/2025:12:07:13 -0300] "GET /pcmypage?callback=product/review/r-store-re-b0c6dw51q7 HTTP/1.1" 404 - "-" "Mozilla/5.0 (compatible; Googlebot/2.1; +http://www.google.com/bot.html)"
66.249.69.4 - - [13/May/2025:12:07:14 -0300] "GET /pcmypage?callback=product/review/r-store-re-b0c6dw51q7 HTTP/1.1" 404 - "-" "Mozilla/5.0 (compatible; Googlebot/2.1; +http://www.google.com/bot.html)"
66.249.69.5 - - [13/May/2025:12:07:42 -0300] "GET /safe_search/config?return_url=%2Fproduct%2Fdetail%2Feterille-kr4288k18ga HTTP/1.1" 404 - "-" "Mozilla/5.0 (Linux; Android 6.0.1; Nexus 5X Build/MMB29P) AppleWebKit/537.36 (KHTML, like Gecko) Chrome/136.0.7103.59 Mobile Safari/537.36 (compatible; Googlebot/2.1; +http://www.google.com/bot.html)"
66.249.69.4 - - [13/May/2025:12:07:43 -0300] "GET /product/edit/krios-shop-20240124173705-01449 HTTP/1.1" 404 - "-" "Mozilla/5.0 (Linux; Android 6.0.1; Nexus 5X Build/MMB29P) AppleWebKit/537.36 (KHTML, like Gecko) Chrome/136.0.7103.59 Mobile Safari/537.36 (compatible; Googlebot/2.1; +http://www.google.com/bot.html)"
157.55.39.225 - - [13/May/2025:12:07:43 -0300] "GET /robots.txt HTTP/1.1" 404 - "-" "Mozilla/5.0 AppleWebKit/537.36 (KHTML, like Gecko; compatible; bingbot/2.0; +http://www.bing.com/bingbot.htm) Chrome/116.0.1938.76 Safari/537.36"
66.249.75.3 - - [13/May/2025:12:07:43 -0300] "GET /safe_search/config?return_url=%2Fproduct%2Fdetail%2Fusdm-usdm-0670-831 HTTP/1.1" 404 - "-" "Mozilla/5.0 (Linux; Android 6.0.1; Nexus 5X Build/MMB29P) AppleWebKit/537.36 (KHTML, like Gecko) Chrome/136.0.7103.59 Mobile Safari/537.36 (compatible; Googlebot/2.1; +http://www.google.com/bot.html)"
52.167.144.192 - - [13/May/2025:12:08:01 -0300] "GET /?terbang=rtp+puncak303 HTTP/1.1" 200 488 "-" "Mozilla/5.0 AppleWebKit/537.36 (KHTML, like Gecko; compatible; bingbot/2.0; +http://www.bing.com/bingbot.htm) Chrome/116.0.1938.76 Safari/537.36"
51.222.253.8 - - [13/May/2025:12:09:39 -0300] "GET /?terbang=lux138 HTTP/1.1" 200 488 "-" "Mozilla/5.0 (compatible; AhrefsBot/7.0; +http://ahrefs.com/robot/)"
66.249.69.6 - - [13/May/2025:12:09:43 -0300] "GET /pcmypage?callback=product/review/chaco-2-20231012025915-00415 HTTP/1.1" 404 - "-" "Mozilla/5.0 (Linux; Android 6.0.1; Nexus 5X Build/MMB29P) AppleWebKit/537.36 (KHTML, like Gecko) Chrome/136.0.7103.59 Mobile Safari/537.36 (compatible; Googlebot/2.1; +http://www.google.com/bot.html)"
66.249.69.5 - - [13/May/2025:12:11:44 -0300] "GET /items/zspoo94/36050?key=frontier HTTP/1.1" 404 - "-" "Mozilla/5.0 (Linux; Android 6.0.1; Nexus 5X Build/MMB29P) AppleWebKit/537.36 (KHTML, like Gecko) Chrome/136.0.7103.59 Mobile Safari/537.36 (compatible; Googlebot/2.1; +http://www.google.com/bot.html)"
66.249.75.2 - - [13/May/2025:12:12:03 -0300] "GET /safe_search/config?return_url=%2Fproduct%2Fdetail%2Ftwilight-shop-s-638142800235-20180925 HTTP/1.1" 404 - "-" "Mozilla/5.0 (compatible; Googlebot/2.1; +http://www.google.com/bot.html)"
66.249.69.4 - - [13/May/2025:12:15:24 -0300] "GET /pcmypage?callback=product%2Fdetail%2Fmeicho-set-isj-350-196 HTTP/1.1" 404 - "-" "Mozilla/5.0 (compatible; Googlebot/2.1; +http://www.google.com/bot.html)"
66.249.69.4 - - [13/May/2025:12:15:44 -0300] "GET /pcmypage?callback=product%2Fdetail%2Fkougurakuichi-2008353 HTTP/1.1" 404 - "-" "Mozilla/5.0 (Linux; Android 6.0.1; Nexus 5X Build/MMB29P) AppleWebKit/537.36 (KHTML, like Gecko) Chrome/136.0.7103.59 Mobile Safari/537.36 (compatible; Googlebot/2.1; +http://www.google.com/bot.html)"
66.249.69.5 - - [13/May/2025:12:16:29 -0300] "GET /product/edit/car-cpc-bellezza-newpremium-h118-17051 HTTP/1.1" 404 - "-" "Mozilla/5.0 (compatible; Googlebot/2.1; +http://www.google.com/bot.html)"
51.222.253.9 - - [13/May/2025:12:16:44 -0300] "GET /?terbang=SONICQQ HTTP/1.1" 200 488 "-" "Mozilla/5.0 (compatible; AhrefsBot/7.0; +http://ahrefs.com/robot/)"
66.249.69.4 - - [13/May/2025:12:17:45 -0300] "GET /pcmypage?callback=/product%2Fdetail%2procure-a-826-4973 HTTP/1.1" 404 - "-" "Mozilla/5.0 (Linux; Android 6.0.1; Nexus 5X Build/MMB29P) AppleWebKit/537.36 (KHTML, like Gecko) Chrome/136.0.7103.59 Mobile Safari/537.36 (compatible; Googlebot/2.1; +http://www.google.com/bot.html)"
66.249.75.1 - - [13/May/2025:12:18:30 -0300] "GET /pcmypage?callback=/product%2Fdetail%2oceaniaclub-ds-2377886 HTTP/1.1" 404 - "-" "Mozilla/5.0 (Linux; Android 6.0.1; Nexus 5X Build/MMB29P) AppleWebKit/537.36 (KHTML, like Gecko) Chrome/136.0.7103.59 Mobile Safari/537.36 (compatible; Googlebot/2.1; +http://www.google.com/bot.html)"
51.222.253.9 - - [13/May/2025:12:20:09 -0300] "GET /?terbang=HAKIM138 HTTP/1.1" 200 488 "-" "Mozilla/5.0 (compatible; AhrefsBot/7.0; +http://ahrefs.com/robot/)"
66.249.75.2 - - [13/May/2025:12:21:10 -0300] "GET /pcmypage?callback=product%2Fdetail%2Fkiiroihachi-20230817184733-00133 HTTP/1.1" 404 - "-" "Mozilla/5.0 (compatible; Googlebot/2.1; +http://www.google.com/bot.html)"
66.249.69.4 - - [13/May/2025:12:22:10 -0300] "GET /product/edit/ysysstore-ys0000018320369974 HTTP/1.1" 404 - "-" "Mozilla/5.0 (Linux; Android 6.0.1; Nexus 5X Build/MMB29P) AppleWebKit/537.36 (KHTML, like Gecko) Chrome/136.0.7103.59 Mobile Safari/537.36 (compatible; Googlebot/2.1; +http://www.google.com/bot.html)"
66.249.69.5 - - [13/May/2025:12:23:48 -0300] "GET /pcmypage?callback=/product%2Fdetail%2printjaws-re-l5800c-13-12-11 HTTP/1.1" 404 - "-" "Mozilla/5.0 (Linux; Android 6.0.1; Nexus 5X Build/MMB29P) AppleWebKit/537.36 (KHTML, like Gecko) Chrome/136.0.7103.59 Mobile Safari/537.36 (compatible; Googlebot/2.1; +http://www.google.com/bot.html)"
51.222.253.2 - - [13/May/2025:12:26:05 -0300] "GET /?terbang=gbo777 HTTP/1.1" 200 488 "-" "Mozilla/5.0 (compatible; AhrefsBot/7.0; +http://ahrefs.com/robot/)"
66.249.69.5 - - [13/May/2025:12:26:13 -0300] "GET /pcmypage?callback=product%2Fdetail%2Ffuga1948-4532822103226 HTTP/1.1" 404 - "-" "Mozilla/5.0 (compatible; Googlebot/2.1; +http://www.google.com/bot.html)"
66.249.69.4 - - [13/May/2025:12:28:46 -0300] "GET /pcmypage?callback=product/review/brand-td-store-q03-st40105 HTTP/1.1" 404 - "-" "Mozilla/5.0 (Linux; Android 6.0.1; Nexus 5X Build/MMB29P) AppleWebKit/537.36 (KHTML, like Gecko) Chrome/136.0.7103.59 Mobile Safari/537.36 (compatible; Googlebot/2.1; +http://www.google.com/bot.html)"
51.222.253.3 - - [13/May/2025:12:29:23 -0300] "GET /?terbang=12SHIO6 HTTP/1.1" 200 488 "-" "Mozilla/5.0 (compatible; AhrefsBot/7.0; +http://ahrefs.com/robot/)"
66.249.69.4 - - [13/May/2025:12:30:47 -0300] "GET /pcmypage?callback=product%2Fdetail%2Fpartsstation2019-202309002713400 HTTP/1.1" 404 - "-" "Mozilla/5.0 (compatible; Googlebot/2.1; +http://www.google.com/bot.html)"
66.249.75.1 - - [13/May/2025:12:31:29 -0300] "GET /pcmypage?callback=/product%2Fdetail%2k-tire-eg002583015 HTTP/1.1" 404 - "-" "Mozilla/5.0 (Linux; Android 6.0.1; Nexus 5X Build/MMB29P) AppleWebKit/537.36 (KHTML, like Gecko) Chrome/136.0.7103.59 Mobile Safari/537.36 (compatible; Googlebot/2.1; +http://www.google.com/bot.html)"
66.249.69.6 - - [13/May/2025:12:31:34 -0300] "GET /?_ga=2.193503620.1959687034.1723274753-582696850.1699830050&_bdsid=wn09m5.n~ZHJCG.1732465430494.1752131930&_bd_prev_page=https://vittahelp.com.br/spark.cgi?products/285rs20428 HTTP/1.1" 200 488 "-" "Mozilla/5.0 (Linux; Android 6.0.1; Nexus 5X Build/MMB29P) AppleWebKit/537.36 (KHTML, like Gecko) Chrome/136.0.7103.59 Mobile Safari/537.36 (compatible; Googlebot/2.1; +http://www.google.com/bot.html)"
66.249.75.2 - - [13/May/2025:12:31:40 -0300] "GET /safe_search/config?return_url=%2Fproduct%2Fdetail%2Fbride-showroom-10012773 HTTP/1.1" 404 - "-" "Mozilla/5.0 (compatible; Googlebot/2.1; +http://www.google.com/bot.html)"
66.249.69.4 - - [13/May/2025:12:32:34 -0300] "GET /items/sfgez120/35430?key=first HTTP/1.1" 404 - "-" "Mozilla/5.0 (Linux; Android 6.0.1; Nexus 5X Build/MMB29P) AppleWebKit/537.36 (KHTML, like Gecko) Chrome/136.0.7103.59 Mobile Safari/537.36 (compatible; Googlebot/2.1; +http://www.google.com/bot.html)"
66.249.75.3 - - [13/May/2025:12:32:56 -0300] "GET /safe_search/config?return_url=%2Fproduct%2Fdetail%2Fkirakira-cyura-shop2-20231106072542-01734 HTTP/1.1" 404 - "-" "Mozilla/5.0 (Linux; Android 6.0.1; Nexus 5X Build/MMB29P) AppleWebKit/537.36 (KHTML, like Gecko) Chrome/136.0.7103.59 Mobile Safari/537.36 (compatible; Googlebot/2.1; +http://www.google.com/bot.html)"
66.249.69.4 - - [13/May/2025:12:33:21 -0300] "GET /pcmypage?callback=/product%2Fdetail%2treasure-one-company-mxj07gb-1670-1145-21565-mud HTTP/1.1" 404 - "-" "Mozilla/5.0 (compatible; Googlebot/2.1; +http://www.google.com/bot.html)"
66.249.75.3 - - [13/May/2025:12:33:33 -0300] "GET /product/edit/up-b-tcm1887 HTTP/1.1" 404 - "-" "Mozilla/5.0 (compatible; Googlebot/2.1; +http://www.google.com/bot.html)"
52.167.144.186 - - [13/May/2025:12:33:40 -0300] "GET /?terbang=MISTIKTOGEL+RTP+SLOT HTTP/1.1" 200 488 "-" "Mozilla/5.0 AppleWebKit/537.36 (KHTML, like Gecko; compatible; bingbot/2.0; +http://www.bing.com/bingbot.htm) Chrome/116.0.1938.76 Safari/537.36"
159.223.66.227 - - [13/May/2025:12:34:38 -0300] "GET /wp-login.php HTTP/1.1" 404 - "-" "Mozilla/5.0 (Windows NT 10.0; Win64; x64) AppleWebKit/537.36 (KHTML, like Gecko) Chrome/84.0.4147.105 Safari/537.36 OPR/70.0.3728.95"
66.249.75.3 - - [13/May/2025:12:35:06 -0300] "GET /pcmypage?callback=product%2Fdetail%2Fkina-shop-ds-2303348 HTTP/1.1" 404 - "-" "Mozilla/5.0 (compatible; Googlebot/2.1; +http://www.google.com/bot.html)"
66.249.75.3 - - [13/May/2025:12:35:06 -0300] "GET /pcmypage?callback=product%2Fdetail%2Fkina-shop-ds-2303348 HTTP/1.1" 404 - "-" "Mozilla/5.0 (Linux; Android 6.0.1; Nexus 5X Build/MMB29P) AppleWebKit/537.36 (KHTML, like Gecko) Chrome/136.0.7103.59 Mobile Safari/537.36 (compatible; Googlebot/2.1; +http://www.google.com/bot.html)"
66.249.69.5 - - [13/May/2025:12:36:34 -0300] "GET /items/cevtm94/31572?key=rebel HTTP/1.1" 404 - "-" "Mozilla/5.0 (Linux; Android 6.0.1; Nexus 5X Build/MMB29P) AppleWebKit/537.36 (KHTML, like Gecko) Chrome/136.0.7103.59 Mobile Safari/537.36 (compatible; Googlebot/2.1; +http://www.google.com/bot.html)"
51.222.253.9 - - [13/May/2025:12:38:41 -0300] "GET /?terbang=glow4d HTTP/1.1" 200 488 "-" "Mozilla/5.0 (compatible; AhrefsBot/7.0; +http://ahrefs.com/robot/)"
66.249.69.5 - - [13/May/2025:12:38:59 -0300] "GET /pcmypage?callback=product/review/mautogallery-pf05-wh-1980-1145-24535-kr20 HTTP/1.1" 404 - "-" "Mozilla/5.0 (Linux; Android 6.0.1; Nexus 5X Build/MMB29P) AppleWebKit/537.36 (KHTML, like Gecko) Chrome/136.0.7103.59 Mobile Safari/537.36 (compatible; Googlebot/2.1; +http://www.google.com/bot.html)"
51.222.253.19 - - [13/May/2025:12:39:18 -0300] "GET /?terbang=slot338 HTTP/1.1" 200 488 "-" "Mozilla/5.0 (compatible; AhrefsBot/7.0; +http://ahrefs.com/robot/)"
66.249.69.5 - - [13/May/2025:12:40:34 -0300] "GET /pcmypage?callback=/product%2Fdetail%2has-international-ysc077gscr5o HTTP/1.1" 404 - "-" "Mozilla/5.0 (Linux; Android 6.0.1; Nexus 5X Build/MMB29P) AppleWebKit/537.36 (KHTML, like Gecko) Chrome/136.0.7103.59 Mobile Safari/537.36 (compatible; Googlebot/2.1; +http://www.google.com/bot.html)"
51.222.253.10 - - [13/May/2025:12:40:44 -0300] "GET /?terbang=KDSLOT+RTP+SLOT HTTP/1.1" 200 488 "-" "Mozilla/5.0 (compatible; AhrefsBot/7.0; +http://ahrefs.com/robot/)"
185.128.227.57 - - [13/May/2025:12:41:32 -0300] "GET /wp-login.php HTTP/1.1" 404 - "https://vittahelp.com.br/wp-login.php" "Mozilla/5.0 (Windows NT 10.0; Win64; x64)"
66.249.75.1 - - [13/May/2025:12:41:54 -0300] "GET /safe_search/config?return_url=%2Fproduct%2Fdetail%2Fkougulandplus-ts-7809425 HTTP/1.1" 404 - "-" "Mozilla/5.0 (compatible; Googlebot/2.1; +http://www.google.com/bot.html)"
51.222.253.15 - - [13/May/2025:12:45:01 -0300] "GET /?terbang=MOCI4D HTTP/1.1" 200 488 "-" "Mozilla/5.0 (compatible; AhrefsBot/7.0; +http://ahrefs.com/robot/)"
66.249.69.5 - - [13/May/2025:12:45:35 -0300] "GET /pcmypage?callback=product/review/golfpartner-2100360132279 HTTP/1.1" 404 - "-" "Mozilla/5.0 (Linux; Android 6.0.1; Nexus 5X Build/MMB29P) AppleWebKit/537.36 (KHTML, like Gecko) Chrome/136.0.7103.59 Mobile Safari/537.36 (compatible; Googlebot/2.1; +http://www.google.com/bot.html)"
51.222.253.12 - - [13/May/2025:12:46:06 -0300] "GET /?terbang=CMD777 HTTP/1.1" 200 488 "-" "Mozilla/5.0 (compatible; AhrefsBot/7.0; +http://ahrefs.com/robot/)"
66.249.75.1 - - [13/May/2025:12:47:26 -0300] "GET /product/edit/diy-tool-m215-7597 HTTP/1.1" 404 - "-" "Mozilla/5.0 (compatible; Googlebot/2.1; +http://www.google.com/bot.html)"
51.222.253.17 - - [13/May/2025:12:48:07 -0300] "GET /?terbang=MPO189 HTTP/1.1" 200 488 "-" "Mozilla/5.0 (compatible; AhrefsBot/7.0; +http://ahrefs.com/robot/)"
66.249.69.5 - - [13/May/2025:12:48:14 -0300] "GET /products/95wj590 HTTP/1.1" 404 - "-" "Mozilla/5.0 (Linux; Android 6.0.1; Nexus 5X Build/MMB29P) AppleWebKit/537.36 (KHTML, like Gecko) Chrome/136.0.7103.59 Mobile Safari/537.36 (compatible; Googlebot/2.1; +http://www.google.com/bot.html)"
51.222.253.17 - - [13/May/2025:12:48:29 -0300] "GET /?terbang=NGPKV+ID HTTP/1.1" 200 488 "-" "Mozilla/5.0 (compatible; AhrefsBot/7.0; +http://ahrefs.com/robot/)"
66.249.69.4 - - [13/May/2025:12:48:32 -0300] "GET /pcmypage?callback=/product%2Fdetail%2unli-mall-2ymaa0a8094ce HTTP/1.1" 404 - "-" "Mozilla/5.0 (Linux; Android 6.0.1; Nexus 5X Build/MMB29P) AppleWebKit/537.36 (KHTML, like Gecko) Chrome/136.0.7103.59 Mobile Safari/537.36 (compatible; Googlebot/2.1; +http://www.google.com/bot.html)"
66.249.75.3 - - [13/May/2025:12:50:12 -0300] "GET /product/edit/suzukimotors-dop-net-ysok847p-6-6 HTTP/1.1" 404 - "-" "Mozilla/5.0 (compatible; Googlebot/2.1; +http://www.google.com/bot.html)"
66.249.75.2 - - [13/May/2025:12:51:03 -0300] "GET /product/edit/rizing-et-1305a-b-100 HTTP/1.1" 404 - "-" "Mozilla/5.0 (Linux; Android 6.0.1; Nexus 5X Build/MMB29P) AppleWebKit/537.36 (KHTML, like Gecko) Chrome/136.0.7103.59 Mobile Safari/537.36 (compatible; Googlebot/2.1; +http://www.google.com/bot.html)"
198.235.24.34 - - [13/May/2025:12:51:07 -0300] "GET / HTTP/1.1" 200 488 "-" "Expanse, a Palo Alto Networks company, searches across the global IPv4 space multiple times per day to identify customers' presences on the Internet. If you would like to be excluded from our scans, please send IP addresses/domains to: scaninfo@paloaltonetworks.com"
66.249.75.2 - - [13/May/2025:12:52:23 -0300] "GET /pcmypage?callback=/product%2Fdetail%2usdm-usdm-0538-768 HTTP/1.1" 404 - "-" "Mozilla/5.0 (compatible; Googlebot/2.1; +http://www.google.com/bot.html)"
66.249.75.3 - - [13/May/2025:12:52:23 -0300] "GET /pcmypage?callback=/product%2Fdetail%2usdm-usdm-0538-768 HTTP/1.1" 404 - "-" "Mozilla/5.0 (Linux; Android 6.0.1; Nexus 5X Build/MMB29P) AppleWebKit/537.36 (KHTML, like Gecko) Chrome/136.0.7103.59 Mobile Safari/537.36 (compatible; Googlebot/2.1; +http://www.google.com/bot.html)"
66.249.69.5 - - [13/May/2025:12:52:39 -0300] "GET /?_ga=2.193503620.1959687034.1723274753-582696850.1699830050&_bdsid=wn09m5.n~ZHJCG.1732465430494.1752131930&_bd_prev_page=https://vittahelp.com.br/spark.cgi?products/275xo6522 HTTP/1.1" 200 488 "-" "Mozilla/5.0 (Linux; Android 6.0.1; Nexus 5X Build/MMB29P) AppleWebKit/537.36 (KHTML, like Gecko) Chrome/136.0.7103.59 Mobile Safari/537.36 (compatible; Googlebot/2.1; +http://www.google.com/bot.html)"
66.249.69.4 - - [13/May/2025:12:53:39 -0300] "GET /zhHant/product/surugaya/feliju-sk11rp-0026?campaign_uid=f64d716db5e979ed2f947dbaf4296895b951ae7f HTTP/1.1" 404 - "-" "Mozilla/5.0 (Linux; Android 6.0.1; Nexus 5X Build/MMB29P) AppleWebKit/537.36 (KHTML, like Gecko) Chrome/136.0.7103.59 Mobile Safari/537.36 (compatible; Googlebot/2.1; +http://www.google.com/bot.html)"
66.249.69.6 - - [13/May/2025:12:55:39 -0300] "GET /pcmypage?callback=product%2Fdetail%2Fcar-cpc-sb-85d26r-11465 HTTP/1.1" 404 - "-" "Mozilla/5.0 (Linux; Android 6.0.1; Nexus 5X Build/MMB29P) AppleWebKit/537.36 (KHTML, like Gecko) Chrome/136.0.7103.59 Mobile Safari/537.36 (compatible; Googlebot/2.1; +http://www.google.com/bot.html)"
51.222.253.4 - - [13/May/2025:12:56:37 -0300] "GET /?terbang=kbo77 HTTP/1.1" 200 488 "-" "Mozilla/5.0 (compatible; AhrefsBot/7.0; +http://ahrefs.com/robot/)"
66.249.69.5 - - [13/May/2025:12:57:40 -0300] "GET /safe_search/config?return_url=%2Fproduct%2Fdetail%2Fdream-megamarket-ds-1865038 HTTP/1.1" 404 - "-" "Mozilla/5.0 (Linux; Android 6.0.1; Nexus 5X Build/MMB29P) AppleWebKit/537.36 (KHTML, like Gecko) Chrome/136.0.7103.59 Mobile Safari/537.36 (compatible; Googlebot/2.1; +http://www.google.com/bot.html)"
66.249.75.3 - - [13/May/2025:12:58:16 -0300] "GET /pcmypage?callback=product/review/justparts-mxj03-1880-1145-21550-pm4p HTTP/1.1" 404 - "-" "Mozilla/5.0 (Linux; Android 6.0.1; Nexus 5X Build/MMB29P) AppleWebKit/537.36 (KHTML, like Gecko) Chrome/136.0.7103.59 Mobile Safari/537.36 (compatible; Googlebot/2.1; +http://www.google.com/bot.html)"
66.249.75.3 - - [13/May/2025:12:58:16 -0300] "GET /pcmypage?callback=product/review/justparts-mxj03-1880-1145-21550-pm4p HTTP/1.1" 404 - "-" "Mozilla/5.0 (compatible; Googlebot/2.1; +http://www.google.com/bot.html)"
66.249.75.1 - - [13/May/2025:12:58:18 -0300] "GET /pcmypage?callback=product%2Fdetail%2Fhotroadparts-7231024617 HTTP/1.1" 404 - "-" "Mozilla/5.0 (compatible; Googlebot/2.1; +http://www.google.com/bot.html)"
66.249.75.2 - - [13/May/2025:12:58:42 -0300] "GET /pcmypage?callback=/product%2Fdetail%2pc99net-crg-073-chip-return HTTP/1.1" 404 - "-" "Mozilla/5.0 (Linux; Android 6.0.1; Nexus 5X Build/MMB29P) AppleWebKit/537.36 (KHTML, like Gecko) Chrome/136.0.7103.59 Mobile Safari/537.36 (compatible; Googlebot/2.1; +http://www.google.com/bot.html)"
66.249.75.3 - - [13/May/2025:12:58:59 -0300] "GET /pcmypage?callback=product/review/galaxy-usa-b019mdjxy4 HTTP/1.1" 404 - "-" "Mozilla/5.0 (compatible; Googlebot/2.1; +http://www.google.com/bot.html)"
66.249.69.4 - - [13/May/2025:13:00:17 -0300] "GET /pcmypage?callback=/product%2Fdetail%2Els-ynx-stbp1019-007 HTTP/1.1" 404 - "-" "Mozilla/5.0 (Linux; Android 6.0.1; Nexus 5X Build/MMB29P) AppleWebKit/537.36 (KHTML, like Gecko) Chrome/136.0.7103.59 Mobile Safari/537.36 (compatible; Googlebot/2.1; +http://www.google.com/bot.html)"
66.249.75.1 - - [13/May/2025:13:00:18 -0300] "GET /safe_search/config?return_url=%2Fproduct%2Fdetail%2Fdiy-tool-t138-280293 HTTP/1.1" 404 - "-" "Mozilla/5.0 (Linux; Android 6.0.1; Nexus 5X Build/MMB29P) AppleWebKit/537.36 (KHTML, like Gecko) Chrome/136.0.7103.59 Mobile Safari/537.36 (compatible; Googlebot/2.1; +http://www.google.com/bot.html)"
66.249.69.6 - - [13/May/2025:13:00:18 -0300] "GET /pcmypage?callback=/product%2Fdetail%2Bikebuhin-cty-vellfire2306-k7b2 HTTP/1.1" 404 - "-" "Mozilla/5.0 (Linux; Android 6.0.1; Nexus 5X Build/MMB29P) AppleWebKit/537.36 (KHTML, like Gecko) Chrome/136.0.7103.59 Mobile Safari/537.36 (compatible; Googlebot/2.1; +http://www.google.com/bot.html)"
66.249.69.4 - - [13/May/2025:13:01:18 -0300] "GET /pcmypage?callback=/product%2Fdetail%2j-jewelry-21559-2532 HTTP/1.1" 404 - "-" "Mozilla/5.0 (Linux; Android 6.0.1; Nexus 5X Build/MMB29P) AppleWebKit/537.36 (KHTML, like Gecko) Chrome/136.0.7103.59 Mobile Safari/537.36 (compatible; Googlebot/2.1; +http://www.google.com/bot.html)"
66.249.69.6 - - [13/May/2025:13:02:19 -0300] "GET /pcmypage?callback=product%2Fdetail%2Fjjhouse-20231129142538-00631 HTTP/1.1" 404 - "-" "Mozilla/5.0 (Linux; Android 6.0.1; Nexus 5X Build/MMB29P) AppleWebKit/537.36 (KHTML, like Gecko) Chrome/136.0.7103.59 Mobile Safari/537.36 (compatible; Googlebot/2.1; +http://www.google.com/bot.html)"
66.249.75.1 - - [13/May/2025:13:02:19 -0300] "GET /?_gl=1*x12hq2f*_ga*UoCnweGShwYTkeVjaWOuNQajkbek*_ga_ZJRSCMZRG*PcWCAsVww5eLnXsMm3mRKlcsZckHIAnmmmQjNsvAWH6eyQYJ0IIgEny.*_gcl_au=1.1.193896591.177935980*_gcl_aw=RSJ.179916303.j2MwXXaKBf9zm6LZBQtObMzW0SfYGqgqdnIJIWWGZAkiJZUvYYwJB7aWHanitttBnIHC0yo7c3rzH4fbIKXuwIvmTP..&_gz=2.193210476.190678900.172892215-863830913.169039339&_bdsid=4r930u.n~MTPQJ.170021209.176918421&_bd_prev_page=https://www.vittahelp.com.br/detail.htm?products/21sd46072 HTTP/1.1" 200 488 "-" "Mozilla/5.0 (Linux; Android 6.0.1; Nexus 5X Build/MMB29P) AppleWebKit/537.36 (KHTML, like Gecko) Chrome/136.0.7103.59 Mobile Safari/537.36 (compatible; Googlebot/2.1; +http://www.google.com/bot.html)"
66.249.75.3 - - [13/May/2025:13:02:21 -0300] "GET /assets/index-g8aW3Zx-.css HTTP/1.1" 200 2311 "https://www.vittahelp.com.br/?_gl=1*x12hq2f*_ga*UoCnweGShwYTkeVjaWOuNQajkbek*_ga_ZJRSCMZRG*PcWCAsVww5eLnXsMm3mRKlcsZckHIAnmmmQjNsvAWH6eyQYJ0IIgEny.*_gcl_au=1.1.193896591.177935980*_gcl_aw=RSJ.179916303.j2MwXXaKBf9zm6LZBQtObMzW0SfYGqgqdnIJIWWGZAkiJZUvYYwJB7aWHanitttBnIHC0yo7c3rzH4fbIKXuwIvmTP..&_gz=2.193210476.190678900.172892215-863830913.169039339&_bdsid=4r930u.n~MTPQJ.170021209.176918421&_bd_prev_page=https://www.vittahelp.com.br/detail.htm?products/21sd46072" "Mozilla/5.0 (Linux; Android 6.0.1; Nexus 5X Build/MMB29P) AppleWebKit/537.36 (KHTML, like Gecko) Chrome/135.0.7049.114 Mobile Safari/537.36 (compatible; Googlebot/2.1; +http://www.google.com/bot.html)"
51.222.253.2 - - [13/May/2025:13:03:28 -0300] "GET /?terbang=jbl4d HTTP/1.1" 200 488 "-" "Mozilla/5.0 (compatible; AhrefsBot/7.0; +http://ahrefs.com/robot/)"
66.249.69.5 - - [13/May/2025:13:04:00 -0300] "GET /pcmypage?callback=/product%2Fdetail%2kg-maido-tr-7545312 HTTP/1.1" 404 - "-" "Mozilla/5.0 (Linux; Android 6.0.1; Nexus 5X Build/MMB29P) AppleWebKit/537.36 (KHTML, like Gecko) Chrome/136.0.7103.59 Mobile Safari/537.36 (compatible; Googlebot/2.1; +http://www.google.com/bot.html)"
66.249.69.5 - - [13/May/2025:13:04:20 -0300] "GET /items/xphfs85/22363?key=assert HTTP/1.1" 404 - "-" "Mozilla/5.0 (Linux; Android 6.0.1; Nexus 5X Build/MMB29P) AppleWebKit/537.36 (KHTML, like Gecko) Chrome/136.0.7103.59 Mobile Safari/537.36 (compatible; Googlebot/2.1; +http://www.google.com/bot.html)"
66.249.69.6 - - [13/May/2025:13:06:20 -0300] "GET /items/lgoog8/11542?key=retail HTTP/1.1" 404 - "-" "Mozilla/5.0 (Linux; Android 6.0.1; Nexus 5X Build/MMB29P) AppleWebKit/537.36 (KHTML, like Gecko) Chrome/136.0.7103.59 Mobile Safari/537.36 (compatible; Googlebot/2.1; +http://www.google.com/bot.html)"
66.249.69.5 - - [13/May/2025:13:06:48 -0300] "GET /pcmypage?callback=/product%2Fdetail%2tt0923-store-20230329011342-01215 HTTP/1.1" 404 - "-" "Mozilla/5.0 (Linux; Android 6.0.1; Nexus 5X Build/MMB29P) AppleWebKit/537.36 (KHTML, like Gecko) Chrome/136.0.7103.59 Mobile Safari/537.36 (compatible; Googlebot/2.1; +http://www.google.com/bot.html)"
66.249.69.4 - - [13/May/2025:13:06:48 -0300] "GET /pcmypage?callback=/product%2Fdetail%2tt0923-store-20230329011342-01215 HTTP/1.1" 404 - "-" "Mozilla/5.0 (compatible; Googlebot/2.1; +http://www.google.com/bot.html)"
66.249.75.2 - - [13/May/2025:13:07:57 -0300] "GET /pcmypage?callback=product/review/gnb-garnier-gnbr001g-blk HTTP/1.1" 404 - "-" "Mozilla/5.0 (Linux; Android 6.0.1; Nexus 5X Build/MMB29P) AppleWebKit/537.36 (KHTML, like Gecko) Chrome/136.0.7103.59 Mobile Safari/537.36 (compatible; Googlebot/2.1; +http://www.google.com/bot.html)"
66.249.75.1 - - [13/May/2025:13:07:58 -0300] "GET /pcmypage?callback=product/review/gnb-garnier-gnbr001g-blk HTTP/1.1" 404 - "-" "Mozilla/5.0 (compatible; Googlebot/2.1; +http://www.google.com/bot.html)"
66.249.75.2 - - [13/May/2025:13:08:41 -0300] "GET /safe_search/config?return_url=%2Fproduct%2Fdetail%2Fsuzukimotors-dop-net-sivnt651a-49 HTTP/1.1" 404 - "-" "Mozilla/5.0 (Linux; Android 6.0.1; Nexus 5X Build/MMB29P) AppleWebKit/537.36 (KHTML, like Gecko) Chrome/136.0.7103.59 Mobile Safari/537.36 (compatible; Googlebot/2.1; +http://www.google.com/bot.html)"
66.249.69.6 - - [13/May/2025:13:10:20 -0300] "GET /items/gtyuo86/21728?key=manufacturing HTTP/1.1" 404 - "-" "Mozilla/5.0 (Linux; Android 6.0.1; Nexus 5X Build/MMB29P) AppleWebKit/537.36 (KHTML, like Gecko) Chrome/136.0.7103.59 Mobile Safari/537.36 (compatible; Googlebot/2.1; +http://www.google.com/bot.html)"
66.249.75.3 - - [13/May/2025:13:10:21 -0300] "GET /pcmypage?callback=/product%2Fdetail%2pre-style-b078hx366z HTTP/1.1" 404 - "-" "Mozilla/5.0 (Linux; Android 6.0.1; Nexus 5X Build/MMB29P) AppleWebKit/537.36 (KHTML, like Gecko) Chrome/136.0.7103.59 Mobile Safari/537.36 (compatible; Googlebot/2.1; +http://www.google.com/bot.html)"
66.249.69.6 - - [13/May/2025:13:10:21 -0300] "GET /pcmypage?callback=product%2Fdetail%2Fwestbay-link-s-b00hoc2igg-20240220 HTTP/1.1" 404 - "-" "Mozilla/5.0 (Linux; Android 6.0.1; Nexus 5X Build/MMB29P) AppleWebKit/537.36 (KHTML, like Gecko) Chrome/136.0.7103.59 Mobile Safari/537.36 (compatible; Googlebot/2.1; +http://www.google.com/bot.html)"
51.222.253.10 - - [13/May/2025:13:13:04 -0300] "GET /?terbang=SUGES4D HTTP/1.1" 200 488 "-" "Mozilla/5.0 (compatible; AhrefsBot/7.0; +http://ahrefs.com/robot/)"
66.249.75.3 - - [13/May/2025:13:13:11 -0300] "GET /safe_search/config?return_url=%2Fproduct%2Fdetail%2Fssol-shopping-2324641093916 HTTP/1.1" 404 - "-" "Mozilla/5.0 (compatible; Googlebot/2.1; +http://www.google.com/bot.html)"
51.222.253.19 - - [13/May/2025:13:13:11 -0300] "GET /?terbang=judiindo HTTP/1.1" 200 488 "-" "Mozilla/5.0 (compatible; AhrefsBot/7.0; +http://ahrefs.com/robot/)"
66.249.69.6 - - [13/May/2025:13:13:21 -0300] "GET /items/zjirk91/14755?key=surface HTTP/1.1" 404 - "-" "Mozilla/5.0 (Linux; Android 6.0.1; Nexus 5X Build/MMB29P) AppleWebKit/537.36 (KHTML, like Gecko) Chrome/136.0.7103.59 Mobile Safari/537.36 (compatible; Googlebot/2.1; +http://www.google.com/bot.html)"
51.222.253.9 - - [13/May/2025:13:14:29 -0300] "GET /?terbang=MANTUL86 HTTP/1.1" 200 488 "-" "Mozilla/5.0 (compatible; AhrefsBot/7.0; +http://ahrefs.com/robot/)"
66.249.75.1 - - [13/May/2025:13:18:12 -0300] "GET /pcmypage?callback=product%2Fdetail%2Fmotoride-162116-590471 HTTP/1.1" 404 - "-" "Mozilla/5.0 (Linux; Android 6.0.1; Nexus 5X Build/MMB29P) AppleWebKit/537.36 (KHTML, like Gecko) Chrome/136.0.7103.59 Mobile Safari/537.36 (compatible; Googlebot/2.1; +http://www.google.com/bot.html)"
51.222.253.11 - - [13/May/2025:13:18:15 -0300] "GET /?terbang=MPOTEN HTTP/1.1" 200 488 "-" "Mozilla/5.0 (compatible; AhrefsBot/7.0; +http://ahrefs.com/robot/)"
66.249.75.3 - - [13/May/2025:13:19:22 -0300] "GET /category/331/1/listing HTTP/1.1" 404 - "-" "Mozilla/5.0 (Linux; Android 6.0.1; Nexus 5X Build/MMB29P) AppleWebKit/537.36 (KHTML, like Gecko) Chrome/136.0.7103.59 Mobile Safari/537.36 (compatible; Googlebot/2.1; +http://www.google.com/bot.html)"
66.249.69.5 - - [13/May/2025:13:20:55 -0300] "GET /pcmypage?callback=/product%2Fdetail-esir-de-vivre-irf-ol-r-r-00028 HTTP/1.1" 404 - "-" "Mozilla/5.0 (compatible; Googlebot/2.1; +http://www.google.com/bot.html)"
51.222.253.5 - - [13/May/2025:13:21:06 -0300] "GET /?terbang=IYA777 HTTP/1.1" 200 488 "-" "Mozilla/5.0 (compatible; AhrefsBot/7.0; +http://ahrefs.com/robot/)"
66.249.69.5 - - [13/May/2025:13:21:22 -0300] "GET /pcmypage?callback=product%2Fdetail%2Fnextsportsys-nsf9155-nsf2094-4 HTTP/1.1" 404 - "-" "Mozilla/5.0 (Linux; Android 6.0.1; Nexus 5X Build/MMB29P) AppleWebKit/537.36 (KHTML, like Gecko) Chrome/136.0.7103.59 Mobile Safari/537.36 (compatible; Googlebot/2.1; +http://www.google.com/bot.html)"
51.222.253.18 - - [13/May/2025:13:21:55 -0300] "GET /?terbang=erek HTTP/1.1" 200 488 "-" "Mozilla/5.0 (compatible; AhrefsBot/7.0; +http://ahrefs.com/robot/)"
66.249.75.2 - - [13/May/2025:13:24:14 -0300] "GET /pcmypage?callback=product%2Fdetail%2Ftopstone-bf-hypergthlt-187545-5108-sg-4 HTTP/1.1" 404 - "-" "Mozilla/5.0 (compatible; Googlebot/2.1; +http://www.google.com/bot.html)"
66.249.69.6 - - [13/May/2025:13:24:16 -0300] "GET /pcmypage?callback=product/review/firstfactory-asone-62-9188-04 HTTP/1.1" 404 - "-" "Mozilla/5.0 (compatible; Googlebot/2.1; +http://www.google.com/bot.html)"
66.249.69.6 - - [13/May/2025:13:27:22 -0300] "GET /pcmypage?callback=product%2Fdetail%2Fdiy-tool-t138-330708 HTTP/1.1" 404 - "-" "Mozilla/5.0 (Linux; Android 6.0.1; Nexus 5X Build/MMB29P) AppleWebKit/537.36 (KHTML, like Gecko) Chrome/136.0.7103.59 Mobile Safari/537.36 (compatible; Googlebot/2.1; +http://www.google.com/bot.html)"
52.167.144.203 - - [13/May/2025:13:30:05 -0300] "GET /?terbang=pragmatic178 HTTP/1.1" 200 488 "-" "Mozilla/5.0 AppleWebKit/537.36 (KHTML, like Gecko; compatible; bingbot/2.0; +http://www.bing.com/bingbot.htm) Chrome/116.0.1938.76 Safari/537.36"
51.222.253.10 - - [13/May/2025:13:30:21 -0300] "GET /?terbang=INPLAY888 HTTP/1.1" 200 488 "-" "Mozilla/5.0 (compatible; AhrefsBot/7.0; +http://ahrefs.com/robot/)"
203.156.2.120 - - [13/May/2025:13:30:42 -0300] "POST /wp-login.php/wp-login.php HTTP/1.1" 404 - "-" "Mozilla"
66.249.75.2 - - [13/May/2025:13:31:10 -0300] "GET /pcmypage?callback=product/review/akarinoatoz-ers6230b HTTP/1.1" 404 - "-" "Mozilla/5.0 (Linux; Android 6.0.1; Nexus 5X Build/MMB29P) AppleWebKit/537.36 (KHTML, like Gecko) Chrome/136.0.7103.59 Mobile Safari/537.36 (compatible; Googlebot/2.1; +http://www.google.com/bot.html)"
66.249.75.2 - - [13/May/2025:13:31:21 -0300] "GET /products/35hz188 HTTP/1.1" 404 - "-" "Mozilla/5.0 (Linux; Android 6.0.1; Nexus 5X Build/MMB29P) AppleWebKit/537.36 (KHTML, like Gecko) Chrome/136.0.7103.59 Mobile Safari/537.36 (compatible; Googlebot/2.1; +http://www.google.com/bot.html)"
66.249.69.5 - - [13/May/2025:13:31:23 -0300] "GET /pcmypage?callback=product/review/edenki-ed2082534 HTTP/1.1" 404 - "-" "Mozilla/5.0 (compatible; Googlebot/2.1; +http://www.google.com/bot.html)"
66.249.75.2 - - [13/May/2025:13:32:13 -0300] "GET /pcmypage?callback=product%2Fdetail%2Fkiro-75936601 HTTP/1.1" 404 - "-" "Mozilla/5.0 (compatible; Googlebot/2.1; +http://www.google.com/bot.html)"
66.249.75.2 - - [13/May/2025:13:32:22 -0300] "GET /pcmypage?callback=product/review/k-tire-eg002194335 HTTP/1.1" 404 - "-" "Mozilla/5.0 (Linux; Android 6.0.1; Nexus 5X Build/MMB29P) AppleWebKit/537.36 (KHTML, like Gecko) Chrome/136.0.7103.59 Mobile Safari/537.36 (compatible; Googlebot/2.1; +http://www.google.com/bot.html)"
66.249.75.1 - - [13/May/2025:13:32:44 -0300] "GET /safe_search/config?return_url=%2Fproduct%2Fdetail%2Falumidiyshop-lv20f4-w2000 HTTP/1.1" 404 - "-" "Mozilla/5.0 (Linux; Android 6.0.1; Nexus 5X Build/MMB29P) AppleWebKit/537.36 (KHTML, like Gecko) Chrome/136.0.7103.59 Mobile Safari/537.36 (compatible; Googlebot/2.1; +http://www.google.com/bot.html)"
47.236.234.198 - - [13/May/2025:13:33:12 -0300] "GET /wp-login.php HTTP/1.1" 404 - "-" "Mozilla/5.0 (Linux; Android 11; Redmi Note 9 Pro Build/RKQ1.200826.002; wv) AppleWebKit/5310.36 (KHTML, like Gecko) Version/4.0 Chrome/90.0.4430.210 Mobile Safari/5310.36"
47.236.234.198 - - [13/May/2025:13:33:13 -0300] "GET /administrator/index.php HTTP/1.1" 404 - "-" "Mozilla/5.0 (Linux; Android 11; Redmi Note 9 Pro Build/RKQ1.200826.002; wv) AppleWebKit/5310.36 (KHTML, like Gecko) Version/4.0 Chrome/90.0.4430.210 Mobile Safari/5310.36"
47.236.234.198 - - [13/May/2025:13:33:14 -0300] "GET /admin/index.php HTTP/1.1" 404 - "-" "Mozilla/5.0 (Linux; Android 11; Redmi Note 9 Pro Build/RKQ1.200826.002; wv) AppleWebKit/5310.36 (KHTML, like Gecko) Version/4.0 Chrome/90.0.4430.210 Mobile Safari/5310.36"
66.249.69.4 - - [13/May/2025:13:35:22 -0300] "GET /products/16by747 HTTP/1.1" 404 - "-" "Mozilla/5.0 (Linux; Android 6.0.1; Nexus 5X Build/MMB29P) AppleWebKit/537.36 (KHTML, like Gecko) Chrome/136.0.7103.59 Mobile Safari/537.36 (compatible; Googlebot/2.1; +http://www.google.com/bot.html)"
66.249.69.5 - - [13/May/2025:13:35:23 -0300] "GET /pcmypage?callback=/product%2Fdetail%2grip-hs10mb-1555-1004-18560-pm4 HTTP/1.1" 404 - "-" "Mozilla/5.0 (Linux; Android 6.0.1; Nexus 5X Build/MMB29P) AppleWebKit/537.36 (KHTML, like Gecko) Chrome/136.0.7103.59 Mobile Safari/537.36 (compatible; Googlebot/2.1; +http://www.google.com/bot.html)"
66.249.75.2 - - [13/May/2025:13:35:23 -0300] "GET /products/189lf9214 HTTP/1.1" 404 - "-" "Mozilla/5.0 (Linux; Android 6.0.1; Nexus 5X Build/MMB29P) AppleWebKit/537.36 (KHTML, like Gecko) Chrome/136.0.7103.59 Mobile Safari/537.36 (compatible; Googlebot/2.1; +http://www.google.com/bot.html)"
66.249.75.2 - - [13/May/2025:13:35:48 -0300] "GET /product/edit/rcmdse-tm-1501181 HTTP/1.1" 404 - "-" "Mozilla/5.0 (compatible; Googlebot/2.1; +http://www.google.com/bot.html)"
66.249.75.1 - - [13/May/2025:13:36:02 -0300] "GET /safe_search/config?return_url=%2Fproduct%2Fdetail%2Fyunyu-worldtrade-b016mxb3y0 HTTP/1.1" 404 - "-" "Mozilla/5.0 (Linux; Android 6.0.1; Nexus 5X Build/MMB29P) AppleWebKit/537.36 (KHTML, like Gecko) Chrome/136.0.7103.59 Mobile Safari/537.36 (compatible; Googlebot/2.1; +http://www.google.com/bot.html)"
66.249.75.1 - - [13/May/2025:13:36:44 -0300] "GET /product/edit/eightimportstore-b0029z9ocy HTTP/1.1" 404 - "-" "Mozilla/5.0 (Linux; Android 6.0.1; Nexus 5X Build/MMB29P) AppleWebKit/537.36 (KHTML, like Gecko) Chrome/136.0.7103.59 Mobile Safari/537.36 (compatible; Googlebot/2.1; +http://www.google.com/bot.html)"
66.249.69.4 - - [13/May/2025:13:37:47 -0300] "GET /pcmypage?callback=product%2Fdetail%2Fe-hankoya-26026002 HTTP/1.1" 404 - "-" "Mozilla/5.0 (Linux; Android 6.0.1; Nexus 5X Build/MMB29P) AppleWebKit/537.36 (KHTML, like Gecko) Chrome/136.0.7103.59 Mobile Safari/537.36 (compatible; Googlebot/2.1; +http://www.google.com/bot.html)"
66.249.75.2 - - [13/May/2025:13:38:20 -0300] "GET /category/7492/1/listing HTTP/1.1" 404 - "-" "Mozilla/5.0 (compatible; Googlebot/2.1; +http://www.google.com/bot.html)"
66.249.75.2 - - [13/May/2025:13:43:19 -0300] "GET /safe_search/config?return_url=%2Fproduct%2Fdetail%2Fjubana1-33-0850 HTTP/1.1" 404 - "-" "Mozilla/5.0 (Linux; Android 6.0.1; Nexus 5X Build/MMB29P) AppleWebKit/537.36 (KHTML, like Gecko) Chrome/136.0.7103.59 Mobile Safari/537.36 (compatible; Googlebot/2.1; +http://www.google.com/bot.html)"
66.249.69.5 - - [13/May/2025:13:43:24 -0300] "GET /category/252_2505_2506/1/listing HTTP/1.1" 404 - "-" "Mozilla/5.0 (Linux; Android 6.0.1; Nexus 5X Build/MMB29P) AppleWebKit/537.36 (KHTML, like Gecko) Chrome/136.0.7103.59 Mobile Safari/537.36 (compatible; Googlebot/2.1; +http://www.google.com/bot.html)"
