66.249.69.5 - - [13/May/2025:13:43:24 -0300] "GET /?_ga=2.193503620.1959687034.1723274753-582696850.1699830050&_bdsid=wn09m5.n~ZHJCG.1732465430494.1752131930&_bd_prev_page=https://vittahelp.com.br/spark.cgi?products/184zu21407 HTTP/1.1" 200 488 "-" "Mozilla/5.0 (Linux; Android 6.0.1; Nexus 5X Build/MMB29P) AppleWebKit/537.36 (KHTML, like Gecko) Chrome/136.0.7103.59 Mobile Safari/537.36 (compatible; Googlebot/2.1; +http://www.google.com/bot.html)"
66.249.75.1 - - [13/May/2025:13:44:16 -0300] "GET /category/3346_3347/1/listing HTTP/1.1" 404 - "-" "Mozilla/5.0 (compatible; Googlebot/2.1; +http://www.google.com/bot.html)"
66.249.69.4 - - [13/May/2025:13:44:18 -0300] "GET /safe_search/config?return_url=%2Fproduct%2Fdetail%2Fbic-store-b00bsxkla2 HTTP/1.1" 404 - "-" "Mozilla/5.0 (compatible; Googlebot/2.1; +http://www.google.com/bot.html)"
66.249.69.4 - - [13/May/2025:13:44:24 -0300] "GET /items/rcaoc49/511?key=soak HTTP/1.1" 404 - "-" "Mozilla/5.0 (Linux; Android 6.0.1; Nexus 5X Build/MMB29P) AppleWebKit/537.36 (KHTML, like Gecko) Chrome/136.0.7103.59 Mobile Safari/537.36 (compatible; Googlebot/2.1; +http://www.google.com/bot.html)"
66.249.69.5 - - [13/May/2025:13:45:11 -0300] "GET /safe_search/config?return_url=%2Fproduct%2Fdetail%2Fo-zone-d0130775 HTTP/1.1" 404 - "-" "Mozilla/5.0 (Linux; Android 6.0.1; Nexus 5X Build/MMB29P) AppleWebKit/537.36 (KHTML, like Gecko) Chrome/136.0.7103.59 Mobile Safari/537.36 (compatible; Googlebot/2.1; +http://www.google.com/bot.html)"
51.222.253.20 - - [13/May/2025:13:45:21 -0300] "GET /?terbang=LAZURY88 HTTP/1.1" 200 488 "-" "Mozilla/5.0 (compatible; AhrefsBot/7.0; +http://ahrefs.com/robot/)"
66.249.69.4 - - [13/May/2025:13:45:48 -0300] "GET /safe_search/config?return_url=%2Fproduct%2Fdetail%2Fclover8888-toto230809-010-002301-v HTTP/1.1" 404 - "-" "Mozilla/5.0 (compatible; Googlebot/2.1; +http://www.google.com/bot.html)"
66.249.75.2 - - [13/May/2025:13:45:50 -0300] "GET /pcmypage?callback=product/review/windera-usdm-4118-10231 HTTP/1.1" 404 - "-" "Mozilla/5.0 (compatible; Googlebot/2.1; +http://www.google.com/bot.html)"
66.249.75.1 - - [13/May/2025:13:45:51 -0300] "GET /pcmypage?callback=product/review/windera-usdm-4118-10231 HTTP/1.1" 404 - "-" "Mozilla/5.0 (compatible; Googlebot/2.1; +http://www.google.com/bot.html)"
66.249.75.1 - - [13/May/2025:13:46:08 -0300] "GET /pcmypage?callback=product/review/monoeliq-b07sgjc6fr-a2tl9u1t4tvcjw-20240221 HTTP/1.1" 404 - "-" "Mozilla/5.0 (compatible; Googlebot/2.1; +http://www.google.com/bot.html)"
51.222.253.9 - - [13/May/2025:13:46:13 -0300] "GET /?terbang=gelar4d HTTP/1.1" 200 488 "-" "Mozilla/5.0 (compatible; AhrefsBot/7.0; +http://ahrefs.com/robot/)"
66.249.75.2 - - [13/May/2025:13:46:50 -0300] "GET /items/biurz38/18644?key=vendor HTTP/1.1" 404 - "-" "Mozilla/5.0 (Linux; Android 6.0.1; Nexus 5X Build/MMB29P) AppleWebKit/537.36 (KHTML, like Gecko) Chrome/136.0.7103.59 Mobile Safari/537.36 (compatible; Googlebot/2.1; +http://www.google.com/bot.html)"
66.249.69.4 - - [13/May/2025:13:47:51 -0300] "GET /category/3346_3347/1/listing HTTP/1.1" 404 - "-" "Mozilla/5.0 (Linux; Android 6.0.1; Nexus 5X Build/MMB29P) AppleWebKit/537.36 (KHTML, like Gecko) Chrome/136.0.7103.59 Mobile Safari/537.36 (compatible; Googlebot/2.1; +http://www.google.com/bot.html)"
185.128.227.57 - - [13/May/2025:13:49:39 -0300] "GET /wp-login.php HTTP/1.1" 404 - "https://vittahelp.com.br/wp-login.php" "Mozilla/5.0 (Windows NT 10.0; Win64; x64)"
66.249.75.1 - - [13/May/2025:13:50:32 -0300] "GET /pcmypage?callback=/product%2Fdetail%2Fgkawamura2006-043111 HTTP/1.1" 404 - "-" "Mozilla/5.0 (Linux; Android 6.0.1; Nexus 5X Build/MMB29P) AppleWebKit/537.36 (KHTML, like Gecko) Chrome/136.0.7103.59 Mobile Safari/537.36 (compatible; Googlebot/2.1; +http://www.google.com/bot.html)"
66.249.69.5 - - [13/May/2025:13:52:25 -0300] "GET /items/vxshf114/5206?key=scientific HTTP/1.1" 404 - "-" "Mozilla/5.0 (Linux; Android 6.0.1; Nexus 5X Build/MMB29P) AppleWebKit/537.36 (KHTML, like Gecko) Chrome/136.0.7103.59 Mobile Safari/537.36 (compatible; Googlebot/2.1; +http://www.google.com/bot.html)"
66.249.75.1 - - [13/May/2025:13:52:40 -0300] "GET /safe_search/config?return_url=%2Fproduct%2Fdetail%2Frevida2-07-3419250-taupeb HTTP/1.1" 404 - "-" "Mozilla/5.0 (compatible; Googlebot/2.1; +http://www.google.com/bot.html)"
66.249.75.1 - - [13/May/2025:13:53:02 -0300] "GET /pcmypage?callback=/product%2Fdetail%2haikanbuhin-00750049 HTTP/1.1" 404 - "-" "Mozilla/5.0 (Linux; Android 6.0.1; Nexus 5X Build/MMB29P) AppleWebKit/537.36 (KHTML, like Gecko) Chrome/136.0.7103.59 Mobile Safari/537.36 (compatible; Googlebot/2.1; +http://www.google.com/bot.html)"
66.249.75.2 - - [13/May/2025:13:55:06 -0300] "GET /pcmypage?callback=/product%2Fdetail%2zozo-81256543 HTTP/1.1" 404 - "-" "Mozilla/5.0 (compatible; Googlebot/2.1; +http://www.google.com/bot.html)"
66.249.69.5 - - [13/May/2025:13:56:25 -0300] "GET /pcmypage?callback=product/review/kondotec-102z2-5 HTTP/1.1" 404 - "-" "Mozilla/5.0 (Linux; Android 6.0.1; Nexus 5X Build/MMB29P) AppleWebKit/537.36 (KHTML, like Gecko) Chrome/136.0.7103.59 Mobile Safari/537.36 (compatible; Googlebot/2.1; +http://www.google.com/bot.html)"
66.249.75.2 - - [13/May/2025:13:56:26 -0300] "GET /product/edit/muscle01-ge7-kaq-iw8x9 HTTP/1.1" 404 - "-" "Mozilla/5.0 (Linux; Android 6.0.1; Nexus 5X Build/MMB29P) AppleWebKit/537.36 (KHTML, like Gecko) Chrome/136.0.7103.59 Mobile Safari/537.36 (compatible; Googlebot/2.1; +http://www.google.com/bot.html)"
66.249.75.1 - - [13/May/2025:13:57:28 -0300] "GET /items/qsqhb185/34117?key=topic HTTP/1.1" 404 - "-" "Mozilla/5.0 (Linux; Android 6.0.1; Nexus 5X Build/MMB29P) AppleWebKit/537.36 (KHTML, like Gecko) Chrome/136.0.7103.59 Mobile Safari/537.36 (compatible; Googlebot/2.1; +http://www.google.com/bot.html)"
51.222.253.5 - - [13/May/2025:13:57:49 -0300] "GET /?terbang=spbo1 HTTP/1.1" 200 488 "-" "Mozilla/5.0 (compatible; AhrefsBot/7.0; +http://ahrefs.com/robot/)"
66.249.69.5 - - [13/May/2025:14:00:18 -0300] "GET /products/209il35778 HTTP/1.1" 404 - "-" "Mozilla/5.0 (Linux; Android 6.0.1; Nexus 5X Build/MMB29P) AppleWebKit/537.36 (KHTML, like Gecko) Chrome/136.0.7103.59 Mobile Safari/537.36 (compatible; Googlebot/2.1; +http://www.google.com/bot.html)"
66.249.69.5 - - [13/May/2025:14:00:35 -0300] "GET /pcmypage?callback=product/review/suzukimotors-dop-net-dlki156-13 HTTP/1.1" 404 - "-" "Mozilla/5.0 (compatible; Googlebot/2.1; +http://www.google.com/bot.html)"
66.249.69.4 - - [13/May/2025:14:01:18 -0300] "GET /category/523_524_525_526/1/listing HTTP/1.1" 404 - "-" "Mozilla/5.0 (Linux; Android 6.0.1; Nexus 5X Build/MMB29P) AppleWebKit/537.36 (KHTML, like Gecko) Chrome/136.0.7103.59 Mobile Safari/537.36 (compatible; Googlebot/2.1; +http://www.google.com/bot.html)"
66.249.69.4 - - [13/May/2025:14:01:18 -0300] "GET /category/40_41_1682_1683/1/listing HTTP/1.1" 404 - "-" "Mozilla/5.0 (Linux; Android 6.0.1; Nexus 5X Build/MMB29P) AppleWebKit/537.36 (KHTML, like Gecko) Chrome/136.0.7103.59 Mobile Safari/537.36 (compatible; Googlebot/2.1; +http://www.google.com/bot.html)"
66.249.69.4 - - [13/May/2025:14:01:19 -0300] "GET /items/valdh31/7371?key=venture HTTP/1.1" 404 - "-" "Mozilla/5.0 (Linux; Android 6.0.1; Nexus 5X Build/MMB29P) AppleWebKit/537.36 (KHTML, like Gecko) Chrome/136.0.7103.59 Mobile Safari/537.36 (compatible; Googlebot/2.1; +http://www.google.com/bot.html)"
51.222.253.5 - - [13/May/2025:14:02:24 -0300] "GET /?terbang=PECAH99 HTTP/1.1" 200 488 "-" "Mozilla/5.0 (compatible; AhrefsBot/7.0; +http://ahrefs.com/robot/)"
66.249.69.5 - - [13/May/2025:14:05:19 -0300] "GET /items/iohns73/16843?key=abstract HTTP/1.1" 404 - "-" "Mozilla/5.0 (Linux; Android 6.0.1; Nexus 5X Build/MMB29P) AppleWebKit/537.36 (KHTML, like Gecko) Chrome/136.0.7103.59 Mobile Safari/537.36 (compatible; Googlebot/2.1; +http://www.google.com/bot.html)"
66.249.69.5 - - [13/May/2025:14:06:15 -0300] "GET /pcmypage?callback=product/review/justparts-btfv-1555-1004-18565-cf3 HTTP/1.1" 404 - "-" "Mozilla/5.0 (Linux; Android 6.0.1; Nexus 5X Build/MMB29P) AppleWebKit/537.36 (KHTML, like Gecko) Chrome/136.0.7103.59 Mobile Safari/537.36 (compatible; Googlebot/2.1; +http://www.google.com/bot.html)"
51.222.253.17 - - [13/May/2025:14:07:27 -0300] "GET /?terbang=GOKUSLOT HTTP/1.1" 200 488 "-" "Mozilla/5.0 (compatible; AhrefsBot/7.0; +http://ahrefs.com/robot/)"
66.249.69.5 - - [13/May/2025:14:09:19 -0300] "GET /items/lqwwo5/17687?key=seal HTTP/1.1" 404 - "-" "Mozilla/5.0 (Linux; Android 6.0.1; Nexus 5X Build/MMB29P) AppleWebKit/537.36 (KHTML, like Gecko) Chrome/136.0.7103.59 Mobile Safari/537.36 (compatible; Googlebot/2.1; +http://www.google.com/bot.html)"
66.249.75.1 - - [13/May/2025:14:10:35 -0300] "GET /products/23uh860 HTTP/1.1" 404 - "-" "Mozilla/5.0 (compatible; Googlebot/2.1; +http://www.google.com/bot.html)"
66.249.69.6 - - [13/May/2025:14:11:23 -0300] "GET /safe_search/config?return_url=%2Fproduct%2Fdetail%2Fravi-maison-20231010163436-00104us HTTP/1.1" 404 - "-" "Mozilla/5.0 (Linux; Android 6.0.1; Nexus 5X Build/MMB29P) AppleWebKit/537.36 (KHTML, like Gecko) Chrome/136.0.7103.59 Mobile Safari/537.36 (compatible; Googlebot/2.1; +http://www.google.com/bot.html)"
66.249.75.2 - - [13/May/2025:14:13:15 -0300] "GET /product/edit/wolrd-b09kt25h1s HTTP/1.1" 404 - "-" "Mozilla/5.0 (Linux; Android 6.0.1; Nexus 5X Build/MMB29P) AppleWebKit/537.36 (KHTML, like Gecko) Chrome/136.0.7103.59 Mobile Safari/537.36 (compatible; Googlebot/2.1; +http://www.google.com/bot.html)"
66.249.69.4 - - [13/May/2025:14:13:19 -0300] "GET /items/yyqdl95/40407?key=himself HTTP/1.1" 404 - "-" "Mozilla/5.0 (Linux; Android 6.0.1; Nexus 5X Build/MMB29P) AppleWebKit/537.36 (KHTML, like Gecko) Chrome/136.0.7103.59 Mobile Safari/537.36 (compatible; Googlebot/2.1; +http://www.google.com/bot.html)"
51.222.253.3 - - [13/May/2025:14:14:10 -0300] "GET /?terbang=HUT4D HTTP/1.1" 200 488 "-" "Mozilla/5.0 (compatible; AhrefsBot/7.0; +http://ahrefs.com/robot/)"
66.249.75.1 - - [13/May/2025:14:14:13 -0300] "GET /safe_search/config?return_url=%2Fproduct%2Fdetail%2Fgrip-etsc50-1980-1145-22540-lm5p HTTP/1.1" 404 - "-" "Mozilla/5.0 (Linux; Android 6.0.1; Nexus 5X Build/MMB29P) AppleWebKit/537.36 (KHTML, like Gecko) Chrome/136.0.7103.59 Mobile Safari/537.36 (compatible; Googlebot/2.1; +http://www.google.com/bot.html)"
66.249.75.1 - - [13/May/2025:14:14:17 -0300] "GET /safe_search/config?return_url=%2Fproduct%2Fdetail%2Fweb-twohan-l1-4589453016159 HTTP/1.1" 404 - "-" "Mozilla/5.0 (Linux; Android 6.0.1; Nexus 5X Build/MMB29P) AppleWebKit/537.36 (KHTML, like Gecko) Chrome/136.0.7103.59 Mobile Safari/537.36 (compatible; Googlebot/2.1; +http://www.google.com/bot.html)"
66.249.69.6 - - [13/May/2025:14:17:19 -0300] "GET /products/229ml35586 HTTP/1.1" 404 - "-" "Mozilla/5.0 (Linux; Android 6.0.1; Nexus 5X Build/MMB29P) AppleWebKit/537.36 (KHTML, like Gecko) Chrome/136.0.7103.59 Mobile Safari/537.36 (compatible; Googlebot/2.1; +http://www.google.com/bot.html)"
66.249.69.4 - - [13/May/2025:14:18:19 -0300] "GET /items/vatig181/23075?key=servant HTTP/1.1" 404 - "-" "Mozilla/5.0 (Linux; Android 6.0.1; Nexus 5X Build/MMB29P) AppleWebKit/537.36 (KHTML, like Gecko) Chrome/136.0.7103.59 Mobile Safari/537.36 (compatible; Googlebot/2.1; +http://www.google.com/bot.html)"
66.249.75.1 - - [13/May/2025:14:19:36 -0300] "GET /products/24zy643 HTTP/1.1" 404 - "-" "Mozilla/5.0 (Linux; Android 6.0.1; Nexus 5X Build/MMB29P) AppleWebKit/537.36 (KHTML, like Gecko) Chrome/136.0.7103.59 Mobile Safari/537.36 (compatible; Googlebot/2.1; +http://www.google.com/bot.html)"
66.249.69.5 - - [13/May/2025:14:20:53 -0300] "GET /pcmypage?callback=/product%2Fdetail%2kina-shop-ds-2543872 HTTP/1.1" 404 - "-" "Mozilla/5.0 (Linux; Android 6.0.1; Nexus 5X Build/MMB29P) AppleWebKit/537.36 (KHTML, like Gecko) Chrome/136.0.7103.59 Mobile Safari/537.36 (compatible; Googlebot/2.1; +http://www.google.com/bot.html)"
66.249.69.6 - - [13/May/2025:14:22:20 -0300] "GET /items/aurlu300/29406?key=numerous HTTP/1.1" 404 - "-" "Mozilla/5.0 (Linux; Android 6.0.1; Nexus 5X Build/MMB29P) AppleWebKit/537.36 (KHTML, like Gecko) Chrome/136.0.7103.59 Mobile Safari/537.36 (compatible; Googlebot/2.1; +http://www.google.com/bot.html)"
51.222.253.5 - - [13/May/2025:14:22:37 -0300] "GET /?terbang=NEMO69 HTTP/1.1" 200 488 "-" "Mozilla/5.0 (compatible; AhrefsBot/7.0; +http://ahrefs.com/robot/)"
51.222.253.10 - - [13/May/2025:14:23:10 -0300] "GET /?terbang=JELASJP HTTP/1.1" 200 488 "-" "Mozilla/5.0 (compatible; AhrefsBot/7.0; +http://ahrefs.com/robot/)"
66.249.69.6 - - [13/May/2025:14:23:57 -0300] "GET /pcmypage?callback=product/review/motoride-265712-971291 HTTP/1.1" 404 - "-" "Mozilla/5.0 (compatible; Googlebot/2.1; +http://www.google.com/bot.html)"
66.249.69.5 - - [13/May/2025:14:25:08 -0300] "GET /items/pdbif18/936?key=pork HTTP/1.1" 404 - "-" "Mozilla/5.0 (Linux; Android 6.0.1; Nexus 5X Build/MMB29P) AppleWebKit/537.36 (KHTML, like Gecko) Chrome/136.0.7103.59 Mobile Safari/537.36 (compatible; Googlebot/2.1; +http://www.google.com/bot.html)"
66.249.69.5 - - [13/May/2025:14:25:18 -0300] "GET /product/edit/wpm-ds-2567604 HTTP/1.1" 404 - "-" "Mozilla/5.0 (compatible; Googlebot/2.1; +http://www.google.com/bot.html)"
66.249.75.3 - - [13/May/2025:14:25:39 -0300] "GET /products/63qv834 HTTP/1.1" 404 - "-" "Mozilla/5.0 (compatible; Googlebot/2.1; +http://www.google.com/bot.html)"
66.249.69.4 - - [13/May/2025:14:26:20 -0300] "GET /items/rrtbm81/24731?key=capable HTTP/1.1" 404 - "-" "Mozilla/5.0 (Linux; Android 6.0.1; Nexus 5X Build/MMB29P) AppleWebKit/537.36 (KHTML, like Gecko) Chrome/136.0.7103.59 Mobile Safari/537.36 (compatible; Googlebot/2.1; +http://www.google.com/bot.html)"
51.222.253.7 - - [13/May/2025:14:27:20 -0300] "GET /?terbang=ARWANA89 HTTP/1.1" 200 488 "-" "Mozilla/5.0 (compatible; AhrefsBot/7.0; +http://ahrefs.com/robot/)"
66.249.69.5 - - [13/May/2025:14:28:20 -0300] "GET /pcmypage?callback=/product%2Fdetail%2jiatentusp3-20221130004824-00123us HTTP/1.1" 404 - "-" "Mozilla/5.0 (Linux; Android 6.0.1; Nexus 5X Build/MMB29P) AppleWebKit/537.36 (KHTML, like Gecko) Chrome/136.0.7103.59 Mobile Safari/537.36 (compatible; Googlebot/2.1; +http://www.google.com/bot.html)"
66.249.75.3 - - [13/May/2025:14:29:24 -0300] "GET /pcmypage?callback=product%2Fdetail%2Fkiro-50343501 HTTP/1.1" 404 - "-" "Mozilla/5.0 (compatible; Googlebot/2.1; +http://www.google.com/bot.html)"
66.249.69.4 - - [13/May/2025:14:30:20 -0300] "GET /items/mujxu66/2670?key=language HTTP/1.1" 404 - "-" "Mozilla/5.0 (Linux; Android 6.0.1; Nexus 5X Build/MMB29P) AppleWebKit/537.36 (KHTML, like Gecko) Chrome/136.0.7103.59 Mobile Safari/537.36 (compatible; Googlebot/2.1; +http://www.google.com/bot.html)"
66.249.69.5 - - [13/May/2025:14:30:39 -0300] "GET /pcmypage?callback=/product%2Fdetail%2Fuji-tire-t030412 HTTP/1.1" 404 - "-" "Mozilla/5.0 (Linux; Android 6.0.1; Nexus 5X Build/MMB29P) AppleWebKit/537.36 (KHTML, like Gecko) Chrome/136.0.7103.59 Mobile Safari/537.36 (compatible; Googlebot/2.1; +http://www.google.com/bot.html)"
66.249.69.4 - - [13/May/2025:14:30:41 -0300] "GET /?_ga=2.193503620.1959687034.1723274753-582696850.1699830050&_bdsid=wn09m5.n~ZHJCG.1732465430494.1752131930&_bd_prev_page=https://vittahelp.com.br/spark.cgi?products/71qx46598 HTTP/1.1" 200 488 "-" "Mozilla/5.0 (Linux; Android 6.0.1; Nexus 5X Build/MMB29P) AppleWebKit/537.36 (KHTML, like Gecko) Chrome/136.0.7103.59 Mobile Safari/537.36 (compatible; Googlebot/2.1; +http://www.google.com/bot.html)"
66.249.75.3 - - [13/May/2025:14:31:40 -0300] "GET /pcmypage?callback=product%2Fdetail%2Ffirstnet-mikasa-fjh-550 HTTP/1.1" 404 - "-" "Mozilla/5.0 (compatible; Googlebot/2.1; +http://www.google.com/bot.html)"
66.249.69.5 - - [13/May/2025:14:31:41 -0300] "GET /pcmypage?callback=/product%2Fdetail%2Estoah-kz5029-msm HTTP/1.1" 404 - "-" "Mozilla/5.0 (Linux; Android 6.0.1; Nexus 5X Build/MMB29P) AppleWebKit/537.36 (KHTML, like Gecko) Chrome/136.0.7103.59 Mobile Safari/537.36 (compatible; Googlebot/2.1; +http://www.google.com/bot.html)"
52.167.144.21 - - [13/May/2025:14:32:32 -0300] "GET /?terbang=relxslot HTTP/1.1" 200 488 "-" "Mozilla/5.0 AppleWebKit/537.36 (KHTML, like Gecko; compatible; bingbot/2.0; +http://www.bing.com/bingbot.htm) Chrome/116.0.1938.76 Safari/537.36"
66.249.69.6 - - [13/May/2025:14:32:42 -0300] "GET /products/85kr22044 HTTP/1.1" 404 - "-" "Mozilla/5.0 (Linux; Android 6.0.1; Nexus 5X Build/MMB29P) AppleWebKit/537.36 (KHTML, like Gecko) Chrome/136.0.7103.59 Mobile Safari/537.36 (compatible; Googlebot/2.1; +http://www.google.com/bot.html)"
66.249.75.1 - - [13/May/2025:14:33:31 -0300] "GET /safe_search/config?return_url=%2Fproduct%2Fdetail%2Fchaco-2-20230913051513-00244 HTTP/1.1" 404 - "-" "Mozilla/5.0 (Linux; Android 6.0.1; Nexus 5X Build/MMB29P) AppleWebKit/537.36 (KHTML, like Gecko) Chrome/136.0.7103.59 Mobile Safari/537.36 (compatible; Googlebot/2.1; +http://www.google.com/bot.html)"
66.249.69.5 - - [13/May/2025:14:33:42 -0300] "GET /items/zvcdw23/41929?key=genuine HTTP/1.1" 404 - "-" "Mozilla/5.0 (Linux; Android 6.0.1; Nexus 5X Build/MMB29P) AppleWebKit/537.36 (KHTML, like Gecko) Chrome/136.0.7103.59 Mobile Safari/537.36 (compatible; Googlebot/2.1; +http://www.google.com/bot.html)"
66.249.69.4 - - [13/May/2025:14:34:20 -0300] "GET /items/rtlox176/29674?key=environment HTTP/1.1" 404 - "-" "Mozilla/5.0 (Linux; Android 6.0.1; Nexus 5X Build/MMB29P) AppleWebKit/537.36 (KHTML, like Gecko) Chrome/136.0.7103.59 Mobile Safari/537.36 (compatible; Googlebot/2.1; +http://www.google.com/bot.html)"
66.249.69.4 - - [13/May/2025:14:34:42 -0300] "GET /items/ijjoz40/40928?key=salt HTTP/1.1" 404 - "-" "Mozilla/5.0 (Linux; Android 6.0.1; Nexus 5X Build/MMB29P) AppleWebKit/537.36 (KHTML, like Gecko) Chrome/136.0.7103.59 Mobile Safari/537.36 (compatible; Googlebot/2.1; +http://www.google.com/bot.html)"
51.222.253.13 - - [13/May/2025:14:35:23 -0300] "GET /?terbang=hbo365 HTTP/1.1" 200 488 "-" "Mozilla/5.0 (compatible; AhrefsBot/7.0; +http://ahrefs.com/robot/)"
51.222.253.1 - - [13/May/2025:14:35:24 -0300] "GET /?terbang=SITOTO HTTP/1.1" 200 488 "-" "Mozilla/5.0 (compatible; AhrefsBot/7.0; +http://ahrefs.com/robot/)"
51.222.253.11 - - [13/May/2025:14:36:15 -0300] "GET /?terbang=PUJA88 HTTP/1.1" 200 488 "-" "Mozilla/5.0 (compatible; AhrefsBot/7.0; +http://ahrefs.com/robot/)"
66.249.69.5 - - [13/May/2025:14:36:21 -0300] "GET /items/uwtvg285/14265?key=party HTTP/1.1" 404 - "-" "Mozilla/5.0 (Linux; Android 6.0.1; Nexus 5X Build/MMB29P) AppleWebKit/537.36 (KHTML, like Gecko) Chrome/136.0.7103.59 Mobile Safari/537.36 (compatible; Googlebot/2.1; +http://www.google.com/bot.html)"
66.249.69.5 - - [13/May/2025:14:36:22 -0300] "GET /pcmypage?callback=product%2Fdetail%2Frevida2-61-4833125-neutral HTTP/1.1" 404 - "-" "Mozilla/5.0 (Linux; Android 6.0.1; Nexus 5X Build/MMB29P) AppleWebKit/537.36 (KHTML, like Gecko) Chrome/136.0.7103.59 Mobile Safari/537.36 (compatible; Googlebot/2.1; +http://www.google.com/bot.html)"
66.249.69.5 - - [13/May/2025:14:36:42 -0300] "GET /product/edit/ilovela-zpr293es1ii711r HTTP/1.1" 404 - "-" "Mozilla/5.0 (Linux; Android 6.0.1; Nexus 5X Build/MMB29P) AppleWebKit/537.36 (KHTML, like Gecko) Chrome/136.0.7103.59 Mobile Safari/537.36 (compatible; Googlebot/2.1; +http://www.google.com/bot.html)"
66.249.69.5 - - [13/May/2025:14:37:22 -0300] "GET /pcmypage?callback=/product%2Fdetail%2y-sf-1410359 HTTP/1.1" 404 - "-" "Mozilla/5.0 (Linux; Android 6.0.1; Nexus 5X Build/MMB29P) AppleWebKit/537.36 (KHTML, like Gecko) Chrome/136.0.7103.59 Mobile Safari/537.36 (compatible; Googlebot/2.1; +http://www.google.com/bot.html)"
66.249.69.4 - - [13/May/2025:14:37:22 -0300] "GET /pcmypage?callback=/product%2Fdetail%2Diy-tool-i329-86259 HTTP/1.1" 404 - "-" "Mozilla/5.0 (Linux; Android 6.0.1; Nexus 5X Build/MMB29P) AppleWebKit/537.36 (KHTML, like Gecko) Chrome/136.0.7103.59 Mobile Safari/537.36 (compatible; Googlebot/2.1; +http://www.google.com/bot.html)"
66.249.69.4 - - [13/May/2025:14:37:44 -0300] "GET /items/oocnh290/47018?key=consumption HTTP/1.1" 404 - "-" "Mozilla/5.0 (Linux; Android 6.0.1; Nexus 5X Build/MMB29P) AppleWebKit/537.36 (KHTML, like Gecko) Chrome/136.0.7103.59 Mobile Safari/537.36 (compatible; Googlebot/2.1; +http://www.google.com/bot.html)"
66.249.69.4 - - [13/May/2025:14:37:44 -0300] "GET /product/edit/partsdirect-26618609 HTTP/1.1" 404 - "-" "Mozilla/5.0 (Linux; Android 6.0.1; Nexus 5X Build/MMB29P) AppleWebKit/537.36 (KHTML, like Gecko) Chrome/136.0.7103.59 Mobile Safari/537.36 (compatible; Googlebot/2.1; +http://www.google.com/bot.html)"
66.249.69.4 - - [13/May/2025:14:37:45 -0300] "GET /safe_search/config?return_url=%2Fproduct%2Fdetail%2Fadoparts-at465 HTTP/1.1" 404 - "-" "Mozilla/5.0 (Linux; Android 6.0.1; Nexus 5X Build/MMB29P) AppleWebKit/537.36 (KHTML, like Gecko) Chrome/136.0.7103.59 Mobile Safari/537.36 (compatible; Googlebot/2.1; +http://www.google.com/bot.html)"
66.249.69.6 - - [13/May/2025:14:38:24 -0300] "GET /pcmypage?callback=/product%2Fdetail%2tsurigu-ten-223230 HTTP/1.1" 404 - "-" "Mozilla/5.0 (Linux; Android 6.0.1; Nexus 5X Build/MMB29P) AppleWebKit/537.36 (KHTML, like Gecko) Chrome/136.0.7103.59 Mobile Safari/537.36 (compatible; Googlebot/2.1; +http://www.google.com/bot.html)"
66.249.69.5 - - [13/May/2025:14:39:24 -0300] "GET /items/vabvn209/6829?key=open HTTP/1.1" 404 - "-" "Mozilla/5.0 (Linux; Android 6.0.1; Nexus 5X Build/MMB29P) AppleWebKit/537.36 (KHTML, like Gecko) Chrome/136.0.7103.59 Mobile Safari/537.36 (compatible; Googlebot/2.1; +http://www.google.com/bot.html)"
66.249.69.5 - - [13/May/2025:14:39:45 -0300] "GET /items/nubhu10/136?key=what HTTP/1.1" 404 - "-" "Mozilla/5.0 (Linux; Android 6.0.1; Nexus 5X Build/MMB29P) AppleWebKit/537.36 (KHTML, like Gecko) Chrome/136.0.7103.59 Mobile Safari/537.36 (compatible; Googlebot/2.1; +http://www.google.com/bot.html)"
51.222.253.8 - - [13/May/2025:14:40:15 -0300] "GET /?terbang=QQDEWI HTTP/1.1" 200 488 "-" "Mozilla/5.0 (compatible; AhrefsBot/7.0; +http://ahrefs.com/robot/)"
66.249.69.6 - - [13/May/2025:14:41:42 -0300] "GET /pcmypage?callback=/product%2Fdetail%2tomochan-shop-tomochan-shop-freqpu60547486 HTTP/1.1" 404 - "-" "Mozilla/5.0 (compatible; Googlebot/2.1; +http://www.google.com/bot.html)"
66.249.75.3 - - [13/May/2025:14:42:15 -0300] "GET /product/edit/revida2-01-204461050-mul HTTP/1.1" 404 - "-" "Mozilla/5.0 (compatible; Googlebot/2.1; +http://www.google.com/bot.html)"
66.249.69.5 - - [13/May/2025:14:42:46 -0300] "GET /items/gdpsm290/5074?key=confront HTTP/1.1" 404 - "-" "Mozilla/5.0 (Linux; Android 6.0.1; Nexus 5X Build/MMB29P) AppleWebKit/537.36 (KHTML, like Gecko) Chrome/136.0.7103.59 Mobile Safari/537.36 (compatible; Googlebot/2.1; +http://www.google.com/bot.html)"
66.249.75.1 - - [13/May/2025:14:43:24 -0300] "GET /?_gl=1*x12hq2f*_ga*UoCnweGShwYTkeVjaWOuNQajkbek*_ga_ZJRSCMZRG*PcWCAsVww5eLnXsMm3mRKlcsZckHIAnmmmQjNsvAWH6eyQYJ0IIgEny.*_gcl_au=1.1.193896591.177935980*_gcl_aw=RSJ.179916303.j2MwXXaKBf9zm6LZBQtObMzW0SfYGqgqdnIJIWWGZAkiJZUvYYwJB7aWHanitttBnIHC0yo7c3rzH4fbIKXuwIvmTP..&_gz=2.193210476.190678900.172892215-863830913.169039339&_bdsid=4r930u.n~MTPQJ.170021209.176918421&_bd_prev_page=https://www.vittahelp.com.br/detail.htm?products/99ly35272 HTTP/1.1" 200 488 "-" "Mozilla/5.0 (Linux; Android 6.0.1; Nexus 5X Build/MMB29P) AppleWebKit/537.36 (KHTML, like Gecko) Chrome/136.0.7103.59 Mobile Safari/537.36 (compatible; Googlebot/2.1; +http://www.google.com/bot.html)"
66.249.69.6 - - [13/May/2025:14:43:25 -0300] "GET /items/uilzz25/209?key=least HTTP/1.1" 404 - "-" "Mozilla/5.0 (Linux; Android 6.0.1; Nexus 5X Build/MMB29P) AppleWebKit/537.36 (KHTML, like Gecko) Chrome/136.0.7103.59 Mobile Safari/537.36 (compatible; Googlebot/2.1; +http://www.google.com/bot.html)"
51.222.253.7 - - [13/May/2025:14:43:36 -0300] "GET /?terbang=ANAK69 HTTP/1.1" 200 488 "-" "Mozilla/5.0 (compatible; AhrefsBot/7.0; +http://ahrefs.com/robot/)"
66.249.75.1 - - [13/May/2025:14:43:38 -0300] "GET /assets/index-CeMXvSyR.js HTTP/1.1" 200 857114 "https://www.vittahelp.com.br/?_gl=1*x12hq2f*_ga*UoCnweGShwYTkeVjaWOuNQajkbek*_ga_ZJRSCMZRG*PcWCAsVww5eLnXsMm3mRKlcsZckHIAnmmmQjNsvAWH6eyQYJ0IIgEny.*_gcl_au=1.1.193896591.177935980*_gcl_aw=RSJ.179916303.j2MwXXaKBf9zm6LZBQtObMzW0SfYGqgqdnIJIWWGZAkiJZUvYYwJB7aWHanitttBnIHC0yo7c3rzH4fbIKXuwIvmTP..&_gz=2.193210476.190678900.172892215-863830913.169039339&_bdsid=4r930u.n~MTPQJ.170021209.176918421&_bd_prev_page=https://www.vittahelp.com.br/detail.htm?products/99ly35272" "Mozilla/5.0 (Linux; Android 6.0.1; Nexus 5X Build/MMB29P) AppleWebKit/537.36 (KHTML, like Gecko) Chrome/135.0.7049.114 Mobile Safari/537.36 (compatible; Googlebot/2.1; +http://www.google.com/bot.html)"
66.249.75.2 - - [13/May/2025:14:43:39 -0300] "GET /assets/index-g8aW3Zx-.css HTTP/1.1" 200 2311 "https://www.vittahelp.com.br/?_gl=1*x12hq2f*_ga*UoCnweGShwYTkeVjaWOuNQajkbek*_ga_ZJRSCMZRG*PcWCAsVww5eLnXsMm3mRKlcsZckHIAnmmmQjNsvAWH6eyQYJ0IIgEny.*_gcl_au=1.1.193896591.177935980*_gcl_aw=RSJ.179916303.j2MwXXaKBf9zm6LZBQtObMzW0SfYGqgqdnIJIWWGZAkiJZUvYYwJB7aWHanitttBnIHC0yo7c3rzH4fbIKXuwIvmTP..&_gz=2.193210476.190678900.172892215-863830913.169039339&_bdsid=4r930u.n~MTPQJ.170021209.176918421&_bd_prev_page=https://www.vittahelp.com.br/detail.htm?products/99ly35272" "Mozilla/5.0 (Linux; Android 6.0.1; Nexus 5X Build/MMB29P) AppleWebKit/537.36 (KHTML, like Gecko) Chrome/135.0.7049.114 Mobile Safari/537.36 (compatible; Googlebot/2.1; +http://www.google.com/bot.html)"
66.249.69.6 - - [13/May/2025:14:44:47 -0300] "GET /pcmypage?callback=product/review/shiningstore-ts-k040600406 HTTP/1.1" 404 - "-" "Mozilla/5.0 (Linux; Android 6.0.1; Nexus 5X Build/MMB29P) AppleWebKit/537.36 (KHTML, like Gecko) Chrome/136.0.7103.59 Mobile Safari/537.36 (compatible; Googlebot/2.1; +http://www.google.com/bot.html)"
66.249.75.3 - - [13/May/2025:14:44:58 -0300] "GET /pcmypage?callback=/product%2Fdetail%2Cartel0602y-bs-newn-1-1n-018 HTTP/1.1" 404 - "-" "Mozilla/5.0 (compatible; Googlebot/2.1; +http://www.google.com/bot.html)"
66.249.69.5 - - [13/May/2025:14:45:47 -0300] "GET /items/uxrph199/4639?key=international HTTP/1.1" 404 - "-" "Mozilla/5.0 (Linux; Android 6.0.1; Nexus 5X Build/MMB29P) AppleWebKit/537.36 (KHTML, like Gecko) Chrome/136.0.7103.59 Mobile Safari/537.36 (compatible; Googlebot/2.1; +http://www.google.com/bot.html)"
66.249.69.6 - - [13/May/2025:14:47:25 -0300] "GET /items/worzs39/947?key=indication HTTP/1.1" 404 - "-" "Mozilla/5.0 (Linux; Android 6.0.1; Nexus 5X Build/MMB29P) AppleWebKit/537.36 (KHTML, like Gecko) Chrome/136.0.7103.59 Mobile Safari/537.36 (compatible; Googlebot/2.1; +http://www.google.com/bot.html)"
66.249.69.5 - - [13/May/2025:14:48:25 -0300] "GET /pcmypage?callback=product%2Fdetail%2Ffujispo-wbd2428010 HTTP/1.1" 404 - "-" "Mozilla/5.0 (Linux; Android 6.0.1; Nexus 5X Build/MMB29P) AppleWebKit/537.36 (KHTML, like Gecko) Chrome/136.0.7103.59 Mobile Safari/537.36 (compatible; Googlebot/2.1; +http://www.google.com/bot.html)"
66.249.69.4 - - [13/May/2025:14:48:47 -0300] "GET /items/kwasu107/49073?key=silk HTTP/1.1" 404 - "-" "Mozilla/5.0 (Linux; Android 6.0.1; Nexus 5X Build/MMB29P) AppleWebKit/537.36 (KHTML, like Gecko) Chrome/136.0.7103.59 Mobile Safari/537.36 (compatible; Googlebot/2.1; +http://www.google.com/bot.html)"
51.222.253.19 - - [13/May/2025:14:49:38 -0300] "GET /?terbang=forum88 HTTP/1.1" 200 488 "-" "Mozilla/5.0 (compatible; AhrefsBot/7.0; +http://ahrefs.com/robot/)"
66.249.69.5 - - [13/May/2025:14:51:48 -0300] "GET /items/nypwl136/34558?key=come HTTP/1.1" 404 - "-" "Mozilla/5.0 (Linux; Android 6.0.1; Nexus 5X Build/MMB29P) AppleWebKit/537.36 (KHTML, like Gecko) Chrome/136.0.7103.59 Mobile Safari/537.36 (compatible; Googlebot/2.1; +http://www.google.com/bot.html)"
66.249.75.1 - - [13/May/2025:14:52:27 -0300] "GET /pcmypage?callback=product/review/tactshop-ys0000047439514554 HTTP/1.1" 404 - "-" "Mozilla/5.0 (Linux; Android 6.0.1; Nexus 5X Build/MMB29P) AppleWebKit/537.36 (KHTML, like Gecko) Chrome/136.0.7103.59 Mobile Safari/537.36 (compatible; Googlebot/2.1; +http://www.google.com/bot.html)"
66.249.75.1 - - [13/May/2025:14:52:54 -0300] "GET /pcmypage?callback=product/review/suzukimotors-dop-net-klrm222146 HTTP/1.1" 404 - "-" "Mozilla/5.0 (Linux; Android 6.0.1; Nexus 5X Build/MMB29P) AppleWebKit/537.36 (KHTML, like Gecko) Chrome/136.0.7103.59 Mobile Safari/537.36 (compatible; Googlebot/2.1; +http://www.google.com/bot.html)"
66.249.69.4 - - [13/May/2025:14:53:11 -0300] "GET /items/svfpr65/42691?key=revelation HTTP/1.1" 404 - "-" "Mozilla/5.0 (Linux; Android 6.0.1; Nexus 5X Build/MMB29P) AppleWebKit/537.36 (KHTML, like Gecko) Chrome/136.0.7103.59 Mobile Safari/537.36 (compatible; Googlebot/2.1; +http://www.google.com/bot.html)"
66.249.69.6 - - [13/May/2025:14:54:48 -0300] "GET /product/edit/importselection-b007tnbkpa HTTP/1.1" 404 - "-" "Mozilla/5.0 (Linux; Android 6.0.1; Nexus 5X Build/MMB29P) AppleWebKit/537.36 (KHTML, like Gecko) Chrome/136.0.7103.59 Mobile Safari/537.36 (compatible; Googlebot/2.1; +http://www.google.com/bot.html)"
66.249.69.6 - - [13/May/2025:14:54:51 -0300] "GET /pcmypage?callback=/product%2Fdetail%2Friendlymoon-20231204183210-02159 HTTP/1.1" 404 - "-" "Mozilla/5.0 (Linux; Android 6.0.1; Nexus 5X Build/MMB29P) AppleWebKit/537.36 (KHTML, like Gecko) Chrome/136.0.7103.59 Mobile Safari/537.36 (compatible; Googlebot/2.1; +http://www.google.com/bot.html)"
66.249.75.3 - - [13/May/2025:14:55:14 -0300] "GET /product/edit/zozo-66536476 HTTP/1.1" 404 - "-" "Mozilla/5.0 (compatible; Googlebot/2.1; +http://www.google.com/bot.html)"
66.249.75.1 - - [13/May/2025:14:55:40 -0300] "GET /pcmypage?callback=/product%2Fdetail%2hirochi2-4550255843182 HTTP/1.1" 404 - "-" "Mozilla/5.0 (compatible; Googlebot/2.1; +http://www.google.com/bot.html)"
66.249.75.2 - - [13/May/2025:14:55:41 -0300] "GET /pcmypage?callback=/product%2Fdetail%2hirochi2-4550255843182 HTTP/1.1" 404 - "-" "Mozilla/5.0 (compatible; Googlebot/2.1; +http://www.google.com/bot.html)"
66.249.69.6 - - [13/May/2025:14:56:11 -0300] "GET /product/edit/otakararinks-240309-m-m60183143927 HTTP/1.1" 404 - "-" "Mozilla/5.0 (Linux; Android 6.0.1; Nexus 5X Build/MMB29P) AppleWebKit/537.36 (KHTML, like Gecko) Chrome/136.0.7103.59 Mobile Safari/537.36 (compatible; Googlebot/2.1; +http://www.google.com/bot.html)"
66.249.75.3 - - [13/May/2025:14:58:07 -0300] "GET /pcmypage?callback=/product%2Fdetail%2itokawa-pearl-pe-7170 HTTP/1.1" 404 - "-" "Mozilla/5.0 (Linux; Android 6.0.1; Nexus 5X Build/MMB29P) AppleWebKit/537.36 (KHTML, like Gecko) Chrome/136.0.7103.59 Mobile Safari/537.36 (compatible; Googlebot/2.1; +http://www.google.com/bot.html)"
66.249.69.5 - - [13/May/2025:15:00:12 -0300] "GET /product/edit/awa-outdoor-b084lmg244 HTTP/1.1" 404 - "-" "Mozilla/5.0 (Linux; Android 6.0.1; Nexus 5X Build/MMB29P) AppleWebKit/537.36 (KHTML, like Gecko) Chrome/136.0.7103.59 Mobile Safari/537.36 (compatible; Googlebot/2.1; +http://www.google.com/bot.html)"
66.249.69.4 - - [13/May/2025:15:00:17 -0300] "GET /pcmypage?callback=/product%2Fdetail%2Epartners-2-727 HTTP/1.1" 404 - "-" "Mozilla/5.0 (Linux; Android 6.0.1; Nexus 5X Build/MMB29P) AppleWebKit/537.36 (KHTML, like Gecko) Chrome/136.0.7103.59 Mobile Safari/537.36 (compatible; Googlebot/2.1; +http://www.google.com/bot.html)"
66.249.69.5 - - [13/May/2025:15:00:17 -0300] "GET /products/53dv28972 HTTP/1.1" 404 - "-" "Mozilla/5.0 (Linux; Android 6.0.1; Nexus 5X Build/MMB29P) AppleWebKit/537.36 (KHTML, like Gecko) Chrome/136.0.7103.59 Mobile Safari/537.36 (compatible; Googlebot/2.1; +http://www.google.com/bot.html)"
51.222.253.5 - - [13/May/2025:15:00:51 -0300] "GET /?terbang=GBO007 HTTP/1.1" 200 488 "-" "Mozilla/5.0 (compatible; AhrefsBot/7.0; +http://ahrefs.com/robot/)"
51.222.253.4 - - [13/May/2025:15:03:00 -0300] "GET /?terbang=ASIA365 HTTP/1.1" 200 488 "-" "Mozilla/5.0 (compatible; AhrefsBot/7.0; +http://ahrefs.com/robot/)"
66.249.75.3 - - [13/May/2025:15:04:02 -0300] "GET /safe_search/config?return_url=%2Fproduct%2Fdetail%2Fsuisuimart-bcz30hdtz350h HTTP/1.1" 404 - "-" "Mozilla/5.0 (Linux; Android 6.0.1; Nexus 5X Build/MMB29P) AppleWebKit/537.36 (KHTML, like Gecko) Chrome/136.0.7103.59 Mobile Safari/537.36 (compatible; Googlebot/2.1; +http://www.google.com/bot.html)"
66.249.69.6 - - [13/May/2025:15:04:17 -0300] "GET /product/edit/k-tire-et015352ew017028 HTTP/1.1" 404 - "-" "Mozilla/5.0 (Linux; Android 6.0.1; Nexus 5X Build/MMB29P) AppleWebKit/537.36 (KHTML, like Gecko) Chrome/136.0.7103.59 Mobile Safari/537.36 (compatible; Googlebot/2.1; +http://www.google.com/bot.html)"
66.249.69.4 - - [13/May/2025:15:04:44 -0300] "GET /product/edit/wing-of-freedom-20220424102234-00578 HTTP/1.1" 404 - "-" "Mozilla/5.0 (compatible; Googlebot/2.1; +http://www.google.com/bot.html)"
66.249.75.1 - - [13/May/2025:15:05:51 -0300] "GET /pcmypage?callback=product/review/revida2-07-5465865-cognac HTTP/1.1" 404 - "-" "Mozilla/5.0 (compatible; Googlebot/2.1; +http://www.google.com/bot.html)"
66.249.75.1 - - [13/May/2025:15:06:06 -0300] "GET /safe_search/config?return_url=%2Fproduct%2Fdetail%2Fdiy-tool-h451-0765 HTTP/1.1" 404 - "-" "Mozilla/5.0 (Linux; Android 6.0.1; Nexus 5X Build/MMB29P) AppleWebKit/537.36 (KHTML, like Gecko) Chrome/136.0.7103.59 Mobile Safari/537.36 (compatible; Googlebot/2.1; +http://www.google.com/bot.html)"
66.249.69.4 - - [13/May/2025:15:06:17 -0300] "GET /safe_search/config?return_url=%2Fproduct%2Fdetail%2Fz-craft-2622-0109 HTTP/1.1" 404 - "-" "Mozilla/5.0 (compatible; Googlebot/2.1; +http://www.google.com/bot.html)"
51.222.253.1 - - [13/May/2025:15:07:39 -0300] "GET /?terbang=SV388 HTTP/1.1" 200 488 "-" "Mozilla/5.0 (compatible; AhrefsBot/7.0; +http://ahrefs.com/robot/)"
51.222.253.18 - - [13/May/2025:15:08:14 -0300] "GET /robots.txt HTTP/1.1" 404 - "-" "Mozilla/5.0 (compatible; AhrefsBot/7.0; +http://ahrefs.com/robot/)"
51.222.253.3 - - [13/May/2025:15:08:15 -0300] "GET /?terbang=momoslot HTTP/1.1" 200 488 "-" "Mozilla/5.0 (compatible; AhrefsBot/7.0; +http://ahrefs.com/robot/)"
66.249.69.4 - - [13/May/2025:15:08:17 -0300] "GET /product/edit/kaumall-50990085 HTTP/1.1" 404 - "-" "Mozilla/5.0 (Linux; Android 6.0.1; Nexus 5X Build/MMB29P) AppleWebKit/537.36 (KHTML, like Gecko) Chrome/136.0.7103.59 Mobile Safari/537.36 (compatible; Googlebot/2.1; +http://www.google.com/bot.html)"
66.249.75.1 - - [13/May/2025:15:09:31 -0300] "GET /product/edit/kougulandplus-ts-2109977 HTTP/1.1" 404 - "-" "Mozilla/5.0 (Linux; Android 6.0.1; Nexus 5X Build/MMB29P) AppleWebKit/537.36 (KHTML, like Gecko) Chrome/136.0.7103.59 Mobile Safari/537.36 (compatible; Googlebot/2.1; +http://www.google.com/bot.html)"
66.249.75.2 - - [13/May/2025:15:10:17 -0300] "GET /category/761_762/1/listing HTTP/1.1" 404 - "-" "Mozilla/5.0 (Linux; Android 6.0.1; Nexus 5X Build/MMB29P) AppleWebKit/537.36 (KHTML, like Gecko) Chrome/136.0.7103.59 Mobile Safari/537.36 (compatible; Googlebot/2.1; +http://www.google.com/bot.html)"
66.249.75.2 - - [13/May/2025:15:10:17 -0300] "GET /category/761_762/1/listing HTTP/1.1" 404 - "-" "Mozilla/5.0 (compatible; Googlebot/2.1; +http://www.google.com/bot.html)"
51.222.253.19 - - [13/May/2025:15:11:24 -0300] "GET /?terbang=NAGA138 HTTP/1.1" 200 488 "-" "Mozilla/5.0 (compatible; AhrefsBot/7.0; +http://ahrefs.com/robot/)"
66.249.69.6 - - [13/May/2025:15:12:17 -0300] "GET /product/edit/3to4-tss-ds-2292401 HTTP/1.1" 404 - "-" "Mozilla/5.0 (Linux; Android 6.0.1; Nexus 5X Build/MMB29P) AppleWebKit/537.36 (KHTML, like Gecko) Chrome/136.0.7103.59 Mobile Safari/537.36 (compatible; Googlebot/2.1; +http://www.google.com/bot.html)"
51.222.253.9 - - [13/May/2025:15:12:23 -0300] "GET /?terbang=AWAN4D HTTP/1.1" 200 488 "-" "Mozilla/5.0 (compatible; AhrefsBot/7.0; +http://ahrefs.com/robot/)"
51.222.253.12 - - [13/May/2025:15:13:30 -0300] "GET /?terbang=ROYALE77 HTTP/1.1" 200 488 "-" "Mozilla/5.0 (compatible; AhrefsBot/7.0; +http://ahrefs.com/robot/)"
66.249.75.1 - - [13/May/2025:15:14:54 -0300] "GET /safe_search/config?return_url=%2Fproduct%2Fdetail%2Fiisakura39-aiphone20190308-267-z HTTP/1.1" 404 - "-" "Mozilla/5.0 (compatible; Googlebot/2.1; +http://www.google.com/bot.html)"
66.249.69.6 - - [13/May/2025:15:16:15 -0300] "GET /product/edit/crossover-co-warehouse-lot483-ashland HTTP/1.1" 404 - "-" "Mozilla/5.0 (compatible; Googlebot/2.1; +http://www.google.com/bot.html)"
51.222.253.18 - - [13/May/2025:15:17:16 -0300] "GET /?terbang=eslot HTTP/1.1" 200 488 "-" "Mozilla/5.0 (compatible; AhrefsBot/7.0; +http://ahrefs.com/robot/)"
66.249.69.4 - - [13/May/2025:15:17:18 -0300] "GET /product/edit/k-tire-et015247ew007085 HTTP/1.1" 404 - "-" "Mozilla/5.0 (Linux; Android 6.0.1; Nexus 5X Build/MMB29P) AppleWebKit/537.36 (KHTML, like Gecko) Chrome/136.0.7103.59 Mobile Safari/537.36 (compatible; Googlebot/2.1; +http://www.google.com/bot.html)"
51.222.253.3 - - [13/May/2025:15:17:21 -0300] "GET /?terbang=lazury88 HTTP/1.1" 200 488 "-" "Mozilla/5.0 (compatible; AhrefsBot/7.0; +http://ahrefs.com/robot/)"
66.249.75.1 - - [13/May/2025:15:17:40 -0300] "GET /safe_search/config?return_url=%2Fproduct%2Fdetail%2Fyumerca-ts-040115756 HTTP/1.1" 404 - "-" "Mozilla/5.0 (Linux; Android 6.0.1; Nexus 5X Build/MMB29P) AppleWebKit/537.36 (KHTML, like Gecko) Chrome/136.0.7103.59 Mobile Safari/537.36 (compatible; Googlebot/2.1; +http://www.google.com/bot.html)"
66.249.69.5 - - [13/May/2025:15:18:30 -0300] "GET /pcmypage?callback=product/review/rcmdin-4t-1633461 HTTP/1.1" 404 - "-" "Mozilla/5.0 (compatible; Googlebot/2.1; +http://www.google.com/bot.html)"
66.249.69.5 - - [13/May/2025:15:20:17 -0300] "GET /pcmypage?callback=/product%2Fdetail*uto-craft-bellezza-vdd-0538 HTTP/1.1" 404 - "-" "Mozilla/5.0 (Linux; Android 6.0.1; Nexus 5X Build/MMB29P) AppleWebKit/537.36 (KHTML, like Gecko) Chrome/136.0.7103.59 Mobile Safari/537.36 (compatible; Googlebot/2.1; +http://www.google.com/bot.html)"
66.249.69.6 - - [13/May/2025:15:20:19 -0300] "GET /product/edit/peachstone03-y4591041530 HTTP/1.1" 404 - "-" "Mozilla/5.0 (Linux; Android 6.0.1; Nexus 5X Build/MMB29P) AppleWebKit/537.36 (KHTML, like Gecko) Chrome/136.0.7103.59 Mobile Safari/537.36 (compatible; Googlebot/2.1; +http://www.google.com/bot.html)"
51.222.253.7 - - [13/May/2025:15:20:36 -0300] "GET /?terbang=mpo+sakuku HTTP/1.1" 200 488 "-" "Mozilla/5.0 (compatible; AhrefsBot/7.0; +http://ahrefs.com/robot/)"
66.249.69.6 - - [13/May/2025:15:21:18 -0300] "GET /items/xokws270/25594?key=killing HTTP/1.1" 404 - "-" "Mozilla/5.0 (Linux; Android 6.0.1; Nexus 5X Build/MMB29P) AppleWebKit/537.36 (KHTML, like Gecko) Chrome/136.0.7103.59 Mobile Safari/537.36 (compatible; Googlebot/2.1; +http://www.google.com/bot.html)"
66.249.75.2 - - [13/May/2025:15:21:24 -0300] "GET /product/edit/grip-rel2-db-1545-1004-16555-cf3 HTTP/1.1" 404 - "-" "Mozilla/5.0 (Linux; Android 6.0.1; Nexus 5X Build/MMB29P) AppleWebKit/537.36 (KHTML, like Gecko) Chrome/136.0.7103.59 Mobile Safari/537.36 (compatible; Googlebot/2.1; +http://www.google.com/bot.html)"
66.249.69.4 - - [13/May/2025:15:21:38 -0300] "GET /pcmypage?callback=/product%2Fdetail%2ssol-shopping-2339172203529 HTTP/1.1" 404 - "-" "Mozilla/5.0 (Linux; Android 6.0.1; Nexus 5X Build/MMB29P) AppleWebKit/537.36 (KHTML, like Gecko) Chrome/136.0.7103.59 Mobile Safari/537.36 (compatible; Googlebot/2.1; +http://www.google.com/bot.html)"
66.249.69.4 - - [13/May/2025:15:22:19 -0300] "GET /pcmypage?callback=/product%2Fdetail%2zelkovashop-859229 HTTP/1.1" 404 - "-" "Mozilla/5.0 (Linux; Android 6.0.1; Nexus 5X Build/MMB29P) AppleWebKit/537.36 (KHTML, like Gecko) Chrome/136.0.7103.59 Mobile Safari/537.36 (compatible; Googlebot/2.1; +http://www.google.com/bot.html)"
66.249.69.5 - - [13/May/2025:15:25:19 -0300] "GET /product/edit/valueselection2-b0bxdh3qys HTTP/1.1" 404 - "-" "Mozilla/5.0 (Linux; Android 6.0.1; Nexus 5X Build/MMB29P) AppleWebKit/537.36 (KHTML, like Gecko) Chrome/136.0.7103.59 Mobile Safari/537.36 (compatible; Googlebot/2.1; +http://www.google.com/bot.html)"
66.249.69.6 - - [13/May/2025:15:25:20 -0300] "GET /items/hazqt223/48261?key=emotional HTTP/1.1" 404 - "-" "Mozilla/5.0 (Linux; Android 6.0.1; Nexus 5X Build/MMB29P) AppleWebKit/537.36 (KHTML, like Gecko) Chrome/136.0.7103.59 Mobile Safari/537.36 (compatible; Googlebot/2.1; +http://www.google.com/bot.html)"
66.249.69.4 - - [13/May/2025:15:25:56 -0300] "GET /safe_search/config?return_url=%2Fproduct%2Fdetail%2Fd-park-ta-1000004032709 HTTP/1.1" 404 - "-" "Mozilla/5.0 (compatible; Googlebot/2.1; +http://www.google.com/bot.html)"
66.249.69.6 - - [13/May/2025:15:26:20 -0300] "GET /products/239ak27366 HTTP/1.1" 404 - "-" "Mozilla/5.0 (Linux; Android 6.0.1; Nexus 5X Build/MMB29P) AppleWebKit/537.36 (KHTML, like Gecko) Chrome/136.0.7103.59 Mobile Safari/537.36 (compatible; Googlebot/2.1; +http://www.google.com/bot.html)"
51.222.253.14 - - [13/May/2025:15:26:31 -0300] "GET /?terbang=GUYS88 HTTP/1.1" 200 488 "-" "Mozilla/5.0 (compatible; AhrefsBot/7.0; +http://ahrefs.com/robot/)"
66.249.69.4 - - [13/May/2025:15:29:20 -0300] "GET /items/ssdgu17/31049?key=abstract HTTP/1.1" 404 - "-" "Mozilla/5.0 (Linux; Android 6.0.1; Nexus 5X Build/MMB29P) AppleWebKit/537.36 (KHTML, like Gecko) Chrome/136.0.7103.59 Mobile Safari/537.36 (compatible; Googlebot/2.1; +http://www.google.com/bot.html)"
51.222.253.10 - - [13/May/2025:15:31:01 -0300] "GET /?terbang=DEKI99 HTTP/1.1" 200 488 "-" "Mozilla/5.0 (compatible; AhrefsBot/7.0; +http://ahrefs.com/robot/)"
66.249.75.2 - - [13/May/2025:15:31:22 -0300] "GET /pcmypage?callback=/product%2Fdetail%2procure-a-611-6558 HTTP/1.1" 404 - "-" "Mozilla/5.0 (Linux; Android 6.0.1; Nexus 5X Build/MMB29P) AppleWebKit/537.36 (KHTML, like Gecko) Chrome/136.0.7103.59 Mobile Safari/537.36 (compatible; Googlebot/2.1; +http://www.google.com/bot.html)"
66.249.75.1 - - [13/May/2025:15:32:17 -0300] "GET /pcmypage?callback=product/review/modena-b0cdzjcmv3 HTTP/1.1" 404 - "-" "Mozilla/5.0 (compatible; Googlebot/2.1; +http://www.google.com/bot.html)"
66.249.69.6 - - [13/May/2025:15:32:54 -0300] "GET /pcmypage?callback=product/review/k-tire-et019026ew007066 HTTP/1.1" 404 - "-" "Mozilla/5.0 (compatible; Googlebot/2.1; +http://www.google.com/bot.html)"
66.249.69.4 - - [13/May/2025:15:33:01 -0300] "GET /safe_search/config?return_url=%2Fproduct%2Fdetail%2Fchispo-babolat-101453 HTTP/1.1" 404 - "-" "Mozilla/5.0 (compatible; Googlebot/2.1; +http://www.google.com/bot.html)"
51.222.253.4 - - [13/May/2025:15:34:17 -0300] "GET /?terbang=gg88 HTTP/1.1" 200 488 "-" "Mozilla/5.0 (compatible; AhrefsBot/7.0; +http://ahrefs.com/robot/)"
66.249.69.4 - - [13/May/2025:15:34:22 -0300] "GET /products/40iu3749 HTTP/1.1" 404 - "-" "Mozilla/5.0 (Linux; Android 6.0.1; Nexus 5X Build/MMB29P) AppleWebKit/537.36 (KHTML, like Gecko) Chrome/136.0.7103.59 Mobile Safari/537.36 (compatible; Googlebot/2.1; +http://www.google.com/bot.html)"
66.249.69.4 - - [13/May/2025:15:34:24 -0300] "GET /product/edit/furusatochoice-4670153 HTTP/1.1" 404 - "-" "Mozilla/5.0 (Linux; Android 6.0.1; Nexus 5X Build/MMB29P) AppleWebKit/537.36 (KHTML, like Gecko) Chrome/136.0.7103.59 Mobile Safari/537.36 (compatible; Googlebot/2.1; +http://www.google.com/bot.html)"
66.249.69.5 - - [13/May/2025:15:34:24 -0300] "GET /items/dtjws251/20277?key=another HTTP/1.1" 404 - "-" "Mozilla/5.0 (Linux; Android 6.0.1; Nexus 5X Build/MMB29P) AppleWebKit/537.36 (KHTML, like Gecko) Chrome/136.0.7103.59 Mobile Safari/537.36 (compatible; Googlebot/2.1; +http://www.google.com/bot.html)"
66.249.75.1 - - [13/May/2025:15:34:25 -0300] "GET /pcmypage?callback=/product%2Fdetail%2tuhan-station-ds-2167526 HTTP/1.1" 404 - "-" "Mozilla/5.0 (Linux; Android 6.0.1; Nexus 5X Build/MMB29P) AppleWebKit/537.36 (KHTML, like Gecko) Chrome/136.0.7103.59 Mobile Safari/537.36 (compatible; Googlebot/2.1; +http://www.google.com/bot.html)"
66.249.69.5 - - [13/May/2025:15:35:33 -0300] "GET /pcmypage?callback=/product%2Fdetail%2windsweb2-036282145580 HTTP/1.1" 404 - "-" "Mozilla/5.0 (Linux; Android 6.0.1; Nexus 5X Build/MMB29P) AppleWebKit/537.36 (KHTML, like Gecko) Chrome/136.0.7103.59 Mobile Safari/537.36 (compatible; Googlebot/2.1; +http://www.google.com/bot.html)"
114.119.138.194 - - [13/May/2025:15:38:21 -0300] "GET /robots.txt HTTP/1.1" 404 - "-" "Mozilla/5.0 (compatible;PetalBot;+https://webmaster.petalsearch.com/site/petalbot)"
66.249.75.3 - - [13/May/2025:15:39:49 -0300] "GET /pcmypage?callback=product/review/wpm-ds-2222378 HTTP/1.1" 404 - "-" "Mozilla/5.0 (compatible; Googlebot/2.1; +http://www.google.com/bot.html)"
66.249.69.5 - - [13/May/2025:15:40:07 -0300] "GET /product/edit/treasure-one-company-cmlc-1780-1396-26565ko2 HTTP/1.1" 404 - "-" "Mozilla/5.0 (compatible; Googlebot/2.1; +http://www.google.com/bot.html)"
66.249.69.5 - - [13/May/2025:15:40:35 -0300] "GET /product/edit/nul-select-ap-115082923 HTTP/1.1" 404 - "-" "Mozilla/5.0 (Linux; Android 6.0.1; Nexus 5X Build/MMB29P) AppleWebKit/537.36 (KHTML, like Gecko) Chrome/136.0.7103.59 Mobile Safari/537.36 (compatible; Googlebot/2.1; +http://www.google.com/bot.html)"
66.249.69.6 - - [13/May/2025:15:41:31 -0300] "GET /products/12av819 HTTP/1.1" 404 - "-" "Mozilla/5.0 (Linux; Android 6.0.1; Nexus 5X Build/MMB29P) AppleWebKit/537.36 (KHTML, like Gecko) Chrome/136.0.7103.59 Mobile Safari/537.36 (compatible; Googlebot/2.1; +http://www.google.com/bot.html)"
66.249.75.2 - - [13/May/2025:15:42:03 -0300] "GET /pcmypage?callback=product/review/krypton-ds-1851358 HTTP/1.1" 404 - "-" "Mozilla/5.0 (compatible; Googlebot/2.1; +http://www.google.com/bot.html)"
51.222.253.5 - - [13/May/2025:15:43:43 -0300] "GET /?terbang=NINJA77 HTTP/1.1" 200 488 "-" "Mozilla/5.0 (compatible; AhrefsBot/7.0; +http://ahrefs.com/robot/)"
66.249.69.5 - - [13/May/2025:15:45:53 -0300] "GET /pcmypage?callback=product/review/yunyu-worldtrade-b0c8wkgrrc HTTP/1.1" 404 - "-" "Mozilla/5.0 (compatible; Googlebot/2.1; +http://www.google.com/bot.html)"
66.249.69.5 - - [13/May/2025:15:45:54 -0300] "GET /pcmypage?callback=product/review/yunyu-worldtrade-b0c8wkgrrc HTTP/1.1" 404 - "-" "Mozilla/5.0 (Linux; Android 6.0.1; Nexus 5X Build/MMB29P) AppleWebKit/537.36 (KHTML, like Gecko) Chrome/136.0.7103.59 Mobile Safari/537.36 (compatible; Googlebot/2.1; +http://www.google.com/bot.html)"
66.249.75.1 - - [13/May/2025:15:48:37 -0300] "GET /pcmypage?callback=/product%2Fdetail%2Fujidesignfurniture-t030531-02 HTTP/1.1" 404 - "-" "Mozilla/5.0 (compatible; Googlebot/2.1; +http://www.google.com/bot.html)"
66.249.69.4 - - [13/May/2025:15:49:26 -0300] "GET /?_ga=2.193503620.1959687034.1723274753-582696850.1699830050&_bdsid=wn09m5.n~ZHJCG.1732465430494.1752131930&_bd_prev_page=https://vittahelp.com.br/spark.cgi?products/93ar48774 HTTP/1.1" 200 488 "-" "Mozilla/5.0 (Linux; Android 6.0.1; Nexus 5X Build/MMB29P) AppleWebKit/537.36 (KHTML, like Gecko) Chrome/136.0.7103.59 Mobile Safari/537.36 (compatible; Googlebot/2.1; +http://www.google.com/bot.html)"
66.249.79.196 - - [13/May/2025:15:49:27 -0300] "GET /safe_search/config?return_url=%2Fproduct%2Fdetail%2Fobatays-503793 HTTP/1.1" 404 - "-" "Mozilla/5.0 (Linux; Android 6.0.1; Nexus 5X Build/MMB29P) AppleWebKit/537.36 (KHTML, like Gecko) Chrome/136.0.7103.59 Mobile Safari/537.36 (compatible; Googlebot/2.1; +http://www.google.com/bot.html)"
66.249.75.1 - - [13/May/2025:15:50:28 -0300] "GET /product/edit/s-musee-340323109 HTTP/1.1" 404 - "-" "Mozilla/5.0 (Linux; Android 6.0.1; Nexus 5X Build/MMB29P) AppleWebKit/537.36 (KHTML, like Gecko) Chrome/136.0.7103.59 Mobile Safari/537.36 (compatible; Googlebot/2.1; +http://www.google.com/bot.html)"
66.249.69.4 - - [13/May/2025:15:50:28 -0300] "GET /product/edit/rcmdse-tm-1567305 HTTP/1.1" 404 - "-" "Mozilla/5.0 (Linux; Android 6.0.1; Nexus 5X Build/MMB29P) AppleWebKit/537.36 (KHTML, like Gecko) Chrome/136.0.7103.59 Mobile Safari/537.36 (compatible; Googlebot/2.1; +http://www.google.com/bot.html)"
51.222.253.15 - - [13/May/2025:15:51:01 -0300] "GET /?terbang=MW68 HTTP/1.1" 200 488 "-" "Mozilla/5.0 (compatible; AhrefsBot/7.0; +http://ahrefs.com/robot/)"
51.222.253.18 - - [13/May/2025:15:53:27 -0300] "GET /?terbang=AXIATA4D HTTP/1.1" 200 488 "-" "Mozilla/5.0 (compatible; AhrefsBot/7.0; +http://ahrefs.com/robot/)"
114.119.131.232 - - [13/May/2025:15:54:10 -0300] "GET /robots.txt HTTP/1.1" 404 - "-" "Mozilla/5.0 (compatible;PetalBot;+https://webmaster.petalsearch.com/site/petalbot)"
66.249.69.4 - - [13/May/2025:15:54:29 -0300] "GET /product/edit/k-tire-et019393ew025341 HTTP/1.1" 404 - "-" "Mozilla/5.0 (Linux; Android 6.0.1; Nexus 5X Build/MMB29P) AppleWebKit/537.36 (KHTML, like Gecko) Chrome/136.0.7103.59 Mobile Safari/537.36 (compatible; Googlebot/2.1; +http://www.google.com/bot.html)"
66.249.69.6 - - [13/May/2025:15:56:36 -0300] "GET /safe_search/config?return_url=%2Fproduct%2Fdetail%2Fetotvil2-20240227071248-00649 HTTP/1.1" 404 - "-" "Mozilla/5.0 (Linux; Android 6.0.1; Nexus 5X Build/MMB29P) AppleWebKit/537.36 (KHTML, like Gecko) Chrome/136.0.7103.59 Mobile Safari/537.36 (compatible; Googlebot/2.1; +http://www.google.com/bot.html)"
66.249.75.3 - - [13/May/2025:15:56:54 -0300] "GET /items/iivgu26/4558?key=ultimate HTTP/1.1" 404 - "-" "Mozilla/5.0 (compatible; Googlebot/2.1; +http://www.google.com/bot.html)"
69.171.230.2 - - [13/May/2025:15:57:25 -0300] "GET /robots.txt HTTP/1.1" 404 - "-" "facebookexternalhit/1.1 (+http://www.facebook.com/externalhit_uatext.php)"
66.249.69.6 - - [13/May/2025:15:57:41 -0300] "GET /pcmypage?callback=product/review/auto-craft-winmax-pad-jp-2093-f-ac2 HTTP/1.1" 404 - "-" "Mozilla/5.0 (Linux; Android 6.0.1; Nexus 5X Build/MMB29P) AppleWebKit/537.36 (KHTML, like Gecko) Chrome/136.0.7103.59 Mobile Safari/537.36 (compatible; Googlebot/2.1; +http://www.google.com/bot.html)"
66.249.69.5 - - [13/May/2025:15:58:29 -0300] "GET /items/bahqq58/32772?key=response HTTP/1.1" 404 - "-" "Mozilla/5.0 (Linux; Android 6.0.1; Nexus 5X Build/MMB29P) AppleWebKit/537.36 (KHTML, like Gecko) Chrome/136.0.7103.59 Mobile Safari/537.36 (compatible; Googlebot/2.1; +http://www.google.com/bot.html)"
51.222.253.19 - - [13/May/2025:15:58:40 -0300] "GET /?terbang=WLATOTO HTTP/1.1" 200 488 "-" "Mozilla/5.0 (compatible; AhrefsBot/7.0; +http://ahrefs.com/robot/)"
66.249.69.5 - - [13/May/2025:15:58:53 -0300] "GET /safe_search/config?return_url=%2Fproduct%2Fdetail%2Fgrip-rgr-db-1770-1145-20550-ae51 HTTP/1.1" 404 - "-" "Mozilla/5.0 (compatible; Googlebot/2.1; +http://www.google.com/bot.html)"
