37.27.59.134 - - [13/Sep/2025:15:52:49 -0300] "GET /assets/a00ab1df/source/specials/ HTTP/1.1" 200 1393 "-" "Mozilla/5.0 (compatible; BLEXBot/1.0; +https://help.seranking.com/en/blex-crawler)"
37.27.59.134 - - [13/Sep/2025:15:52:58 -0300] "GET /assets/a00ab1df/source/specials/ HTTP/1.1" 200 1393 "-" "Mozilla/5.0 (compatible; BLEXBot/1.0; +https://help.seranking.com/en/blex-crawler)"
66.249.77.12 - - [13/Sep/2025:15:54:32 -0300] "GET /static/assets/a59d3f98/themes/ui-darkness/images/ui-bg_glass_40_ffc73d_1x400.png HTTP/1.1" 200 374 "-" "Googlebot-Image/1.0"
37.27.59.134 - - [13/Sep/2025:16:01:44 -0300] "GET /assets/c1cbb33e/source/flippers/ HTTP/1.1" 200 1569 "-" "Mozilla/5.0 (compatible; BLEXBot/1.0; +https://help.seranking.com/en/blex-crawler)"
37.27.59.134 - - [13/Sep/2025:16:02:01 -0300] "GET /assets/c1cbb33e/source/flippers/ HTTP/1.1" 200 1569 "-" "Mozilla/5.0 (compatible; BLEXBot/1.0; +https://help.seranking.com/en/blex-crawler)"
37.27.59.134 - - [13/Sep/2025:16:02:25 -0300] "GET /assets/c1cbb33e/source/specials/ HTTP/1.1" 200 1393 "-" "Mozilla/5.0 (compatible; BLEXBot/1.0; +https://help.seranking.com/en/blex-crawler)"
37.27.59.134 - - [13/Sep/2025:16:02:54 -0300] "GET /assets/c1cbb33e/source/specials/ HTTP/1.1" 200 1393 "-" "Mozilla/5.0 (compatible; BLEXBot/1.0; +https://help.seranking.com/en/blex-crawler)"
38.10.115.59 - - [13/Sep/2025:16:03:02 -0300] "GET http://intranet.vacivitta.com.br/assets/f7a28d59/PollsAsset.php HTTP/1.1" 500 - "http://intranet.vacivitta.com.br/" "Mozilla/5.0 (Macintosh; Intel Mac OS X 10_15_7) AppleWebKit/537.36 (KHTML, like Gecko) Chrome/135.0.0.0 Safari/537.36"
37.27.59.134 - - [13/Sep/2025:16:06:56 -0300] "GET /assets/e93843c3/tinymce/plugins/ HTTP/1.1" 200 1213 "-" "Mozilla/5.0 (compatible; BLEXBot/1.0; +https://help.seranking.com/en/blex-crawler)"
37.27.59.134 - - [13/Sep/2025:16:07:16 -0300] "GET /assets/e93843c3/tinymce/plugins/ HTTP/1.1" 200 1213 "-" "Mozilla/5.0 (compatible; BLEXBot/1.0; +https://help.seranking.com/en/blex-crawler)"
37.27.59.134 - - [13/Sep/2025:16:10:00 -0300] "GET /static/js/colorpicker/js/?C=D;O=A HTTP/1.1" 200 864 "-" "Mozilla/5.0 (compatible; BLEXBot/1.0; +https://help.seranking.com/en/blex-crawler)"
52.167.144.234 - - [13/Sep/2025:16:10:06 -0300] "GET /static/assets/a59d3f98/ui/widgets/droppable.js HTTP/1.1" 200 12837 "-" "Mozilla/5.0 AppleWebKit/537.36 (KHTML, like Gecko; compatible; bingbot/2.0; +http://www.bing.com/bingbot.htm) Chrome/116.0.1938.76 Safari/537.36"
37.27.59.134 - - [13/Sep/2025:16:10:12 -0300] "GET /static/js/colorpicker/js/?C=D;O=A HTTP/1.1" 200 864 "-" "Mozilla/5.0 (compatible; BLEXBot/1.0; +https://help.seranking.com/en/blex-crawler)"
37.27.59.134 - - [13/Sep/2025:16:10:30 -0300] "GET /static/js/colorpicker/js/?C=M;O=A HTTP/1.1" 200 864 "-" "Mozilla/5.0 (compatible; BLEXBot/1.0; +https://help.seranking.com/en/blex-crawler)"
37.27.59.134 - - [13/Sep/2025:16:12:30 -0300] "GET /static/js/colorpicker/js/?C=M;O=A HTTP/1.1" 200 864 "-" "Mozilla/5.0 (compatible; BLEXBot/1.0; +https://help.seranking.com/en/blex-crawler)"
37.27.59.134 - - [13/Sep/2025:16:13:00 -0300] "GET /static/js/colorpicker/js/?C=N;O=D HTTP/1.1" 200 864 "-" "Mozilla/5.0 (compatible; BLEXBot/1.0; +https://help.seranking.com/en/blex-crawler)"
37.27.59.134 - - [13/Sep/2025:16:13:19 -0300] "GET /static/js/colorpicker/js/?C=N;O=D HTTP/1.1" 200 864 "-" "Mozilla/5.0 (compatible; BLEXBot/1.0; +https://help.seranking.com/en/blex-crawler)"
37.27.59.134 - - [13/Sep/2025:16:13:32 -0300] "GET /static/js/colorpicker/js/?C=S;O=A HTTP/1.1" 200 864 "-" "Mozilla/5.0 (compatible; BLEXBot/1.0; +https://help.seranking.com/en/blex-crawler)"
37.27.59.134 - - [13/Sep/2025:16:14:33 -0300] "GET /static/js/colorpicker/js/?C=S;O=A HTTP/1.1" 200 864 "-" "Mozilla/5.0 (compatible; BLEXBot/1.0; +https://help.seranking.com/en/blex-crawler)"
66.249.77.11 - - [13/Sep/2025:16:14:50 -0300] "GET /assets/f061f04b/screen-1.jpg HTTP/1.1" 200 98896 "-" "Googlebot-Image/1.0"
66.249.72.233 - - [13/Sep/2025:16:18:51 -0300] "GET /static/img/loading.gif HTTP/1.1" 200 3897 "-" "Googlebot-Image/1.0"
37.27.59.134 - - [13/Sep/2025:16:20:36 -0300] "GET /assets/2ec6b270/ui/minified/i18n/ HTTP/1.1" 200 14340 "-" "Mozilla/5.0 (compatible; BLEXBot/1.0; +https://help.seranking.com/en/blex-crawler)"
37.27.59.134 - - [13/Sep/2025:16:20:57 -0300] "GET /assets/2ec6b270/ui/minified/i18n/ HTTP/1.1" 200 14340 "-" "Mozilla/5.0 (compatible; BLEXBot/1.0; +https://help.seranking.com/en/blex-crawler)"
66.249.77.12 - - [13/Sep/2025:16:30:56 -0300] "GET /static/img/emoji/Laughing.svg HTTP/1.1" 200 1132 "-" "Googlebot-Image/1.0"
37.27.59.134 - - [13/Sep/2025:16:31:49 -0300] "GET /assets/374a8aa5/codemirror/langs/ HTTP/1.1" 200 2602 "-" "Mozilla/5.0 (compatible; BLEXBot/1.0; +https://help.seranking.com/en/blex-crawler)"
37.27.59.134 - - [13/Sep/2025:16:32:16 -0300] "GET /assets/374a8aa5/codemirror/langs/ HTTP/1.1" 200 2602 "-" "Mozilla/5.0 (compatible; BLEXBot/1.0; +https://help.seranking.com/en/blex-crawler)"
66.249.77.11 - - [13/Sep/2025:16:34:27 -0300] "GET /assets/f7a28d59/screen2.PNG HTTP/1.1" 200 145162 "-" "Googlebot-Image/1.0"
37.27.59.134 - - [13/Sep/2025:16:36:19 -0300] "GET /assets/4f07b091/ui/minified/i18n/ HTTP/1.1" 200 14340 "-" "Mozilla/5.0 (compatible; BLEXBot/1.0; +https://help.seranking.com/en/blex-crawler)"
37.27.59.134 - - [13/Sep/2025:16:36:40 -0300] "GET /assets/4f07b091/ui/minified/i18n/ HTTP/1.1" 200 14340 "-" "Mozilla/5.0 (compatible; BLEXBot/1.0; +https://help.seranking.com/en/blex-crawler)"
66.249.77.12 - - [13/Sep/2025:16:50:01 -0300] "GET /assets/f061f04b/module_image.png HTTP/1.1" 200 11718 "-" "Googlebot-Image/1.0"
40.77.167.159 - - [13/Sep/2025:16:59:04 -0300] "GET /assets/bb0fec9b/ HTTP/1.1" 200 1142 "-" "Mozilla/5.0 AppleWebKit/537.36 (KHTML, like Gecko; compatible; bingbot/2.0; +http://www.bing.com/bingbot.htm) Chrome/116.0.1938.76 Safari/537.36"
37.27.59.134 - - [13/Sep/2025:17:02:29 -0300] "GET /static/assets/129cec44/js/?C=D;O=A HTTP/1.1" 200 849 "-" "Mozilla/5.0 (compatible; BLEXBot/1.0; +https://help.seranking.com/en/blex-crawler)"
37.27.59.134 - - [13/Sep/2025:17:02:38 -0300] "GET /static/assets/129cec44/js/?C=D;O=A HTTP/1.1" 200 849 "-" "Mozilla/5.0 (compatible; BLEXBot/1.0; +https://help.seranking.com/en/blex-crawler)"
37.27.59.134 - - [13/Sep/2025:17:02:59 -0300] "GET /static/assets/129cec44/js/?C=M;O=A HTTP/1.1" 200 849 "-" "Mozilla/5.0 (compatible; BLEXBot/1.0; +https://help.seranking.com/en/blex-crawler)"
37.27.59.134 - - [13/Sep/2025:17:03:09 -0300] "GET /static/assets/129cec44/js/?C=M;O=A HTTP/1.1" 200 849 "-" "Mozilla/5.0 (compatible; BLEXBot/1.0; +https://help.seranking.com/en/blex-crawler)"
37.27.59.134 - - [13/Sep/2025:17:04:07 -0300] "GET /static/assets/129cec44/js/?C=N;O=D HTTP/1.1" 200 849 "-" "Mozilla/5.0 (compatible; BLEXBot/1.0; +https://help.seranking.com/en/blex-crawler)"
37.27.59.134 - - [13/Sep/2025:17:04:16 -0300] "GET /static/assets/129cec44/js/?C=N;O=D HTTP/1.1" 200 849 "-" "Mozilla/5.0 (compatible; BLEXBot/1.0; +https://help.seranking.com/en/blex-crawler)"
37.27.59.134 - - [13/Sep/2025:17:05:06 -0300] "GET /static/assets/129cec44/js/?C=S;O=A HTTP/1.1" 200 849 "-" "Mozilla/5.0 (compatible; BLEXBot/1.0; +https://help.seranking.com/en/blex-crawler)"
37.27.59.134 - - [13/Sep/2025:17:05:40 -0300] "GET /static/assets/129cec44/js/?C=S;O=A HTTP/1.1" 200 849 "-" "Mozilla/5.0 (compatible; BLEXBot/1.0; +https://help.seranking.com/en/blex-crawler)"
37.27.59.134 - - [13/Sep/2025:17:06:11 -0300] "GET /static/assets/1f4dd466/js/?C=D;O=A HTTP/1.1" 200 848 "-" "Mozilla/5.0 (compatible; BLEXBot/1.0; +https://help.seranking.com/en/blex-crawler)"
37.27.59.134 - - [13/Sep/2025:17:06:24 -0300] "GET /static/assets/1f4dd466/js/?C=D;O=A HTTP/1.1" 200 848 "-" "Mozilla/5.0 (compatible; BLEXBot/1.0; +https://help.seranking.com/en/blex-crawler)"
37.27.59.134 - - [13/Sep/2025:17:06:50 -0300] "GET /static/assets/1f4dd466/js/?C=M;O=A HTTP/1.1" 200 848 "-" "Mozilla/5.0 (compatible; BLEXBot/1.0; +https://help.seranking.com/en/blex-crawler)"
37.27.59.134 - - [13/Sep/2025:17:07:09 -0300] "GET /static/assets/1f4dd466/js/?C=M;O=A HTTP/1.1" 200 848 "-" "Mozilla/5.0 (compatible; BLEXBot/1.0; +https://help.seranking.com/en/blex-crawler)"
37.27.59.134 - - [13/Sep/2025:17:07:31 -0300] "GET /static/assets/1f4dd466/js/?C=N;O=D HTTP/1.1" 200 848 "-" "Mozilla/5.0 (compatible; BLEXBot/1.0; +https://help.seranking.com/en/blex-crawler)"
37.27.59.134 - - [13/Sep/2025:17:07:40 -0300] "GET /static/assets/1f4dd466/js/?C=N;O=D HTTP/1.1" 200 848 "-" "Mozilla/5.0 (compatible; BLEXBot/1.0; +https://help.seranking.com/en/blex-crawler)"
37.27.59.134 - - [13/Sep/2025:17:08:03 -0300] "GET /static/assets/1f4dd466/js/?C=S;O=A HTTP/1.1" 200 848 "-" "Mozilla/5.0 (compatible; BLEXBot/1.0; +https://help.seranking.com/en/blex-crawler)"
37.27.59.134 - - [13/Sep/2025:17:08:20 -0300] "GET /static/assets/1f4dd466/js/?C=S;O=A HTTP/1.1" 200 848 "-" "Mozilla/5.0 (compatible; BLEXBot/1.0; +https://help.seranking.com/en/blex-crawler)"
37.27.59.134 - - [13/Sep/2025:17:08:44 -0300] "GET /static/assets/41f4ff90/js/?C=D;O=A HTTP/1.1" 200 1645 "-" "Mozilla/5.0 (compatible; BLEXBot/1.0; +https://help.seranking.com/en/blex-crawler)"
37.27.59.134 - - [13/Sep/2025:17:08:51 -0300] "GET /static/assets/41f4ff90/js/?C=D;O=A HTTP/1.1" 200 1645 "-" "Mozilla/5.0 (compatible; BLEXBot/1.0; +https://help.seranking.com/en/blex-crawler)"
37.27.59.134 - - [13/Sep/2025:17:09:15 -0300] "GET /static/assets/41f4ff90/js/?C=M;O=A HTTP/1.1" 200 1645 "-" "Mozilla/5.0 (compatible; BLEXBot/1.0; +https://help.seranking.com/en/blex-crawler)"
37.27.59.134 - - [13/Sep/2025:17:09:38 -0300] "GET /static/assets/41f4ff90/js/?C=M;O=A HTTP/1.1" 200 1645 "-" "Mozilla/5.0 (compatible; BLEXBot/1.0; +https://help.seranking.com/en/blex-crawler)"
37.27.59.134 - - [13/Sep/2025:17:09:48 -0300] "GET /static/assets/41f4ff90/js/?C=N;O=D HTTP/1.1" 200 1645 "-" "Mozilla/5.0 (compatible; BLEXBot/1.0; +https://help.seranking.com/en/blex-crawler)"
66.249.77.11 - - [13/Sep/2025:17:10:10 -0300] "GET /assets/97977d77/ico/android-icon-96x96.png HTTP/1.1" 200 2685 "-" "Googlebot-Image/1.0"
66.249.77.12 - - [13/Sep/2025:17:11:10 -0300] "GET /assets/b911344f/module_image.svg HTTP/1.1" 200 7903 "-" "Googlebot-Image/1.0"
37.27.59.134 - - [13/Sep/2025:17:11:14 -0300] "GET /static/assets/41f4ff90/js/?C=N;O=D HTTP/1.1" 200 1645 "-" "Mozilla/5.0 (compatible; BLEXBot/1.0; +https://help.seranking.com/en/blex-crawler)"
37.27.59.134 - - [13/Sep/2025:17:11:51 -0300] "GET /static/assets/41f4ff90/js/?C=S;O=A HTTP/1.1" 200 1645 "-" "Mozilla/5.0 (compatible; BLEXBot/1.0; +https://help.seranking.com/en/blex-crawler)"
37.27.59.134 - - [13/Sep/2025:17:12:32 -0300] "GET /static/assets/41f4ff90/js/?C=S;O=A HTTP/1.1" 200 1645 "-" "Mozilla/5.0 (compatible; BLEXBot/1.0; +https://help.seranking.com/en/blex-crawler)"
37.27.59.134 - - [13/Sep/2025:17:12:44 -0300] "GET /static/assets/4379ccf5/js/?C=D;O=A HTTP/1.1" 200 846 "-" "Mozilla/5.0 (compatible; BLEXBot/1.0; +https://help.seranking.com/en/blex-crawler)"
37.27.59.134 - - [13/Sep/2025:17:12:54 -0300] "GET /static/assets/4379ccf5/js/?C=D;O=A HTTP/1.1" 200 846 "-" "Mozilla/5.0 (compatible; BLEXBot/1.0; +https://help.seranking.com/en/blex-crawler)"
37.27.59.134 - - [13/Sep/2025:17:13:37 -0300] "GET /static/assets/4379ccf5/js/?C=M;O=A HTTP/1.1" 200 846 "-" "Mozilla/5.0 (compatible; BLEXBot/1.0; +https://help.seranking.com/en/blex-crawler)"
37.27.59.134 - - [13/Sep/2025:17:14:19 -0300] "GET /static/assets/4379ccf5/js/?C=M;O=A HTTP/1.1" 200 846 "-" "Mozilla/5.0 (compatible; BLEXBot/1.0; +https://help.seranking.com/en/blex-crawler)"
37.27.59.134 - - [13/Sep/2025:17:14:28 -0300] "GET /static/assets/4379ccf5/js/?C=N;O=D HTTP/1.1" 200 846 "-" "Mozilla/5.0 (compatible; BLEXBot/1.0; +https://help.seranking.com/en/blex-crawler)"
37.27.59.134 - - [13/Sep/2025:17:14:35 -0300] "GET /static/assets/4379ccf5/js/?C=N;O=D HTTP/1.1" 200 846 "-" "Mozilla/5.0 (compatible; BLEXBot/1.0; +https://help.seranking.com/en/blex-crawler)"
37.27.59.134 - - [13/Sep/2025:17:15:13 -0300] "GET /static/assets/4379ccf5/js/?C=S;O=A HTTP/1.1" 200 846 "-" "Mozilla/5.0 (compatible; BLEXBot/1.0; +https://help.seranking.com/en/blex-crawler)"
37.27.59.134 - - [13/Sep/2025:17:16:21 -0300] "GET /static/assets/4379ccf5/js/?C=S;O=A HTTP/1.1" 200 846 "-" "Mozilla/5.0 (compatible; BLEXBot/1.0; +https://help.seranking.com/en/blex-crawler)"
37.27.59.134 - - [13/Sep/2025:17:16:28 -0300] "GET /static/assets/50f19907/js/?C=D;O=A HTTP/1.1" 200 1827 "-" "Mozilla/5.0 (compatible; BLEXBot/1.0; +https://help.seranking.com/en/blex-crawler)"
37.27.59.134 - - [13/Sep/2025:17:16:35 -0300] "GET /static/assets/50f19907/js/?C=D;O=A HTTP/1.1" 200 1827 "-" "Mozilla/5.0 (compatible; BLEXBot/1.0; +https://help.seranking.com/en/blex-crawler)"
37.27.59.134 - - [13/Sep/2025:17:17:07 -0300] "GET /static/assets/50f19907/js/?C=M;O=A HTTP/1.1" 200 1827 "-" "Mozilla/5.0 (compatible; BLEXBot/1.0; +https://help.seranking.com/en/blex-crawler)"
37.27.59.134 - - [13/Sep/2025:17:18:11 -0300] "GET /static/assets/50f19907/js/?C=M;O=A HTTP/1.1" 200 1827 "-" "Mozilla/5.0 (compatible; BLEXBot/1.0; +https://help.seranking.com/en/blex-crawler)"
37.27.59.134 - - [13/Sep/2025:17:18:23 -0300] "GET /static/assets/50f19907/js/?C=N;O=D HTTP/1.1" 200 1827 "-" "Mozilla/5.0 (compatible; BLEXBot/1.0; +https://help.seranking.com/en/blex-crawler)"
37.27.59.134 - - [13/Sep/2025:17:18:33 -0300] "GET /static/assets/50f19907/js/?C=N;O=D HTTP/1.1" 200 1827 "-" "Mozilla/5.0 (compatible; BLEXBot/1.0; +https://help.seranking.com/en/blex-crawler)"
37.27.59.134 - - [13/Sep/2025:17:19:10 -0300] "GET /static/assets/50f19907/js/?C=S;O=A HTTP/1.1" 200 1827 "-" "Mozilla/5.0 (compatible; BLEXBot/1.0; +https://help.seranking.com/en/blex-crawler)"
37.27.59.134 - - [13/Sep/2025:17:19:49 -0300] "GET /static/assets/50f19907/js/?C=S;O=A HTTP/1.1" 200 1827 "-" "Mozilla/5.0 (compatible; BLEXBot/1.0; +https://help.seranking.com/en/blex-crawler)"
66.249.77.12 - - [13/Sep/2025:17:20:13 -0300] "GET /assets/e3647b5b/module_image.png HTTP/1.1" 200 12232 "-" "Googlebot-Image/1.0"
37.27.59.134 - - [13/Sep/2025:17:20:47 -0300] "GET /static/assets/677ab8ef/js/?C=D;O=A HTTP/1.1" 200 845 "-" "Mozilla/5.0 (compatible; BLEXBot/1.0; +https://help.seranking.com/en/blex-crawler)"
37.27.59.134 - - [13/Sep/2025:17:21:10 -0300] "GET /static/assets/677ab8ef/js/?C=D;O=A HTTP/1.1" 200 845 "-" "Mozilla/5.0 (compatible; BLEXBot/1.0; +https://help.seranking.com/en/blex-crawler)"
37.27.59.134 - - [13/Sep/2025:17:21:22 -0300] "GET /static/assets/677ab8ef/js/?C=M;O=A HTTP/1.1" 200 845 "-" "Mozilla/5.0 (compatible; BLEXBot/1.0; +https://help.seranking.com/en/blex-crawler)"
37.27.59.134 - - [13/Sep/2025:17:22:48 -0300] "GET /static/assets/677ab8ef/js/?C=M;O=A HTTP/1.1" 200 845 "-" "Mozilla/5.0 (compatible; BLEXBot/1.0; +https://help.seranking.com/en/blex-crawler)"
37.27.59.134 - - [13/Sep/2025:17:23:07 -0300] "GET /static/assets/677ab8ef/js/?C=N;O=D HTTP/1.1" 200 845 "-" "Mozilla/5.0 (compatible; BLEXBot/1.0; +https://help.seranking.com/en/blex-crawler)"
37.27.59.134 - - [13/Sep/2025:17:23:20 -0300] "GET /static/assets/677ab8ef/js/?C=N;O=D HTTP/1.1" 200 845 "-" "Mozilla/5.0 (compatible; BLEXBot/1.0; +https://help.seranking.com/en/blex-crawler)"
37.27.59.134 - - [13/Sep/2025:17:24:10 -0300] "GET /static/assets/677ab8ef/js/?C=S;O=A HTTP/1.1" 200 845 "-" "Mozilla/5.0 (compatible; BLEXBot/1.0; +https://help.seranking.com/en/blex-crawler)"
37.27.59.134 - - [13/Sep/2025:17:24:25 -0300] "GET /static/assets/677ab8ef/js/?C=S;O=A HTTP/1.1" 200 845 "-" "Mozilla/5.0 (compatible; BLEXBot/1.0; +https://help.seranking.com/en/blex-crawler)"
37.27.59.134 - - [13/Sep/2025:17:24:57 -0300] "GET /static/assets/6bf92961/js/?C=D;O=A HTTP/1.1" 200 1037 "-" "Mozilla/5.0 (compatible; BLEXBot/1.0; +https://help.seranking.com/en/blex-crawler)"
37.27.59.134 - - [13/Sep/2025:17:25:11 -0300] "GET /static/assets/6bf92961/js/?C=D;O=A HTTP/1.1" 200 1037 "-" "Mozilla/5.0 (compatible; BLEXBot/1.0; +https://help.seranking.com/en/blex-crawler)"
66.249.72.232 - - [13/Sep/2025:17:25:20 -0300] "GET /static/img/emoji/TiredFace.svg HTTP/1.1" 200 1345 "-" "Googlebot-Image/1.0"
37.27.59.134 - - [13/Sep/2025:17:25:45 -0300] "GET /static/assets/6bf92961/js/?C=M;O=A HTTP/1.1" 200 1037 "-" "Mozilla/5.0 (compatible; BLEXBot/1.0; +https://help.seranking.com/en/blex-crawler)"
37.27.59.134 - - [13/Sep/2025:17:25:57 -0300] "GET /static/assets/6bf92961/js/?C=M;O=A HTTP/1.1" 200 1037 "-" "Mozilla/5.0 (compatible; BLEXBot/1.0; +https://help.seranking.com/en/blex-crawler)"
37.27.59.134 - - [13/Sep/2025:17:26:26 -0300] "GET /static/assets/6bf92961/js/?C=N;O=D HTTP/1.1" 200 1037 "-" "Mozilla/5.0 (compatible; BLEXBot/1.0; +https://help.seranking.com/en/blex-crawler)"
37.27.59.134 - - [13/Sep/2025:17:27:32 -0300] "GET /static/assets/6bf92961/js/?C=N;O=D HTTP/1.1" 200 1037 "-" "Mozilla/5.0 (compatible; BLEXBot/1.0; +https://help.seranking.com/en/blex-crawler)"
37.27.59.134 - - [13/Sep/2025:17:27:59 -0300] "GET /static/assets/6bf92961/js/?C=S;O=A HTTP/1.1" 200 1037 "-" "Mozilla/5.0 (compatible; BLEXBot/1.0; +https://help.seranking.com/en/blex-crawler)"
37.27.59.134 - - [13/Sep/2025:17:28:09 -0300] "GET /static/assets/6bf92961/js/?C=S;O=A HTTP/1.1" 200 1037 "-" "Mozilla/5.0 (compatible; BLEXBot/1.0; +https://help.seranking.com/en/blex-crawler)"
37.27.59.134 - - [13/Sep/2025:17:28:45 -0300] "GET /static/assets/78fad69a/js/?C=D;O=A HTTP/1.1" 200 1434 "-" "Mozilla/5.0 (compatible; BLEXBot/1.0; +https://help.seranking.com/en/blex-crawler)"
37.27.59.134 - - [13/Sep/2025:17:28:57 -0300] "GET /static/assets/78fad69a/js/?C=D;O=A HTTP/1.1" 200 1434 "-" "Mozilla/5.0 (compatible; BLEXBot/1.0; +https://help.seranking.com/en/blex-crawler)"
37.27.59.134 - - [13/Sep/2025:17:29:40 -0300] "GET /static/assets/78fad69a/js/?C=M;O=A HTTP/1.1" 200 1434 "-" "Mozilla/5.0 (compatible; BLEXBot/1.0; +https://help.seranking.com/en/blex-crawler)"
37.27.59.134 - - [13/Sep/2025:17:30:26 -0300] "GET /static/assets/78fad69a/js/?C=M;O=A HTTP/1.1" 200 1434 "-" "Mozilla/5.0 (compatible; BLEXBot/1.0; +https://help.seranking.com/en/blex-crawler)"
37.27.59.134 - - [13/Sep/2025:17:30:56 -0300] "GET /static/assets/78fad69a/js/?C=N;O=D HTTP/1.1" 200 1434 "-" "Mozilla/5.0 (compatible; BLEXBot/1.0; +https://help.seranking.com/en/blex-crawler)"
37.27.59.134 - - [13/Sep/2025:17:31:17 -0300] "GET /static/assets/78fad69a/js/?C=N;O=D HTTP/1.1" 200 1434 "-" "Mozilla/5.0 (compatible; BLEXBot/1.0; +https://help.seranking.com/en/blex-crawler)"
37.27.59.134 - - [13/Sep/2025:17:31:45 -0300] "GET /static/assets/78fad69a/js/?C=S;O=A HTTP/1.1" 200 1434 "-" "Mozilla/5.0 (compatible; BLEXBot/1.0; +https://help.seranking.com/en/blex-crawler)"
37.27.59.134 - - [13/Sep/2025:17:32:13 -0300] "GET /static/assets/78fad69a/js/?C=S;O=A HTTP/1.1" 200 1434 "-" "Mozilla/5.0 (compatible; BLEXBot/1.0; +https://help.seranking.com/en/blex-crawler)"
37.27.59.134 - - [13/Sep/2025:17:32:52 -0300] "GET /static/assets/9e2ce8c4/js/?C=D;O=A HTTP/1.1" 200 1201 "-" "Mozilla/5.0 (compatible; BLEXBot/1.0; +https://help.seranking.com/en/blex-crawler)"
37.27.59.134 - - [13/Sep/2025:17:33:06 -0300] "GET /static/assets/9e2ce8c4/js/?C=D;O=A HTTP/1.1" 200 1201 "-" "Mozilla/5.0 (compatible; BLEXBot/1.0; +https://help.seranking.com/en/blex-crawler)"
185.191.171.1 - - [13/Sep/2025:17:33:46 -0300] "GET /robots.txt HTTP/1.1" 404 - "-" "Mozilla/5.0 (compatible; SemrushBot/7~bl; +http://www.semrush.com/bot.html)"
85.208.96.199 - - [13/Sep/2025:17:33:46 -0300] "GET /assets/3f434aa4/ HTTP/1.1" 200 10740 "-" "Mozilla/5.0 (compatible; SemrushBot/7~bl; +http://www.semrush.com/bot.html)"
37.27.59.134 - - [13/Sep/2025:17:34:03 -0300] "GET /static/assets/9e2ce8c4/js/?C=M;O=A HTTP/1.1" 200 1201 "-" "Mozilla/5.0 (compatible; BLEXBot/1.0; +https://help.seranking.com/en/blex-crawler)"
37.27.59.134 - - [13/Sep/2025:17:34:39 -0300] "GET /static/assets/9e2ce8c4/js/?C=M;O=A HTTP/1.1" 200 1201 "-" "Mozilla/5.0 (compatible; BLEXBot/1.0; +https://help.seranking.com/en/blex-crawler)"
37.27.59.134 - - [13/Sep/2025:17:35:20 -0300] "GET /static/assets/9e2ce8c4/js/?C=N;O=D HTTP/1.1" 200 1201 "-" "Mozilla/5.0 (compatible; BLEXBot/1.0; +https://help.seranking.com/en/blex-crawler)"
37.27.59.134 - - [13/Sep/2025:17:35:32 -0300] "GET /static/assets/9e2ce8c4/js/?C=N;O=D HTTP/1.1" 200 1201 "-" "Mozilla/5.0 (compatible; BLEXBot/1.0; +https://help.seranking.com/en/blex-crawler)"
37.27.59.134 - - [13/Sep/2025:17:36:26 -0300] "GET /static/assets/9e2ce8c4/js/?C=S;O=A HTTP/1.1" 200 1201 "-" "Mozilla/5.0 (compatible; BLEXBot/1.0; +https://help.seranking.com/en/blex-crawler)"
37.27.59.134 - - [13/Sep/2025:17:37:13 -0300] "GET /static/assets/9e2ce8c4/js/?C=S;O=A HTTP/1.1" 200 1201 "-" "Mozilla/5.0 (compatible; BLEXBot/1.0; +https://help.seranking.com/en/blex-crawler)"
37.27.59.134 - - [13/Sep/2025:17:37:55 -0300] "GET /static/assets/a59d3f98/ui/?C=D;O=A HTTP/1.1" 200 5141 "-" "Mozilla/5.0 (compatible; BLEXBot/1.0; +https://help.seranking.com/en/blex-crawler)"
37.27.59.134 - - [13/Sep/2025:17:38:57 -0300] "GET /static/assets/a59d3f98/ui/?C=D;O=A HTTP/1.1" 200 5141 "-" "Mozilla/5.0 (compatible; BLEXBot/1.0; +https://help.seranking.com/en/blex-crawler)"
37.27.59.134 - - [13/Sep/2025:17:39:24 -0300] "GET /static/assets/a59d3f98/ui/?C=M;O=A HTTP/1.1" 200 5141 "-" "Mozilla/5.0 (compatible; BLEXBot/1.0; +https://help.seranking.com/en/blex-crawler)"
37.27.59.134 - - [13/Sep/2025:17:40:17 -0300] "GET /static/assets/a59d3f98/ui/?C=M;O=A HTTP/1.1" 200 5141 "-" "Mozilla/5.0 (compatible; BLEXBot/1.0; +https://help.seranking.com/en/blex-crawler)"
37.27.59.134 - - [13/Sep/2025:17:40:48 -0300] "GET /static/assets/a59d3f98/ui/?C=N;O=D HTTP/1.1" 200 5141 "-" "Mozilla/5.0 (compatible; BLEXBot/1.0; +https://help.seranking.com/en/blex-crawler)"
37.27.59.134 - - [13/Sep/2025:17:40:59 -0300] "GET /static/assets/a59d3f98/ui/?C=N;O=D HTTP/1.1" 200 5141 "-" "Mozilla/5.0 (compatible; BLEXBot/1.0; +https://help.seranking.com/en/blex-crawler)"
37.27.59.134 - - [13/Sep/2025:17:41:47 -0300] "GET /static/assets/a59d3f98/ui/?C=S;O=A HTTP/1.1" 200 5141 "-" "Mozilla/5.0 (compatible; BLEXBot/1.0; +https://help.seranking.com/en/blex-crawler)"
37.27.59.134 - - [13/Sep/2025:17:42:08 -0300] "GET /static/assets/a59d3f98/ui/?C=S;O=A HTTP/1.1" 200 5141 "-" "Mozilla/5.0 (compatible; BLEXBot/1.0; +https://help.seranking.com/en/blex-crawler)"
66.249.77.11 - - [13/Sep/2025:17:45:23 -0300] "GET /assets/9d74ea14/screen2.PNG HTTP/1.1" 200 50454 "-" "Googlebot-Image/1.0"
37.27.59.134 - - [13/Sep/2025:17:47:31 -0300] "GET /static/assets/cdf58f16/js/?C=D;O=A HTTP/1.1" 200 850 "-" "Mozilla/5.0 (compatible; BLEXBot/1.0; +https://help.seranking.com/en/blex-crawler)"
37.27.59.134 - - [13/Sep/2025:17:47:48 -0300] "GET /static/assets/cdf58f16/js/?C=D;O=A HTTP/1.1" 200 850 "-" "Mozilla/5.0 (compatible; BLEXBot/1.0; +https://help.seranking.com/en/blex-crawler)"
37.27.59.134 - - [13/Sep/2025:17:49:20 -0300] "GET /static/assets/cdf58f16/js/?C=M;O=A HTTP/1.1" 200 850 "-" "Mozilla/5.0 (compatible; BLEXBot/1.0; +https://help.seranking.com/en/blex-crawler)"
37.27.59.134 - - [13/Sep/2025:17:50:20 -0300] "GET /static/assets/cdf58f16/js/?C=M;O=A HTTP/1.1" 200 850 "-" "Mozilla/5.0 (compatible; BLEXBot/1.0; +https://help.seranking.com/en/blex-crawler)"
37.27.59.134 - - [13/Sep/2025:17:50:34 -0300] "GET /static/assets/cdf58f16/js/?C=N;O=D HTTP/1.1" 200 850 "-" "Mozilla/5.0 (compatible; BLEXBot/1.0; +https://help.seranking.com/en/blex-crawler)"
37.27.59.134 - - [13/Sep/2025:17:51:31 -0300] "GET /static/assets/cdf58f16/js/?C=N;O=D HTTP/1.1" 200 850 "-" "Mozilla/5.0 (compatible; BLEXBot/1.0; +https://help.seranking.com/en/blex-crawler)"
37.27.59.134 - - [13/Sep/2025:17:51:52 -0300] "GET /static/assets/cdf58f16/js/?C=S;O=A HTTP/1.1" 200 850 "-" "Mozilla/5.0 (compatible; BLEXBot/1.0; +https://help.seranking.com/en/blex-crawler)"
66.249.77.11 - - [13/Sep/2025:17:52:26 -0300] "GET /assets/19076be7/file-movie-o.svg HTTP/1.1" 200 538 "-" "Googlebot-Image/1.0"
37.27.59.134 - - [13/Sep/2025:17:52:40 -0300] "GET /static/assets/cdf58f16/js/?C=S;O=A HTTP/1.1" 200 850 "-" "Mozilla/5.0 (compatible; BLEXBot/1.0; +https://help.seranking.com/en/blex-crawler)"
37.27.59.134 - - [13/Sep/2025:17:53:05 -0300] "GET /static/assets/e391d52a/js/?C=D;O=A HTTP/1.1" 200 1219 "-" "Mozilla/5.0 (compatible; BLEXBot/1.0; +https://help.seranking.com/en/blex-crawler)"
37.27.59.134 - - [13/Sep/2025:17:53:13 -0300] "GET /static/assets/e391d52a/js/?C=D;O=A HTTP/1.1" 200 1219 "-" "Mozilla/5.0 (compatible; BLEXBot/1.0; +https://help.seranking.com/en/blex-crawler)"
37.27.59.134 - - [13/Sep/2025:17:53:28 -0300] "GET /static/assets/e391d52a/js/?C=M;O=A HTTP/1.1" 200 1219 "-" "Mozilla/5.0 (compatible; BLEXBot/1.0; +https://help.seranking.com/en/blex-crawler)"
37.27.59.134 - - [13/Sep/2025:17:54:03 -0300] "GET /static/assets/e391d52a/js/?C=M;O=A HTTP/1.1" 200 1219 "-" "Mozilla/5.0 (compatible; BLEXBot/1.0; +https://help.seranking.com/en/blex-crawler)"
37.27.59.134 - - [13/Sep/2025:17:54:15 -0300] "GET /static/assets/e391d52a/js/?C=N;O=D HTTP/1.1" 200 1219 "-" "Mozilla/5.0 (compatible; BLEXBot/1.0; +https://help.seranking.com/en/blex-crawler)"
37.27.59.134 - - [13/Sep/2025:17:54:27 -0300] "GET /static/assets/e391d52a/js/?C=N;O=D HTTP/1.1" 200 1219 "-" "Mozilla/5.0 (compatible; BLEXBot/1.0; +https://help.seranking.com/en/blex-crawler)"
37.27.59.134 - - [13/Sep/2025:17:55:16 -0300] "GET /static/assets/e391d52a/js/?C=S;O=A HTTP/1.1" 200 1219 "-" "Mozilla/5.0 (compatible; BLEXBot/1.0; +https://help.seranking.com/en/blex-crawler)"
37.27.59.134 - - [13/Sep/2025:17:55:29 -0300] "GET /static/assets/e391d52a/js/?C=S;O=A HTTP/1.1" 200 1219 "-" "Mozilla/5.0 (compatible; BLEXBot/1.0; +https://help.seranking.com/en/blex-crawler)"
37.27.59.134 - - [13/Sep/2025:17:56:03 -0300] "GET /static/assets/e68e60fe/js/?C=D;O=A HTTP/1.1" 200 845 "-" "Mozilla/5.0 (compatible; BLEXBot/1.0; +https://help.seranking.com/en/blex-crawler)"
37.27.59.134 - - [13/Sep/2025:17:56:21 -0300] "GET /static/assets/e68e60fe/js/?C=D;O=A HTTP/1.1" 200 845 "-" "Mozilla/5.0 (compatible; BLEXBot/1.0; +https://help.seranking.com/en/blex-crawler)"
37.27.59.134 - - [13/Sep/2025:17:57:25 -0300] "GET /static/assets/e68e60fe/js/?C=M;O=A HTTP/1.1" 200 845 "-" "Mozilla/5.0 (compatible; BLEXBot/1.0; +https://help.seranking.com/en/blex-crawler)"
37.27.59.134 - - [13/Sep/2025:17:58:45 -0300] "GET /static/assets/e68e60fe/js/?C=M;O=A HTTP/1.1" 200 845 "-" "Mozilla/5.0 (compatible; BLEXBot/1.0; +https://help.seranking.com/en/blex-crawler)"
37.27.59.134 - - [13/Sep/2025:17:59:02 -0300] "GET /static/assets/e68e60fe/js/?C=N;O=D HTTP/1.1" 200 845 "-" "Mozilla/5.0 (compatible; BLEXBot/1.0; +https://help.seranking.com/en/blex-crawler)"
37.27.59.134 - - [13/Sep/2025:17:59:43 -0300] "GET /static/assets/e68e60fe/js/?C=N;O=D HTTP/1.1" 200 845 "-" "Mozilla/5.0 (compatible; BLEXBot/1.0; +https://help.seranking.com/en/blex-crawler)"
37.27.59.134 - - [13/Sep/2025:18:00:07 -0300] "GET /static/assets/e68e60fe/js/?C=S;O=A HTTP/1.1" 200 845 "-" "Mozilla/5.0 (compatible; BLEXBot/1.0; +https://help.seranking.com/en/blex-crawler)"
37.27.59.134 - - [13/Sep/2025:18:00:32 -0300] "GET /static/assets/e68e60fe/js/?C=S;O=A HTTP/1.1" 200 845 "-" "Mozilla/5.0 (compatible; BLEXBot/1.0; +https://help.seranking.com/en/blex-crawler)"
37.27.59.134 - - [13/Sep/2025:18:00:41 -0300] "GET /static/assets/f97692f9/js/?C=D;O=A HTTP/1.1" 200 853 "-" "Mozilla/5.0 (compatible; BLEXBot/1.0; +https://help.seranking.com/en/blex-crawler)"
37.27.59.134 - - [13/Sep/2025:18:00:53 -0300] "GET /static/assets/f97692f9/js/?C=D;O=A HTTP/1.1" 200 853 "-" "Mozilla/5.0 (compatible; BLEXBot/1.0; +https://help.seranking.com/en/blex-crawler)"
66.249.77.11 - - [13/Sep/2025:18:00:59 -0300] "GET /assets/97977d77/ico/apple-icon-72x72.png HTTP/1.1" 200 2185 "-" "Googlebot-Image/1.0"
37.27.59.134 - - [13/Sep/2025:18:01:21 -0300] "GET /static/assets/f97692f9/js/?C=M;O=A HTTP/1.1" 200 853 "-" "Mozilla/5.0 (compatible; BLEXBot/1.0; +https://help.seranking.com/en/blex-crawler)"
37.27.59.134 - - [13/Sep/2025:18:01:45 -0300] "GET /static/assets/f97692f9/js/?C=M;O=A HTTP/1.1" 200 853 "-" "Mozilla/5.0 (compatible; BLEXBot/1.0; +https://help.seranking.com/en/blex-crawler)"
37.27.59.134 - - [13/Sep/2025:18:01:49 -0300] "GET /static/assets/f97692f9/js/?C=N;O=D HTTP/1.1" 200 853 "-" "Mozilla/5.0 (compatible; BLEXBot/1.0; +https://help.seranking.com/en/blex-crawler)"
37.27.59.134 - - [13/Sep/2025:18:02:13 -0300] "GET /static/assets/f97692f9/js/?C=N;O=D HTTP/1.1" 200 853 "-" "Mozilla/5.0 (compatible; BLEXBot/1.0; +https://help.seranking.com/en/blex-crawler)"
37.27.59.134 - - [13/Sep/2025:18:02:26 -0300] "GET /static/assets/f97692f9/js/?C=S;O=A HTTP/1.1" 200 853 "-" "Mozilla/5.0 (compatible; BLEXBot/1.0; +https://help.seranking.com/en/blex-crawler)"
37.27.59.134 - - [13/Sep/2025:18:03:00 -0300] "GET /static/assets/f97692f9/js/?C=S;O=A HTTP/1.1" 200 853 "-" "Mozilla/5.0 (compatible; BLEXBot/1.0; +https://help.seranking.com/en/blex-crawler)"
37.27.59.134 - - [13/Sep/2025:18:03:09 -0300] "GET /static/assets/ffec2678/js/?C=D;O=A HTTP/1.1" 200 845 "-" "Mozilla/5.0 (compatible; BLEXBot/1.0; +https://help.seranking.com/en/blex-crawler)"
37.27.59.134 - - [13/Sep/2025:18:03:30 -0300] "GET /static/assets/ffec2678/js/?C=D;O=A HTTP/1.1" 200 845 "-" "Mozilla/5.0 (compatible; BLEXBot/1.0; +https://help.seranking.com/en/blex-crawler)"
37.27.59.134 - - [13/Sep/2025:18:03:57 -0300] "GET /static/assets/ffec2678/js/?C=M;O=A HTTP/1.1" 200 845 "-" "Mozilla/5.0 (compatible; BLEXBot/1.0; +https://help.seranking.com/en/blex-crawler)"
37.27.59.134 - - [13/Sep/2025:18:04:05 -0300] "GET /static/assets/ffec2678/js/?C=M;O=A HTTP/1.1" 200 845 "-" "Mozilla/5.0 (compatible; BLEXBot/1.0; +https://help.seranking.com/en/blex-crawler)"
37.27.59.134 - - [13/Sep/2025:18:04:36 -0300] "GET /static/assets/ffec2678/js/?C=N;O=D HTTP/1.1" 200 845 "-" "Mozilla/5.0 (compatible; BLEXBot/1.0; +https://help.seranking.com/en/blex-crawler)"
37.27.59.134 - - [13/Sep/2025:18:04:47 -0300] "GET /static/assets/ffec2678/js/?C=N;O=D HTTP/1.1" 200 845 "-" "Mozilla/5.0 (compatible; BLEXBot/1.0; +https://help.seranking.com/en/blex-crawler)"
37.27.59.134 - - [13/Sep/2025:18:05:50 -0300] "GET /static/assets/ffec2678/js/?C=S;O=A HTTP/1.1" 200 845 "-" "Mozilla/5.0 (compatible; BLEXBot/1.0; +https://help.seranking.com/en/blex-crawler)"
37.27.59.134 - - [13/Sep/2025:18:06:25 -0300] "GET /static/assets/ffec2678/js/?C=S;O=A HTTP/1.1" 200 845 "-" "Mozilla/5.0 (compatible; BLEXBot/1.0; +https://help.seranking.com/en/blex-crawler)"
37.27.59.134 - - [13/Sep/2025:18:06:56 -0300] "GET /static/js/colorpicker/css/?C=D;O=A HTTP/1.1" 200 862 "-" "Mozilla/5.0 (compatible; BLEXBot/1.0; +https://help.seranking.com/en/blex-crawler)"
37.27.59.134 - - [13/Sep/2025:18:07:31 -0300] "GET /static/js/colorpicker/css/?C=D;O=A HTTP/1.1" 200 862 "-" "Mozilla/5.0 (compatible; BLEXBot/1.0; +https://help.seranking.com/en/blex-crawler)"
37.27.59.134 - - [13/Sep/2025:18:08:12 -0300] "GET /static/js/colorpicker/css/?C=M;O=A HTTP/1.1" 200 862 "-" "Mozilla/5.0 (compatible; BLEXBot/1.0; +https://help.seranking.com/en/blex-crawler)"
37.27.59.134 - - [13/Sep/2025:18:08:18 -0300] "GET /static/js/colorpicker/css/?C=M;O=A HTTP/1.1" 200 862 "-" "Mozilla/5.0 (compatible; BLEXBot/1.0; +https://help.seranking.com/en/blex-crawler)"
37.27.59.134 - - [13/Sep/2025:18:08:36 -0300] "GET /static/js/colorpicker/css/?C=N;O=D HTTP/1.1" 200 862 "-" "Mozilla/5.0 (compatible; BLEXBot/1.0; +https://help.seranking.com/en/blex-crawler)"
37.27.59.134 - - [13/Sep/2025:18:08:44 -0300] "GET /static/js/colorpicker/css/?C=N;O=D HTTP/1.1" 200 862 "-" "Mozilla/5.0 (compatible; BLEXBot/1.0; +https://help.seranking.com/en/blex-crawler)"
37.27.59.134 - - [13/Sep/2025:18:09:28 -0300] "GET /static/js/colorpicker/css/?C=S;O=A HTTP/1.1" 200 862 "-" "Mozilla/5.0 (compatible; BLEXBot/1.0; +https://help.seranking.com/en/blex-crawler)"
37.27.59.134 - - [13/Sep/2025:18:09:40 -0300] "GET /static/js/colorpicker/css/?C=S;O=A HTTP/1.1" 200 862 "-" "Mozilla/5.0 (compatible; BLEXBot/1.0; +https://help.seranking.com/en/blex-crawler)"
37.27.59.134 - - [13/Sep/2025:18:10:41 -0300] "GET /static/js/colorpicker/img/?C=D;O=A HTTP/1.1" 200 852 "-" "Mozilla/5.0 (compatible; BLEXBot/1.0; +https://help.seranking.com/en/blex-crawler)"
37.27.59.134 - - [13/Sep/2025:18:11:23 -0300] "GET /static/js/colorpicker/img/?C=D;O=A HTTP/1.1" 200 852 "-" "Mozilla/5.0 (compatible; BLEXBot/1.0; +https://help.seranking.com/en/blex-crawler)"
37.27.59.134 - - [13/Sep/2025:18:11:28 -0300] "GET /static/js/colorpicker/img/?C=M;O=A HTTP/1.1" 200 852 "-" "Mozilla/5.0 (compatible; BLEXBot/1.0; +https://help.seranking.com/en/blex-crawler)"
37.27.59.134 - - [13/Sep/2025:18:12:12 -0300] "GET /static/js/colorpicker/img/?C=M;O=A HTTP/1.1" 200 852 "-" "Mozilla/5.0 (compatible; BLEXBot/1.0; +https://help.seranking.com/en/blex-crawler)"
37.27.59.134 - - [13/Sep/2025:18:12:27 -0300] "GET /static/js/colorpicker/img/?C=N;O=D HTTP/1.1" 200 852 "-" "Mozilla/5.0 (compatible; BLEXBot/1.0; +https://help.seranking.com/en/blex-crawler)"
37.27.59.134 - - [13/Sep/2025:18:13:00 -0300] "GET /static/js/colorpicker/img/?C=N;O=D HTTP/1.1" 200 852 "-" "Mozilla/5.0 (compatible; BLEXBot/1.0; +https://help.seranking.com/en/blex-crawler)"
37.27.59.134 - - [13/Sep/2025:18:13:56 -0300] "GET /static/js/colorpicker/img/?C=S;O=A HTTP/1.1" 200 852 "-" "Mozilla/5.0 (compatible; BLEXBot/1.0; +https://help.seranking.com/en/blex-crawler)"
37.27.59.134 - - [13/Sep/2025:18:15:34 -0300] "GET /static/js/colorpicker/img/?C=S;O=A HTTP/1.1" 200 852 "-" "Mozilla/5.0 (compatible; BLEXBot/1.0; +https://help.seranking.com/en/blex-crawler)"
66.249.77.12 - - [13/Sep/2025:18:15:35 -0300] "GET /static/fonts/open-sans/open-sans-v17-latin-600.svg HTTP/1.1" 200 55812 "-" "Googlebot-Image/1.0"
37.27.59.134 - - [13/Sep/2025:18:19:56 -0300] "GET /assets/2ec6b270/ui/effects/?C=D;O=A HTTP/1.1" 200 3412 "-" "Mozilla/5.0 (compatible; BLEXBot/1.0; +https://help.seranking.com/en/blex-crawler)"
37.27.59.134 - - [13/Sep/2025:18:20:12 -0300] "GET /assets/2ec6b270/ui/effects/?C=D;O=A HTTP/1.1" 200 3412 "-" "Mozilla/5.0 (compatible; BLEXBot/1.0; +https://help.seranking.com/en/blex-crawler)"
37.27.59.134 - - [13/Sep/2025:18:20:39 -0300] "GET /assets/2ec6b270/ui/effects/?C=M;O=A HTTP/1.1" 200 3412 "-" "Mozilla/5.0 (compatible; BLEXBot/1.0; +https://help.seranking.com/en/blex-crawler)"
37.27.59.134 - - [13/Sep/2025:18:21:04 -0300] "GET /assets/2ec6b270/ui/effects/?C=M;O=A HTTP/1.1" 200 3412 "-" "Mozilla/5.0 (compatible; BLEXBot/1.0; +https://help.seranking.com/en/blex-crawler)"
37.27.59.134 - - [13/Sep/2025:18:21:34 -0300] "GET /assets/2ec6b270/ui/effects/?C=N;O=D HTTP/1.1" 200 3412 "-" "Mozilla/5.0 (compatible; BLEXBot/1.0; +https://help.seranking.com/en/blex-crawler)"
37.27.59.134 - - [13/Sep/2025:18:21:47 -0300] "GET /assets/2ec6b270/ui/effects/?C=N;O=D HTTP/1.1" 200 3412 "-" "Mozilla/5.0 (compatible; BLEXBot/1.0; +https://help.seranking.com/en/blex-crawler)"
37.27.59.134 - - [13/Sep/2025:18:21:56 -0300] "GET /assets/2ec6b270/ui/effects/?C=S;O=A HTTP/1.1" 200 3412 "-" "Mozilla/5.0 (compatible; BLEXBot/1.0; +https://help.seranking.com/en/blex-crawler)"
37.27.59.134 - - [13/Sep/2025:18:22:29 -0300] "GET /assets/2ec6b270/ui/effects/?C=S;O=A HTTP/1.1" 200 3412 "-" "Mozilla/5.0 (compatible; BLEXBot/1.0; +https://help.seranking.com/en/blex-crawler)"
66.249.77.13 - - [13/Sep/2025:18:22:38 -0300] "GET /assets/19076be7/screen3.PNG HTTP/1.1" 200 70958 "-" "Googlebot-Image/1.0"
37.27.59.134 - - [13/Sep/2025:18:22:48 -0300] "GET /assets/2ec6b270/ui/widgets/?C=D;O=A HTTP/1.1" 200 4248 "-" "Mozilla/5.0 (compatible; BLEXBot/1.0; +https://help.seranking.com/en/blex-crawler)"
37.27.59.134 - - [13/Sep/2025:18:23:07 -0300] "GET /assets/2ec6b270/ui/widgets/?C=D;O=A HTTP/1.1" 200 4248 "-" "Mozilla/5.0 (compatible; BLEXBot/1.0; +https://help.seranking.com/en/blex-crawler)"
37.27.59.134 - - [13/Sep/2025:18:23:41 -0300] "GET /assets/2ec6b270/ui/widgets/?C=M;O=A HTTP/1.1" 200 4248 "-" "Mozilla/5.0 (compatible; BLEXBot/1.0; +https://help.seranking.com/en/blex-crawler)"
37.27.59.134 - - [13/Sep/2025:18:24:07 -0300] "GET /assets/2ec6b270/ui/widgets/?C=M;O=A HTTP/1.1" 200 4248 "-" "Mozilla/5.0 (compatible; BLEXBot/1.0; +https://help.seranking.com/en/blex-crawler)"
37.27.59.134 - - [13/Sep/2025:18:24:40 -0300] "GET /assets/2ec6b270/ui/widgets/?C=N;O=D HTTP/1.1" 200 4248 "-" "Mozilla/5.0 (compatible; BLEXBot/1.0; +https://help.seranking.com/en/blex-crawler)"
37.27.59.134 - - [13/Sep/2025:18:24:48 -0300] "GET /assets/2ec6b270/ui/widgets/?C=N;O=D HTTP/1.1" 200 4248 "-" "Mozilla/5.0 (compatible; BLEXBot/1.0; +https://help.seranking.com/en/blex-crawler)"
37.27.59.134 - - [13/Sep/2025:18:25:06 -0300] "GET /assets/2ec6b270/ui/widgets/?C=S;O=A HTTP/1.1" 200 4248 "-" "Mozilla/5.0 (compatible; BLEXBot/1.0; +https://help.seranking.com/en/blex-crawler)"
37.27.59.134 - - [13/Sep/2025:18:25:15 -0300] "GET /assets/2ec6b270/ui/widgets/?C=S;O=A HTTP/1.1" 200 4248 "-" "Mozilla/5.0 (compatible; BLEXBot/1.0; +https://help.seranking.com/en/blex-crawler)"
37.27.59.134 - - [13/Sep/2025:18:28:07 -0300] "GET /assets/374a8aa5/codemirror/?C=D;O=A HTTP/1.1" 200 1548 "-" "Mozilla/5.0 (compatible; BLEXBot/1.0; +https://help.seranking.com/en/blex-crawler)"
37.27.59.134 - - [13/Sep/2025:18:28:22 -0300] "GET /assets/374a8aa5/codemirror/?C=D;O=A HTTP/1.1" 200 1548 "-" "Mozilla/5.0 (compatible; BLEXBot/1.0; +https://help.seranking.com/en/blex-crawler)"
37.27.59.134 - - [13/Sep/2025:18:28:31 -0300] "GET /assets/374a8aa5/codemirror/?C=M;O=A HTTP/1.1" 200 1548 "-" "Mozilla/5.0 (compatible; BLEXBot/1.0; +https://help.seranking.com/en/blex-crawler)"
37.27.59.134 - - [13/Sep/2025:18:28:38 -0300] "GET /assets/374a8aa5/codemirror/?C=M;O=A HTTP/1.1" 200 1548 "-" "Mozilla/5.0 (compatible; BLEXBot/1.0; +https://help.seranking.com/en/blex-crawler)"
37.27.59.134 - - [13/Sep/2025:18:29:07 -0300] "GET /assets/374a8aa5/codemirror/?C=N;O=D HTTP/1.1" 200 1548 "-" "Mozilla/5.0 (compatible; BLEXBot/1.0; +https://help.seranking.com/en/blex-crawler)"
37.27.59.134 - - [13/Sep/2025:18:29:20 -0300] "GET /assets/374a8aa5/codemirror/?C=N;O=D HTTP/1.1" 200 1548 "-" "Mozilla/5.0 (compatible; BLEXBot/1.0; +https://help.seranking.com/en/blex-crawler)"
37.27.59.134 - - [13/Sep/2025:18:29:44 -0300] "GET /assets/374a8aa5/codemirror/?C=S;O=A HTTP/1.1" 200 1548 "-" "Mozilla/5.0 (compatible; BLEXBot/1.0; +https://help.seranking.com/en/blex-crawler)"
37.27.59.134 - - [13/Sep/2025:18:29:51 -0300] "GET /assets/374a8aa5/codemirror/?C=S;O=A HTTP/1.1" 200 1548 "-" "Mozilla/5.0 (compatible; BLEXBot/1.0; +https://help.seranking.com/en/blex-crawler)"
37.27.59.134 - - [13/Sep/2025:18:31:08 -0300] "GET /assets/4f07b091/ui/effects/?C=D;O=A HTTP/1.1" 200 3412 "-" "Mozilla/5.0 (compatible; BLEXBot/1.0; +https://help.seranking.com/en/blex-crawler)"
37.27.59.134 - - [13/Sep/2025:18:31:45 -0300] "GET /assets/4f07b091/ui/effects/?C=D;O=A HTTP/1.1" 200 3412 "-" "Mozilla/5.0 (compatible; BLEXBot/1.0; +https://help.seranking.com/en/blex-crawler)"
37.27.59.134 - - [13/Sep/2025:18:32:02 -0300] "GET /assets/4f07b091/ui/effects/?C=M;O=A HTTP/1.1" 200 3412 "-" "Mozilla/5.0 (compatible; BLEXBot/1.0; +https://help.seranking.com/en/blex-crawler)"
37.27.59.134 - - [13/Sep/2025:18:32:11 -0300] "GET /assets/4f07b091/ui/effects/?C=M;O=A HTTP/1.1" 200 3412 "-" "Mozilla/5.0 (compatible; BLEXBot/1.0; +https://help.seranking.com/en/blex-crawler)"
37.27.59.134 - - [13/Sep/2025:18:33:21 -0300] "GET /assets/4f07b091/ui/effects/?C=N;O=D HTTP/1.1" 200 3412 "-" "Mozilla/5.0 (compatible; BLEXBot/1.0; +https://help.seranking.com/en/blex-crawler)"
37.27.59.134 - - [13/Sep/2025:18:33:36 -0300] "GET /assets/4f07b091/ui/effects/?C=N;O=D HTTP/1.1" 200 3412 "-" "Mozilla/5.0 (compatible; BLEXBot/1.0; +https://help.seranking.com/en/blex-crawler)"
37.27.59.134 - - [13/Sep/2025:18:33:52 -0300] "GET /assets/4f07b091/ui/effects/?C=S;O=A HTTP/1.1" 200 3412 "-" "Mozilla/5.0 (compatible; BLEXBot/1.0; +https://help.seranking.com/en/blex-crawler)"
37.27.59.134 - - [13/Sep/2025:18:34:06 -0300] "GET /assets/4f07b091/ui/effects/?C=S;O=A HTTP/1.1" 200 3412 "-" "Mozilla/5.0 (compatible; BLEXBot/1.0; +https://help.seranking.com/en/blex-crawler)"
37.27.59.134 - - [13/Sep/2025:18:34:19 -0300] "GET /assets/4f07b091/ui/widgets/?C=D;O=A HTTP/1.1" 200 4248 "-" "Mozilla/5.0 (compatible; BLEXBot/1.0; +https://help.seranking.com/en/blex-crawler)"
37.27.59.134 - - [13/Sep/2025:18:34:46 -0300] "GET /assets/4f07b091/ui/widgets/?C=D;O=A HTTP/1.1" 200 4248 "-" "Mozilla/5.0 (compatible; BLEXBot/1.0; +https://help.seranking.com/en/blex-crawler)"
37.27.59.134 - - [13/Sep/2025:18:35:42 -0300] "GET /assets/4f07b091/ui/widgets/?C=M;O=A HTTP/1.1" 200 4248 "-" "Mozilla/5.0 (compatible; BLEXBot/1.0; +https://help.seranking.com/en/blex-crawler)"
37.27.59.134 - - [13/Sep/2025:18:35:51 -0300] "GET /assets/4f07b091/ui/widgets/?C=M;O=A HTTP/1.1" 200 4248 "-" "Mozilla/5.0 (compatible; BLEXBot/1.0; +https://help.seranking.com/en/blex-crawler)"
37.27.59.134 - - [13/Sep/2025:18:36:16 -0300] "GET /assets/4f07b091/ui/widgets/?C=N;O=D HTTP/1.1" 200 4248 "-" "Mozilla/5.0 (compatible; BLEXBot/1.0; +https://help.seranking.com/en/blex-crawler)"
37.27.59.134 - - [13/Sep/2025:18:36:22 -0300] "GET /assets/4f07b091/ui/widgets/?C=N;O=D HTTP/1.1" 200 4248 "-" "Mozilla/5.0 (compatible; BLEXBot/1.0; +https://help.seranking.com/en/blex-crawler)"
37.27.59.134 - - [13/Sep/2025:18:36:28 -0300] "GET /assets/4f07b091/ui/widgets/?C=S;O=A HTTP/1.1" 200 4248 "-" "Mozilla/5.0 (compatible; BLEXBot/1.0; +https://help.seranking.com/en/blex-crawler)"
37.27.59.134 - - [13/Sep/2025:18:36:45 -0300] "GET /assets/4f07b091/ui/widgets/?C=S;O=A HTTP/1.1" 200 4248 "-" "Mozilla/5.0 (compatible; BLEXBot/1.0; +https://help.seranking.com/en/blex-crawler)"
37.27.59.134 - - [13/Sep/2025:18:39:25 -0300] "GET /assets/76b273f5/addon/edit/?C=D;O=A HTTP/1.1" 200 1758 "-" "Mozilla/5.0 (compatible; BLEXBot/1.0; +https://help.seranking.com/en/blex-crawler)"
37.27.59.134 - - [13/Sep/2025:18:39:31 -0300] "GET /assets/76b273f5/addon/edit/?C=D;O=A HTTP/1.1" 200 1758 "-" "Mozilla/5.0 (compatible; BLEXBot/1.0; +https://help.seranking.com/en/blex-crawler)"
37.27.59.134 - - [13/Sep/2025:18:39:55 -0300] "GET /assets/76b273f5/addon/edit/?C=M;O=A HTTP/1.1" 200 1758 "-" "Mozilla/5.0 (compatible; BLEXBot/1.0; +https://help.seranking.com/en/blex-crawler)"
37.27.59.134 - - [13/Sep/2025:18:40:01 -0300] "GET /assets/76b273f5/addon/edit/?C=M;O=A HTTP/1.1" 200 1758 "-" "Mozilla/5.0 (compatible; BLEXBot/1.0; +https://help.seranking.com/en/blex-crawler)"
37.27.59.134 - - [13/Sep/2025:18:41:18 -0300] "GET /assets/76b273f5/addon/edit/?C=N;O=D HTTP/1.1" 200 1758 "-" "Mozilla/5.0 (compatible; BLEXBot/1.0; +https://help.seranking.com/en/blex-crawler)"
66.249.77.13 - - [13/Sep/2025:18:41:45 -0300] "GET /assets/19076be7/plus-square.svg HTTP/1.1" 200 315 "-" "Googlebot-Image/1.0"
37.27.59.134 - - [13/Sep/2025:18:41:54 -0300] "GET /assets/76b273f5/addon/edit/?C=N;O=D HTTP/1.1" 200 1758 "-" "Mozilla/5.0 (compatible; BLEXBot/1.0; +https://help.seranking.com/en/blex-crawler)"
37.27.59.134 - - [13/Sep/2025:18:42:08 -0300] "GET /assets/76b273f5/addon/edit/?C=S;O=A HTTP/1.1" 200 1758 "-" "Mozilla/5.0 (compatible; BLEXBot/1.0; +https://help.seranking.com/en/blex-crawler)"
37.27.59.134 - - [13/Sep/2025:18:42:14 -0300] "GET /assets/76b273f5/addon/edit/?C=S;O=A HTTP/1.1" 200 1758 "-" "Mozilla/5.0 (compatible; BLEXBot/1.0; +https://help.seranking.com/en/blex-crawler)"
37.27.59.134 - - [13/Sep/2025:18:43:06 -0300] "GET /assets/76b273f5/addon/fold/?C=D;O=A HTTP/1.1" 200 2115 "-" "Mozilla/5.0 (compatible; BLEXBot/1.0; +https://help.seranking.com/en/blex-crawler)"
37.27.59.134 - - [13/Sep/2025:18:43:24 -0300] "GET /assets/76b273f5/addon/fold/?C=D;O=A HTTP/1.1" 200 2115 "-" "Mozilla/5.0 (compatible; BLEXBot/1.0; +https://help.seranking.com/en/blex-crawler)"
37.27.59.134 - - [13/Sep/2025:18:43:40 -0300] "GET /assets/76b273f5/addon/fold/?C=M;O=A HTTP/1.1" 200 2115 "-" "Mozilla/5.0 (compatible; BLEXBot/1.0; +https://help.seranking.com/en/blex-crawler)"
37.27.59.134 - - [13/Sep/2025:18:44:00 -0300] "GET /assets/76b273f5/addon/fold/?C=M;O=A HTTP/1.1" 200 2115 "-" "Mozilla/5.0 (compatible; BLEXBot/1.0; +https://help.seranking.com/en/blex-crawler)"
37.27.59.134 - - [13/Sep/2025:18:45:01 -0300] "GET /assets/76b273f5/addon/fold/?C=N;O=D HTTP/1.1" 200 2115 "-" "Mozilla/5.0 (compatible; BLEXBot/1.0; +https://help.seranking.com/en/blex-crawler)"
37.27.59.134 - - [13/Sep/2025:18:45:18 -0300] "GET /assets/76b273f5/addon/fold/?C=N;O=D HTTP/1.1" 200 2115 "-" "Mozilla/5.0 (compatible; BLEXBot/1.0; +https://help.seranking.com/en/blex-crawler)"
37.27.59.134 - - [13/Sep/2025:18:45:28 -0300] "GET /assets/76b273f5/addon/fold/?C=S;O=A HTTP/1.1" 200 2115 "-" "Mozilla/5.0 (compatible; BLEXBot/1.0; +https://help.seranking.com/en/blex-crawler)"
37.27.59.134 - - [13/Sep/2025:18:45:45 -0300] "GET /assets/76b273f5/addon/fold/?C=S;O=A HTTP/1.1" 200 2115 "-" "Mozilla/5.0 (compatible; BLEXBot/1.0; +https://help.seranking.com/en/blex-crawler)"
37.27.59.134 - - [13/Sep/2025:18:46:14 -0300] "GET /assets/76b273f5/addon/hint/?C=D;O=A HTTP/1.1" 200 2111 "-" "Mozilla/5.0 (compatible; BLEXBot/1.0; +https://help.seranking.com/en/blex-crawler)"
37.27.59.134 - - [13/Sep/2025:18:46:21 -0300] "GET /assets/76b273f5/addon/hint/?C=D;O=A HTTP/1.1" 200 2111 "-" "Mozilla/5.0 (compatible; BLEXBot/1.0; +https://help.seranking.com/en/blex-crawler)"
37.27.59.134 - - [13/Sep/2025:18:46:43 -0300] "GET /assets/76b273f5/addon/hint/?C=M;O=A HTTP/1.1" 200 2111 "-" "Mozilla/5.0 (compatible; BLEXBot/1.0; +https://help.seranking.com/en/blex-crawler)"
37.27.59.134 - - [13/Sep/2025:18:47:35 -0300] "GET /assets/76b273f5/addon/hint/?C=M;O=A HTTP/1.1" 200 2111 "-" "Mozilla/5.0 (compatible; BLEXBot/1.0; +https://help.seranking.com/en/blex-crawler)"
37.27.59.134 - - [13/Sep/2025:18:48:06 -0300] "GET /assets/76b273f5/addon/hint/?C=N;O=D HTTP/1.1" 200 2111 "-" "Mozilla/5.0 (compatible; BLEXBot/1.0; +https://help.seranking.com/en/blex-crawler)"
37.27.59.134 - - [13/Sep/2025:18:48:32 -0300] "GET /assets/76b273f5/addon/hint/?C=N;O=D HTTP/1.1" 200 2111 "-" "Mozilla/5.0 (compatible; BLEXBot/1.0; +https://help.seranking.com/en/blex-crawler)"
37.27.59.134 - - [13/Sep/2025:18:48:48 -0300] "GET /assets/76b273f5/addon/hint/?C=S;O=A HTTP/1.1" 200 2111 "-" "Mozilla/5.0 (compatible; BLEXBot/1.0; +https://help.seranking.com/en/blex-crawler)"
66.249.77.11 - - [13/Sep/2025:18:48:48 -0300] "GET /assets/97977d77/ico/android-icon-144x144.png HTTP/1.1" 200 5749 "-" "Googlebot-Image/1.0"
37.27.59.134 - - [13/Sep/2025:18:48:54 -0300] "GET /assets/76b273f5/addon/hint/?C=S;O=A HTTP/1.1" 200 2111 "-" "Mozilla/5.0 (compatible; BLEXBot/1.0; +https://help.seranking.com/en/blex-crawler)"
37.27.59.134 - - [13/Sep/2025:18:49:52 -0300] "GET /assets/76b273f5/addon/lint/?C=D;O=A HTTP/1.1" 200 2108 "-" "Mozilla/5.0 (compatible; BLEXBot/1.0; +https://help.seranking.com/en/blex-crawler)"
37.27.59.134 - - [13/Sep/2025:18:50:13 -0300] "GET /assets/76b273f5/addon/lint/?C=D;O=A HTTP/1.1" 200 2108 "-" "Mozilla/5.0 (compatible; BLEXBot/1.0; +https://help.seranking.com/en/blex-crawler)"
37.27.59.134 - - [13/Sep/2025:18:50:33 -0300] "GET /assets/76b273f5/addon/lint/?C=M;O=A HTTP/1.1" 200 2108 "-" "Mozilla/5.0 (compatible; BLEXBot/1.0; +https://help.seranking.com/en/blex-crawler)"
37.27.59.134 - - [13/Sep/2025:18:51:05 -0300] "GET /assets/76b273f5/addon/lint/?C=M;O=A HTTP/1.1" 200 2108 "-" "Mozilla/5.0 (compatible; BLEXBot/1.0; +https://help.seranking.com/en/blex-crawler)"
37.27.59.134 - - [13/Sep/2025:18:51:33 -0300] "GET /assets/76b273f5/addon/lint/?C=N;O=D HTTP/1.1" 200 2108 "-" "Mozilla/5.0 (compatible; BLEXBot/1.0; +https://help.seranking.com/en/blex-crawler)"
37.27.59.134 - - [13/Sep/2025:18:52:03 -0300] "GET /assets/76b273f5/addon/lint/?C=N;O=D HTTP/1.1" 200 2108 "-" "Mozilla/5.0 (compatible; BLEXBot/1.0; +https://help.seranking.com/en/blex-crawler)"
37.27.59.134 - - [13/Sep/2025:18:52:17 -0300] "GET /assets/76b273f5/addon/lint/?C=S;O=A HTTP/1.1" 200 2108 "-" "Mozilla/5.0 (compatible; BLEXBot/1.0; +https://help.seranking.com/en/blex-crawler)"
37.27.59.134 - - [13/Sep/2025:18:52:41 -0300] "GET /assets/76b273f5/addon/lint/?C=S;O=A HTTP/1.1" 200 2108 "-" "Mozilla/5.0 (compatible; BLEXBot/1.0; +https://help.seranking.com/en/blex-crawler)"
37.27.59.134 - - [13/Sep/2025:18:54:33 -0300] "GET /assets/76b273f5/addon/mode/?C=D;O=A HTTP/1.1" 200 1563 "-" "Mozilla/5.0 (compatible; BLEXBot/1.0; +https://help.seranking.com/en/blex-crawler)"
37.27.59.134 - - [13/Sep/2025:18:55:14 -0300] "GET /assets/76b273f5/addon/mode/?C=D;O=A HTTP/1.1" 200 1563 "-" "Mozilla/5.0 (compatible; BLEXBot/1.0; +https://help.seranking.com/en/blex-crawler)"
37.27.59.134 - - [13/Sep/2025:18:55:40 -0300] "GET /assets/76b273f5/addon/mode/?C=M;O=A HTTP/1.1" 200 1563 "-" "Mozilla/5.0 (compatible; BLEXBot/1.0; +https://help.seranking.com/en/blex-crawler)"
37.27.59.134 - - [13/Sep/2025:18:55:47 -0300] "GET /assets/76b273f5/addon/mode/?C=M;O=A HTTP/1.1" 200 1563 "-" "Mozilla/5.0 (compatible; BLEXBot/1.0; +https://help.seranking.com/en/blex-crawler)"
37.27.59.134 - - [13/Sep/2025:18:57:04 -0300] "GET /assets/76b273f5/addon/mode/?C=N;O=D HTTP/1.1" 200 1563 "-" "Mozilla/5.0 (compatible; BLEXBot/1.0; +https://help.seranking.com/en/blex-crawler)"
37.27.59.134 - - [13/Sep/2025:18:57:12 -0300] "GET /assets/76b273f5/addon/mode/?C=N;O=D HTTP/1.1" 200 1563 "-" "Mozilla/5.0 (compatible; BLEXBot/1.0; +https://help.seranking.com/en/blex-crawler)"
37.27.59.134 - - [13/Sep/2025:18:57:28 -0300] "GET /assets/76b273f5/addon/mode/?C=S;O=A HTTP/1.1" 200 1563 "-" "Mozilla/5.0 (compatible; BLEXBot/1.0; +https://help.seranking.com/en/blex-crawler)"
37.27.59.134 - - [13/Sep/2025:18:57:38 -0300] "GET /assets/76b273f5/addon/mode/?C=S;O=A HTTP/1.1" 200 1563 "-" "Mozilla/5.0 (compatible; BLEXBot/1.0; +https://help.seranking.com/en/blex-crawler)"
37.27.59.134 - - [13/Sep/2025:18:58:26 -0300] "GET /assets/76b273f5/addon/tern/?C=D;O=A HTTP/1.1" 200 1192 "-" "Mozilla/5.0 (compatible; BLEXBot/1.0; +https://help.seranking.com/en/blex-crawler)"
