37.27.59.134 - - [13/Sep/2025:11:20:09 -0300] "GET /assets/bbca6024/less/?C=D;O=A HTTP/1.1" 200 1363 "-" "Mozilla/5.0 (compatible; BLEXBot/1.0; +https://help.seranking.com/en/blex-crawler)"
37.27.59.134 - - [13/Sep/2025:11:21:30 -0300] "GET /assets/bbca6024/less/?C=D;O=A HTTP/1.1" 200 1363 "-" "Mozilla/5.0 (compatible; BLEXBot/1.0; +https://help.seranking.com/en/blex-crawler)"
37.27.59.134 - - [13/Sep/2025:11:21:53 -0300] "GET /assets/bbca6024/less/?C=M;O=A HTTP/1.1" 200 1363 "-" "Mozilla/5.0 (compatible; BLEXBot/1.0; +https://help.seranking.com/en/blex-crawler)"
37.27.59.134 - - [13/Sep/2025:11:22:02 -0300] "GET /assets/bbca6024/less/?C=M;O=A HTTP/1.1" 200 1363 "-" "Mozilla/5.0 (compatible; BLEXBot/1.0; +https://help.seranking.com/en/blex-crawler)"
37.27.59.134 - - [13/Sep/2025:11:22:24 -0300] "GET /assets/bbca6024/less/?C=N;O=D HTTP/1.1" 200 1363 "-" "Mozilla/5.0 (compatible; BLEXBot/1.0; +https://help.seranking.com/en/blex-crawler)"
37.27.59.134 - - [13/Sep/2025:11:23:44 -0300] "GET /assets/bbca6024/less/?C=N;O=D HTTP/1.1" 200 1363 "-" "Mozilla/5.0 (compatible; BLEXBot/1.0; +https://help.seranking.com/en/blex-crawler)"
37.27.59.134 - - [13/Sep/2025:11:24:03 -0300] "GET /assets/bbca6024/less/?C=S;O=A HTTP/1.1" 200 1363 "-" "Mozilla/5.0 (compatible; BLEXBot/1.0; +https://help.seranking.com/en/blex-crawler)"
37.27.59.134 - - [13/Sep/2025:11:24:14 -0300] "GET /assets/bbca6024/less/?C=S;O=A HTTP/1.1" 200 1363 "-" "Mozilla/5.0 (compatible; BLEXBot/1.0; +https://help.seranking.com/en/blex-crawler)"
37.27.59.134 - - [13/Sep/2025:11:24:55 -0300] "GET /assets/ce4b19d5/less/?C=D;O=A HTTP/1.1" 200 3187 "-" "Mozilla/5.0 (compatible; BLEXBot/1.0; +https://help.seranking.com/en/blex-crawler)"
37.27.59.134 - - [13/Sep/2025:11:25:06 -0300] "GET /assets/ce4b19d5/less/?C=D;O=A HTTP/1.1" 200 3187 "-" "Mozilla/5.0 (compatible; BLEXBot/1.0; +https://help.seranking.com/en/blex-crawler)"
37.27.59.134 - - [13/Sep/2025:11:25:17 -0300] "GET /assets/ce4b19d5/less/?C=M;O=A HTTP/1.1" 200 3187 "-" "Mozilla/5.0 (compatible; BLEXBot/1.0; +https://help.seranking.com/en/blex-crawler)"
37.27.59.134 - - [13/Sep/2025:11:25:46 -0300] "GET /assets/ce4b19d5/less/?C=M;O=A HTTP/1.1" 200 3187 "-" "Mozilla/5.0 (compatible; BLEXBot/1.0; +https://help.seranking.com/en/blex-crawler)"
37.27.59.134 - - [13/Sep/2025:11:25:54 -0300] "GET /assets/ce4b19d5/less/?C=N;O=D HTTP/1.1" 200 3187 "-" "Mozilla/5.0 (compatible; BLEXBot/1.0; +https://help.seranking.com/en/blex-crawler)"
37.27.59.134 - - [13/Sep/2025:11:26:05 -0300] "GET /assets/ce4b19d5/less/?C=N;O=D HTTP/1.1" 200 3187 "-" "Mozilla/5.0 (compatible; BLEXBot/1.0; +https://help.seranking.com/en/blex-crawler)"
37.27.59.134 - - [13/Sep/2025:11:26:19 -0300] "GET /assets/ce4b19d5/less/?C=S;O=A HTTP/1.1" 200 3187 "-" "Mozilla/5.0 (compatible; BLEXBot/1.0; +https://help.seranking.com/en/blex-crawler)"
37.27.59.134 - - [13/Sep/2025:11:26:40 -0300] "GET /assets/ce4b19d5/less/?C=S;O=A HTTP/1.1" 200 3187 "-" "Mozilla/5.0 (compatible; BLEXBot/1.0; +https://help.seranking.com/en/blex-crawler)"
37.27.59.134 - - [13/Sep/2025:11:26:47 -0300] "GET /assets/ce4b19d5/scss/?C=D;O=A HTTP/1.1" 200 3200 "-" "Mozilla/5.0 (compatible; BLEXBot/1.0; +https://help.seranking.com/en/blex-crawler)"
66.249.77.11 - - [13/Sep/2025:11:26:58 -0300] "GET /assets/2ec6b270/themes/dark-hive/images/ui-bg_highlight-soft_33_003147_1x100.png HTTP/1.1" 200 401 "-" "Googlebot-Image/1.0"
37.27.59.134 - - [13/Sep/2025:11:27:08 -0300] "GET /assets/ce4b19d5/scss/?C=D;O=A HTTP/1.1" 200 3200 "-" "Mozilla/5.0 (compatible; BLEXBot/1.0; +https://help.seranking.com/en/blex-crawler)"
37.27.59.134 - - [13/Sep/2025:11:27:27 -0300] "GET /assets/ce4b19d5/scss/?C=M;O=A HTTP/1.1" 200 3200 "-" "Mozilla/5.0 (compatible; BLEXBot/1.0; +https://help.seranking.com/en/blex-crawler)"
37.27.59.134 - - [13/Sep/2025:11:27:34 -0300] "GET /assets/ce4b19d5/scss/?C=M;O=A HTTP/1.1" 200 3200 "-" "Mozilla/5.0 (compatible; BLEXBot/1.0; +https://help.seranking.com/en/blex-crawler)"
37.27.59.134 - - [13/Sep/2025:11:27:51 -0300] "GET /assets/ce4b19d5/scss/?C=N;O=D HTTP/1.1" 200 3200 "-" "Mozilla/5.0 (compatible; BLEXBot/1.0; +https://help.seranking.com/en/blex-crawler)"
37.27.59.134 - - [13/Sep/2025:11:28:00 -0300] "GET /assets/ce4b19d5/scss/?C=N;O=D HTTP/1.1" 200 3200 "-" "Mozilla/5.0 (compatible; BLEXBot/1.0; +https://help.seranking.com/en/blex-crawler)"
37.27.59.134 - - [13/Sep/2025:11:28:24 -0300] "GET /assets/ce4b19d5/scss/?C=S;O=A HTTP/1.1" 200 3200 "-" "Mozilla/5.0 (compatible; BLEXBot/1.0; +https://help.seranking.com/en/blex-crawler)"
66.249.77.11 - - [13/Sep/2025:11:28:34 -0300] "GET /assets/5c18c3b2/screen2.PNG HTTP/1.1" 200 85876 "-" "Googlebot-Image/1.0"
37.27.59.134 - - [13/Sep/2025:11:28:42 -0300] "GET /assets/ce4b19d5/scss/?C=S;O=A HTTP/1.1" 200 3200 "-" "Mozilla/5.0 (compatible; BLEXBot/1.0; +https://help.seranking.com/en/blex-crawler)"
37.27.59.134 - - [13/Sep/2025:11:28:51 -0300] "GET /assets/f3e828b3/i18n/?C=D;O=A HTTP/1.1" 200 11046 "-" "Mozilla/5.0 (compatible; BLEXBot/1.0; +https://help.seranking.com/en/blex-crawler)"
37.27.59.134 - - [13/Sep/2025:11:29:35 -0300] "GET /assets/f3e828b3/i18n/?C=M;O=A HTTP/1.1" 200 11046 "-" "Mozilla/5.0 (compatible; BLEXBot/1.0; +https://help.seranking.com/en/blex-crawler)"
37.27.59.134 - - [13/Sep/2025:11:29:45 -0300] "GET /assets/f3e828b3/i18n/?C=N;O=D HTTP/1.1" 200 11046 "-" "Mozilla/5.0 (compatible; BLEXBot/1.0; +https://help.seranking.com/en/blex-crawler)"
37.27.59.134 - - [13/Sep/2025:11:30:02 -0300] "GET /assets/f3e828b3/i18n/?C=S;O=A HTTP/1.1" 200 11046 "-" "Mozilla/5.0 (compatible; BLEXBot/1.0; +https://help.seranking.com/en/blex-crawler)"
37.27.59.134 - - [13/Sep/2025:11:30:39 -0300] "GET /assets/19270a39/fonts/?C=D;O=A HTTP/1.1" 200 1795 "-" "Mozilla/5.0 (compatible; BLEXBot/1.0; +https://help.seranking.com/en/blex-crawler)"
37.27.59.134 - - [13/Sep/2025:11:30:58 -0300] "GET /assets/19270a39/fonts/?C=D;O=A HTTP/1.1" 200 1795 "-" "Mozilla/5.0 (compatible; BLEXBot/1.0; +https://help.seranking.com/en/blex-crawler)"
37.27.59.134 - - [13/Sep/2025:11:31:19 -0300] "GET /assets/19270a39/fonts/?C=M;O=A HTTP/1.1" 200 1795 "-" "Mozilla/5.0 (compatible; BLEXBot/1.0; +https://help.seranking.com/en/blex-crawler)"
37.27.59.134 - - [13/Sep/2025:11:31:42 -0300] "GET /assets/19270a39/fonts/?C=M;O=A HTTP/1.1" 200 1795 "-" "Mozilla/5.0 (compatible; BLEXBot/1.0; +https://help.seranking.com/en/blex-crawler)"
37.27.59.134 - - [13/Sep/2025:11:31:49 -0300] "GET /assets/19270a39/fonts/?C=N;O=D HTTP/1.1" 200 1795 "-" "Mozilla/5.0 (compatible; BLEXBot/1.0; +https://help.seranking.com/en/blex-crawler)"
37.27.59.134 - - [13/Sep/2025:11:32:07 -0300] "GET /assets/19270a39/fonts/?C=N;O=D HTTP/1.1" 200 1795 "-" "Mozilla/5.0 (compatible; BLEXBot/1.0; +https://help.seranking.com/en/blex-crawler)"
37.27.59.134 - - [13/Sep/2025:11:32:31 -0300] "GET /assets/19270a39/fonts/?C=S;O=A HTTP/1.1" 200 1795 "-" "Mozilla/5.0 (compatible; BLEXBot/1.0; +https://help.seranking.com/en/blex-crawler)"
37.27.59.134 - - [13/Sep/2025:11:33:24 -0300] "GET /assets/19270a39/fonts/?C=S;O=A HTTP/1.1" 200 1795 "-" "Mozilla/5.0 (compatible; BLEXBot/1.0; +https://help.seranking.com/en/blex-crawler)"
37.27.59.134 - - [13/Sep/2025:11:33:39 -0300] "GET /assets/325d9b67/fonts/?C=D;O=A HTTP/1.1" 200 1666 "-" "Mozilla/5.0 (compatible; BLEXBot/1.0; +https://help.seranking.com/en/blex-crawler)"
37.27.59.134 - - [13/Sep/2025:11:33:57 -0300] "GET /assets/325d9b67/fonts/?C=D;O=A HTTP/1.1" 200 1666 "-" "Mozilla/5.0 (compatible; BLEXBot/1.0; +https://help.seranking.com/en/blex-crawler)"
37.27.59.134 - - [13/Sep/2025:11:34:02 -0300] "GET /assets/325d9b67/fonts/?C=M;O=A HTTP/1.1" 200 1666 "-" "Mozilla/5.0 (compatible; BLEXBot/1.0; +https://help.seranking.com/en/blex-crawler)"
37.27.59.134 - - [13/Sep/2025:11:34:17 -0300] "GET /assets/325d9b67/fonts/?C=M;O=A HTTP/1.1" 200 1666 "-" "Mozilla/5.0 (compatible; BLEXBot/1.0; +https://help.seranking.com/en/blex-crawler)"
37.27.59.134 - - [13/Sep/2025:11:34:27 -0300] "GET /assets/325d9b67/fonts/?C=N;O=D HTTP/1.1" 200 1666 "-" "Mozilla/5.0 (compatible; BLEXBot/1.0; +https://help.seranking.com/en/blex-crawler)"
37.27.59.134 - - [13/Sep/2025:11:34:58 -0300] "GET /assets/325d9b67/fonts/?C=N;O=D HTTP/1.1" 200 1666 "-" "Mozilla/5.0 (compatible; BLEXBot/1.0; +https://help.seranking.com/en/blex-crawler)"
37.27.59.134 - - [13/Sep/2025:11:35:18 -0300] "GET /assets/325d9b67/fonts/?C=S;O=A HTTP/1.1" 200 1666 "-" "Mozilla/5.0 (compatible; BLEXBot/1.0; +https://help.seranking.com/en/blex-crawler)"
37.27.59.134 - - [13/Sep/2025:11:35:27 -0300] "GET /assets/325d9b67/fonts/?C=S;O=A HTTP/1.1" 200 1666 "-" "Mozilla/5.0 (compatible; BLEXBot/1.0; +https://help.seranking.com/en/blex-crawler)"
37.27.59.134 - - [13/Sep/2025:11:35:36 -0300] "GET /assets/616b1b12/fonts/?C=D;O=A HTTP/1.1" 200 1666 "-" "Mozilla/5.0 (compatible; BLEXBot/1.0; +https://help.seranking.com/en/blex-crawler)"
37.27.59.134 - - [13/Sep/2025:11:35:49 -0300] "GET /assets/616b1b12/fonts/?C=D;O=A HTTP/1.1" 200 1666 "-" "Mozilla/5.0 (compatible; BLEXBot/1.0; +https://help.seranking.com/en/blex-crawler)"
66.249.77.11 - - [13/Sep/2025:11:36:34 -0300] "GET /assets/f8e848ce/loader.gif HTTP/1.1" 200 723 "-" "Googlebot-Image/1.0"
37.27.59.134 - - [13/Sep/2025:11:36:37 -0300] "GET /assets/616b1b12/fonts/?C=M;O=A HTTP/1.1" 200 1666 "-" "Mozilla/5.0 (compatible; BLEXBot/1.0; +https://help.seranking.com/en/blex-crawler)"
37.27.59.134 - - [13/Sep/2025:11:36:49 -0300] "GET /assets/616b1b12/fonts/?C=M;O=A HTTP/1.1" 200 1666 "-" "Mozilla/5.0 (compatible; BLEXBot/1.0; +https://help.seranking.com/en/blex-crawler)"
37.27.59.134 - - [13/Sep/2025:11:37:00 -0300] "GET /assets/616b1b12/fonts/?C=N;O=D HTTP/1.1" 200 1666 "-" "Mozilla/5.0 (compatible; BLEXBot/1.0; +https://help.seranking.com/en/blex-crawler)"
66.249.77.13 - - [13/Sep/2025:11:37:22 -0300] "GET /static/assets/a59d3f98/themes/vader/images/ui-bg_highlight-soft_60_dddddd_1x100.png HTTP/1.1" 200 342 "-" "Googlebot-Image/1.0"
37.27.59.134 - - [13/Sep/2025:11:37:29 -0300] "GET /assets/616b1b12/fonts/?C=N;O=D HTTP/1.1" 200 1666 "-" "Mozilla/5.0 (compatible; BLEXBot/1.0; +https://help.seranking.com/en/blex-crawler)"
37.27.59.134 - - [13/Sep/2025:11:37:59 -0300] "GET /assets/616b1b12/fonts/?C=S;O=A HTTP/1.1" 200 1666 "-" "Mozilla/5.0 (compatible; BLEXBot/1.0; +https://help.seranking.com/en/blex-crawler)"
37.27.59.134 - - [13/Sep/2025:11:38:14 -0300] "GET /assets/616b1b12/fonts/?C=S;O=A HTTP/1.1" 200 1666 "-" "Mozilla/5.0 (compatible; BLEXBot/1.0; +https://help.seranking.com/en/blex-crawler)"
37.27.59.134 - - [13/Sep/2025:11:38:33 -0300] "GET /assets/76b273f5/addon/?C=D;O=D HTTP/1.1" 200 3264 "-" "Mozilla/5.0 (compatible; BLEXBot/1.0; +https://help.seranking.com/en/blex-crawler)"
37.27.59.134 - - [13/Sep/2025:11:38:58 -0300] "GET /assets/76b273f5/addon/?C=D;O=D HTTP/1.1" 200 3264 "-" "Mozilla/5.0 (compatible; BLEXBot/1.0; +https://help.seranking.com/en/blex-crawler)"
37.27.59.134 - - [13/Sep/2025:11:39:37 -0300] "GET /assets/76b273f5/addon/?C=M;O=D HTTP/1.1" 200 3264 "-" "Mozilla/5.0 (compatible; BLEXBot/1.0; +https://help.seranking.com/en/blex-crawler)"
37.27.59.134 - - [13/Sep/2025:11:39:46 -0300] "GET /assets/76b273f5/addon/?C=M;O=D HTTP/1.1" 200 3264 "-" "Mozilla/5.0 (compatible; BLEXBot/1.0; +https://help.seranking.com/en/blex-crawler)"
37.27.59.134 - - [13/Sep/2025:11:39:55 -0300] "GET /assets/76b273f5/addon/?C=N;O=A HTTP/1.1" 200 3264 "-" "Mozilla/5.0 (compatible; BLEXBot/1.0; +https://help.seranking.com/en/blex-crawler)"
37.27.59.134 - - [13/Sep/2025:11:40:15 -0300] "GET /assets/76b273f5/addon/?C=N;O=A HTTP/1.1" 200 3264 "-" "Mozilla/5.0 (compatible; BLEXBot/1.0; +https://help.seranking.com/en/blex-crawler)"
37.27.59.134 - - [13/Sep/2025:11:40:38 -0300] "GET /assets/76b273f5/addon/?C=S;O=D HTTP/1.1" 200 3264 "-" "Mozilla/5.0 (compatible; BLEXBot/1.0; +https://help.seranking.com/en/blex-crawler)"
37.27.59.134 - - [13/Sep/2025:11:40:49 -0300] "GET /assets/76b273f5/addon/?C=S;O=D HTTP/1.1" 200 3264 "-" "Mozilla/5.0 (compatible; BLEXBot/1.0; +https://help.seranking.com/en/blex-crawler)"
37.27.59.134 - - [13/Sep/2025:11:41:03 -0300] "GET /assets/76b273f5/theme/?C=D;O=D HTTP/1.1" 200 12414 "-" "Mozilla/5.0 (compatible; BLEXBot/1.0; +https://help.seranking.com/en/blex-crawler)"
37.27.59.134 - - [13/Sep/2025:11:41:23 -0300] "GET /assets/76b273f5/theme/?C=D;O=D HTTP/1.1" 200 12414 "-" "Mozilla/5.0 (compatible; BLEXBot/1.0; +https://help.seranking.com/en/blex-crawler)"
37.27.59.134 - - [13/Sep/2025:11:42:16 -0300] "GET /assets/76b273f5/theme/?C=M;O=D HTTP/1.1" 200 12414 "-" "Mozilla/5.0 (compatible; BLEXBot/1.0; +https://help.seranking.com/en/blex-crawler)"
37.27.59.134 - - [13/Sep/2025:11:42:23 -0300] "GET /assets/76b273f5/theme/?C=M;O=D HTTP/1.1" 200 12414 "-" "Mozilla/5.0 (compatible; BLEXBot/1.0; +https://help.seranking.com/en/blex-crawler)"
37.27.59.134 - - [13/Sep/2025:11:42:37 -0300] "GET /assets/76b273f5/theme/?C=N;O=A HTTP/1.1" 200 12414 "-" "Mozilla/5.0 (compatible; BLEXBot/1.0; +https://help.seranking.com/en/blex-crawler)"
37.27.59.134 - - [13/Sep/2025:11:43:03 -0300] "GET /assets/76b273f5/theme/?C=N;O=A HTTP/1.1" 200 12414 "-" "Mozilla/5.0 (compatible; BLEXBot/1.0; +https://help.seranking.com/en/blex-crawler)"
37.27.59.134 - - [13/Sep/2025:11:43:11 -0300] "GET /assets/76b273f5/theme/?C=S;O=D HTTP/1.1" 200 12414 "-" "Mozilla/5.0 (compatible; BLEXBot/1.0; +https://help.seranking.com/en/blex-crawler)"
37.27.59.134 - - [13/Sep/2025:11:43:33 -0300] "GET /assets/76b273f5/theme/?C=S;O=D HTTP/1.1" 200 12414 "-" "Mozilla/5.0 (compatible; BLEXBot/1.0; +https://help.seranking.com/en/blex-crawler)"
66.249.77.13 - - [13/Sep/2025:11:46:10 -0300] "GET /assets/2ec6b270/themes/dark-hive/images/ui-icons_a83300_256x240.png HTTP/1.1" 200 4676 "-" "Googlebot-Image/1.0"
66.249.77.12 - - [13/Sep/2025:11:48:34 -0300] "GET /static/assets/a59d3f98/themes/hot-sneaks/images/ui-bg_dots-small_35_35414f_2x2.png HTTP/1.1" 200 281 "-" "Googlebot-Image/1.0"
66.249.77.12 - - [13/Sep/2025:11:51:46 -0300] "GET /assets/207c3e79/screen1.png HTTP/1.1" 200 139774 "-" "Googlebot-Image/1.0"
66.249.72.233 - - [13/Sep/2025:11:53:22 -0300] "GET /assets/19076be7/plus-square-o.svg HTTP/1.1" 200 543 "-" "Googlebot-Image/1.0"
37.27.59.134 - - [13/Sep/2025:11:53:42 -0300] "GET /assets/ce4b19d5/fonts/?C=D;O=A HTTP/1.1" 200 1795 "-" "Mozilla/5.0 (compatible; BLEXBot/1.0; +https://help.seranking.com/en/blex-crawler)"
37.27.59.134 - - [13/Sep/2025:11:53:55 -0300] "GET /assets/ce4b19d5/fonts/?C=D;O=A HTTP/1.1" 200 1795 "-" "Mozilla/5.0 (compatible; BLEXBot/1.0; +https://help.seranking.com/en/blex-crawler)"
37.27.59.134 - - [13/Sep/2025:11:54:49 -0300] "GET /assets/ce4b19d5/fonts/?C=M;O=A HTTP/1.1" 200 1795 "-" "Mozilla/5.0 (compatible; BLEXBot/1.0; +https://help.seranking.com/en/blex-crawler)"
37.27.59.134 - - [13/Sep/2025:11:55:08 -0300] "GET /assets/ce4b19d5/fonts/?C=N;O=D HTTP/1.1" 200 1795 "-" "Mozilla/5.0 (compatible; BLEXBot/1.0; +https://help.seranking.com/en/blex-crawler)"
37.27.59.134 - - [13/Sep/2025:11:55:18 -0300] "GET /assets/ce4b19d5/fonts/?C=N;O=D HTTP/1.1" 200 1795 "-" "Mozilla/5.0 (compatible; BLEXBot/1.0; +https://help.seranking.com/en/blex-crawler)"
37.27.59.134 - - [13/Sep/2025:11:55:43 -0300] "GET /assets/ce4b19d5/fonts/?C=S;O=A HTTP/1.1" 200 1795 "-" "Mozilla/5.0 (compatible; BLEXBot/1.0; +https://help.seranking.com/en/blex-crawler)"
37.27.59.134 - - [13/Sep/2025:11:55:52 -0300] "GET /assets/ce4b19d5/fonts/?C=S;O=A HTTP/1.1" 200 1795 "-" "Mozilla/5.0 (compatible; BLEXBot/1.0; +https://help.seranking.com/en/blex-crawler)"
66.249.77.12 - - [13/Sep/2025:11:58:10 -0300] "GET /static/img/default_module.jpg HTTP/1.1" 200 4280 "-" "Googlebot-Image/1.0"
37.27.59.134 - - [13/Sep/2025:11:58:41 -0300] "GET /static/assets/949a64c/?C=D;O=D HTTP/1.1" 200 1008 "-" "Mozilla/5.0 (compatible; BLEXBot/1.0; +https://help.seranking.com/en/blex-crawler)"
37.27.59.134 - - [13/Sep/2025:11:59:26 -0300] "GET /static/assets/949a64c/?C=D;O=D HTTP/1.1" 200 1008 "-" "Mozilla/5.0 (compatible; BLEXBot/1.0; +https://help.seranking.com/en/blex-crawler)"
66.249.77.11 - - [13/Sep/2025:11:59:46 -0300] "GET /assets/97977d77/ico/notification.png HTTP/1.1" 200 604 "-" "Googlebot-Image/1.0"
37.27.59.134 - - [13/Sep/2025:11:59:48 -0300] "GET /static/assets/949a64c/?C=M;O=D HTTP/1.1" 200 1008 "-" "Mozilla/5.0 (compatible; BLEXBot/1.0; +https://help.seranking.com/en/blex-crawler)"
37.27.59.134 - - [13/Sep/2025:11:59:59 -0300] "GET /static/assets/949a64c/?C=M;O=D HTTP/1.1" 200 1008 "-" "Mozilla/5.0 (compatible; BLEXBot/1.0; +https://help.seranking.com/en/blex-crawler)"
37.27.59.134 - - [13/Sep/2025:12:00:19 -0300] "GET /static/assets/949a64c/?C=N;O=A HTTP/1.1" 200 1008 "-" "Mozilla/5.0 (compatible; BLEXBot/1.0; +https://help.seranking.com/en/blex-crawler)"
37.27.59.134 - - [13/Sep/2025:12:00:47 -0300] "GET /static/assets/949a64c/?C=N;O=A HTTP/1.1" 200 1008 "-" "Mozilla/5.0 (compatible; BLEXBot/1.0; +https://help.seranking.com/en/blex-crawler)"
37.27.59.134 - - [13/Sep/2025:12:01:04 -0300] "GET /static/assets/949a64c/?C=S;O=D HTTP/1.1" 200 1008 "-" "Mozilla/5.0 (compatible; BLEXBot/1.0; +https://help.seranking.com/en/blex-crawler)"
37.27.59.134 - - [13/Sep/2025:12:01:21 -0300] "GET /static/assets/949a64c/?C=S;O=D HTTP/1.1" 200 1008 "-" "Mozilla/5.0 (compatible; BLEXBot/1.0; +https://help.seranking.com/en/blex-crawler)"
37.27.59.134 - - [13/Sep/2025:12:01:48 -0300] "GET /static/js/colorpicker/?C=D;O=D HTTP/1.1" 200 1157 "-" "Mozilla/5.0 (compatible; BLEXBot/1.0; +https://help.seranking.com/en/blex-crawler)"
37.27.59.134 - - [13/Sep/2025:12:02:06 -0300] "GET /static/js/colorpicker/?C=D;O=D HTTP/1.1" 200 1157 "-" "Mozilla/5.0 (compatible; BLEXBot/1.0; +https://help.seranking.com/en/blex-crawler)"
37.27.59.134 - - [13/Sep/2025:12:02:17 -0300] "GET /static/js/colorpicker/?C=M;O=D HTTP/1.1" 200 1157 "-" "Mozilla/5.0 (compatible; BLEXBot/1.0; +https://help.seranking.com/en/blex-crawler)"
37.27.59.134 - - [13/Sep/2025:12:02:40 -0300] "GET /static/js/colorpicker/?C=M;O=D HTTP/1.1" 200 1157 "-" "Mozilla/5.0 (compatible; BLEXBot/1.0; +https://help.seranking.com/en/blex-crawler)"
37.27.59.134 - - [13/Sep/2025:12:03:27 -0300] "GET /static/js/colorpicker/?C=N;O=A HTTP/1.1" 200 1157 "-" "Mozilla/5.0 (compatible; BLEXBot/1.0; +https://help.seranking.com/en/blex-crawler)"
37.27.59.134 - - [13/Sep/2025:12:03:36 -0300] "GET /static/js/colorpicker/?C=N;O=A HTTP/1.1" 200 1157 "-" "Mozilla/5.0 (compatible; BLEXBot/1.0; +https://help.seranking.com/en/blex-crawler)"
37.27.59.134 - - [13/Sep/2025:12:03:59 -0300] "GET /static/js/colorpicker/?C=S;O=D HTTP/1.1" 200 1157 "-" "Mozilla/5.0 (compatible; BLEXBot/1.0; +https://help.seranking.com/en/blex-crawler)"
37.27.59.134 - - [13/Sep/2025:12:04:10 -0300] "GET /static/js/colorpicker/?C=S;O=D HTTP/1.1" 200 1157 "-" "Mozilla/5.0 (compatible; BLEXBot/1.0; +https://help.seranking.com/en/blex-crawler)"
37.27.59.134 - - [13/Sep/2025:12:05:02 -0300] "GET /static/js/compat/date/?C=D;O=A HTTP/1.1" 200 822 "-" "Mozilla/5.0 (compatible; BLEXBot/1.0; +https://help.seranking.com/en/blex-crawler)"
37.27.59.134 - - [13/Sep/2025:12:05:19 -0300] "GET /static/js/compat/date/?C=D;O=A HTTP/1.1" 200 822 "-" "Mozilla/5.0 (compatible; BLEXBot/1.0; +https://help.seranking.com/en/blex-crawler)"
37.27.59.134 - - [13/Sep/2025:12:05:41 -0300] "GET /static/js/compat/date/?C=M;O=A HTTP/1.1" 200 822 "-" "Mozilla/5.0 (compatible; BLEXBot/1.0; +https://help.seranking.com/en/blex-crawler)"
37.27.59.134 - - [13/Sep/2025:12:06:08 -0300] "GET /static/js/compat/date/?C=M;O=A HTTP/1.1" 200 822 "-" "Mozilla/5.0 (compatible; BLEXBot/1.0; +https://help.seranking.com/en/blex-crawler)"
37.27.59.134 - - [13/Sep/2025:12:06:27 -0300] "GET /static/js/compat/date/?C=N;O=D HTTP/1.1" 200 822 "-" "Mozilla/5.0 (compatible; BLEXBot/1.0; +https://help.seranking.com/en/blex-crawler)"
37.27.59.134 - - [13/Sep/2025:12:06:46 -0300] "GET /static/js/compat/date/?C=N;O=D HTTP/1.1" 200 822 "-" "Mozilla/5.0 (compatible; BLEXBot/1.0; +https://help.seranking.com/en/blex-crawler)"
37.27.59.134 - - [13/Sep/2025:12:07:03 -0300] "GET /static/js/compat/date/?C=S;O=A HTTP/1.1" 200 822 "-" "Mozilla/5.0 (compatible; BLEXBot/1.0; +https://help.seranking.com/en/blex-crawler)"
37.27.59.134 - - [13/Sep/2025:12:07:15 -0300] "GET /static/js/compat/date/?C=S;O=A HTTP/1.1" 200 822 "-" "Mozilla/5.0 (compatible; BLEXBot/1.0; +https://help.seranking.com/en/blex-crawler)"
37.27.59.134 - - [13/Sep/2025:12:08:06 -0300] "GET /static/resources/file/?C=D;O=D HTTP/1.1" 200 832 "-" "Mozilla/5.0 (compatible; BLEXBot/1.0; +https://help.seranking.com/en/blex-crawler)"
37.27.59.134 - - [13/Sep/2025:12:08:40 -0300] "GET /static/resources/file/?C=D;O=D HTTP/1.1" 200 832 "-" "Mozilla/5.0 (compatible; BLEXBot/1.0; +https://help.seranking.com/en/blex-crawler)"
37.27.59.134 - - [13/Sep/2025:12:09:07 -0300] "GET /static/resources/file/?C=M;O=D HTTP/1.1" 200 832 "-" "Mozilla/5.0 (compatible; BLEXBot/1.0; +https://help.seranking.com/en/blex-crawler)"
37.27.59.134 - - [13/Sep/2025:12:09:16 -0300] "GET /static/resources/file/?C=M;O=D HTTP/1.1" 200 832 "-" "Mozilla/5.0 (compatible; BLEXBot/1.0; +https://help.seranking.com/en/blex-crawler)"
37.27.59.134 - - [13/Sep/2025:12:09:39 -0300] "GET /static/resources/file/?C=N;O=A HTTP/1.1" 200 832 "-" "Mozilla/5.0 (compatible; BLEXBot/1.0; +https://help.seranking.com/en/blex-crawler)"
37.27.59.134 - - [13/Sep/2025:12:10:09 -0300] "GET /static/resources/file/?C=N;O=A HTTP/1.1" 200 832 "-" "Mozilla/5.0 (compatible; BLEXBot/1.0; +https://help.seranking.com/en/blex-crawler)"
40.77.167.71 - - [13/Sep/2025:12:10:17 -0300] "GET /assets/e3647b5b/leaflet.markercluster/leaflet.markercluster.js HTTP/1.1" 200 33724 "-" "Mozilla/5.0 AppleWebKit/537.36 (KHTML, like Gecko; compatible; bingbot/2.0; +http://www.bing.com/bingbot.htm) Chrome/116.0.1938.76 Safari/537.36"
37.27.59.134 - - [13/Sep/2025:12:10:54 -0300] "GET /static/resources/file/?C=S;O=D HTTP/1.1" 200 832 "-" "Mozilla/5.0 (compatible; BLEXBot/1.0; +https://help.seranking.com/en/blex-crawler)"
37.27.59.134 - - [13/Sep/2025:12:11:03 -0300] "GET /static/resources/file/?C=S;O=D HTTP/1.1" 200 832 "-" "Mozilla/5.0 (compatible; BLEXBot/1.0; +https://help.seranking.com/en/blex-crawler)"
37.27.59.134 - - [13/Sep/2025:12:11:31 -0300] "GET /static/resources/user/?C=D;O=D HTTP/1.1" 200 1582 "-" "Mozilla/5.0 (compatible; BLEXBot/1.0; +https://help.seranking.com/en/blex-crawler)"
66.249.77.13 - - [13/Sep/2025:12:11:46 -0300] "GET /static/img/emoji/Slant.svg HTTP/1.1" 200 820 "-" "Googlebot-Image/1.0"
37.27.59.134 - - [13/Sep/2025:12:11:50 -0300] "GET /static/resources/user/?C=D;O=D HTTP/1.1" 200 1582 "-" "Mozilla/5.0 (compatible; BLEXBot/1.0; +https://help.seranking.com/en/blex-crawler)"
37.27.59.134 - - [13/Sep/2025:12:12:09 -0300] "GET /static/resources/user/?C=M;O=D HTTP/1.1" 200 1582 "-" "Mozilla/5.0 (compatible; BLEXBot/1.0; +https://help.seranking.com/en/blex-crawler)"
37.27.59.134 - - [13/Sep/2025:12:12:18 -0300] "GET /static/resources/user/?C=M;O=D HTTP/1.1" 200 1582 "-" "Mozilla/5.0 (compatible; BLEXBot/1.0; +https://help.seranking.com/en/blex-crawler)"
37.27.59.134 - - [13/Sep/2025:12:12:49 -0300] "GET /static/resources/user/?C=N;O=A HTTP/1.1" 200 1582 "-" "Mozilla/5.0 (compatible; BLEXBot/1.0; +https://help.seranking.com/en/blex-crawler)"
37.27.59.134 - - [13/Sep/2025:12:12:59 -0300] "GET /static/resources/user/?C=N;O=A HTTP/1.1" 200 1582 "-" "Mozilla/5.0 (compatible; BLEXBot/1.0; +https://help.seranking.com/en/blex-crawler)"
37.27.59.134 - - [13/Sep/2025:12:13:35 -0300] "GET /static/resources/user/?C=S;O=D HTTP/1.1" 200 1582 "-" "Mozilla/5.0 (compatible; BLEXBot/1.0; +https://help.seranking.com/en/blex-crawler)"
37.27.59.134 - - [13/Sep/2025:12:13:50 -0300] "GET /static/resources/user/?C=S;O=D HTTP/1.1" 200 1582 "-" "Mozilla/5.0 (compatible; BLEXBot/1.0; +https://help.seranking.com/en/blex-crawler)"
66.249.77.12 - - [13/Sep/2025:12:16:34 -0300] "GET /static/img/emoji/Smirk.svg HTTP/1.1" 200 1402 "-" "Googlebot-Image/1.0"
66.249.77.13 - - [13/Sep/2025:12:18:10 -0300] "GET /static/assets/a59d3f98/themes/hot-sneaks/images/ui-bg_white-lines_85_f7f7ba_40x100.png HTTP/1.1" 200 422 "-" "Googlebot-Image/1.0"
37.27.59.134 - - [13/Sep/2025:12:20:30 -0300] "GET /assets/76b273f5/keymap/?C=D;O=D HTTP/1.1" 200 1178 "-" "Mozilla/5.0 (compatible; BLEXBot/1.0; +https://help.seranking.com/en/blex-crawler)"
37.27.59.134 - - [13/Sep/2025:12:21:09 -0300] "GET /assets/76b273f5/keymap/?C=D;O=D HTTP/1.1" 200 1178 "-" "Mozilla/5.0 (compatible; BLEXBot/1.0; +https://help.seranking.com/en/blex-crawler)"
37.27.59.134 - - [13/Sep/2025:12:21:19 -0300] "GET /assets/76b273f5/keymap/?C=M;O=D HTTP/1.1" 200 1178 "-" "Mozilla/5.0 (compatible; BLEXBot/1.0; +https://help.seranking.com/en/blex-crawler)"
37.27.59.134 - - [13/Sep/2025:12:21:41 -0300] "GET /assets/76b273f5/keymap/?C=M;O=D HTTP/1.1" 200 1178 "-" "Mozilla/5.0 (compatible; BLEXBot/1.0; +https://help.seranking.com/en/blex-crawler)"
37.27.59.134 - - [13/Sep/2025:12:22:04 -0300] "GET /assets/76b273f5/keymap/?C=N;O=A HTTP/1.1" 200 1178 "-" "Mozilla/5.0 (compatible; BLEXBot/1.0; +https://help.seranking.com/en/blex-crawler)"
37.27.59.134 - - [13/Sep/2025:12:22:33 -0300] "GET /assets/76b273f5/keymap/?C=N;O=A HTTP/1.1" 200 1178 "-" "Mozilla/5.0 (compatible; BLEXBot/1.0; +https://help.seranking.com/en/blex-crawler)"
37.27.59.134 - - [13/Sep/2025:12:22:43 -0300] "GET /assets/76b273f5/keymap/?C=S;O=D HTTP/1.1" 200 1178 "-" "Mozilla/5.0 (compatible; BLEXBot/1.0; +https://help.seranking.com/en/blex-crawler)"
37.27.59.134 - - [13/Sep/2025:12:22:51 -0300] "GET /assets/76b273f5/keymap/?C=S;O=D HTTP/1.1" 200 1178 "-" "Mozilla/5.0 (compatible; BLEXBot/1.0; +https://help.seranking.com/en/blex-crawler)"
37.27.59.134 - - [13/Sep/2025:12:23:11 -0300] "GET /assets/76fb6d41/i18n/build.txt HTTP/1.1" 200 1802 "-" "Mozilla/5.0 (compatible; BLEXBot/1.0; +https://help.seranking.com/en/blex-crawler)"
66.249.77.12 - - [13/Sep/2025:12:23:46 -0300] "GET /assets/f061f04b/screen-2.jpg HTTP/1.1" 200 120864 "-" "Googlebot-Image/1.0"
37.27.59.134 - - [13/Sep/2025:12:24:02 -0300] "GET /assets/76fb6d41/i18n/build.txt HTTP/1.1" 200 1802 "-" "Mozilla/5.0 (compatible; BLEXBot/1.0; +https://help.seranking.com/en/blex-crawler)"
37.27.59.134 - - [13/Sep/2025:12:24:23 -0300] "GET /assets/a00ab1df/source/?C=D;O=A HTTP/1.1" 200 4106 "-" "Mozilla/5.0 (compatible; BLEXBot/1.0; +https://help.seranking.com/en/blex-crawler)"
37.27.59.134 - - [13/Sep/2025:12:24:34 -0300] "GET /assets/a00ab1df/source/?C=D;O=A HTTP/1.1" 200 4106 "-" "Mozilla/5.0 (compatible; BLEXBot/1.0; +https://help.seranking.com/en/blex-crawler)"
37.27.59.134 - - [13/Sep/2025:12:24:46 -0300] "GET /assets/a00ab1df/source/?C=M;O=A HTTP/1.1" 200 4106 "-" "Mozilla/5.0 (compatible; BLEXBot/1.0; +https://help.seranking.com/en/blex-crawler)"
37.27.59.134 - - [13/Sep/2025:12:25:03 -0300] "GET /assets/a00ab1df/source/?C=M;O=A HTTP/1.1" 200 4106 "-" "Mozilla/5.0 (compatible; BLEXBot/1.0; +https://help.seranking.com/en/blex-crawler)"
37.27.59.134 - - [13/Sep/2025:12:25:14 -0300] "GET /assets/a00ab1df/source/?C=N;O=D HTTP/1.1" 200 4106 "-" "Mozilla/5.0 (compatible; BLEXBot/1.0; +https://help.seranking.com/en/blex-crawler)"
37.27.59.134 - - [13/Sep/2025:12:25:39 -0300] "GET /assets/a00ab1df/source/?C=N;O=D HTTP/1.1" 200 4106 "-" "Mozilla/5.0 (compatible; BLEXBot/1.0; +https://help.seranking.com/en/blex-crawler)"
37.27.59.134 - - [13/Sep/2025:12:25:53 -0300] "GET /assets/a00ab1df/source/?C=S;O=A HTTP/1.1" 200 4106 "-" "Mozilla/5.0 (compatible; BLEXBot/1.0; +https://help.seranking.com/en/blex-crawler)"
37.27.59.134 - - [13/Sep/2025:12:26:04 -0300] "GET /assets/a00ab1df/source/?C=S;O=A HTTP/1.1" 200 4106 "-" "Mozilla/5.0 (compatible; BLEXBot/1.0; +https://help.seranking.com/en/blex-crawler)"
37.27.59.134 - - [13/Sep/2025:12:26:57 -0300] "GET /assets/c1cbb33e/source/?C=D;O=A HTTP/1.1" 200 4106 "-" "Mozilla/5.0 (compatible; BLEXBot/1.0; +https://help.seranking.com/en/blex-crawler)"
52.167.144.227 - - [13/Sep/2025:12:26:59 -0300] "GET /assets/2ec6b270/ui/minified/i18n/datepicker-th.js HTTP/1.1" 200 1297 "-" "Mozilla/5.0 AppleWebKit/537.36 (KHTML, like Gecko; compatible; bingbot/2.0; +http://www.bing.com/bingbot.htm) Chrome/116.0.1938.76 Safari/537.36"
37.27.59.134 - - [13/Sep/2025:12:27:08 -0300] "GET /assets/c1cbb33e/source/?C=D;O=A HTTP/1.1" 200 4106 "-" "Mozilla/5.0 (compatible; BLEXBot/1.0; +https://help.seranking.com/en/blex-crawler)"
37.27.59.134 - - [13/Sep/2025:12:27:21 -0300] "GET /assets/c1cbb33e/source/?C=M;O=A HTTP/1.1" 200 4106 "-" "Mozilla/5.0 (compatible; BLEXBot/1.0; +https://help.seranking.com/en/blex-crawler)"
37.27.59.134 - - [13/Sep/2025:12:27:29 -0300] "GET /assets/c1cbb33e/source/?C=M;O=A HTTP/1.1" 200 4106 "-" "Mozilla/5.0 (compatible; BLEXBot/1.0; +https://help.seranking.com/en/blex-crawler)"
37.27.59.134 - - [13/Sep/2025:12:27:51 -0300] "GET /assets/c1cbb33e/source/?C=N;O=D HTTP/1.1" 200 4106 "-" "Mozilla/5.0 (compatible; BLEXBot/1.0; +https://help.seranking.com/en/blex-crawler)"
37.27.59.134 - - [13/Sep/2025:12:28:14 -0300] "GET /assets/c1cbb33e/source/?C=N;O=D HTTP/1.1" 200 4106 "-" "Mozilla/5.0 (compatible; BLEXBot/1.0; +https://help.seranking.com/en/blex-crawler)"
37.27.59.134 - - [13/Sep/2025:12:28:22 -0300] "GET /assets/c1cbb33e/source/?C=S;O=A HTTP/1.1" 200 4106 "-" "Mozilla/5.0 (compatible; BLEXBot/1.0; +https://help.seranking.com/en/blex-crawler)"
37.27.59.134 - - [13/Sep/2025:12:28:31 -0300] "GET /assets/c1cbb33e/source/?C=S;O=A HTTP/1.1" 200 4106 "-" "Mozilla/5.0 (compatible; BLEXBot/1.0; +https://help.seranking.com/en/blex-crawler)"
37.27.59.134 - - [13/Sep/2025:12:33:58 -0300] "GET /assets/f3e828b3/i18n/build.txt HTTP/1.1" 200 1802 "-" "Mozilla/5.0 (compatible; BLEXBot/1.0; +https://help.seranking.com/en/blex-crawler)"
37.27.59.134 - - [13/Sep/2025:12:34:43 -0300] "GET /static/assets/129cec44/?C=D;O=D HTTP/1.1" 200 819 "-" "Mozilla/5.0 (compatible; BLEXBot/1.0; +https://help.seranking.com/en/blex-crawler)"
37.27.59.134 - - [13/Sep/2025:12:35:52 -0300] "GET /static/assets/129cec44/?C=D;O=D HTTP/1.1" 200 819 "-" "Mozilla/5.0 (compatible; BLEXBot/1.0; +https://help.seranking.com/en/blex-crawler)"
37.27.59.134 - - [13/Sep/2025:12:36:47 -0300] "GET /static/assets/129cec44/?C=M;O=D HTTP/1.1" 200 819 "-" "Mozilla/5.0 (compatible; BLEXBot/1.0; +https://help.seranking.com/en/blex-crawler)"
37.27.59.134 - - [13/Sep/2025:12:37:16 -0300] "GET /static/assets/129cec44/?C=M;O=D HTTP/1.1" 200 819 "-" "Mozilla/5.0 (compatible; BLEXBot/1.0; +https://help.seranking.com/en/blex-crawler)"
37.27.59.134 - - [13/Sep/2025:12:37:54 -0300] "GET /static/assets/129cec44/?C=N;O=A HTTP/1.1" 200 819 "-" "Mozilla/5.0 (compatible; BLEXBot/1.0; +https://help.seranking.com/en/blex-crawler)"
37.27.59.134 - - [13/Sep/2025:12:38:12 -0300] "GET /static/assets/129cec44/?C=N;O=A HTTP/1.1" 200 819 "-" "Mozilla/5.0 (compatible; BLEXBot/1.0; +https://help.seranking.com/en/blex-crawler)"
37.27.59.134 - - [13/Sep/2025:12:38:26 -0300] "GET /static/assets/129cec44/?C=S;O=D HTTP/1.1" 200 819 "-" "Mozilla/5.0 (compatible; BLEXBot/1.0; +https://help.seranking.com/en/blex-crawler)"
66.249.77.11 - - [13/Sep/2025:12:38:58 -0300] "GET /assets/d59fb45a/module_image.png HTTP/1.1" 200 2778 "-" "Googlebot-Image/1.0"
37.27.59.134 - - [13/Sep/2025:12:39:08 -0300] "GET /static/assets/129cec44/?C=S;O=D HTTP/1.1" 200 819 "-" "Mozilla/5.0 (compatible; BLEXBot/1.0; +https://help.seranking.com/en/blex-crawler)"
37.27.59.134 - - [13/Sep/2025:12:39:32 -0300] "GET /static/assets/1f4dd466/?C=D;O=D HTTP/1.1" 200 819 "-" "Mozilla/5.0 (compatible; BLEXBot/1.0; +https://help.seranking.com/en/blex-crawler)"
37.27.59.134 - - [13/Sep/2025:12:39:40 -0300] "GET /static/assets/1f4dd466/?C=D;O=D HTTP/1.1" 200 819 "-" "Mozilla/5.0 (compatible; BLEXBot/1.0; +https://help.seranking.com/en/blex-crawler)"
37.27.59.134 - - [13/Sep/2025:12:40:41 -0300] "GET /static/assets/1f4dd466/?C=M;O=D HTTP/1.1" 200 819 "-" "Mozilla/5.0 (compatible; BLEXBot/1.0; +https://help.seranking.com/en/blex-crawler)"
37.27.59.134 - - [13/Sep/2025:12:41:33 -0300] "GET /static/assets/1f4dd466/?C=M;O=D HTTP/1.1" 200 819 "-" "Mozilla/5.0 (compatible; BLEXBot/1.0; +https://help.seranking.com/en/blex-crawler)"
37.27.59.134 - - [13/Sep/2025:12:42:53 -0300] "GET /static/assets/1f4dd466/?C=N;O=A HTTP/1.1" 200 819 "-" "Mozilla/5.0 (compatible; BLEXBot/1.0; +https://help.seranking.com/en/blex-crawler)"
37.27.59.134 - - [13/Sep/2025:12:44:03 -0300] "GET /static/assets/1f4dd466/?C=N;O=A HTTP/1.1" 200 819 "-" "Mozilla/5.0 (compatible; BLEXBot/1.0; +https://help.seranking.com/en/blex-crawler)"
37.27.59.134 - - [13/Sep/2025:12:44:42 -0300] "GET /static/assets/1f4dd466/?C=S;O=D HTTP/1.1" 200 819 "-" "Mozilla/5.0 (compatible; BLEXBot/1.0; +https://help.seranking.com/en/blex-crawler)"
37.27.59.134 - - [13/Sep/2025:12:45:29 -0300] "GET /static/assets/1f4dd466/?C=S;O=D HTTP/1.1" 200 819 "-" "Mozilla/5.0 (compatible; BLEXBot/1.0; +https://help.seranking.com/en/blex-crawler)"
37.27.59.134 - - [13/Sep/2025:12:47:13 -0300] "GET /static/assets/216f936f/?C=D;O=D HTTP/1.1" 200 1035 "-" "Mozilla/5.0 (compatible; BLEXBot/1.0; +https://help.seranking.com/en/blex-crawler)"
37.27.59.134 - - [13/Sep/2025:12:47:55 -0300] "GET /static/assets/216f936f/?C=D;O=D HTTP/1.1" 200 1035 "-" "Mozilla/5.0 (compatible; BLEXBot/1.0; +https://help.seranking.com/en/blex-crawler)"
37.27.59.134 - - [13/Sep/2025:12:48:36 -0300] "GET /static/assets/216f936f/?C=M;O=D HTTP/1.1" 200 1035 "-" "Mozilla/5.0 (compatible; BLEXBot/1.0; +https://help.seranking.com/en/blex-crawler)"
37.27.59.134 - - [13/Sep/2025:12:48:50 -0300] "GET /static/assets/216f936f/?C=M;O=D HTTP/1.1" 200 1035 "-" "Mozilla/5.0 (compatible; BLEXBot/1.0; +https://help.seranking.com/en/blex-crawler)"
66.249.77.11 - - [13/Sep/2025:12:50:10 -0300] "GET /static/img/play-pause.svg HTTP/1.1" 200 382 "-" "Googlebot-Image/1.0"
37.27.59.134 - - [13/Sep/2025:12:50:10 -0300] "GET /static/assets/216f936f/?C=N;O=A HTTP/1.1" 200 1035 "-" "Mozilla/5.0 (compatible; BLEXBot/1.0; +https://help.seranking.com/en/blex-crawler)"
37.27.59.134 - - [13/Sep/2025:12:50:27 -0300] "GET /static/assets/216f936f/?C=N;O=A HTTP/1.1" 200 1035 "-" "Mozilla/5.0 (compatible; BLEXBot/1.0; +https://help.seranking.com/en/blex-crawler)"
37.27.59.134 - - [13/Sep/2025:12:50:47 -0300] "GET /static/assets/216f936f/?C=S;O=D HTTP/1.1" 200 1035 "-" "Mozilla/5.0 (compatible; BLEXBot/1.0; +https://help.seranking.com/en/blex-crawler)"
37.27.59.134 - - [13/Sep/2025:12:50:56 -0300] "GET /static/assets/216f936f/?C=S;O=D HTTP/1.1" 200 1035 "-" "Mozilla/5.0 (compatible; BLEXBot/1.0; +https://help.seranking.com/en/blex-crawler)"
37.27.59.134 - - [13/Sep/2025:12:51:31 -0300] "GET /static/assets/367f67ee/?C=D;O=D HTTP/1.1" 200 1743 "-" "Mozilla/5.0 (compatible; BLEXBot/1.0; +https://help.seranking.com/en/blex-crawler)"
37.27.59.134 - - [13/Sep/2025:12:52:02 -0300] "GET /static/assets/367f67ee/?C=D;O=D HTTP/1.1" 200 1743 "-" "Mozilla/5.0 (compatible; BLEXBot/1.0; +https://help.seranking.com/en/blex-crawler)"
37.27.59.134 - - [13/Sep/2025:12:53:34 -0300] "GET /static/assets/367f67ee/?C=M;O=D HTTP/1.1" 200 1743 "-" "Mozilla/5.0 (compatible; BLEXBot/1.0; +https://help.seranking.com/en/blex-crawler)"
37.27.59.134 - - [13/Sep/2025:12:54:57 -0300] "GET /static/assets/367f67ee/?C=M;O=D HTTP/1.1" 200 1743 "-" "Mozilla/5.0 (compatible; BLEXBot/1.0; +https://help.seranking.com/en/blex-crawler)"
37.27.59.134 - - [13/Sep/2025:12:55:34 -0300] "GET /static/assets/367f67ee/?C=N;O=A HTTP/1.1" 200 1743 "-" "Mozilla/5.0 (compatible; BLEXBot/1.0; +https://help.seranking.com/en/blex-crawler)"
37.27.59.134 - - [13/Sep/2025:12:56:15 -0300] "GET /static/assets/367f67ee/?C=N;O=A HTTP/1.1" 200 1743 "-" "Mozilla/5.0 (compatible; BLEXBot/1.0; +https://help.seranking.com/en/blex-crawler)"
37.27.59.134 - - [13/Sep/2025:12:56:46 -0300] "GET /static/assets/367f67ee/?C=S;O=D HTTP/1.1" 200 1743 "-" "Mozilla/5.0 (compatible; BLEXBot/1.0; +https://help.seranking.com/en/blex-crawler)"
37.27.59.134 - - [13/Sep/2025:12:57:10 -0300] "GET /static/assets/367f67ee/?C=S;O=D HTTP/1.1" 200 1743 "-" "Mozilla/5.0 (compatible; BLEXBot/1.0; +https://help.seranking.com/en/blex-crawler)"
66.249.77.11 - - [13/Sep/2025:12:57:22 -0300] "GET /assets/97977d77/ico/ms-icon-70x70.png HTTP/1.1" 200 2118 "-" "Googlebot-Image/1.0"
37.27.59.134 - - [13/Sep/2025:12:57:42 -0300] "GET /static/assets/41f4ff90/?C=D;O=D HTTP/1.1" 200 819 "-" "Mozilla/5.0 (compatible; BLEXBot/1.0; +https://help.seranking.com/en/blex-crawler)"
37.27.59.134 - - [13/Sep/2025:12:58:23 -0300] "GET /static/assets/41f4ff90/?C=D;O=D HTTP/1.1" 200 819 "-" "Mozilla/5.0 (compatible; BLEXBot/1.0; +https://help.seranking.com/en/blex-crawler)"
37.27.59.134 - - [13/Sep/2025:12:59:04 -0300] "GET /static/assets/41f4ff90/?C=M;O=D HTTP/1.1" 200 819 "-" "Mozilla/5.0 (compatible; BLEXBot/1.0; +https://help.seranking.com/en/blex-crawler)"
37.27.59.134 - - [13/Sep/2025:12:59:18 -0300] "GET /static/assets/41f4ff90/?C=M;O=D HTTP/1.1" 200 819 "-" "Mozilla/5.0 (compatible; BLEXBot/1.0; +https://help.seranking.com/en/blex-crawler)"
37.27.59.134 - - [13/Sep/2025:12:59:41 -0300] "GET /static/assets/41f4ff90/?C=N;O=A HTTP/1.1" 200 819 "-" "Mozilla/5.0 (compatible; BLEXBot/1.0; +https://help.seranking.com/en/blex-crawler)"
37.27.59.134 - - [13/Sep/2025:13:00:16 -0300] "GET /static/assets/41f4ff90/?C=N;O=A HTTP/1.1" 200 819 "-" "Mozilla/5.0 (compatible; BLEXBot/1.0; +https://help.seranking.com/en/blex-crawler)"
37.27.59.134 - - [13/Sep/2025:13:01:21 -0300] "GET /static/assets/41f4ff90/?C=S;O=D HTTP/1.1" 200 819 "-" "Mozilla/5.0 (compatible; BLEXBot/1.0; +https://help.seranking.com/en/blex-crawler)"
37.27.59.134 - - [13/Sep/2025:13:01:35 -0300] "GET /static/assets/41f4ff90/?C=S;O=D HTTP/1.1" 200 819 "-" "Mozilla/5.0 (compatible; BLEXBot/1.0; +https://help.seranking.com/en/blex-crawler)"
37.27.59.134 - - [13/Sep/2025:13:02:35 -0300] "GET /static/assets/4379ccf5/?C=D;O=D HTTP/1.1" 200 819 "-" "Mozilla/5.0 (compatible; BLEXBot/1.0; +https://help.seranking.com/en/blex-crawler)"
37.27.59.134 - - [13/Sep/2025:13:02:57 -0300] "GET /static/assets/4379ccf5/?C=D;O=D HTTP/1.1" 200 819 "-" "Mozilla/5.0 (compatible; BLEXBot/1.0; +https://help.seranking.com/en/blex-crawler)"
37.27.59.134 - - [13/Sep/2025:13:03:35 -0300] "GET /static/assets/4379ccf5/?C=M;O=D HTTP/1.1" 200 819 "-" "Mozilla/5.0 (compatible; BLEXBot/1.0; +https://help.seranking.com/en/blex-crawler)"
37.27.59.134 - - [13/Sep/2025:13:03:56 -0300] "GET /static/assets/4379ccf5/?C=M;O=D HTTP/1.1" 200 819 "-" "Mozilla/5.0 (compatible; BLEXBot/1.0; +https://help.seranking.com/en/blex-crawler)"
37.27.59.134 - - [13/Sep/2025:13:04:36 -0300] "GET /static/assets/4379ccf5/?C=N;O=A HTTP/1.1" 200 819 "-" "Mozilla/5.0 (compatible; BLEXBot/1.0; +https://help.seranking.com/en/blex-crawler)"
37.27.59.134 - - [13/Sep/2025:13:05:08 -0300] "GET /static/assets/4379ccf5/?C=N;O=A HTTP/1.1" 200 819 "-" "Mozilla/5.0 (compatible; BLEXBot/1.0; +https://help.seranking.com/en/blex-crawler)"
37.27.59.134 - - [13/Sep/2025:13:06:05 -0300] "GET /static/assets/4379ccf5/?C=S;O=D HTTP/1.1" 200 819 "-" "Mozilla/5.0 (compatible; BLEXBot/1.0; +https://help.seranking.com/en/blex-crawler)"
37.27.59.134 - - [13/Sep/2025:13:06:36 -0300] "GET /static/assets/4379ccf5/?C=S;O=D HTTP/1.1" 200 819 "-" "Mozilla/5.0 (compatible; BLEXBot/1.0; +https://help.seranking.com/en/blex-crawler)"
37.27.59.134 - - [13/Sep/2025:13:06:41 -0300] "GET /static/assets/4a3d750a/?C=D;O=D HTTP/1.1" 200 1523 "-" "Mozilla/5.0 (compatible; BLEXBot/1.0; +https://help.seranking.com/en/blex-crawler)"
37.27.59.134 - - [13/Sep/2025:13:07:12 -0300] "GET /static/assets/4a3d750a/?C=D;O=D HTTP/1.1" 200 1523 "-" "Mozilla/5.0 (compatible; BLEXBot/1.0; +https://help.seranking.com/en/blex-crawler)"
37.27.59.134 - - [13/Sep/2025:13:07:37 -0300] "GET /static/assets/4a3d750a/?C=M;O=D HTTP/1.1" 200 1523 "-" "Mozilla/5.0 (compatible; BLEXBot/1.0; +https://help.seranking.com/en/blex-crawler)"
37.27.59.134 - - [13/Sep/2025:13:07:55 -0300] "GET /static/assets/4a3d750a/?C=M;O=D HTTP/1.1" 200 1523 "-" "Mozilla/5.0 (compatible; BLEXBot/1.0; +https://help.seranking.com/en/blex-crawler)"
37.27.59.134 - - [13/Sep/2025:13:08:55 -0300] "GET /static/assets/4a3d750a/?C=N;O=A HTTP/1.1" 200 1523 "-" "Mozilla/5.0 (compatible; BLEXBot/1.0; +https://help.seranking.com/en/blex-crawler)"
37.27.59.134 - - [13/Sep/2025:13:09:02 -0300] "GET /static/assets/4a3d750a/?C=N;O=A HTTP/1.1" 200 1523 "-" "Mozilla/5.0 (compatible; BLEXBot/1.0; +https://help.seranking.com/en/blex-crawler)"
37.27.59.134 - - [13/Sep/2025:13:09:46 -0300] "GET /static/assets/4a3d750a/?C=S;O=D HTTP/1.1" 200 1523 "-" "Mozilla/5.0 (compatible; BLEXBot/1.0; +https://help.seranking.com/en/blex-crawler)"
66.249.77.12 - - [13/Sep/2025:13:09:53 -0300] "GET /static/fonts/open-sans/open-sans-v17-latin-700italic.svg HTTP/1.1" 200 58545 "-" "Googlebot-Image/1.0"
37.27.59.134 - - [13/Sep/2025:13:09:57 -0300] "GET /static/assets/4a3d750a/?C=S;O=D HTTP/1.1" 200 1523 "-" "Mozilla/5.0 (compatible; BLEXBot/1.0; +https://help.seranking.com/en/blex-crawler)"
37.27.59.134 - - [13/Sep/2025:13:10:52 -0300] "GET /static/assets/50f19907/?C=D;O=D HTTP/1.1" 200 819 "-" "Mozilla/5.0 (compatible; BLEXBot/1.0; +https://help.seranking.com/en/blex-crawler)"
37.27.59.134 - - [13/Sep/2025:13:11:04 -0300] "GET /static/assets/50f19907/?C=D;O=D HTTP/1.1" 200 819 "-" "Mozilla/5.0 (compatible; BLEXBot/1.0; +https://help.seranking.com/en/blex-crawler)"
37.27.59.134 - - [13/Sep/2025:13:11:55 -0300] "GET /static/assets/50f19907/?C=M;O=D HTTP/1.1" 200 819 "-" "Mozilla/5.0 (compatible; BLEXBot/1.0; +https://help.seranking.com/en/blex-crawler)"
37.27.59.134 - - [13/Sep/2025:13:12:26 -0300] "GET /static/assets/50f19907/?C=M;O=D HTTP/1.1" 200 819 "-" "Mozilla/5.0 (compatible; BLEXBot/1.0; +https://help.seranking.com/en/blex-crawler)"
37.27.59.134 - - [13/Sep/2025:13:12:40 -0300] "GET /static/assets/50f19907/?C=N;O=A HTTP/1.1" 200 819 "-" "Mozilla/5.0 (compatible; BLEXBot/1.0; +https://help.seranking.com/en/blex-crawler)"
207.46.13.230 - - [13/Sep/2025:13:13:04 -0300] "GET /robots.txt HTTP/1.1" 404 - "-" "Mozilla/5.0 AppleWebKit/537.36 (KHTML, like Gecko; compatible; bingbot/2.0; +http://www.bing.com/bingbot.htm) Chrome/116.0.1938.76 Safari/537.36"
52.167.144.171 - - [13/Sep/2025:13:13:08 -0300] "GET /assets/4f07b091/ui/effect.js HTTP/1.1" 200 40792 "-" "Mozilla/5.0 AppleWebKit/537.36 (KHTML, like Gecko; compatible; bingbot/2.0; +http://www.bing.com/bingbot.htm) Chrome/116.0.1938.76 Safari/537.36"
37.27.59.134 - - [13/Sep/2025:13:13:10 -0300] "GET /static/assets/50f19907/?C=N;O=A HTTP/1.1" 200 819 "-" "Mozilla/5.0 (compatible; BLEXBot/1.0; +https://help.seranking.com/en/blex-crawler)"
37.27.59.134 - - [13/Sep/2025:13:13:31 -0300] "GET /static/assets/50f19907/?C=S;O=D HTTP/1.1" 200 819 "-" "Mozilla/5.0 (compatible; BLEXBot/1.0; +https://help.seranking.com/en/blex-crawler)"
37.27.59.134 - - [13/Sep/2025:13:13:56 -0300] "GET /static/assets/50f19907/?C=S;O=D HTTP/1.1" 200 819 "-" "Mozilla/5.0 (compatible; BLEXBot/1.0; +https://help.seranking.com/en/blex-crawler)"
66.249.72.233 - - [13/Sep/2025:13:14:09 -0300] "GET /robots.txt HTTP/1.1" 404 - "-" "Mozilla/5.0 (compatible; Googlebot/2.1; +http://www.google.com/bot.html)"
66.249.72.233 - - [13/Sep/2025:13:14:09 -0300] "GET /assets/85c413d2/screen3.jpg HTTP/1.1" 200 170001 "-" "Googlebot-Image/1.0"
37.27.59.134 - - [13/Sep/2025:13:14:46 -0300] "GET /static/assets/677ab8ef/?C=D;O=D HTTP/1.1" 200 819 "-" "Mozilla/5.0 (compatible; BLEXBot/1.0; +https://help.seranking.com/en/blex-crawler)"
37.27.59.134 - - [13/Sep/2025:13:15:09 -0300] "GET /static/assets/677ab8ef/?C=D;O=D HTTP/1.1" 200 819 "-" "Mozilla/5.0 (compatible; BLEXBot/1.0; +https://help.seranking.com/en/blex-crawler)"
37.27.59.134 - - [13/Sep/2025:13:15:31 -0300] "GET /static/assets/677ab8ef/?C=M;O=D HTTP/1.1" 200 819 "-" "Mozilla/5.0 (compatible; BLEXBot/1.0; +https://help.seranking.com/en/blex-crawler)"
37.27.59.134 - - [13/Sep/2025:13:15:46 -0300] "GET /static/assets/677ab8ef/?C=M;O=D HTTP/1.1" 200 819 "-" "Mozilla/5.0 (compatible; BLEXBot/1.0; +https://help.seranking.com/en/blex-crawler)"
37.27.59.134 - - [13/Sep/2025:13:16:28 -0300] "GET /static/assets/677ab8ef/?C=N;O=A HTTP/1.1" 200 819 "-" "Mozilla/5.0 (compatible; BLEXBot/1.0; +https://help.seranking.com/en/blex-crawler)"
37.27.59.134 - - [13/Sep/2025:13:17:12 -0300] "GET /static/assets/677ab8ef/?C=N;O=A HTTP/1.1" 200 819 "-" "Mozilla/5.0 (compatible; BLEXBot/1.0; +https://help.seranking.com/en/blex-crawler)"
37.27.59.134 - - [13/Sep/2025:13:17:25 -0300] "GET /static/assets/677ab8ef/?C=S;O=D HTTP/1.1" 200 819 "-" "Mozilla/5.0 (compatible; BLEXBot/1.0; +https://help.seranking.com/en/blex-crawler)"
37.27.59.134 - - [13/Sep/2025:13:17:41 -0300] "GET /static/assets/677ab8ef/?C=S;O=D HTTP/1.1" 200 819 "-" "Mozilla/5.0 (compatible; BLEXBot/1.0; +https://help.seranking.com/en/blex-crawler)"
37.27.59.134 - - [13/Sep/2025:13:18:13 -0300] "GET /static/assets/6bf92961/?C=D;O=D HTTP/1.1" 200 819 "-" "Mozilla/5.0 (compatible; BLEXBot/1.0; +https://help.seranking.com/en/blex-crawler)"
37.27.59.134 - - [13/Sep/2025:13:18:54 -0300] "GET /static/assets/6bf92961/?C=D;O=D HTTP/1.1" 200 819 "-" "Mozilla/5.0 (compatible; BLEXBot/1.0; +https://help.seranking.com/en/blex-crawler)"
52.167.144.171 - - [13/Sep/2025:13:19:34 -0300] "GET /assets/19076be7/?C=N;O=D HTTP/1.1" 200 3530 "-" "Mozilla/5.0 AppleWebKit/537.36 (KHTML, like Gecko; compatible; bingbot/2.0; +http://www.bing.com/bingbot.htm) Chrome/116.0.1938.76 Safari/537.36"
37.27.59.134 - - [13/Sep/2025:13:20:14 -0300] "GET /static/assets/6bf92961/?C=M;O=D HTTP/1.1" 200 819 "-" "Mozilla/5.0 (compatible; BLEXBot/1.0; +https://help.seranking.com/en/blex-crawler)"
37.27.59.134 - - [13/Sep/2025:13:20:22 -0300] "GET /static/assets/6bf92961/?C=M;O=D HTTP/1.1" 200 819 "-" "Mozilla/5.0 (compatible; BLEXBot/1.0; +https://help.seranking.com/en/blex-crawler)"
37.27.59.134 - - [13/Sep/2025:13:20:29 -0300] "GET /static/assets/6bf92961/?C=N;O=A HTTP/1.1" 200 819 "-" "Mozilla/5.0 (compatible; BLEXBot/1.0; +https://help.seranking.com/en/blex-crawler)"
37.27.59.134 - - [13/Sep/2025:13:20:50 -0300] "GET /static/assets/6bf92961/?C=N;O=A HTTP/1.1" 200 819 "-" "Mozilla/5.0 (compatible; BLEXBot/1.0; +https://help.seranking.com/en/blex-crawler)"
37.27.59.134 - - [13/Sep/2025:13:21:04 -0300] "GET /static/assets/6bf92961/?C=S;O=D HTTP/1.1" 200 819 "-" "Mozilla/5.0 (compatible; BLEXBot/1.0; +https://help.seranking.com/en/blex-crawler)"
66.249.77.12 - - [13/Sep/2025:13:21:50 -0300] "GET /static/img/emoji/Angry.svg HTTP/1.1" 200 1268 "-" "Googlebot-Image/1.0"
37.27.59.134 - - [13/Sep/2025:13:22:26 -0300] "GET /static/assets/6bf92961/?C=S;O=D HTTP/1.1" 200 819 "-" "Mozilla/5.0 (compatible; BLEXBot/1.0; +https://help.seranking.com/en/blex-crawler)"
37.27.59.134 - - [13/Sep/2025:13:22:51 -0300] "GET /static/assets/6cb1358e/?C=D;O=D HTTP/1.1" 200 832 "-" "Mozilla/5.0 (compatible; BLEXBot/1.0; +https://help.seranking.com/en/blex-crawler)"
37.27.59.134 - - [13/Sep/2025:13:23:38 -0300] "GET /static/assets/6cb1358e/?C=D;O=D HTTP/1.1" 200 832 "-" "Mozilla/5.0 (compatible; BLEXBot/1.0; +https://help.seranking.com/en/blex-crawler)"
66.249.77.11 - - [13/Sep/2025:13:24:23 -0300] "GET /assets/90f774c0/screen1.jpg HTTP/1.1" 200 200185 "-" "Googlebot-Image/1.0"
37.27.59.134 - - [13/Sep/2025:13:25:01 -0300] "GET /static/assets/6cb1358e/?C=M;O=D HTTP/1.1" 200 832 "-" "Mozilla/5.0 (compatible; BLEXBot/1.0; +https://help.seranking.com/en/blex-crawler)"
66.249.72.232 - - [13/Sep/2025:13:25:15 -0300] "GET /assets/97977d77/img/icon_search16x16.png HTTP/1.1" 200 1238 "-" "Googlebot-Image/1.0"
37.27.59.134 - - [13/Sep/2025:13:25:34 -0300] "GET /static/assets/6cb1358e/?C=M;O=D HTTP/1.1" 200 832 "-" "Mozilla/5.0 (compatible; BLEXBot/1.0; +https://help.seranking.com/en/blex-crawler)"
43.130.100.35 - - [13/Sep/2025:13:25:54 -0300] "GET / HTTP/1.1" 200 1872 "-" "Mozilla/5.0 (iPhone; CPU iPhone OS 13_2_3 like Mac OS X) AppleWebKit/605.1.15 (KHTML, like Gecko) Version/13.0.3 Mobile/15E148 Safari/604.1"
37.27.59.134 - - [13/Sep/2025:13:25:59 -0300] "GET /static/assets/6cb1358e/?C=N;O=A HTTP/1.1" 200 832 "-" "Mozilla/5.0 (compatible; BLEXBot/1.0; +https://help.seranking.com/en/blex-crawler)"
37.27.59.134 - - [13/Sep/2025:13:26:28 -0300] "GET /static/assets/6cb1358e/?C=N;O=A HTTP/1.1" 200 832 "-" "Mozilla/5.0 (compatible; BLEXBot/1.0; +https://help.seranking.com/en/blex-crawler)"
37.27.59.134 - - [13/Sep/2025:13:26:56 -0300] "GET /static/assets/6cb1358e/?C=S;O=D HTTP/1.1" 200 832 "-" "Mozilla/5.0 (compatible; BLEXBot/1.0; +https://help.seranking.com/en/blex-crawler)"
37.27.59.134 - - [13/Sep/2025:13:27:06 -0300] "GET /static/assets/6cb1358e/?C=S;O=D HTTP/1.1" 200 832 "-" "Mozilla/5.0 (compatible; BLEXBot/1.0; +https://help.seranking.com/en/blex-crawler)"
37.27.59.134 - - [13/Sep/2025:13:27:25 -0300] "GET /static/assets/78fad69a/?C=D;O=D HTTP/1.1" 200 819 "-" "Mozilla/5.0 (compatible; BLEXBot/1.0; +https://help.seranking.com/en/blex-crawler)"
37.27.59.134 - - [13/Sep/2025:13:27:40 -0300] "GET /static/assets/78fad69a/?C=D;O=D HTTP/1.1" 200 819 "-" "Mozilla/5.0 (compatible; BLEXBot/1.0; +https://help.seranking.com/en/blex-crawler)"
66.249.72.231 - - [13/Sep/2025:13:27:48 -0300] "GET /assets/90f774c0/screen7.jpg HTTP/1.1" 200 299629 "-" "Googlebot-Image/1.0"
37.27.59.134 - - [13/Sep/2025:13:27:56 -0300] "GET /static/assets/78fad69a/?C=M;O=D HTTP/1.1" 200 819 "-" "Mozilla/5.0 (compatible; BLEXBot/1.0; +https://help.seranking.com/en/blex-crawler)"
37.27.59.134 - - [13/Sep/2025:13:28:09 -0300] "GET /static/assets/78fad69a/?C=M;O=D HTTP/1.1" 200 819 "-" "Mozilla/5.0 (compatible; BLEXBot/1.0; +https://help.seranking.com/en/blex-crawler)"
37.27.59.134 - - [13/Sep/2025:13:29:27 -0300] "GET /static/assets/78fad69a/?C=N;O=A HTTP/1.1" 200 819 "-" "Mozilla/5.0 (compatible; BLEXBot/1.0; +https://help.seranking.com/en/blex-crawler)"
37.27.59.134 - - [13/Sep/2025:13:29:39 -0300] "GET /static/assets/78fad69a/?C=N;O=A HTTP/1.1" 200 819 "-" "Mozilla/5.0 (compatible; BLEXBot/1.0; +https://help.seranking.com/en/blex-crawler)"
