%PDF- %PDF-
Direktori : /proc/thread-self/root/home2/vacivi36/access-logs/ |
Current File : //proc/thread-self/root/home2/vacivi36/access-logs/intranet.vacivitta.com.br |
66.249.77.12 - - [13/Sep/2025:09:08:16 -0300] "GET /assets/baec620/screen2.PNG HTTP/1.1" 200 38128 "-" "Googlebot-Image/1.0"
66.249.72.231 - - [13/Sep/2025:09:09:01 -0300] "GET /assets/85c413d2/screen1.jpg HTTP/1.1" 200 174876 "-" "Googlebot-Image/1.0"
66.249.77.12 - - [13/Sep/2025:09:09:47 -0300] "GET /static/assets/a59d3f98/themes/redmond/images/ui-icons_6da8d5_256x240.png HTTP/1.1" 200 4676 "-" "Googlebot-Image/1.0"
66.249.72.233 - - [13/Sep/2025:09:10:33 -0300] "GET /static/fonts/open-sans/open-sans-v17-latin-800italic.svg HTTP/1.1" 200 58732 "-" "Googlebot-Image/1.0"
66.249.77.13 - - [13/Sep/2025:09:12:04 -0300] "GET /assets/bbca6024/img/select_arrow.png HTTP/1.1" 200 972 "-" "Googlebot-Image/1.0"
66.249.77.12 - - [13/Sep/2025:09:13:36 -0300] "GET /assets/325937f/screen4.PNG HTTP/1.1" 200 190684 "-" "Googlebot-Image/1.0"
66.249.77.12 - - [13/Sep/2025:09:15:07 -0300] "GET /assets/90f774c0/screen12.jpg HTTP/1.1" 200 123789 "-" "Googlebot-Image/1.0"
66.249.72.231 - - [13/Sep/2025:09:17:24 -0300] "GET /static/img/twemoji/72x72/1f1ff-1f1fc.png HTTP/1.1" 200 770 "-" "Googlebot-Image/1.0"
66.249.77.13 - - [13/Sep/2025:09:20:27 -0300] "GET /static/assets/a59d3f98/themes/hot-sneaks/images/ui-bg_dots-medium_80_ffff38_4x4.png HTTP/1.1" 200 283 "-" "Googlebot-Image/1.0"
66.249.72.231 - - [13/Sep/2025:09:21:59 -0300] "GET /assets/19076be7/plus-circle.svg HTTP/1.1" 200 458 "-" "Googlebot-Image/1.0"
66.249.72.232 - - [13/Sep/2025:09:28:04 -0300] "GET /assets/fa2a3b9b/screen2.PNG HTTP/1.1" 200 22477 "-" "Googlebot-Image/1.0"
66.249.72.231 - - [13/Sep/2025:09:34:10 -0300] "GET /static/img/emoji/Facepunch.svg HTTP/1.1" 200 5457 "-" "Googlebot-Image/1.0"
66.249.77.12 - - [13/Sep/2025:09:39:30 -0300] "GET /assets/baec620/directorylist/directory_last-child_hassub_expand.png HTTP/1.1" 200 286 "-" "Googlebot-Image/1.0"
37.27.59.134 - - [13/Sep/2025:09:41:37 -0300] "GET /assets/f4b8b52d/js/?C=D;O=A HTTP/1.1" 200 1413 "-" "Mozilla/5.0 (compatible; BLEXBot/1.0; +https://help.seranking.com/en/blex-crawler)"
66.249.77.11 - - [13/Sep/2025:09:48:38 -0300] "GET /static/img/emoji/Kissing.svg HTTP/1.1" 200 1210 "-" "Googlebot-Image/1.0"
37.27.59.134 - - [13/Sep/2025:09:54:51 -0300] "GET /assets/f4b8b52d/js/?C=D;O=A HTTP/1.1" 200 1413 "-" "Mozilla/5.0 (compatible; BLEXBot/1.0; +https://help.seranking.com/en/blex-crawler)"
37.27.59.134 - - [13/Sep/2025:09:55:02 -0300] "GET /assets/f4b8b52d/js/?C=M;O=A HTTP/1.1" 200 1413 "-" "Mozilla/5.0 (compatible; BLEXBot/1.0; +https://help.seranking.com/en/blex-crawler)"
37.27.59.134 - - [13/Sep/2025:09:55:12 -0300] "GET /assets/f4b8b52d/js/?C=M;O=A HTTP/1.1" 200 1413 "-" "Mozilla/5.0 (compatible; BLEXBot/1.0; +https://help.seranking.com/en/blex-crawler)"
37.27.59.134 - - [13/Sep/2025:09:55:31 -0300] "GET /assets/f4b8b52d/js/?C=N;O=D HTTP/1.1" 200 1413 "-" "Mozilla/5.0 (compatible; BLEXBot/1.0; +https://help.seranking.com/en/blex-crawler)"
37.27.59.134 - - [13/Sep/2025:09:55:47 -0300] "GET /assets/f4b8b52d/js/?C=N;O=D HTTP/1.1" 200 1413 "-" "Mozilla/5.0 (compatible; BLEXBot/1.0; +https://help.seranking.com/en/blex-crawler)"
37.27.59.134 - - [13/Sep/2025:09:56:13 -0300] "GET /assets/f4b8b52d/js/?C=S;O=A HTTP/1.1" 200 1413 "-" "Mozilla/5.0 (compatible; BLEXBot/1.0; +https://help.seranking.com/en/blex-crawler)"
37.27.59.134 - - [13/Sep/2025:09:56:22 -0300] "GET /assets/f4b8b52d/js/?C=S;O=A HTTP/1.1" 200 1413 "-" "Mozilla/5.0 (compatible; BLEXBot/1.0; +https://help.seranking.com/en/blex-crawler)"
66.249.72.233 - - [13/Sep/2025:09:57:01 -0300] "GET /static/img/default_banner.jpg HTTP/1.1" 200 2617 "-" "Googlebot-Image/1.0"
37.27.59.134 - - [13/Sep/2025:09:57:26 -0300] "GET /themes/HumHub/less/?C=D;O=D HTTP/1.1" 200 1357 "-" "Mozilla/5.0 (compatible; BLEXBot/1.0; +https://help.seranking.com/en/blex-crawler)"
37.27.59.134 - - [13/Sep/2025:09:57:47 -0300] "GET /themes/HumHub/less/?C=M;O=D HTTP/1.1" 200 1357 "-" "Mozilla/5.0 (compatible; BLEXBot/1.0; +https://help.seranking.com/en/blex-crawler)"
37.27.59.134 - - [13/Sep/2025:09:58:21 -0300] "GET /themes/HumHub/less/?C=N;O=A HTTP/1.1" 200 1357 "-" "Mozilla/5.0 (compatible; BLEXBot/1.0; +https://help.seranking.com/en/blex-crawler)"
37.27.59.134 - - [13/Sep/2025:09:58:42 -0300] "GET /themes/HumHub/less/?C=S;O=D HTTP/1.1" 200 1357 "-" "Mozilla/5.0 (compatible; BLEXBot/1.0; +https://help.seranking.com/en/blex-crawler)"
37.27.59.134 - - [13/Sep/2025:09:59:05 -0300] "GET /assets/1701c40d/css/?C=D;O=A HTTP/1.1" 200 824 "-" "Mozilla/5.0 (compatible; BLEXBot/1.0; +https://help.seranking.com/en/blex-crawler)"
37.27.59.134 - - [13/Sep/2025:09:59:17 -0300] "GET /assets/1701c40d/css/?C=D;O=A HTTP/1.1" 200 824 "-" "Mozilla/5.0 (compatible; BLEXBot/1.0; +https://help.seranking.com/en/blex-crawler)"
37.27.59.134 - - [13/Sep/2025:09:59:25 -0300] "GET /assets/1701c40d/css/?C=M;O=A HTTP/1.1" 200 824 "-" "Mozilla/5.0 (compatible; BLEXBot/1.0; +https://help.seranking.com/en/blex-crawler)"
37.27.59.134 - - [13/Sep/2025:09:59:32 -0300] "GET /assets/1701c40d/css/?C=M;O=A HTTP/1.1" 200 824 "-" "Mozilla/5.0 (compatible; BLEXBot/1.0; +https://help.seranking.com/en/blex-crawler)"
37.27.59.134 - - [13/Sep/2025:10:00:17 -0300] "GET /assets/1701c40d/css/?C=N;O=D HTTP/1.1" 200 824 "-" "Mozilla/5.0 (compatible; BLEXBot/1.0; +https://help.seranking.com/en/blex-crawler)"
37.27.59.134 - - [13/Sep/2025:10:00:40 -0300] "GET /assets/1701c40d/css/?C=N;O=D HTTP/1.1" 200 824 "-" "Mozilla/5.0 (compatible; BLEXBot/1.0; +https://help.seranking.com/en/blex-crawler)"
66.249.77.11 - - [13/Sep/2025:10:00:50 -0300] "GET /assets/2ec6b270/themes/vader/images/ui-bg_highlight-soft_35_adadad_1x100.png HTTP/1.1" 200 326 "-" "Googlebot-Image/1.0"
37.27.59.134 - - [13/Sep/2025:10:00:58 -0300] "GET /assets/1701c40d/css/?C=S;O=A HTTP/1.1" 200 824 "-" "Mozilla/5.0 (compatible; BLEXBot/1.0; +https://help.seranking.com/en/blex-crawler)"
37.27.59.134 - - [13/Sep/2025:10:01:10 -0300] "GET /assets/1701c40d/css/?C=S;O=A HTTP/1.1" 200 824 "-" "Mozilla/5.0 (compatible; BLEXBot/1.0; +https://help.seranking.com/en/blex-crawler)"
37.27.59.134 - - [13/Sep/2025:10:01:31 -0300] "GET /assets/19270a39/css/?C=D;O=A HTTP/1.1" 200 1204 "-" "Mozilla/5.0 (compatible; BLEXBot/1.0; +https://help.seranking.com/en/blex-crawler)"
37.27.59.134 - - [13/Sep/2025:10:01:51 -0300] "GET /assets/19270a39/css/?C=D;O=A HTTP/1.1" 200 1204 "-" "Mozilla/5.0 (compatible; BLEXBot/1.0; +https://help.seranking.com/en/blex-crawler)"
37.27.59.134 - - [13/Sep/2025:10:02:10 -0300] "GET /assets/19270a39/css/?C=M;O=A HTTP/1.1" 200 1204 "-" "Mozilla/5.0 (compatible; BLEXBot/1.0; +https://help.seranking.com/en/blex-crawler)"
66.249.72.231 - - [13/Sep/2025:10:02:21 -0300] "GET /static/img/emoji/Gasp2.svg HTTP/1.1" 200 2134 "-" "Googlebot-Image/1.0"
37.27.59.134 - - [13/Sep/2025:10:02:32 -0300] "GET /assets/19270a39/css/?C=M;O=A HTTP/1.1" 200 1204 "-" "Mozilla/5.0 (compatible; BLEXBot/1.0; +https://help.seranking.com/en/blex-crawler)"
37.27.59.134 - - [13/Sep/2025:10:02:42 -0300] "GET /assets/19270a39/css/?C=N;O=D HTTP/1.1" 200 1204 "-" "Mozilla/5.0 (compatible; BLEXBot/1.0; +https://help.seranking.com/en/blex-crawler)"
37.27.59.134 - - [13/Sep/2025:10:03:05 -0300] "GET /assets/19270a39/css/?C=N;O=D HTTP/1.1" 200 1204 "-" "Mozilla/5.0 (compatible; BLEXBot/1.0; +https://help.seranking.com/en/blex-crawler)"
66.249.77.13 - - [13/Sep/2025:10:03:07 -0300] "GET /static/assets/a59d3f98/themes/trontastic/images/ui-icons_ffffff_256x240.png HTTP/1.1" 200 6487 "-" "Googlebot-Image/1.0"
37.27.59.134 - - [13/Sep/2025:10:03:14 -0300] "GET /assets/19270a39/css/?C=S;O=A HTTP/1.1" 200 1204 "-" "Mozilla/5.0 (compatible; BLEXBot/1.0; +https://help.seranking.com/en/blex-crawler)"
37.27.59.134 - - [13/Sep/2025:10:03:23 -0300] "GET /assets/19270a39/css/?C=S;O=A HTTP/1.1" 200 1204 "-" "Mozilla/5.0 (compatible; BLEXBot/1.0; +https://help.seranking.com/en/blex-crawler)"
37.27.59.134 - - [13/Sep/2025:10:03:41 -0300] "GET /assets/325d9b67/css/?C=D;O=A HTTP/1.1" 200 2151 "-" "Mozilla/5.0 (compatible; BLEXBot/1.0; +https://help.seranking.com/en/blex-crawler)"
37.27.59.134 - - [13/Sep/2025:10:03:50 -0300] "GET /assets/325d9b67/css/?C=D;O=A HTTP/1.1" 200 2151 "-" "Mozilla/5.0 (compatible; BLEXBot/1.0; +https://help.seranking.com/en/blex-crawler)"
37.27.59.134 - - [13/Sep/2025:10:04:11 -0300] "GET /assets/325d9b67/css/?C=M;O=A HTTP/1.1" 200 2151 "-" "Mozilla/5.0 (compatible; BLEXBot/1.0; +https://help.seranking.com/en/blex-crawler)"
37.27.59.134 - - [13/Sep/2025:10:04:38 -0300] "GET /assets/325d9b67/css/?C=M;O=A HTTP/1.1" 200 2151 "-" "Mozilla/5.0 (compatible; BLEXBot/1.0; +https://help.seranking.com/en/blex-crawler)"
37.27.59.134 - - [13/Sep/2025:10:04:48 -0300] "GET /assets/325d9b67/css/?C=N;O=D HTTP/1.1" 200 2151 "-" "Mozilla/5.0 (compatible; BLEXBot/1.0; +https://help.seranking.com/en/blex-crawler)"
37.27.59.134 - - [13/Sep/2025:10:05:18 -0300] "GET /assets/325d9b67/css/?C=N;O=D HTTP/1.1" 200 2151 "-" "Mozilla/5.0 (compatible; BLEXBot/1.0; +https://help.seranking.com/en/blex-crawler)"
37.27.59.134 - - [13/Sep/2025:10:05:43 -0300] "GET /assets/325d9b67/css/?C=S;O=A HTTP/1.1" 200 2151 "-" "Mozilla/5.0 (compatible; BLEXBot/1.0; +https://help.seranking.com/en/blex-crawler)"
37.27.59.134 - - [13/Sep/2025:10:06:21 -0300] "GET /assets/325d9b67/css/?C=S;O=A HTTP/1.1" 200 2151 "-" "Mozilla/5.0 (compatible; BLEXBot/1.0; +https://help.seranking.com/en/blex-crawler)"
37.27.59.134 - - [13/Sep/2025:10:07:03 -0300] "GET /assets/59ce91f0/css/?C=D;O=A HTTP/1.1" 200 1007 "-" "Mozilla/5.0 (compatible; BLEXBot/1.0; +https://help.seranking.com/en/blex-crawler)"
37.27.59.134 - - [13/Sep/2025:10:07:26 -0300] "GET /assets/59ce91f0/css/?C=D;O=A HTTP/1.1" 200 1007 "-" "Mozilla/5.0 (compatible; BLEXBot/1.0; +https://help.seranking.com/en/blex-crawler)"
37.27.59.134 - - [13/Sep/2025:10:07:35 -0300] "GET /assets/59ce91f0/css/?C=M;O=A HTTP/1.1" 200 1007 "-" "Mozilla/5.0 (compatible; BLEXBot/1.0; +https://help.seranking.com/en/blex-crawler)"
66.249.77.11 - - [13/Sep/2025:10:07:41 -0300] "GET /static/assets/a59d3f98/themes/trontastic/images/ui-bg_gloss-wave_55_000000_500x100.png HTTP/1.1" 200 4360 "-" "Googlebot-Image/1.0"
37.27.59.134 - - [13/Sep/2025:10:07:44 -0300] "GET /assets/59ce91f0/css/?C=M;O=A HTTP/1.1" 200 1007 "-" "Mozilla/5.0 (compatible; BLEXBot/1.0; +https://help.seranking.com/en/blex-crawler)"
37.27.59.134 - - [13/Sep/2025:10:08:16 -0300] "GET /assets/59ce91f0/css/?C=N;O=D HTTP/1.1" 200 1007 "-" "Mozilla/5.0 (compatible; BLEXBot/1.0; +https://help.seranking.com/en/blex-crawler)"
37.27.59.134 - - [13/Sep/2025:10:08:26 -0300] "GET /assets/59ce91f0/css/?C=N;O=D HTTP/1.1" 200 1007 "-" "Mozilla/5.0 (compatible; BLEXBot/1.0; +https://help.seranking.com/en/blex-crawler)"
37.27.59.134 - - [13/Sep/2025:10:08:53 -0300] "GET /assets/59ce91f0/css/?C=S;O=A HTTP/1.1" 200 1007 "-" "Mozilla/5.0 (compatible; BLEXBot/1.0; +https://help.seranking.com/en/blex-crawler)"
37.27.59.134 - - [13/Sep/2025:10:09:05 -0300] "GET /assets/59ce91f0/css/?C=S;O=A HTTP/1.1" 200 1007 "-" "Mozilla/5.0 (compatible; BLEXBot/1.0; +https://help.seranking.com/en/blex-crawler)"
66.249.77.13 - - [13/Sep/2025:10:09:13 -0300] "GET /assets/e39c67a1/directorylist/directory.png HTTP/1.1" 200 186 "-" "Googlebot-Image/1.0"
37.27.59.134 - - [13/Sep/2025:10:09:24 -0300] "GET /assets/5c18c3b2/css/?C=D;O=A HTTP/1.1" 200 1014 "-" "Mozilla/5.0 (compatible; BLEXBot/1.0; +https://help.seranking.com/en/blex-crawler)"
37.27.59.134 - - [13/Sep/2025:10:09:44 -0300] "GET /assets/5c18c3b2/css/?C=D;O=A HTTP/1.1" 200 1014 "-" "Mozilla/5.0 (compatible; BLEXBot/1.0; +https://help.seranking.com/en/blex-crawler)"
37.27.59.134 - - [13/Sep/2025:10:09:57 -0300] "GET /assets/5c18c3b2/css/?C=M;O=A HTTP/1.1" 200 1014 "-" "Mozilla/5.0 (compatible; BLEXBot/1.0; +https://help.seranking.com/en/blex-crawler)"
37.27.59.134 - - [13/Sep/2025:10:10:07 -0300] "GET /assets/5c18c3b2/css/?C=M;O=A HTTP/1.1" 200 1014 "-" "Mozilla/5.0 (compatible; BLEXBot/1.0; +https://help.seranking.com/en/blex-crawler)"
37.27.59.134 - - [13/Sep/2025:10:10:45 -0300] "GET /assets/5c18c3b2/css/?C=N;O=D HTTP/1.1" 200 1014 "-" "Mozilla/5.0 (compatible; BLEXBot/1.0; +https://help.seranking.com/en/blex-crawler)"
37.27.59.134 - - [13/Sep/2025:10:10:52 -0300] "GET /assets/5c18c3b2/css/?C=N;O=D HTTP/1.1" 200 1014 "-" "Mozilla/5.0 (compatible; BLEXBot/1.0; +https://help.seranking.com/en/blex-crawler)"
37.27.59.134 - - [13/Sep/2025:10:11:00 -0300] "GET /assets/5c18c3b2/css/?C=S;O=A HTTP/1.1" 200 1014 "-" "Mozilla/5.0 (compatible; BLEXBot/1.0; +https://help.seranking.com/en/blex-crawler)"
66.249.77.12 - - [13/Sep/2025:10:11:30 -0300] "GET /assets/19076be7/screen5.PNG HTTP/1.1" 200 21070 "-" "Googlebot-Image/1.0"
37.27.59.134 - - [13/Sep/2025:10:11:53 -0300] "GET /assets/5c18c3b2/css/?C=S;O=A HTTP/1.1" 200 1014 "-" "Mozilla/5.0 (compatible; BLEXBot/1.0; +https://help.seranking.com/en/blex-crawler)"
37.27.59.134 - - [13/Sep/2025:10:12:00 -0300] "GET /assets/616b1b12/css/?C=D;O=A HTTP/1.1" 200 2151 "-" "Mozilla/5.0 (compatible; BLEXBot/1.0; +https://help.seranking.com/en/blex-crawler)"
37.27.59.134 - - [13/Sep/2025:10:12:15 -0300] "GET /assets/616b1b12/css/?C=D;O=A HTTP/1.1" 200 2151 "-" "Mozilla/5.0 (compatible; BLEXBot/1.0; +https://help.seranking.com/en/blex-crawler)"
40.77.167.155 - - [13/Sep/2025:10:12:21 -0300] "GET /static/assets/a59d3f98/themes/south-street/images/ HTTP/1.1" 200 3806 "-" "Mozilla/5.0 AppleWebKit/537.36 (KHTML, like Gecko; compatible; bingbot/2.0; +http://www.bing.com/bingbot.htm) Chrome/116.0.1938.76 Safari/537.36"
37.27.59.134 - - [13/Sep/2025:10:12:21 -0300] "GET /assets/616b1b12/css/?C=M;O=A HTTP/1.1" 200 2151 "-" "Mozilla/5.0 (compatible; BLEXBot/1.0; +https://help.seranking.com/en/blex-crawler)"
37.27.59.134 - - [13/Sep/2025:10:12:44 -0300] "GET /assets/616b1b12/css/?C=M;O=A HTTP/1.1" 200 2151 "-" "Mozilla/5.0 (compatible; BLEXBot/1.0; +https://help.seranking.com/en/blex-crawler)"
37.27.59.134 - - [13/Sep/2025:10:13:07 -0300] "GET /assets/616b1b12/css/?C=N;O=D HTTP/1.1" 200 2151 "-" "Mozilla/5.0 (compatible; BLEXBot/1.0; +https://help.seranking.com/en/blex-crawler)"
37.27.59.134 - - [13/Sep/2025:10:13:30 -0300] "GET /assets/616b1b12/css/?C=N;O=D HTTP/1.1" 200 2151 "-" "Mozilla/5.0 (compatible; BLEXBot/1.0; +https://help.seranking.com/en/blex-crawler)"
37.27.59.134 - - [13/Sep/2025:10:13:36 -0300] "GET /assets/616b1b12/css/?C=S;O=A HTTP/1.1" 200 2151 "-" "Mozilla/5.0 (compatible; BLEXBot/1.0; +https://help.seranking.com/en/blex-crawler)"
37.27.59.134 - - [13/Sep/2025:10:13:45 -0300] "GET /assets/616b1b12/css/?C=S;O=A HTTP/1.1" 200 2151 "-" "Mozilla/5.0 (compatible; BLEXBot/1.0; +https://help.seranking.com/en/blex-crawler)"
37.27.59.134 - - [13/Sep/2025:10:14:25 -0300] "GET /assets/76b273f5/bin/?C=D;O=D HTTP/1.1" 200 828 "-" "Mozilla/5.0 (compatible; BLEXBot/1.0; +https://help.seranking.com/en/blex-crawler)"
66.249.72.233 - - [13/Sep/2025:10:15:18 -0300] "GET /static/img/emoji/ThumbsUp.svg HTTP/1.1" 200 1285 "-" "Googlebot-Image/1.0"
37.27.59.134 - - [13/Sep/2025:10:15:39 -0300] "GET /assets/76b273f5/bin/?C=D;O=D HTTP/1.1" 200 828 "-" "Mozilla/5.0 (compatible; BLEXBot/1.0; +https://help.seranking.com/en/blex-crawler)"
37.27.59.134 - - [13/Sep/2025:10:15:46 -0300] "GET /assets/76b273f5/bin/?C=M;O=D HTTP/1.1" 200 828 "-" "Mozilla/5.0 (compatible; BLEXBot/1.0; +https://help.seranking.com/en/blex-crawler)"
37.27.59.134 - - [13/Sep/2025:10:15:54 -0300] "GET /assets/76b273f5/bin/?C=M;O=D HTTP/1.1" 200 828 "-" "Mozilla/5.0 (compatible; BLEXBot/1.0; +https://help.seranking.com/en/blex-crawler)"
37.27.59.134 - - [13/Sep/2025:10:16:13 -0300] "GET /assets/76b273f5/bin/?C=N;O=A HTTP/1.1" 200 828 "-" "Mozilla/5.0 (compatible; BLEXBot/1.0; +https://help.seranking.com/en/blex-crawler)"
37.27.59.134 - - [13/Sep/2025:10:16:24 -0300] "GET /assets/76b273f5/bin/?C=N;O=A HTTP/1.1" 200 828 "-" "Mozilla/5.0 (compatible; BLEXBot/1.0; +https://help.seranking.com/en/blex-crawler)"
37.27.59.134 - - [13/Sep/2025:10:16:43 -0300] "GET /assets/76b273f5/bin/?C=S;O=D HTTP/1.1" 200 828 "-" "Mozilla/5.0 (compatible; BLEXBot/1.0; +https://help.seranking.com/en/blex-crawler)"
37.27.59.134 - - [13/Sep/2025:10:17:05 -0300] "GET /assets/76b273f5/bin/?C=S;O=D HTTP/1.1" 200 828 "-" "Mozilla/5.0 (compatible; BLEXBot/1.0; +https://help.seranking.com/en/blex-crawler)"
37.27.59.134 - - [13/Sep/2025:10:17:14 -0300] "GET /assets/76b273f5/lib/?C=D;O=D HTTP/1.1" 200 1007 "-" "Mozilla/5.0 (compatible; BLEXBot/1.0; +https://help.seranking.com/en/blex-crawler)"
37.27.59.134 - - [13/Sep/2025:10:17:27 -0300] "GET /assets/76b273f5/lib/?C=D;O=D HTTP/1.1" 200 1007 "-" "Mozilla/5.0 (compatible; BLEXBot/1.0; +https://help.seranking.com/en/blex-crawler)"
37.27.59.134 - - [13/Sep/2025:10:18:02 -0300] "GET /assets/76b273f5/lib/?C=M;O=D HTTP/1.1" 200 1007 "-" "Mozilla/5.0 (compatible; BLEXBot/1.0; +https://help.seranking.com/en/blex-crawler)"
37.27.59.134 - - [13/Sep/2025:10:18:27 -0300] "GET /assets/76b273f5/lib/?C=M;O=D HTTP/1.1" 200 1007 "-" "Mozilla/5.0 (compatible; BLEXBot/1.0; +https://help.seranking.com/en/blex-crawler)"
37.27.59.134 - - [13/Sep/2025:10:18:41 -0300] "GET /assets/76b273f5/lib/?C=N;O=A HTTP/1.1" 200 1007 "-" "Mozilla/5.0 (compatible; BLEXBot/1.0; +https://help.seranking.com/en/blex-crawler)"
37.27.59.134 - - [13/Sep/2025:10:18:48 -0300] "GET /assets/76b273f5/lib/?C=N;O=A HTTP/1.1" 200 1007 "-" "Mozilla/5.0 (compatible; BLEXBot/1.0; +https://help.seranking.com/en/blex-crawler)"
37.27.59.134 - - [13/Sep/2025:10:19:09 -0300] "GET /assets/76b273f5/lib/?C=S;O=D HTTP/1.1" 200 1007 "-" "Mozilla/5.0 (compatible; BLEXBot/1.0; +https://help.seranking.com/en/blex-crawler)"
37.27.59.134 - - [13/Sep/2025:10:19:20 -0300] "GET /assets/76b273f5/lib/?C=S;O=D HTTP/1.1" 200 1007 "-" "Mozilla/5.0 (compatible; BLEXBot/1.0; +https://help.seranking.com/en/blex-crawler)"
37.27.59.134 - - [13/Sep/2025:10:22:15 -0300] "GET /assets/85c413d2/css/?C=D;O=A HTTP/1.1" 200 1206 "-" "Mozilla/5.0 (compatible; BLEXBot/1.0; +https://help.seranking.com/en/blex-crawler)"
37.27.59.134 - - [13/Sep/2025:10:22:43 -0300] "GET /assets/85c413d2/css/?C=M;O=A HTTP/1.1" 200 1206 "-" "Mozilla/5.0 (compatible; BLEXBot/1.0; +https://help.seranking.com/en/blex-crawler)"
37.27.59.134 - - [13/Sep/2025:10:23:03 -0300] "GET /assets/85c413d2/css/?C=N;O=D HTTP/1.1" 200 1206 "-" "Mozilla/5.0 (compatible; BLEXBot/1.0; +https://help.seranking.com/en/blex-crawler)"
37.27.59.134 - - [13/Sep/2025:10:23:25 -0300] "GET /assets/85c413d2/css/?C=S;O=A HTTP/1.1" 200 1206 "-" "Mozilla/5.0 (compatible; BLEXBot/1.0; +https://help.seranking.com/en/blex-crawler)"
37.27.59.134 - - [13/Sep/2025:10:23:58 -0300] "GET /assets/86561242/css/?C=D;O=A HTTP/1.1" 200 1616 "-" "Mozilla/5.0 (compatible; BLEXBot/1.0; +https://help.seranking.com/en/blex-crawler)"
37.27.59.134 - - [13/Sep/2025:10:24:11 -0300] "GET /assets/86561242/css/?C=D;O=A HTTP/1.1" 200 1616 "-" "Mozilla/5.0 (compatible; BLEXBot/1.0; +https://help.seranking.com/en/blex-crawler)"
37.27.59.134 - - [13/Sep/2025:10:24:32 -0300] "GET /assets/86561242/css/?C=M;O=A HTTP/1.1" 200 1616 "-" "Mozilla/5.0 (compatible; BLEXBot/1.0; +https://help.seranking.com/en/blex-crawler)"
37.27.59.134 - - [13/Sep/2025:10:25:19 -0300] "GET /assets/86561242/css/?C=M;O=A HTTP/1.1" 200 1616 "-" "Mozilla/5.0 (compatible; BLEXBot/1.0; +https://help.seranking.com/en/blex-crawler)"
37.27.59.134 - - [13/Sep/2025:10:25:31 -0300] "GET /assets/86561242/css/?C=N;O=D HTTP/1.1" 200 1616 "-" "Mozilla/5.0 (compatible; BLEXBot/1.0; +https://help.seranking.com/en/blex-crawler)"
37.27.59.134 - - [13/Sep/2025:10:25:48 -0300] "GET /assets/86561242/css/?C=N;O=D HTTP/1.1" 200 1616 "-" "Mozilla/5.0 (compatible; BLEXBot/1.0; +https://help.seranking.com/en/blex-crawler)"
37.27.59.134 - - [13/Sep/2025:10:26:11 -0300] "GET /assets/86561242/css/?C=S;O=A HTTP/1.1" 200 1616 "-" "Mozilla/5.0 (compatible; BLEXBot/1.0; +https://help.seranking.com/en/blex-crawler)"
37.27.59.134 - - [13/Sep/2025:10:26:28 -0300] "GET /assets/86561242/css/?C=S;O=A HTTP/1.1" 200 1616 "-" "Mozilla/5.0 (compatible; BLEXBot/1.0; +https://help.seranking.com/en/blex-crawler)"
37.27.59.134 - - [13/Sep/2025:10:26:42 -0300] "GET /assets/86561242/img/?C=D;O=A HTTP/1.1" 200 1905 "-" "Mozilla/5.0 (compatible; BLEXBot/1.0; +https://help.seranking.com/en/blex-crawler)"
37.27.59.134 - - [13/Sep/2025:10:26:49 -0300] "GET /assets/86561242/img/?C=D;O=A HTTP/1.1" 200 1905 "-" "Mozilla/5.0 (compatible; BLEXBot/1.0; +https://help.seranking.com/en/blex-crawler)"
37.27.59.134 - - [13/Sep/2025:10:26:59 -0300] "GET /assets/86561242/img/?C=M;O=A HTTP/1.1" 200 1905 "-" "Mozilla/5.0 (compatible; BLEXBot/1.0; +https://help.seranking.com/en/blex-crawler)"
37.27.59.134 - - [13/Sep/2025:10:27:15 -0300] "GET /assets/86561242/img/?C=M;O=A HTTP/1.1" 200 1905 "-" "Mozilla/5.0 (compatible; BLEXBot/1.0; +https://help.seranking.com/en/blex-crawler)"
37.27.59.134 - - [13/Sep/2025:10:27:30 -0300] "GET /assets/86561242/img/?C=N;O=D HTTP/1.1" 200 1905 "-" "Mozilla/5.0 (compatible; BLEXBot/1.0; +https://help.seranking.com/en/blex-crawler)"
37.27.59.134 - - [13/Sep/2025:10:27:40 -0300] "GET /assets/86561242/img/?C=N;O=D HTTP/1.1" 200 1905 "-" "Mozilla/5.0 (compatible; BLEXBot/1.0; +https://help.seranking.com/en/blex-crawler)"
37.27.59.134 - - [13/Sep/2025:10:28:53 -0300] "GET /assets/86561242/img/?C=S;O=A HTTP/1.1" 200 1905 "-" "Mozilla/5.0 (compatible; BLEXBot/1.0; +https://help.seranking.com/en/blex-crawler)"
37.27.59.134 - - [13/Sep/2025:10:28:59 -0300] "GET /assets/86561242/img/?C=S;O=A HTTP/1.1" 200 1905 "-" "Mozilla/5.0 (compatible; BLEXBot/1.0; +https://help.seranking.com/en/blex-crawler)"
37.27.59.134 - - [13/Sep/2025:10:29:06 -0300] "GET /assets/95c190f9/css/?C=D;O=A HTTP/1.1" 200 824 "-" "Mozilla/5.0 (compatible; BLEXBot/1.0; +https://help.seranking.com/en/blex-crawler)"
37.27.59.134 - - [13/Sep/2025:10:29:12 -0300] "GET /assets/95c190f9/css/?C=D;O=A HTTP/1.1" 200 824 "-" "Mozilla/5.0 (compatible; BLEXBot/1.0; +https://help.seranking.com/en/blex-crawler)"
37.27.59.134 - - [13/Sep/2025:10:29:36 -0300] "GET /assets/95c190f9/css/?C=M;O=A HTTP/1.1" 200 824 "-" "Mozilla/5.0 (compatible; BLEXBot/1.0; +https://help.seranking.com/en/blex-crawler)"
37.27.59.134 - - [13/Sep/2025:10:30:16 -0300] "GET /assets/95c190f9/css/?C=M;O=A HTTP/1.1" 200 824 "-" "Mozilla/5.0 (compatible; BLEXBot/1.0; +https://help.seranking.com/en/blex-crawler)"
37.27.59.134 - - [13/Sep/2025:10:30:29 -0300] "GET /assets/95c190f9/css/?C=N;O=D HTTP/1.1" 200 824 "-" "Mozilla/5.0 (compatible; BLEXBot/1.0; +https://help.seranking.com/en/blex-crawler)"
37.27.59.134 - - [13/Sep/2025:10:30:53 -0300] "GET /assets/95c190f9/css/?C=N;O=D HTTP/1.1" 200 824 "-" "Mozilla/5.0 (compatible; BLEXBot/1.0; +https://help.seranking.com/en/blex-crawler)"
37.27.59.134 - - [13/Sep/2025:10:31:07 -0300] "GET /assets/95c190f9/css/?C=S;O=A HTTP/1.1" 200 824 "-" "Mozilla/5.0 (compatible; BLEXBot/1.0; +https://help.seranking.com/en/blex-crawler)"
37.27.59.134 - - [13/Sep/2025:10:31:26 -0300] "GET /assets/95c190f9/css/?C=S;O=A HTTP/1.1" 200 824 "-" "Mozilla/5.0 (compatible; BLEXBot/1.0; +https://help.seranking.com/en/blex-crawler)"
37.27.59.134 - - [13/Sep/2025:10:31:36 -0300] "GET /assets/97977d77/css/?C=D;O=A HTTP/1.1" 200 821 "-" "Mozilla/5.0 (compatible; BLEXBot/1.0; +https://help.seranking.com/en/blex-crawler)"
37.27.59.134 - - [13/Sep/2025:10:32:16 -0300] "GET /assets/97977d77/css/?C=D;O=A HTTP/1.1" 200 821 "-" "Mozilla/5.0 (compatible; BLEXBot/1.0; +https://help.seranking.com/en/blex-crawler)"
37.27.59.134 - - [13/Sep/2025:10:32:26 -0300] "GET /assets/97977d77/css/?C=M;O=A HTTP/1.1" 200 821 "-" "Mozilla/5.0 (compatible; BLEXBot/1.0; +https://help.seranking.com/en/blex-crawler)"
37.27.59.134 - - [13/Sep/2025:10:32:48 -0300] "GET /assets/97977d77/css/?C=M;O=A HTTP/1.1" 200 821 "-" "Mozilla/5.0 (compatible; BLEXBot/1.0; +https://help.seranking.com/en/blex-crawler)"
37.27.59.134 - - [13/Sep/2025:10:32:57 -0300] "GET /assets/97977d77/css/?C=N;O=D HTTP/1.1" 200 821 "-" "Mozilla/5.0 (compatible; BLEXBot/1.0; +https://help.seranking.com/en/blex-crawler)"
66.249.72.231 - - [13/Sep/2025:10:32:59 -0300] "GET /assets/e93843c3/loader.gif HTTP/1.1" 200 723 "-" "Googlebot-Image/1.0"
37.27.59.134 - - [13/Sep/2025:10:33:27 -0300] "GET /assets/97977d77/css/?C=N;O=D HTTP/1.1" 200 821 "-" "Mozilla/5.0 (compatible; BLEXBot/1.0; +https://help.seranking.com/en/blex-crawler)"
37.27.59.134 - - [13/Sep/2025:10:34:40 -0300] "GET /assets/97977d77/css/?C=S;O=A HTTP/1.1" 200 821 "-" "Mozilla/5.0 (compatible; BLEXBot/1.0; +https://help.seranking.com/en/blex-crawler)"
37.27.59.134 - - [13/Sep/2025:10:35:02 -0300] "GET /assets/97977d77/css/?C=S;O=A HTTP/1.1" 200 821 "-" "Mozilla/5.0 (compatible; BLEXBot/1.0; +https://help.seranking.com/en/blex-crawler)"
37.27.59.134 - - [13/Sep/2025:10:35:09 -0300] "GET /assets/97977d77/ico/?C=D;O=A HTTP/1.1" 200 5908 "-" "Mozilla/5.0 (compatible; BLEXBot/1.0; +https://help.seranking.com/en/blex-crawler)"
37.27.59.134 - - [13/Sep/2025:10:35:24 -0300] "GET /assets/97977d77/ico/?C=D;O=A HTTP/1.1" 200 5908 "-" "Mozilla/5.0 (compatible; BLEXBot/1.0; +https://help.seranking.com/en/blex-crawler)"
37.27.59.134 - - [13/Sep/2025:10:35:33 -0300] "GET /assets/97977d77/ico/?C=M;O=A HTTP/1.1" 200 5908 "-" "Mozilla/5.0 (compatible; BLEXBot/1.0; +https://help.seranking.com/en/blex-crawler)"
37.27.59.134 - - [13/Sep/2025:10:35:43 -0300] "GET /assets/97977d77/ico/?C=M;O=A HTTP/1.1" 200 5908 "-" "Mozilla/5.0 (compatible; BLEXBot/1.0; +https://help.seranking.com/en/blex-crawler)"
37.27.59.134 - - [13/Sep/2025:10:36:03 -0300] "GET /assets/97977d77/ico/?C=N;O=D HTTP/1.1" 200 5908 "-" "Mozilla/5.0 (compatible; BLEXBot/1.0; +https://help.seranking.com/en/blex-crawler)"
37.27.59.134 - - [13/Sep/2025:10:36:19 -0300] "GET /assets/97977d77/ico/?C=N;O=D HTTP/1.1" 200 5908 "-" "Mozilla/5.0 (compatible; BLEXBot/1.0; +https://help.seranking.com/en/blex-crawler)"
37.27.59.134 - - [13/Sep/2025:10:36:28 -0300] "GET /assets/97977d77/ico/?C=S;O=A HTTP/1.1" 200 5908 "-" "Mozilla/5.0 (compatible; BLEXBot/1.0; +https://help.seranking.com/en/blex-crawler)"
37.27.59.134 - - [13/Sep/2025:10:36:36 -0300] "GET /assets/97977d77/ico/?C=S;O=A HTTP/1.1" 200 5908 "-" "Mozilla/5.0 (compatible; BLEXBot/1.0; +https://help.seranking.com/en/blex-crawler)"
37.27.59.134 - - [13/Sep/2025:10:37:10 -0300] "GET /assets/97977d77/img/?C=D;O=A HTTP/1.1" 200 1755 "-" "Mozilla/5.0 (compatible; BLEXBot/1.0; +https://help.seranking.com/en/blex-crawler)"
37.27.59.134 - - [13/Sep/2025:10:37:28 -0300] "GET /assets/97977d77/img/?C=D;O=A HTTP/1.1" 200 1755 "-" "Mozilla/5.0 (compatible; BLEXBot/1.0; +https://help.seranking.com/en/blex-crawler)"
37.27.59.134 - - [13/Sep/2025:10:37:48 -0300] "GET /assets/97977d77/img/?C=M;O=A HTTP/1.1" 200 1755 "-" "Mozilla/5.0 (compatible; BLEXBot/1.0; +https://help.seranking.com/en/blex-crawler)"
37.27.59.134 - - [13/Sep/2025:10:38:15 -0300] "GET /assets/97977d77/img/?C=M;O=A HTTP/1.1" 200 1755 "-" "Mozilla/5.0 (compatible; BLEXBot/1.0; +https://help.seranking.com/en/blex-crawler)"
37.27.59.134 - - [13/Sep/2025:10:38:34 -0300] "GET /assets/97977d77/img/?C=N;O=D HTTP/1.1" 200 1755 "-" "Mozilla/5.0 (compatible; BLEXBot/1.0; +https://help.seranking.com/en/blex-crawler)"
37.27.59.134 - - [13/Sep/2025:10:38:41 -0300] "GET /assets/97977d77/img/?C=N;O=D HTTP/1.1" 200 1755 "-" "Mozilla/5.0 (compatible; BLEXBot/1.0; +https://help.seranking.com/en/blex-crawler)"
37.27.59.134 - - [13/Sep/2025:10:38:48 -0300] "GET /assets/97977d77/img/?C=S;O=A HTTP/1.1" 200 1755 "-" "Mozilla/5.0 (compatible; BLEXBot/1.0; +https://help.seranking.com/en/blex-crawler)"
37.27.59.134 - - [13/Sep/2025:10:38:57 -0300] "GET /assets/97977d77/img/?C=S;O=A HTTP/1.1" 200 1755 "-" "Mozilla/5.0 (compatible; BLEXBot/1.0; +https://help.seranking.com/en/blex-crawler)"
37.27.59.134 - - [13/Sep/2025:10:39:21 -0300] "GET /assets/bb0fec9b/css/?C=D;O=A HTTP/1.1" 200 1742 "-" "Mozilla/5.0 (compatible; BLEXBot/1.0; +https://help.seranking.com/en/blex-crawler)"
37.27.59.134 - - [13/Sep/2025:10:39:30 -0300] "GET /assets/bb0fec9b/css/?C=D;O=A HTTP/1.1" 200 1742 "-" "Mozilla/5.0 (compatible; BLEXBot/1.0; +https://help.seranking.com/en/blex-crawler)"
37.27.59.134 - - [13/Sep/2025:10:39:49 -0300] "GET /assets/bb0fec9b/css/?C=M;O=A HTTP/1.1" 200 1742 "-" "Mozilla/5.0 (compatible; BLEXBot/1.0; +https://help.seranking.com/en/blex-crawler)"
37.27.59.134 - - [13/Sep/2025:10:39:58 -0300] "GET /assets/bb0fec9b/css/?C=M;O=A HTTP/1.1" 200 1742 "-" "Mozilla/5.0 (compatible; BLEXBot/1.0; +https://help.seranking.com/en/blex-crawler)"
37.27.59.134 - - [13/Sep/2025:10:40:12 -0300] "GET /assets/bb0fec9b/css/?C=N;O=D HTTP/1.1" 200 1742 "-" "Mozilla/5.0 (compatible; BLEXBot/1.0; +https://help.seranking.com/en/blex-crawler)"
37.27.59.134 - - [13/Sep/2025:10:40:20 -0300] "GET /assets/bb0fec9b/css/?C=N;O=D HTTP/1.1" 200 1742 "-" "Mozilla/5.0 (compatible; BLEXBot/1.0; +https://help.seranking.com/en/blex-crawler)"
37.27.59.134 - - [13/Sep/2025:10:40:50 -0300] "GET /assets/bb0fec9b/css/?C=S;O=A HTTP/1.1" 200 1742 "-" "Mozilla/5.0 (compatible; BLEXBot/1.0; +https://help.seranking.com/en/blex-crawler)"
37.27.59.134 - - [13/Sep/2025:10:41:05 -0300] "GET /assets/bb0fec9b/css/?C=S;O=A HTTP/1.1" 200 1742 "-" "Mozilla/5.0 (compatible; BLEXBot/1.0; +https://help.seranking.com/en/blex-crawler)"
37.27.59.134 - - [13/Sep/2025:10:41:25 -0300] "GET /assets/bb0fec9b/img/?C=D;O=A HTTP/1.1" 200 830 "-" "Mozilla/5.0 (compatible; BLEXBot/1.0; +https://help.seranking.com/en/blex-crawler)"
37.27.59.134 - - [13/Sep/2025:10:41:48 -0300] "GET /assets/bb0fec9b/img/?C=D;O=A HTTP/1.1" 200 830 "-" "Mozilla/5.0 (compatible; BLEXBot/1.0; +https://help.seranking.com/en/blex-crawler)"
37.27.59.134 - - [13/Sep/2025:10:41:55 -0300] "GET /assets/bb0fec9b/img/?C=M;O=A HTTP/1.1" 200 830 "-" "Mozilla/5.0 (compatible; BLEXBot/1.0; +https://help.seranking.com/en/blex-crawler)"
37.27.59.134 - - [13/Sep/2025:10:42:15 -0300] "GET /assets/bb0fec9b/img/?C=M;O=A HTTP/1.1" 200 830 "-" "Mozilla/5.0 (compatible; BLEXBot/1.0; +https://help.seranking.com/en/blex-crawler)"
37.27.59.134 - - [13/Sep/2025:10:42:33 -0300] "GET /assets/bb0fec9b/img/?C=N;O=D HTTP/1.1" 200 830 "-" "Mozilla/5.0 (compatible; BLEXBot/1.0; +https://help.seranking.com/en/blex-crawler)"
37.27.59.134 - - [13/Sep/2025:10:42:58 -0300] "GET /assets/bb0fec9b/img/?C=N;O=D HTTP/1.1" 200 830 "-" "Mozilla/5.0 (compatible; BLEXBot/1.0; +https://help.seranking.com/en/blex-crawler)"
37.27.59.134 - - [13/Sep/2025:10:43:04 -0300] "GET /assets/bb0fec9b/img/?C=S;O=A HTTP/1.1" 200 830 "-" "Mozilla/5.0 (compatible; BLEXBot/1.0; +https://help.seranking.com/en/blex-crawler)"
37.27.59.134 - - [13/Sep/2025:10:43:16 -0300] "GET /assets/bb0fec9b/img/?C=S;O=A HTTP/1.1" 200 830 "-" "Mozilla/5.0 (compatible; BLEXBot/1.0; +https://help.seranking.com/en/blex-crawler)"
37.27.59.134 - - [13/Sep/2025:10:43:28 -0300] "GET /assets/bbca6024/css/?C=D;O=A HTTP/1.1" 200 821 "-" "Mozilla/5.0 (compatible; BLEXBot/1.0; +https://help.seranking.com/en/blex-crawler)"
37.27.59.134 - - [13/Sep/2025:10:44:03 -0300] "GET /assets/bbca6024/css/?C=D;O=A HTTP/1.1" 200 821 "-" "Mozilla/5.0 (compatible; BLEXBot/1.0; +https://help.seranking.com/en/blex-crawler)"
40.77.167.14 - - [13/Sep/2025:10:44:54 -0300] "GET /static/assets/f2b50b46/i18n/ms.js HTTP/1.1" 200 811 "-" "Mozilla/5.0 AppleWebKit/537.36 (KHTML, like Gecko; compatible; bingbot/2.0; +http://www.bing.com/bingbot.htm) Chrome/116.0.1938.76 Safari/537.36"
37.27.59.134 - - [13/Sep/2025:10:44:57 -0300] "GET /assets/bbca6024/css/?C=M;O=A HTTP/1.1" 200 821 "-" "Mozilla/5.0 (compatible; BLEXBot/1.0; +https://help.seranking.com/en/blex-crawler)"
37.27.59.134 - - [13/Sep/2025:10:45:12 -0300] "GET /assets/bbca6024/css/?C=M;O=A HTTP/1.1" 200 821 "-" "Mozilla/5.0 (compatible; BLEXBot/1.0; +https://help.seranking.com/en/blex-crawler)"
37.27.59.134 - - [13/Sep/2025:10:45:35 -0300] "GET /assets/bbca6024/css/?C=N;O=D HTTP/1.1" 200 821 "-" "Mozilla/5.0 (compatible; BLEXBot/1.0; +https://help.seranking.com/en/blex-crawler)"
66.249.77.13 - - [13/Sep/2025:10:46:10 -0300] "GET /assets/4772666/module_image.png HTTP/1.1" 200 3841 "-" "Googlebot-Image/1.0"
37.27.59.134 - - [13/Sep/2025:10:46:14 -0300] "GET /assets/bbca6024/css/?C=N;O=D HTTP/1.1" 200 821 "-" "Mozilla/5.0 (compatible; BLEXBot/1.0; +https://help.seranking.com/en/blex-crawler)"
37.27.59.134 - - [13/Sep/2025:10:46:36 -0300] "GET /assets/bbca6024/css/?C=S;O=A HTTP/1.1" 200 821 "-" "Mozilla/5.0 (compatible; BLEXBot/1.0; +https://help.seranking.com/en/blex-crawler)"
37.27.59.134 - - [13/Sep/2025:10:46:47 -0300] "GET /assets/bbca6024/css/?C=S;O=A HTTP/1.1" 200 821 "-" "Mozilla/5.0 (compatible; BLEXBot/1.0; +https://help.seranking.com/en/blex-crawler)"
37.27.59.134 - - [13/Sep/2025:10:47:05 -0300] "GET /assets/bbca6024/ico/?C=D;O=A HTTP/1.1" 200 5908 "-" "Mozilla/5.0 (compatible; BLEXBot/1.0; +https://help.seranking.com/en/blex-crawler)"
37.27.59.134 - - [13/Sep/2025:10:47:17 -0300] "GET /assets/bbca6024/ico/?C=D;O=A HTTP/1.1" 200 5908 "-" "Mozilla/5.0 (compatible; BLEXBot/1.0; +https://help.seranking.com/en/blex-crawler)"
37.27.59.134 - - [13/Sep/2025:10:47:40 -0300] "GET /assets/bbca6024/ico/?C=M;O=A HTTP/1.1" 200 5908 "-" "Mozilla/5.0 (compatible; BLEXBot/1.0; +https://help.seranking.com/en/blex-crawler)"
37.27.59.134 - - [13/Sep/2025:10:47:56 -0300] "GET /assets/bbca6024/ico/?C=M;O=A HTTP/1.1" 200 5908 "-" "Mozilla/5.0 (compatible; BLEXBot/1.0; +https://help.seranking.com/en/blex-crawler)"
37.27.59.134 - - [13/Sep/2025:10:48:03 -0300] "GET /assets/bbca6024/ico/?C=N;O=D HTTP/1.1" 200 5908 "-" "Mozilla/5.0 (compatible; BLEXBot/1.0; +https://help.seranking.com/en/blex-crawler)"
66.249.72.231 - - [13/Sep/2025:10:48:11 -0300] "GET /static/img/emoji/PoultryLeg.svg HTTP/1.1" 200 1741 "-" "Googlebot-Image/1.0"
37.27.59.134 - - [13/Sep/2025:10:48:13 -0300] "GET /assets/bbca6024/ico/?C=N;O=D HTTP/1.1" 200 5908 "-" "Mozilla/5.0 (compatible; BLEXBot/1.0; +https://help.seranking.com/en/blex-crawler)"
37.27.59.134 - - [13/Sep/2025:10:48:36 -0300] "GET /assets/bbca6024/ico/?C=S;O=A HTTP/1.1" 200 5908 "-" "Mozilla/5.0 (compatible; BLEXBot/1.0; +https://help.seranking.com/en/blex-crawler)"
37.27.59.134 - - [13/Sep/2025:10:48:52 -0300] "GET /assets/bbca6024/ico/?C=S;O=A HTTP/1.1" 200 5908 "-" "Mozilla/5.0 (compatible; BLEXBot/1.0; +https://help.seranking.com/en/blex-crawler)"
37.27.59.134 - - [13/Sep/2025:10:49:00 -0300] "GET /assets/bbca6024/img/?C=D;O=A HTTP/1.1" 200 1755 "-" "Mozilla/5.0 (compatible; BLEXBot/1.0; +https://help.seranking.com/en/blex-crawler)"
37.27.59.134 - - [13/Sep/2025:10:49:11 -0300] "GET /assets/bbca6024/img/?C=D;O=A HTTP/1.1" 200 1755 "-" "Mozilla/5.0 (compatible; BLEXBot/1.0; +https://help.seranking.com/en/blex-crawler)"
37.27.59.134 - - [13/Sep/2025:10:49:17 -0300] "GET /assets/bbca6024/img/?C=M;O=A HTTP/1.1" 200 1755 "-" "Mozilla/5.0 (compatible; BLEXBot/1.0; +https://help.seranking.com/en/blex-crawler)"
37.27.59.134 - - [13/Sep/2025:10:49:27 -0300] "GET /assets/bbca6024/img/?C=M;O=A HTTP/1.1" 200 1755 "-" "Mozilla/5.0 (compatible; BLEXBot/1.0; +https://help.seranking.com/en/blex-crawler)"
37.27.59.134 - - [13/Sep/2025:10:49:41 -0300] "GET /assets/bbca6024/img/?C=N;O=D HTTP/1.1" 200 1755 "-" "Mozilla/5.0 (compatible; BLEXBot/1.0; +https://help.seranking.com/en/blex-crawler)"
37.27.59.134 - - [13/Sep/2025:10:50:02 -0300] "GET /assets/bbca6024/img/?C=N;O=D HTTP/1.1" 200 1755 "-" "Mozilla/5.0 (compatible; BLEXBot/1.0; +https://help.seranking.com/en/blex-crawler)"
37.27.59.134 - - [13/Sep/2025:10:51:12 -0300] "GET /assets/bbca6024/img/?C=S;O=A HTTP/1.1" 200 1755 "-" "Mozilla/5.0 (compatible; BLEXBot/1.0; +https://help.seranking.com/en/blex-crawler)"
37.27.59.134 - - [13/Sep/2025:10:51:41 -0300] "GET /assets/bbca6024/img/?C=S;O=A HTTP/1.1" 200 1755 "-" "Mozilla/5.0 (compatible; BLEXBot/1.0; +https://help.seranking.com/en/blex-crawler)"
37.27.59.134 - - [13/Sep/2025:10:51:50 -0300] "GET /assets/c1925d3c/css/?C=D;O=A HTTP/1.1" 200 1193 "-" "Mozilla/5.0 (compatible; BLEXBot/1.0; +https://help.seranking.com/en/blex-crawler)"
37.27.59.134 - - [13/Sep/2025:10:51:58 -0300] "GET /assets/c1925d3c/css/?C=D;O=A HTTP/1.1" 200 1193 "-" "Mozilla/5.0 (compatible; BLEXBot/1.0; +https://help.seranking.com/en/blex-crawler)"
37.27.59.134 - - [13/Sep/2025:10:52:26 -0300] "GET /assets/c1925d3c/css/?C=M;O=A HTTP/1.1" 200 1193 "-" "Mozilla/5.0 (compatible; BLEXBot/1.0; +https://help.seranking.com/en/blex-crawler)"
37.27.59.134 - - [13/Sep/2025:10:52:34 -0300] "GET /assets/c1925d3c/css/?C=M;O=A HTTP/1.1" 200 1193 "-" "Mozilla/5.0 (compatible; BLEXBot/1.0; +https://help.seranking.com/en/blex-crawler)"
37.27.59.134 - - [13/Sep/2025:10:52:55 -0300] "GET /assets/c1925d3c/css/?C=N;O=D HTTP/1.1" 200 1193 "-" "Mozilla/5.0 (compatible; BLEXBot/1.0; +https://help.seranking.com/en/blex-crawler)"
37.27.59.134 - - [13/Sep/2025:10:53:06 -0300] "GET /assets/c1925d3c/css/?C=N;O=D HTTP/1.1" 200 1193 "-" "Mozilla/5.0 (compatible; BLEXBot/1.0; +https://help.seranking.com/en/blex-crawler)"
37.27.59.134 - - [13/Sep/2025:10:53:17 -0300] "GET /assets/c1925d3c/css/?C=S;O=A HTTP/1.1" 200 1193 "-" "Mozilla/5.0 (compatible; BLEXBot/1.0; +https://help.seranking.com/en/blex-crawler)"
37.27.59.134 - - [13/Sep/2025:10:53:23 -0300] "GET /assets/c1925d3c/css/?C=S;O=A HTTP/1.1" 200 1193 "-" "Mozilla/5.0 (compatible; BLEXBot/1.0; +https://help.seranking.com/en/blex-crawler)"
37.27.59.134 - - [13/Sep/2025:10:53:43 -0300] "GET /assets/c58e7eda/css/?C=D;O=A HTTP/1.1" 200 1029 "-" "Mozilla/5.0 (compatible; BLEXBot/1.0; +https://help.seranking.com/en/blex-crawler)"
37.27.59.134 - - [13/Sep/2025:10:53:58 -0300] "GET /assets/c58e7eda/css/?C=D;O=A HTTP/1.1" 200 1029 "-" "Mozilla/5.0 (compatible; BLEXBot/1.0; +https://help.seranking.com/en/blex-crawler)"
37.27.59.134 - - [13/Sep/2025:10:54:08 -0300] "GET /assets/c58e7eda/css/?C=M;O=A HTTP/1.1" 200 1029 "-" "Mozilla/5.0 (compatible; BLEXBot/1.0; +https://help.seranking.com/en/blex-crawler)"
37.27.59.134 - - [13/Sep/2025:10:54:13 -0300] "GET /assets/c58e7eda/css/?C=M;O=A HTTP/1.1" 200 1029 "-" "Mozilla/5.0 (compatible; BLEXBot/1.0; +https://help.seranking.com/en/blex-crawler)"
37.27.59.134 - - [13/Sep/2025:10:54:27 -0300] "GET /assets/c58e7eda/css/?C=N;O=D HTTP/1.1" 200 1029 "-" "Mozilla/5.0 (compatible; BLEXBot/1.0; +https://help.seranking.com/en/blex-crawler)"
37.27.59.134 - - [13/Sep/2025:10:54:39 -0300] "GET /assets/c58e7eda/css/?C=N;O=D HTTP/1.1" 200 1029 "-" "Mozilla/5.0 (compatible; BLEXBot/1.0; +https://help.seranking.com/en/blex-crawler)"
37.27.59.134 - - [13/Sep/2025:10:55:01 -0300] "GET /assets/c58e7eda/css/?C=S;O=A HTTP/1.1" 200 1029 "-" "Mozilla/5.0 (compatible; BLEXBot/1.0; +https://help.seranking.com/en/blex-crawler)"
37.27.59.134 - - [13/Sep/2025:10:55:19 -0300] "GET /assets/c58e7eda/css/?C=S;O=A HTTP/1.1" 200 1029 "-" "Mozilla/5.0 (compatible; BLEXBot/1.0; +https://help.seranking.com/en/blex-crawler)"
37.27.59.134 - - [13/Sep/2025:10:55:38 -0300] "GET /assets/ce4b19d5/css/?C=D;O=A HTTP/1.1" 200 1204 "-" "Mozilla/5.0 (compatible; BLEXBot/1.0; +https://help.seranking.com/en/blex-crawler)"
37.27.59.134 - - [13/Sep/2025:10:55:49 -0300] "GET /assets/ce4b19d5/css/?C=D;O=A HTTP/1.1" 200 1204 "-" "Mozilla/5.0 (compatible; BLEXBot/1.0; +https://help.seranking.com/en/blex-crawler)"
37.27.59.134 - - [13/Sep/2025:10:56:54 -0300] "GET /assets/ce4b19d5/css/?C=M;O=A HTTP/1.1" 200 1204 "-" "Mozilla/5.0 (compatible; BLEXBot/1.0; +https://help.seranking.com/en/blex-crawler)"
37.27.59.134 - - [13/Sep/2025:10:57:48 -0300] "GET /assets/ce4b19d5/css/?C=M;O=A HTTP/1.1" 200 1204 "-" "Mozilla/5.0 (compatible; BLEXBot/1.0; +https://help.seranking.com/en/blex-crawler)"
37.27.59.134 - - [13/Sep/2025:10:58:03 -0300] "GET /assets/ce4b19d5/css/?C=N;O=D HTTP/1.1" 200 1204 "-" "Mozilla/5.0 (compatible; BLEXBot/1.0; +https://help.seranking.com/en/blex-crawler)"
37.27.59.134 - - [13/Sep/2025:10:58:25 -0300] "GET /assets/ce4b19d5/css/?C=N;O=D HTTP/1.1" 200 1204 "-" "Mozilla/5.0 (compatible; BLEXBot/1.0; +https://help.seranking.com/en/blex-crawler)"
37.27.59.134 - - [13/Sep/2025:10:58:45 -0300] "GET /assets/ce4b19d5/css/?C=S;O=A HTTP/1.1" 200 1204 "-" "Mozilla/5.0 (compatible; BLEXBot/1.0; +https://help.seranking.com/en/blex-crawler)"
37.27.59.134 - - [13/Sep/2025:10:58:57 -0300] "GET /assets/ce4b19d5/css/?C=S;O=A HTTP/1.1" 200 1204 "-" "Mozilla/5.0 (compatible; BLEXBot/1.0; +https://help.seranking.com/en/blex-crawler)"
37.27.59.134 - - [13/Sep/2025:10:59:11 -0300] "GET /assets/e39c67a1/css/?C=D;O=A HTTP/1.1" 200 1007 "-" "Mozilla/5.0 (compatible; BLEXBot/1.0; +https://help.seranking.com/en/blex-crawler)"
37.27.59.134 - - [13/Sep/2025:10:59:32 -0300] "GET /assets/e39c67a1/css/?C=D;O=A HTTP/1.1" 200 1007 "-" "Mozilla/5.0 (compatible; BLEXBot/1.0; +https://help.seranking.com/en/blex-crawler)"
37.27.59.134 - - [13/Sep/2025:11:00:24 -0300] "GET /assets/e39c67a1/css/?C=M;O=A HTTP/1.1" 200 1007 "-" "Mozilla/5.0 (compatible; BLEXBot/1.0; +https://help.seranking.com/en/blex-crawler)"
37.27.59.134 - - [13/Sep/2025:11:01:10 -0300] "GET /assets/e39c67a1/css/?C=M;O=A HTTP/1.1" 200 1007 "-" "Mozilla/5.0 (compatible; BLEXBot/1.0; +https://help.seranking.com/en/blex-crawler)"
37.27.59.134 - - [13/Sep/2025:11:01:15 -0300] "GET /assets/e39c67a1/css/?C=N;O=D HTTP/1.1" 200 1007 "-" "Mozilla/5.0 (compatible; BLEXBot/1.0; +https://help.seranking.com/en/blex-crawler)"
37.27.59.134 - - [13/Sep/2025:11:01:33 -0300] "GET /assets/e39c67a1/css/?C=N;O=D HTTP/1.1" 200 1007 "-" "Mozilla/5.0 (compatible; BLEXBot/1.0; +https://help.seranking.com/en/blex-crawler)"
37.27.59.134 - - [13/Sep/2025:11:01:50 -0300] "GET /assets/e39c67a1/css/?C=S;O=A HTTP/1.1" 200 1007 "-" "Mozilla/5.0 (compatible; BLEXBot/1.0; +https://help.seranking.com/en/blex-crawler)"
37.27.59.134 - - [13/Sep/2025:11:02:16 -0300] "GET /assets/e39c67a1/css/?C=S;O=A HTTP/1.1" 200 1007 "-" "Mozilla/5.0 (compatible; BLEXBot/1.0; +https://help.seranking.com/en/blex-crawler)"
66.249.72.233 - - [13/Sep/2025:11:03:23 -0300] "GET /static/img/humhub.png HTTP/1.1" 200 3917 "-" "Googlebot-Image/1.0"
37.27.59.134 - - [13/Sep/2025:11:04:38 -0300] "GET /static/js/compat/date/i18n/ HTTP/1.1" 200 848 "-" "Mozilla/5.0 (compatible; BLEXBot/1.0; +https://help.seranking.com/en/blex-crawler)"
37.27.59.134 - - [13/Sep/2025:11:05:07 -0300] "GET /static/js/compat/date/i18n/ HTTP/1.1" 200 848 "-" "Mozilla/5.0 (compatible; BLEXBot/1.0; +https://help.seranking.com/en/blex-crawler)"
37.27.59.134 - - [13/Sep/2025:11:05:42 -0300] "GET /themes/HumHub/views/?C=D;O=A HTTP/1.1" 200 818 "-" "Mozilla/5.0 (compatible; BLEXBot/1.0; +https://help.seranking.com/en/blex-crawler)"
66.249.77.12 - - [13/Sep/2025:11:06:35 -0300] "GET /assets/bbca6024/img/mime/video.png HTTP/1.1" 200 1155 "-" "Googlebot-Image/1.0"
37.27.59.134 - - [13/Sep/2025:11:06:54 -0300] "GET /themes/HumHub/views/?C=M;O=A HTTP/1.1" 200 818 "-" "Mozilla/5.0 (compatible; BLEXBot/1.0; +https://help.seranking.com/en/blex-crawler)"
37.27.59.134 - - [13/Sep/2025:11:07:11 -0300] "GET /themes/HumHub/views/?C=N;O=D HTTP/1.1" 200 818 "-" "Mozilla/5.0 (compatible; BLEXBot/1.0; +https://help.seranking.com/en/blex-crawler)"
37.27.59.134 - - [13/Sep/2025:11:07:50 -0300] "GET /themes/HumHub/views/?C=S;O=A HTTP/1.1" 200 818 "-" "Mozilla/5.0 (compatible; BLEXBot/1.0; +https://help.seranking.com/en/blex-crawler)"
37.27.59.134 - - [13/Sep/2025:11:07:59 -0300] "GET /assets/19270a39/less/?C=D;O=A HTTP/1.1" 200 3187 "-" "Mozilla/5.0 (compatible; BLEXBot/1.0; +https://help.seranking.com/en/blex-crawler)"
66.249.77.13 - - [13/Sep/2025:11:08:11 -0300] "GET /assets/2ec6b270/themes/vader/images/ui-icons_bbbbbb_256x240.png HTTP/1.1" 200 7092 "-" "Googlebot-Image/1.0"
37.27.59.134 - - [13/Sep/2025:11:08:11 -0300] "GET /assets/19270a39/less/?C=D;O=A HTTP/1.1" 200 3187 "-" "Mozilla/5.0 (compatible; BLEXBot/1.0; +https://help.seranking.com/en/blex-crawler)"
37.27.59.134 - - [13/Sep/2025:11:08:28 -0300] "GET /assets/19270a39/less/?C=M;O=A HTTP/1.1" 200 3187 "-" "Mozilla/5.0 (compatible; BLEXBot/1.0; +https://help.seranking.com/en/blex-crawler)"
37.27.59.134 - - [13/Sep/2025:11:08:45 -0300] "GET /assets/19270a39/less/?C=M;O=A HTTP/1.1" 200 3187 "-" "Mozilla/5.0 (compatible; BLEXBot/1.0; +https://help.seranking.com/en/blex-crawler)"
37.27.59.134 - - [13/Sep/2025:11:09:07 -0300] "GET /assets/19270a39/less/?C=N;O=D HTTP/1.1" 200 3187 "-" "Mozilla/5.0 (compatible; BLEXBot/1.0; +https://help.seranking.com/en/blex-crawler)"
37.27.59.134 - - [13/Sep/2025:11:09:17 -0300] "GET /assets/19270a39/less/?C=N;O=D HTTP/1.1" 200 3187 "-" "Mozilla/5.0 (compatible; BLEXBot/1.0; +https://help.seranking.com/en/blex-crawler)"
37.27.59.134 - - [13/Sep/2025:11:09:33 -0300] "GET /assets/19270a39/less/?C=S;O=A HTTP/1.1" 200 3187 "-" "Mozilla/5.0 (compatible; BLEXBot/1.0; +https://help.seranking.com/en/blex-crawler)"
37.27.59.134 - - [13/Sep/2025:11:09:40 -0300] "GET /assets/19270a39/less/?C=S;O=A HTTP/1.1" 200 3187 "-" "Mozilla/5.0 (compatible; BLEXBot/1.0; +https://help.seranking.com/en/blex-crawler)"
37.27.59.134 - - [13/Sep/2025:11:10:16 -0300] "GET /assets/19270a39/scss/?C=D;O=A HTTP/1.1" 200 3200 "-" "Mozilla/5.0 (compatible; BLEXBot/1.0; +https://help.seranking.com/en/blex-crawler)"
37.27.59.134 - - [13/Sep/2025:11:10:44 -0300] "GET /assets/19270a39/scss/?C=D;O=A HTTP/1.1" 200 3200 "-" "Mozilla/5.0 (compatible; BLEXBot/1.0; +https://help.seranking.com/en/blex-crawler)"
37.27.59.134 - - [13/Sep/2025:11:10:54 -0300] "GET /assets/19270a39/scss/?C=M;O=A HTTP/1.1" 200 3200 "-" "Mozilla/5.0 (compatible; BLEXBot/1.0; +https://help.seranking.com/en/blex-crawler)"
37.27.59.134 - - [13/Sep/2025:11:11:09 -0300] "GET /assets/19270a39/scss/?C=M;O=A HTTP/1.1" 200 3200 "-" "Mozilla/5.0 (compatible; BLEXBot/1.0; +https://help.seranking.com/en/blex-crawler)"
37.27.59.134 - - [13/Sep/2025:11:11:28 -0300] "GET /assets/19270a39/scss/?C=N;O=D HTTP/1.1" 200 3200 "-" "Mozilla/5.0 (compatible; BLEXBot/1.0; +https://help.seranking.com/en/blex-crawler)"
66.249.77.11 - - [13/Sep/2025:11:11:46 -0300] "GET /assets/4a242e8d/screen2.jpg HTTP/1.1" 200 13991 "-" "Googlebot-Image/1.0"
37.27.59.134 - - [13/Sep/2025:11:11:47 -0300] "GET /assets/19270a39/scss/?C=N;O=D HTTP/1.1" 200 3200 "-" "Mozilla/5.0 (compatible; BLEXBot/1.0; +https://help.seranking.com/en/blex-crawler)"
37.27.59.134 - - [13/Sep/2025:11:11:58 -0300] "GET /assets/19270a39/scss/?C=S;O=A HTTP/1.1" 200 3200 "-" "Mozilla/5.0 (compatible; BLEXBot/1.0; +https://help.seranking.com/en/blex-crawler)"
37.27.59.134 - - [13/Sep/2025:11:12:05 -0300] "GET /assets/19270a39/scss/?C=S;O=A HTTP/1.1" 200 3200 "-" "Mozilla/5.0 (compatible; BLEXBot/1.0; +https://help.seranking.com/en/blex-crawler)"
37.27.59.134 - - [13/Sep/2025:11:14:57 -0300] "GET /assets/76fb6d41/i18n/?C=D;O=A HTTP/1.1" 200 11046 "-" "Mozilla/5.0 (compatible; BLEXBot/1.0; +https://help.seranking.com/en/blex-crawler)"
37.27.59.134 - - [13/Sep/2025:11:15:15 -0300] "GET /assets/76fb6d41/i18n/?C=D;O=A HTTP/1.1" 200 11046 "-" "Mozilla/5.0 (compatible; BLEXBot/1.0; +https://help.seranking.com/en/blex-crawler)"
37.27.59.134 - - [13/Sep/2025:11:15:31 -0300] "GET /assets/76fb6d41/i18n/?C=M;O=A HTTP/1.1" 200 11046 "-" "Mozilla/5.0 (compatible; BLEXBot/1.0; +https://help.seranking.com/en/blex-crawler)"
104.210.140.140 - - [13/Sep/2025:11:15:36 -0300] "GET /robots.txt HTTP/1.1" 404 - "-" "Mozilla/5.0 (Macintosh; Intel Mac OS X 10_15_7) AppleWebKit/537.36 (KHTML, like Gecko) Chrome/131.0.0.0 Safari/537.36; compatible; OAI-SearchBot/1.0; +https://openai.com/searchbot"
37.27.59.134 - - [13/Sep/2025:11:16:02 -0300] "GET /assets/76fb6d41/i18n/?C=M;O=A HTTP/1.1" 200 11046 "-" "Mozilla/5.0 (compatible; BLEXBot/1.0; +https://help.seranking.com/en/blex-crawler)"
37.27.59.134 - - [13/Sep/2025:11:16:25 -0300] "GET /assets/76fb6d41/i18n/?C=N;O=D HTTP/1.1" 200 11046 "-" "Mozilla/5.0 (compatible; BLEXBot/1.0; +https://help.seranking.com/en/blex-crawler)"
37.27.59.134 - - [13/Sep/2025:11:16:36 -0300] "GET /assets/76fb6d41/i18n/?C=N;O=D HTTP/1.1" 200 11046 "-" "Mozilla/5.0 (compatible; BLEXBot/1.0; +https://help.seranking.com/en/blex-crawler)"
37.27.59.134 - - [13/Sep/2025:11:17:36 -0300] "GET /assets/76fb6d41/i18n/?C=S;O=A HTTP/1.1" 200 11046 "-" "Mozilla/5.0 (compatible; BLEXBot/1.0; +https://help.seranking.com/en/blex-crawler)"
37.27.59.134 - - [13/Sep/2025:11:17:48 -0300] "GET /assets/76fb6d41/i18n/?C=S;O=A HTTP/1.1" 200 11046 "-" "Mozilla/5.0 (compatible; BLEXBot/1.0; +https://help.seranking.com/en/blex-crawler)"
37.27.59.134 - - [13/Sep/2025:11:17:59 -0300] "GET /assets/97977d77/less/?C=D;O=A HTTP/1.1" 200 1363 "-" "Mozilla/5.0 (compatible; BLEXBot/1.0; +https://help.seranking.com/en/blex-crawler)"
37.27.59.134 - - [13/Sep/2025:11:18:22 -0300] "GET /assets/97977d77/less/?C=D;O=A HTTP/1.1" 200 1363 "-" "Mozilla/5.0 (compatible; BLEXBot/1.0; +https://help.seranking.com/en/blex-crawler)"
37.27.59.134 - - [13/Sep/2025:11:18:44 -0300] "GET /assets/97977d77/less/?C=M;O=A HTTP/1.1" 200 1363 "-" "Mozilla/5.0 (compatible; BLEXBot/1.0; +https://help.seranking.com/en/blex-crawler)"
37.27.59.134 - - [13/Sep/2025:11:19:01 -0300] "GET /assets/97977d77/less/?C=M;O=A HTTP/1.1" 200 1363 "-" "Mozilla/5.0 (compatible; BLEXBot/1.0; +https://help.seranking.com/en/blex-crawler)"
37.27.59.134 - - [13/Sep/2025:11:19:11 -0300] "GET /assets/97977d77/less/?C=N;O=D HTTP/1.1" 200 1363 "-" "Mozilla/5.0 (compatible; BLEXBot/1.0; +https://help.seranking.com/en/blex-crawler)"
37.27.59.134 - - [13/Sep/2025:11:19:31 -0300] "GET /assets/97977d77/less/?C=N;O=D HTTP/1.1" 200 1363 "-" "Mozilla/5.0 (compatible; BLEXBot/1.0; +https://help.seranking.com/en/blex-crawler)"
37.27.59.134 - - [13/Sep/2025:11:19:42 -0300] "GET /assets/97977d77/less/?C=S;O=A HTTP/1.1" 200 1363 "-" "Mozilla/5.0 (compatible; BLEXBot/1.0; +https://help.seranking.com/en/blex-crawler)"
37.27.59.134 - - [13/Sep/2025:11:19:47 -0300] "GET /assets/97977d77/less/?C=S;O=A HTTP/1.1" 200 1363 "-" "Mozilla/5.0 (compatible; BLEXBot/1.0; +https://help.seranking.com/en/blex-crawler)"
