37.27.59.134 - - [13/Sep/2025:18:58:41 -0300] "GET /assets/76b273f5/addon/tern/?C=D;O=A HTTP/1.1" 200 1192 "-" "Mozilla/5.0 (compatible; BLEXBot/1.0; +https://help.seranking.com/en/blex-crawler)"
37.27.59.134 - - [13/Sep/2025:18:59:04 -0300] "GET /assets/76b273f5/addon/tern/?C=M;O=A HTTP/1.1" 200 1192 "-" "Mozilla/5.0 (compatible; BLEXBot/1.0; +https://help.seranking.com/en/blex-crawler)"
37.27.59.134 - - [13/Sep/2025:18:59:18 -0300] "GET /assets/76b273f5/addon/tern/?C=M;O=A HTTP/1.1" 200 1192 "-" "Mozilla/5.0 (compatible; BLEXBot/1.0; +https://help.seranking.com/en/blex-crawler)"
37.27.59.134 - - [13/Sep/2025:19:00:00 -0300] "GET /assets/76b273f5/addon/tern/?C=N;O=D HTTP/1.1" 200 1192 "-" "Mozilla/5.0 (compatible; BLEXBot/1.0; +https://help.seranking.com/en/blex-crawler)"
37.27.59.134 - - [13/Sep/2025:19:00:38 -0300] "GET /assets/76b273f5/addon/tern/?C=N;O=D HTTP/1.1" 200 1192 "-" "Mozilla/5.0 (compatible; BLEXBot/1.0; +https://help.seranking.com/en/blex-crawler)"
37.27.59.134 - - [13/Sep/2025:19:01:25 -0300] "GET /assets/76b273f5/addon/tern/?C=S;O=A HTTP/1.1" 200 1192 "-" "Mozilla/5.0 (compatible; BLEXBot/1.0; +https://help.seranking.com/en/blex-crawler)"
37.27.59.134 - - [13/Sep/2025:19:02:08 -0300] "GET /assets/76b273f5/addon/tern/?C=S;O=A HTTP/1.1" 200 1192 "-" "Mozilla/5.0 (compatible; BLEXBot/1.0; +https://help.seranking.com/en/blex-crawler)"
37.27.59.134 - - [13/Sep/2025:19:03:57 -0300] "GET /assets/76b273f5/addon/wrap/?C=D;O=A HTTP/1.1" 200 843 "-" "Mozilla/5.0 (compatible; BLEXBot/1.0; +https://help.seranking.com/en/blex-crawler)"
37.27.59.134 - - [13/Sep/2025:19:04:10 -0300] "GET /assets/76b273f5/addon/wrap/?C=D;O=A HTTP/1.1" 200 843 "-" "Mozilla/5.0 (compatible; BLEXBot/1.0; +https://help.seranking.com/en/blex-crawler)"
37.27.59.134 - - [13/Sep/2025:19:04:36 -0300] "GET /assets/76b273f5/addon/wrap/?C=M;O=A HTTP/1.1" 200 843 "-" "Mozilla/5.0 (compatible; BLEXBot/1.0; +https://help.seranking.com/en/blex-crawler)"
37.27.59.134 - - [13/Sep/2025:19:05:48 -0300] "GET /assets/76b273f5/addon/wrap/?C=M;O=A HTTP/1.1" 200 843 "-" "Mozilla/5.0 (compatible; BLEXBot/1.0; +https://help.seranking.com/en/blex-crawler)"
37.27.59.134 - - [13/Sep/2025:19:07:05 -0300] "GET /assets/76b273f5/addon/wrap/?C=N;O=D HTTP/1.1" 200 843 "-" "Mozilla/5.0 (compatible; BLEXBot/1.0; +https://help.seranking.com/en/blex-crawler)"
37.27.59.134 - - [13/Sep/2025:19:07:14 -0300] "GET /assets/76b273f5/addon/wrap/?C=N;O=D HTTP/1.1" 200 843 "-" "Mozilla/5.0 (compatible; BLEXBot/1.0; +https://help.seranking.com/en/blex-crawler)"
37.27.59.134 - - [13/Sep/2025:19:07:35 -0300] "GET /assets/76b273f5/addon/wrap/?C=S;O=A HTTP/1.1" 200 843 "-" "Mozilla/5.0 (compatible; BLEXBot/1.0; +https://help.seranking.com/en/blex-crawler)"
37.27.59.134 - - [13/Sep/2025:19:07:57 -0300] "GET /assets/76b273f5/addon/wrap/?C=S;O=A HTTP/1.1" 200 843 "-" "Mozilla/5.0 (compatible; BLEXBot/1.0; +https://help.seranking.com/en/blex-crawler)"
37.27.59.134 - - [13/Sep/2025:19:22:04 -0300] "GET /assets/a00ab1df/source/back_exits/ HTTP/1.1" 200 1410 "-" "Mozilla/5.0 (compatible; BLEXBot/1.0; +https://help.seranking.com/en/blex-crawler)"
37.27.59.134 - - [13/Sep/2025:19:22:15 -0300] "GET /assets/a00ab1df/source/back_exits/ HTTP/1.1" 200 1410 "-" "Mozilla/5.0 (compatible; BLEXBot/1.0; +https://help.seranking.com/en/blex-crawler)"
37.27.59.134 - - [13/Sep/2025:19:22:50 -0300] "GET /assets/a00ab1df/source/lightspeed/ HTTP/1.1" 200 1435 "-" "Mozilla/5.0 (compatible; BLEXBot/1.0; +https://help.seranking.com/en/blex-crawler)"
66.249.77.12 - - [13/Sep/2025:19:23:13 -0300] "GET /assets/bbca6024/img/mime/audio.png HTTP/1.1" 200 1131 "-" "Googlebot-Image/1.0"
37.27.59.134 - - [13/Sep/2025:19:23:15 -0300] "GET /assets/a00ab1df/source/lightspeed/ HTTP/1.1" 200 1435 "-" "Mozilla/5.0 (compatible; BLEXBot/1.0; +https://help.seranking.com/en/blex-crawler)"
66.249.72.232 - - [13/Sep/2025:19:31:36 -0300] "GET /assets/baec620/directorylist/directory_hassub.png HTTP/1.1" 200 276 "-" "Googlebot-Image/1.0"
66.249.77.13 - - [13/Sep/2025:19:32:29 -0300] "GET /static/img/emoji/KissingHeart.svg HTTP/1.1" 200 1936 "-" "Googlebot-Image/1.0"
66.249.77.13 - - [13/Sep/2025:19:34:15 -0300] "GET /assets/44794d61/Screenshot_1.png HTTP/1.1" 200 38484 "-" "Googlebot-Image/1.0"
37.27.59.134 - - [13/Sep/2025:19:36:08 -0300] "GET /assets/c1cbb33e/source/back_exits/ HTTP/1.1" 200 1410 "-" "Mozilla/5.0 (compatible; BLEXBot/1.0; +https://help.seranking.com/en/blex-crawler)"
37.27.59.134 - - [13/Sep/2025:19:36:24 -0300] "GET /assets/c1cbb33e/source/back_exits/ HTTP/1.1" 200 1410 "-" "Mozilla/5.0 (compatible; BLEXBot/1.0; +https://help.seranking.com/en/blex-crawler)"
37.27.59.134 - - [13/Sep/2025:19:36:36 -0300] "GET /assets/c1cbb33e/source/lightspeed/ HTTP/1.1" 200 1435 "-" "Mozilla/5.0 (compatible; BLEXBot/1.0; +https://help.seranking.com/en/blex-crawler)"
37.27.59.134 - - [13/Sep/2025:19:37:12 -0300] "GET /assets/c1cbb33e/source/lightspeed/ HTTP/1.1" 200 1435 "-" "Mozilla/5.0 (compatible; BLEXBot/1.0; +https://help.seranking.com/en/blex-crawler)"
37.27.59.134 - - [13/Sep/2025:19:41:56 -0300] "GET /static/assets/4a3d750a/css/?C=D;O=A HTTP/1.1" 200 1225 "-" "Mozilla/5.0 (compatible; BLEXBot/1.0; +https://help.seranking.com/en/blex-crawler)"
37.27.59.134 - - [13/Sep/2025:19:43:00 -0300] "GET /static/assets/4a3d750a/css/?C=D;O=A HTTP/1.1" 200 1225 "-" "Mozilla/5.0 (compatible; BLEXBot/1.0; +https://help.seranking.com/en/blex-crawler)"
37.27.59.134 - - [13/Sep/2025:19:43:57 -0300] "GET /static/assets/4a3d750a/css/?C=M;O=A HTTP/1.1" 200 1225 "-" "Mozilla/5.0 (compatible; BLEXBot/1.0; +https://help.seranking.com/en/blex-crawler)"
37.27.59.134 - - [13/Sep/2025:19:44:06 -0300] "GET /static/assets/4a3d750a/css/?C=M;O=A HTTP/1.1" 200 1225 "-" "Mozilla/5.0 (compatible; BLEXBot/1.0; +https://help.seranking.com/en/blex-crawler)"
37.27.59.134 - - [13/Sep/2025:19:44:15 -0300] "GET /static/assets/4a3d750a/css/?C=N;O=D HTTP/1.1" 200 1225 "-" "Mozilla/5.0 (compatible; BLEXBot/1.0; +https://help.seranking.com/en/blex-crawler)"
37.27.59.134 - - [13/Sep/2025:19:44:46 -0300] "GET /static/assets/4a3d750a/css/?C=N;O=D HTTP/1.1" 200 1225 "-" "Mozilla/5.0 (compatible; BLEXBot/1.0; +https://help.seranking.com/en/blex-crawler)"
37.27.59.134 - - [13/Sep/2025:19:45:00 -0300] "GET /static/assets/4a3d750a/css/?C=S;O=A HTTP/1.1" 200 1225 "-" "Mozilla/5.0 (compatible; BLEXBot/1.0; +https://help.seranking.com/en/blex-crawler)"
37.27.59.134 - - [13/Sep/2025:19:46:13 -0300] "GET /static/assets/4a3d750a/css/?C=S;O=A HTTP/1.1" 200 1225 "-" "Mozilla/5.0 (compatible; BLEXBot/1.0; +https://help.seranking.com/en/blex-crawler)"
37.27.59.134 - - [13/Sep/2025:19:46:27 -0300] "GET /static/assets/870b31b7/css/?C=D;O=A HTTP/1.1" 200 1637 "-" "Mozilla/5.0 (compatible; BLEXBot/1.0; +https://help.seranking.com/en/blex-crawler)"
37.27.59.134 - - [13/Sep/2025:19:46:54 -0300] "GET /static/assets/870b31b7/css/?C=D;O=A HTTP/1.1" 200 1637 "-" "Mozilla/5.0 (compatible; BLEXBot/1.0; +https://help.seranking.com/en/blex-crawler)"
37.27.59.134 - - [13/Sep/2025:19:48:15 -0300] "GET /static/assets/870b31b7/css/?C=M;O=A HTTP/1.1" 200 1637 "-" "Mozilla/5.0 (compatible; BLEXBot/1.0; +https://help.seranking.com/en/blex-crawler)"
37.27.59.134 - - [13/Sep/2025:19:49:08 -0300] "GET /static/assets/870b31b7/css/?C=M;O=A HTTP/1.1" 200 1637 "-" "Mozilla/5.0 (compatible; BLEXBot/1.0; +https://help.seranking.com/en/blex-crawler)"
37.27.59.134 - - [13/Sep/2025:19:50:37 -0300] "GET /static/assets/870b31b7/css/?C=N;O=D HTTP/1.1" 200 1637 "-" "Mozilla/5.0 (compatible; BLEXBot/1.0; +https://help.seranking.com/en/blex-crawler)"
66.249.72.232 - - [13/Sep/2025:19:51:01 -0300] "GET /static/fonts/open-sans/open-sans-v17-latin-700.svg HTTP/1.1" 200 55652 "-" "Googlebot-Image/1.0"
37.27.59.134 - - [13/Sep/2025:19:51:53 -0300] "GET /static/assets/870b31b7/css/?C=N;O=D HTTP/1.1" 200 1637 "-" "Mozilla/5.0 (compatible; BLEXBot/1.0; +https://help.seranking.com/en/blex-crawler)"
66.249.77.11 - - [13/Sep/2025:19:51:54 -0300] "GET /static/img/emoji/Sob.svg HTTP/1.1" 200 1798 "-" "Googlebot-Image/1.0"
37.27.59.134 - - [13/Sep/2025:19:52:30 -0300] "GET /static/assets/870b31b7/css/?C=S;O=A HTTP/1.1" 200 1637 "-" "Mozilla/5.0 (compatible; BLEXBot/1.0; +https://help.seranking.com/en/blex-crawler)"
37.27.59.134 - - [13/Sep/2025:19:53:50 -0300] "GET /static/assets/870b31b7/css/?C=S;O=A HTTP/1.1" 200 1637 "-" "Mozilla/5.0 (compatible; BLEXBot/1.0; +https://help.seranking.com/en/blex-crawler)"
37.27.59.134 - - [13/Sep/2025:19:54:10 -0300] "GET /static/assets/870b31b7/img/?C=D;O=A HTTP/1.1" 200 1926 "-" "Mozilla/5.0 (compatible; BLEXBot/1.0; +https://help.seranking.com/en/blex-crawler)"
37.27.59.134 - - [13/Sep/2025:19:54:24 -0300] "GET /static/assets/870b31b7/img/?C=D;O=A HTTP/1.1" 200 1926 "-" "Mozilla/5.0 (compatible; BLEXBot/1.0; +https://help.seranking.com/en/blex-crawler)"
187.85.17.23 - - [13/Sep/2025:19:54:26 -0300] "GET http://intranet.vacivitta.com.br/assets/206aa7eb/ContentAssets.php HTTP/1.1" 500 - "http://intranet.vacivitta.com.br/" "Mozilla/5.0 (Windows NT 10.0; Win64; x64; rv:128.0) Gecko/20100101 Firefox/128.0"
66.249.77.11 - - [13/Sep/2025:19:54:32 -0300] "GET /static/assets/a59d3f98/themes/redmond/images/ui-bg_glass_85_dfeffc_1x400.png HTTP/1.1" 200 399 "-" "Googlebot-Image/1.0"
37.27.59.134 - - [13/Sep/2025:19:54:44 -0300] "GET /static/assets/870b31b7/img/?C=M;O=A HTTP/1.1" 200 1926 "-" "Mozilla/5.0 (compatible; BLEXBot/1.0; +https://help.seranking.com/en/blex-crawler)"
37.27.59.134 - - [13/Sep/2025:19:55:54 -0300] "GET /static/assets/870b31b7/img/?C=M;O=A HTTP/1.1" 200 1926 "-" "Mozilla/5.0 (compatible; BLEXBot/1.0; +https://help.seranking.com/en/blex-crawler)"
37.27.59.134 - - [13/Sep/2025:19:56:55 -0300] "GET /static/assets/870b31b7/img/?C=N;O=D HTTP/1.1" 200 1926 "-" "Mozilla/5.0 (compatible; BLEXBot/1.0; +https://help.seranking.com/en/blex-crawler)"
37.27.59.134 - - [13/Sep/2025:19:57:24 -0300] "GET /static/assets/870b31b7/img/?C=N;O=D HTTP/1.1" 200 1926 "-" "Mozilla/5.0 (compatible; BLEXBot/1.0; +https://help.seranking.com/en/blex-crawler)"
37.27.59.134 - - [13/Sep/2025:19:59:13 -0300] "GET /static/assets/870b31b7/img/?C=S;O=A HTTP/1.1" 200 1926 "-" "Mozilla/5.0 (compatible; BLEXBot/1.0; +https://help.seranking.com/en/blex-crawler)"
66.249.72.232 - - [13/Sep/2025:19:59:23 -0300] "GET /assets/baec620/directorylist/drive.png HTTP/1.1" 200 346 "-" "Googlebot-Image/1.0"
37.27.59.134 - - [13/Sep/2025:19:59:53 -0300] "GET /static/assets/870b31b7/img/?C=S;O=A HTTP/1.1" 200 1926 "-" "Mozilla/5.0 (compatible; BLEXBot/1.0; +https://help.seranking.com/en/blex-crawler)"
66.249.77.13 - - [13/Sep/2025:20:00:42 -0300] "GET /static/img/emoji/Fearful.svg HTTP/1.1" 200 1341 "-" "Googlebot-Image/1.0"
37.27.59.134 - - [13/Sep/2025:20:01:02 -0300] "GET /static/assets/9e2ce8c4/css/?C=D;O=A HTTP/1.1" 200 2172 "-" "Mozilla/5.0 (compatible; BLEXBot/1.0; +https://help.seranking.com/en/blex-crawler)"
37.27.59.134 - - [13/Sep/2025:20:01:26 -0300] "GET /static/assets/9e2ce8c4/css/?C=D;O=A HTTP/1.1" 200 2172 "-" "Mozilla/5.0 (compatible; BLEXBot/1.0; +https://help.seranking.com/en/blex-crawler)"
37.27.59.134 - - [13/Sep/2025:20:02:44 -0300] "GET /static/assets/9e2ce8c4/css/?C=M;O=A HTTP/1.1" 200 2172 "-" "Mozilla/5.0 (compatible; BLEXBot/1.0; +https://help.seranking.com/en/blex-crawler)"
37.27.59.134 - - [13/Sep/2025:20:03:26 -0300] "GET /static/assets/9e2ce8c4/css/?C=M;O=A HTTP/1.1" 200 2172 "-" "Mozilla/5.0 (compatible; BLEXBot/1.0; +https://help.seranking.com/en/blex-crawler)"
37.27.59.134 - - [13/Sep/2025:20:05:02 -0300] "GET /static/assets/9e2ce8c4/css/?C=N;O=D HTTP/1.1" 200 2172 "-" "Mozilla/5.0 (compatible; BLEXBot/1.0; +https://help.seranking.com/en/blex-crawler)"
37.27.59.134 - - [13/Sep/2025:20:05:33 -0300] "GET /static/assets/9e2ce8c4/css/?C=N;O=D HTTP/1.1" 200 2172 "-" "Mozilla/5.0 (compatible; BLEXBot/1.0; +https://help.seranking.com/en/blex-crawler)"
37.27.59.134 - - [13/Sep/2025:20:06:37 -0300] "GET /static/assets/9e2ce8c4/css/?C=S;O=A HTTP/1.1" 200 2172 "-" "Mozilla/5.0 (compatible; BLEXBot/1.0; +https://help.seranking.com/en/blex-crawler)"
66.249.77.12 - - [13/Sep/2025:20:06:53 -0300] "GET /assets/97977d77/ico/apple-icon-144x144.png HTTP/1.1" 200 5749 "-" "Googlebot-Image/1.0"
37.27.59.134 - - [13/Sep/2025:20:07:09 -0300] "GET /static/assets/9e2ce8c4/css/?C=S;O=A HTTP/1.1" 200 2172 "-" "Mozilla/5.0 (compatible; BLEXBot/1.0; +https://help.seranking.com/en/blex-crawler)"
52.167.144.160 - - [13/Sep/2025:20:08:41 -0300] "GET /assets/19076be7/ HTTP/1.1" 200 3530 "-" "Mozilla/5.0 AppleWebKit/537.36 (KHTML, like Gecko; compatible; bingbot/2.0; +http://www.bing.com/bingbot.htm) Chrome/116.0.1938.76 Safari/537.36"
37.27.59.134 - - [13/Sep/2025:20:08:50 -0300] "GET /static/assets/a59d3f98/ui/effects/ HTTP/1.1" 200 3433 "-" "Mozilla/5.0 (compatible; BLEXBot/1.0; +https://help.seranking.com/en/blex-crawler)"
66.249.77.11 - - [13/Sep/2025:20:09:32 -0300] "GET /static/img/emoji/ColdSweat.svg HTTP/1.1" 200 2211 "-" "Googlebot-Image/1.0"
37.27.59.134 - - [13/Sep/2025:20:09:33 -0300] "GET /static/assets/a59d3f98/ui/effects/ HTTP/1.1" 200 3433 "-" "Mozilla/5.0 (compatible; BLEXBot/1.0; +https://help.seranking.com/en/blex-crawler)"
37.27.59.134 - - [13/Sep/2025:20:10:01 -0300] "GET /static/assets/a59d3f98/ui/widgets/ HTTP/1.1" 200 4269 "-" "Mozilla/5.0 (compatible; BLEXBot/1.0; +https://help.seranking.com/en/blex-crawler)"
66.249.72.231 - - [13/Sep/2025:20:10:25 -0300] "GET /assets/85c413d2/module_image.png HTTP/1.1" 200 2778 "-" "Googlebot-Image/1.0"
37.27.59.134 - - [13/Sep/2025:20:10:30 -0300] "GET /static/assets/a59d3f98/ui/widgets/ HTTP/1.1" 200 4269 "-" "Mozilla/5.0 (compatible; BLEXBot/1.0; +https://help.seranking.com/en/blex-crawler)"
37.27.59.134 - - [13/Sep/2025:20:11:07 -0300] "GET /static/resources/installer/?C=D;O=D HTTP/1.1" 200 1393 "-" "Mozilla/5.0 (compatible; BLEXBot/1.0; +https://help.seranking.com/en/blex-crawler)"
37.27.59.134 - - [13/Sep/2025:20:12:00 -0300] "GET /static/resources/installer/?C=D;O=D HTTP/1.1" 200 1393 "-" "Mozilla/5.0 (compatible; BLEXBot/1.0; +https://help.seranking.com/en/blex-crawler)"
66.249.72.233 - - [13/Sep/2025:20:12:11 -0300] "GET /static/img/emoji/Hearteyes.svg HTTP/1.1" 200 1540 "-" "Googlebot-Image/1.0"
37.27.59.134 - - [13/Sep/2025:20:12:35 -0300] "GET /static/resources/installer/?C=M;O=D HTTP/1.1" 200 1393 "-" "Mozilla/5.0 (compatible; BLEXBot/1.0; +https://help.seranking.com/en/blex-crawler)"
37.27.59.134 - - [13/Sep/2025:20:12:47 -0300] "GET /static/resources/installer/?C=M;O=D HTTP/1.1" 200 1393 "-" "Mozilla/5.0 (compatible; BLEXBot/1.0; +https://help.seranking.com/en/blex-crawler)"
37.27.59.134 - - [13/Sep/2025:20:13:35 -0300] "GET /static/resources/installer/?C=N;O=A HTTP/1.1" 200 1393 "-" "Mozilla/5.0 (compatible; BLEXBot/1.0; +https://help.seranking.com/en/blex-crawler)"
37.27.59.134 - - [13/Sep/2025:20:14:52 -0300] "GET /static/resources/installer/?C=N;O=A HTTP/1.1" 200 1393 "-" "Mozilla/5.0 (compatible; BLEXBot/1.0; +https://help.seranking.com/en/blex-crawler)"
37.27.59.134 - - [13/Sep/2025:20:16:15 -0300] "GET /static/resources/installer/?C=S;O=D HTTP/1.1" 200 1393 "-" "Mozilla/5.0 (compatible; BLEXBot/1.0; +https://help.seranking.com/en/blex-crawler)"
37.27.59.134 - - [13/Sep/2025:20:16:32 -0300] "GET /static/resources/installer/?C=S;O=D HTTP/1.1" 200 1393 "-" "Mozilla/5.0 (compatible; BLEXBot/1.0; +https://help.seranking.com/en/blex-crawler)"
37.27.59.134 - - [13/Sep/2025:20:21:45 -0300] "GET /assets/2ec6b270/ui/minified/?C=D;O=A HTTP/1.1" 200 4612 "-" "Mozilla/5.0 (compatible; BLEXBot/1.0; +https://help.seranking.com/en/blex-crawler)"
37.27.59.134 - - [13/Sep/2025:20:22:21 -0300] "GET /assets/2ec6b270/ui/minified/?C=D;O=A HTTP/1.1" 200 4612 "-" "Mozilla/5.0 (compatible; BLEXBot/1.0; +https://help.seranking.com/en/blex-crawler)"
179.222.237.108 - - [13/Sep/2025:20:22:33 -0300] "GET http://intranet.vacivitta.com.br/assets/19076be7/WallEntryAssets.php HTTP/1.1" 500 - "http://intranet.vacivitta.com.br/" "Mozilla/5.0 (Windows NT 10.0; Win64; x64) AppleWebKit/537.36 (KHTML, like Gecko) Chrome/135.0.0.0 Safari/537.36 Edg/135.0.0.0"
37.27.59.134 - - [13/Sep/2025:20:24:08 -0300] "GET /assets/2ec6b270/ui/minified/?C=M;O=A HTTP/1.1" 200 4612 "-" "Mozilla/5.0 (compatible; BLEXBot/1.0; +https://help.seranking.com/en/blex-crawler)"
66.249.77.12 - - [13/Sep/2025:20:24:32 -0300] "GET /assets/90f774c0/screen8.jpg HTTP/1.1" 200 236300 "-" "Googlebot-Image/1.0"
37.27.59.134 - - [13/Sep/2025:20:24:33 -0300] "GET /assets/2ec6b270/ui/minified/?C=M;O=A HTTP/1.1" 200 4612 "-" "Mozilla/5.0 (compatible; BLEXBot/1.0; +https://help.seranking.com/en/blex-crawler)"
40.77.167.0 - - [13/Sep/2025:20:24:50 -0300] "GET /assets/369fbae5/js/release/each.js HTTP/1.1" 200 789 "-" "Mozilla/5.0 AppleWebKit/537.36 (KHTML, like Gecko; compatible; bingbot/2.0; +http://www.bing.com/bingbot.htm) Chrome/116.0.1938.76 Safari/537.36"
37.27.59.134 - - [13/Sep/2025:20:26:08 -0300] "GET /assets/2ec6b270/ui/minified/?C=N;O=D HTTP/1.1" 200 4612 "-" "Mozilla/5.0 (compatible; BLEXBot/1.0; +https://help.seranking.com/en/blex-crawler)"
37.27.59.134 - - [13/Sep/2025:20:26:19 -0300] "GET /assets/2ec6b270/ui/minified/?C=N;O=D HTTP/1.1" 200 4612 "-" "Mozilla/5.0 (compatible; BLEXBot/1.0; +https://help.seranking.com/en/blex-crawler)"
37.27.59.134 - - [13/Sep/2025:20:26:52 -0300] "GET /assets/2ec6b270/ui/minified/?C=S;O=A HTTP/1.1" 200 4612 "-" "Mozilla/5.0 (compatible; BLEXBot/1.0; +https://help.seranking.com/en/blex-crawler)"
37.27.59.134 - - [13/Sep/2025:20:27:26 -0300] "GET /assets/2ec6b270/ui/minified/?C=S;O=A HTTP/1.1" 200 4612 "-" "Mozilla/5.0 (compatible; BLEXBot/1.0; +https://help.seranking.com/en/blex-crawler)"
66.249.77.13 - - [13/Sep/2025:20:28:04 -0300] "GET /assets/e39c67a1/directorylist/page_white_picture.png HTTP/1.1" 200 650 "-" "Googlebot-Image/1.0"
66.249.77.11 - - [13/Sep/2025:20:36:52 -0300] "GET /assets/268322fc/module_image.png HTTP/1.1" 200 12177 "-" "Googlebot-Image/1.0"
66.249.77.11 - - [13/Sep/2025:20:38:39 -0300] "GET /assets/siteicons/152x152.png HTTP/1.1" 200 22822 "-" "Googlebot-Image/1.0"
37.27.59.134 - - [13/Sep/2025:20:41:23 -0300] "GET /assets/4f07b091/ui/minified/?C=D;O=A HTTP/1.1" 200 4612 "-" "Mozilla/5.0 (compatible; BLEXBot/1.0; +https://help.seranking.com/en/blex-crawler)"
37.27.59.134 - - [13/Sep/2025:20:42:18 -0300] "GET /assets/4f07b091/ui/minified/?C=D;O=A HTTP/1.1" 200 4612 "-" "Mozilla/5.0 (compatible; BLEXBot/1.0; +https://help.seranking.com/en/blex-crawler)"
37.27.59.134 - - [13/Sep/2025:20:43:26 -0300] "GET /assets/4f07b091/ui/minified/?C=M;O=A HTTP/1.1" 200 4612 "-" "Mozilla/5.0 (compatible; BLEXBot/1.0; +https://help.seranking.com/en/blex-crawler)"
37.27.59.134 - - [13/Sep/2025:20:44:07 -0300] "GET /assets/4f07b091/ui/minified/?C=M;O=A HTTP/1.1" 200 4612 "-" "Mozilla/5.0 (compatible; BLEXBot/1.0; +https://help.seranking.com/en/blex-crawler)"
66.249.77.12 - - [13/Sep/2025:20:44:22 -0300] "GET /assets/bbca6024/img/mime/illustrator.png HTTP/1.1" 200 1203 "-" "Googlebot-Image/1.0"
37.27.59.134 - - [13/Sep/2025:20:45:31 -0300] "GET /assets/4f07b091/ui/minified/?C=N;O=D HTTP/1.1" 200 4612 "-" "Mozilla/5.0 (compatible; BLEXBot/1.0; +https://help.seranking.com/en/blex-crawler)"
66.249.77.12 - - [13/Sep/2025:20:45:42 -0300] "GET /assets/616b1b12/fonts/glyphicons-halflings-regular.svg HTTP/1.1" 200 108738 "-" "Googlebot-Image/1.0"
37.27.59.134 - - [13/Sep/2025:20:46:04 -0300] "GET /assets/4f07b091/ui/minified/?C=N;O=D HTTP/1.1" 200 4612 "-" "Mozilla/5.0 (compatible; BLEXBot/1.0; +https://help.seranking.com/en/blex-crawler)"
37.27.59.134 - - [13/Sep/2025:20:46:47 -0300] "GET /assets/4f07b091/ui/minified/?C=S;O=A HTTP/1.1" 200 4612 "-" "Mozilla/5.0 (compatible; BLEXBot/1.0; +https://help.seranking.com/en/blex-crawler)"
37.27.59.134 - - [13/Sep/2025:20:46:52 -0300] "GET /assets/4f07b091/ui/minified/?C=S;O=A HTTP/1.1" 200 4612 "-" "Mozilla/5.0 (compatible; BLEXBot/1.0; +https://help.seranking.com/en/blex-crawler)"
66.249.77.11 - - [13/Sep/2025:20:49:14 -0300] "GET /assets/bbca6024/img/mime/pdf.png HTTP/1.1" 200 1263 "-" "Googlebot-Image/1.0"
66.249.77.11 - - [13/Sep/2025:20:58:56 -0300] "GET /assets/97977d77/ico/apple-icon.png HTTP/1.1" 200 7080 "-" "Googlebot-Image/1.0"
66.249.77.12 - - [13/Sep/2025:20:59:49 -0300] "GET /static/assets/a59d3f98/themes/ui-darkness/images/ui-bg_inset-soft_25_000000_1x100.png HTTP/1.1" 200 312 "-" "Googlebot-Image/1.0"
37.27.59.134 - - [13/Sep/2025:21:01:33 -0300] "GET /assets/76b273f5/addon/merge/?C=D;O=A HTTP/1.1" 200 1019 "-" "Mozilla/5.0 (compatible; BLEXBot/1.0; +https://help.seranking.com/en/blex-crawler)"
37.27.59.134 - - [13/Sep/2025:21:02:02 -0300] "GET /assets/76b273f5/addon/merge/?C=D;O=A HTTP/1.1" 200 1019 "-" "Mozilla/5.0 (compatible; BLEXBot/1.0; +https://help.seranking.com/en/blex-crawler)"
66.249.77.11 - - [13/Sep/2025:21:02:28 -0300] "GET /assets/bbca6024/ico/apple-icon.png HTTP/1.1" 200 7080 "-" "Googlebot-Image/1.0"
37.27.59.134 - - [13/Sep/2025:21:02:55 -0300] "GET /assets/76b273f5/addon/merge/?C=M;O=A HTTP/1.1" 200 1019 "-" "Mozilla/5.0 (compatible; BLEXBot/1.0; +https://help.seranking.com/en/blex-crawler)"
37.27.59.134 - - [13/Sep/2025:21:03:32 -0300] "GET /assets/76b273f5/addon/merge/?C=M;O=A HTTP/1.1" 200 1019 "-" "Mozilla/5.0 (compatible; BLEXBot/1.0; +https://help.seranking.com/en/blex-crawler)"
37.27.59.134 - - [13/Sep/2025:21:04:57 -0300] "GET /assets/76b273f5/addon/merge/?C=N;O=D HTTP/1.1" 200 1019 "-" "Mozilla/5.0 (compatible; BLEXBot/1.0; +https://help.seranking.com/en/blex-crawler)"
37.27.59.134 - - [13/Sep/2025:21:05:12 -0300] "GET /assets/76b273f5/addon/merge/?C=N;O=D HTTP/1.1" 200 1019 "-" "Mozilla/5.0 (compatible; BLEXBot/1.0; +https://help.seranking.com/en/blex-crawler)"
37.27.59.134 - - [13/Sep/2025:21:05:51 -0300] "GET /assets/76b273f5/addon/merge/?C=S;O=A HTTP/1.1" 200 1019 "-" "Mozilla/5.0 (compatible; BLEXBot/1.0; +https://help.seranking.com/en/blex-crawler)"
37.27.59.134 - - [13/Sep/2025:21:06:47 -0300] "GET /assets/76b273f5/addon/merge/?C=S;O=A HTTP/1.1" 200 1019 "-" "Mozilla/5.0 (compatible; BLEXBot/1.0; +https://help.seranking.com/en/blex-crawler)"
66.249.77.11 - - [13/Sep/2025:21:09:30 -0300] "GET /static/assets/a59d3f98/themes/trontastic/images/ui-icons_9fda58_256x240.png HTTP/1.1" 200 4676 "-" "Googlebot-Image/1.0"
37.27.59.134 - - [13/Sep/2025:21:26:05 -0300] "GET /static/assets/4a3d750a/less/?C=D;O=A HTTP/1.1" 200 3208 "-" "Mozilla/5.0 (compatible; BLEXBot/1.0; +https://help.seranking.com/en/blex-crawler)"
37.27.59.134 - - [13/Sep/2025:21:26:16 -0300] "GET /static/assets/4a3d750a/less/?C=D;O=A HTTP/1.1" 200 3208 "-" "Mozilla/5.0 (compatible; BLEXBot/1.0; +https://help.seranking.com/en/blex-crawler)"
37.27.59.134 - - [13/Sep/2025:21:26:49 -0300] "GET /static/assets/4a3d750a/less/?C=M;O=A HTTP/1.1" 200 3208 "-" "Mozilla/5.0 (compatible; BLEXBot/1.0; +https://help.seranking.com/en/blex-crawler)"
66.249.77.13 - - [13/Sep/2025:21:28:02 -0300] "GET /assets/f7a28d59/screen4.PNG HTTP/1.1" 200 168879 "-" "Googlebot-Image/1.0"
37.27.59.134 - - [13/Sep/2025:21:28:09 -0300] "GET /static/assets/4a3d750a/less/?C=M;O=A HTTP/1.1" 200 3208 "-" "Mozilla/5.0 (compatible; BLEXBot/1.0; +https://help.seranking.com/en/blex-crawler)"
37.27.59.134 - - [13/Sep/2025:21:28:45 -0300] "GET /static/assets/4a3d750a/less/?C=N;O=D HTTP/1.1" 200 3208 "-" "Mozilla/5.0 (compatible; BLEXBot/1.0; +https://help.seranking.com/en/blex-crawler)"
37.27.59.134 - - [13/Sep/2025:21:28:54 -0300] "GET /static/assets/4a3d750a/less/?C=N;O=D HTTP/1.1" 200 3208 "-" "Mozilla/5.0 (compatible; BLEXBot/1.0; +https://help.seranking.com/en/blex-crawler)"
37.27.59.134 - - [13/Sep/2025:21:30:18 -0300] "GET /static/assets/4a3d750a/less/?C=S;O=A HTTP/1.1" 200 3208 "-" "Mozilla/5.0 (compatible; BLEXBot/1.0; +https://help.seranking.com/en/blex-crawler)"
37.27.59.134 - - [13/Sep/2025:21:30:54 -0300] "GET /static/assets/4a3d750a/less/?C=S;O=A HTTP/1.1" 200 3208 "-" "Mozilla/5.0 (compatible; BLEXBot/1.0; +https://help.seranking.com/en/blex-crawler)"
52.167.144.146 - - [13/Sep/2025:21:31:13 -0300] "GET /static/assets/90396076/js/release/ HTTP/1.1" 200 7275 "-" "Mozilla/5.0 AppleWebKit/537.36 (KHTML, like Gecko; compatible; bingbot/2.0; +http://www.bing.com/bingbot.htm) Chrome/116.0.1938.76 Safari/537.36"
37.27.59.134 - - [13/Sep/2025:21:31:16 -0300] "GET /static/assets/4a3d750a/scss/?C=D;O=A HTTP/1.1" 200 3221 "-" "Mozilla/5.0 (compatible; BLEXBot/1.0; +https://help.seranking.com/en/blex-crawler)"
37.27.59.134 - - [13/Sep/2025:21:31:24 -0300] "GET /static/assets/4a3d750a/scss/?C=D;O=A HTTP/1.1" 200 3221 "-" "Mozilla/5.0 (compatible; BLEXBot/1.0; +https://help.seranking.com/en/blex-crawler)"
37.27.59.134 - - [13/Sep/2025:21:32:11 -0300] "GET /static/assets/4a3d750a/scss/?C=M;O=A HTTP/1.1" 200 3221 "-" "Mozilla/5.0 (compatible; BLEXBot/1.0; +https://help.seranking.com/en/blex-crawler)"
37.27.59.134 - - [13/Sep/2025:21:32:40 -0300] "GET /static/assets/4a3d750a/scss/?C=M;O=A HTTP/1.1" 200 3221 "-" "Mozilla/5.0 (compatible; BLEXBot/1.0; +https://help.seranking.com/en/blex-crawler)"
37.27.59.134 - - [13/Sep/2025:21:33:51 -0300] "GET /static/assets/4a3d750a/scss/?C=N;O=D HTTP/1.1" 200 3221 "-" "Mozilla/5.0 (compatible; BLEXBot/1.0; +https://help.seranking.com/en/blex-crawler)"
37.27.59.134 - - [13/Sep/2025:21:34:17 -0300] "GET /static/assets/4a3d750a/scss/?C=N;O=D HTTP/1.1" 200 3221 "-" "Mozilla/5.0 (compatible; BLEXBot/1.0; +https://help.seranking.com/en/blex-crawler)"
37.27.59.134 - - [13/Sep/2025:21:35:35 -0300] "GET /static/assets/4a3d750a/scss/?C=S;O=A HTTP/1.1" 200 3221 "-" "Mozilla/5.0 (compatible; BLEXBot/1.0; +https://help.seranking.com/en/blex-crawler)"