37.27.59.134 - - [13/Sep/2025:13:29:56 -0300] "GET /static/assets/78fad69a/?C=S;O=D HTTP/1.1" 200 819 "-" "Mozilla/5.0 (compatible; BLEXBot/1.0; +https://help.seranking.com/en/blex-crawler)"
37.27.59.134 - - [13/Sep/2025:13:30:04 -0300] "GET /static/assets/78fad69a/?C=S;O=D HTTP/1.1" 200 819 "-" "Mozilla/5.0 (compatible; BLEXBot/1.0; +https://help.seranking.com/en/blex-crawler)"
198.244.242.66 - - [13/Sep/2025:13:30:31 -0300] "GET /robots.txt HTTP/1.1" 404 - "-" "Mozilla/5.0 (compatible; AhrefsBot/7.0; +http://ahrefs.com/robot/)"
142.44.220.145 - - [13/Sep/2025:13:30:31 -0300] "GET /robots.txt HTTP/1.1" 404 - "-" "Mozilla/5.0 (compatible; AhrefsBot/7.0; +http://ahrefs.com/robot/)"
37.27.59.134 - - [13/Sep/2025:13:31:27 -0300] "GET /static/assets/7bfb7106/?C=D;O=D HTTP/1.1" 200 843 "-" "Mozilla/5.0 (compatible; BLEXBot/1.0; +https://help.seranking.com/en/blex-crawler)"
37.27.59.134 - - [13/Sep/2025:13:32:38 -0300] "GET /static/assets/7bfb7106/?C=D;O=D HTTP/1.1" 200 843 "-" "Mozilla/5.0 (compatible; BLEXBot/1.0; +https://help.seranking.com/en/blex-crawler)"
66.249.77.12 - - [13/Sep/2025:13:32:55 -0300] "GET /static/img/emoji/Cocktail.svg HTTP/1.1" 200 1114 "-" "Googlebot-Image/1.0"
37.27.59.134 - - [13/Sep/2025:13:33:26 -0300] "GET /static/assets/7bfb7106/?C=M;O=D HTTP/1.1" 200 843 "-" "Mozilla/5.0 (compatible; BLEXBot/1.0; +https://help.seranking.com/en/blex-crawler)"
37.27.59.134 - - [13/Sep/2025:13:33:36 -0300] "GET /static/assets/7bfb7106/?C=M;O=D HTTP/1.1" 200 843 "-" "Mozilla/5.0 (compatible; BLEXBot/1.0; +https://help.seranking.com/en/blex-crawler)"
37.27.59.134 - - [13/Sep/2025:13:34:00 -0300] "GET /static/assets/7bfb7106/?C=N;O=A HTTP/1.1" 200 843 "-" "Mozilla/5.0 (compatible; BLEXBot/1.0; +https://help.seranking.com/en/blex-crawler)"
37.27.59.134 - - [13/Sep/2025:13:34:30 -0300] "GET /static/assets/7bfb7106/?C=N;O=A HTTP/1.1" 200 843 "-" "Mozilla/5.0 (compatible; BLEXBot/1.0; +https://help.seranking.com/en/blex-crawler)"
37.27.59.134 - - [13/Sep/2025:13:34:37 -0300] "GET /static/assets/7bfb7106/?C=S;O=D HTTP/1.1" 200 843 "-" "Mozilla/5.0 (compatible; BLEXBot/1.0; +https://help.seranking.com/en/blex-crawler)"
37.27.59.134 - - [13/Sep/2025:13:35:25 -0300] "GET /static/assets/7bfb7106/?C=S;O=D HTTP/1.1" 200 843 "-" "Mozilla/5.0 (compatible; BLEXBot/1.0; +https://help.seranking.com/en/blex-crawler)"
37.27.59.134 - - [13/Sep/2025:13:36:14 -0300] "GET /static/assets/83796d69/?C=D;O=D HTTP/1.1" 200 836 "-" "Mozilla/5.0 (compatible; BLEXBot/1.0; +https://help.seranking.com/en/blex-crawler)"
37.27.59.134 - - [13/Sep/2025:13:36:39 -0300] "GET /static/assets/83796d69/?C=D;O=D HTTP/1.1" 200 836 "-" "Mozilla/5.0 (compatible; BLEXBot/1.0; +https://help.seranking.com/en/blex-crawler)"
37.27.59.134 - - [13/Sep/2025:13:36:51 -0300] "GET /static/assets/83796d69/?C=M;O=D HTTP/1.1" 200 836 "-" "Mozilla/5.0 (compatible; BLEXBot/1.0; +https://help.seranking.com/en/blex-crawler)"
37.27.59.134 - - [13/Sep/2025:13:37:13 -0300] "GET /static/assets/83796d69/?C=M;O=D HTTP/1.1" 200 836 "-" "Mozilla/5.0 (compatible; BLEXBot/1.0; +https://help.seranking.com/en/blex-crawler)"
66.249.77.13 - - [13/Sep/2025:13:38:02 -0300] "GET /assets/f7a28d59/module_image.png HTTP/1.1" 200 2606 "-" "Googlebot-Image/1.0"
66.249.77.11 - - [13/Sep/2025:13:38:02 -0300] "GET /robots.txt HTTP/1.1" 404 - "-" "Mozilla/5.0 (compatible; Googlebot/2.1; +http://www.google.com/bot.html)"
37.27.59.134 - - [13/Sep/2025:13:38:50 -0300] "GET /static/assets/83796d69/?C=N;O=A HTTP/1.1" 200 836 "-" "Mozilla/5.0 (compatible; BLEXBot/1.0; +https://help.seranking.com/en/blex-crawler)"
37.27.59.134 - - [13/Sep/2025:13:38:58 -0300] "GET /static/assets/83796d69/?C=N;O=A HTTP/1.1" 200 836 "-" "Mozilla/5.0 (compatible; BLEXBot/1.0; +https://help.seranking.com/en/blex-crawler)"
37.27.59.134 - - [13/Sep/2025:13:39:48 -0300] "GET /static/assets/83796d69/?C=S;O=D HTTP/1.1" 200 836 "-" "Mozilla/5.0 (compatible; BLEXBot/1.0; +https://help.seranking.com/en/blex-crawler)"
37.27.59.134 - - [13/Sep/2025:13:40:02 -0300] "GET /static/assets/83796d69/?C=S;O=D HTTP/1.1" 200 836 "-" "Mozilla/5.0 (compatible; BLEXBot/1.0; +https://help.seranking.com/en/blex-crawler)"
37.27.59.134 - - [13/Sep/2025:13:40:28 -0300] "GET /static/assets/870b31b7/?C=D;O=D HTTP/1.1" 200 992 "-" "Mozilla/5.0 (compatible; BLEXBot/1.0; +https://help.seranking.com/en/blex-crawler)"
37.27.59.134 - - [13/Sep/2025:13:40:38 -0300] "GET /static/assets/870b31b7/?C=D;O=D HTTP/1.1" 200 992 "-" "Mozilla/5.0 (compatible; BLEXBot/1.0; +https://help.seranking.com/en/blex-crawler)"
37.27.59.134 - - [13/Sep/2025:13:41:23 -0300] "GET /static/assets/870b31b7/?C=M;O=D HTTP/1.1" 200 992 "-" "Mozilla/5.0 (compatible; BLEXBot/1.0; +https://help.seranking.com/en/blex-crawler)"
37.27.59.134 - - [13/Sep/2025:13:41:34 -0300] "GET /static/assets/870b31b7/?C=M;O=D HTTP/1.1" 200 992 "-" "Mozilla/5.0 (compatible; BLEXBot/1.0; +https://help.seranking.com/en/blex-crawler)"
37.27.59.134 - - [13/Sep/2025:13:41:49 -0300] "GET /static/assets/870b31b7/?C=N;O=A HTTP/1.1" 200 992 "-" "Mozilla/5.0 (compatible; BLEXBot/1.0; +https://help.seranking.com/en/blex-crawler)"
37.27.59.134 - - [13/Sep/2025:13:42:21 -0300] "GET /static/assets/870b31b7/?C=N;O=A HTTP/1.1" 200 992 "-" "Mozilla/5.0 (compatible; BLEXBot/1.0; +https://help.seranking.com/en/blex-crawler)"
37.27.59.134 - - [13/Sep/2025:13:42:39 -0300] "GET /static/assets/870b31b7/?C=S;O=D HTTP/1.1" 200 992 "-" "Mozilla/5.0 (compatible; BLEXBot/1.0; +https://help.seranking.com/en/blex-crawler)"
37.27.59.134 - - [13/Sep/2025:13:43:13 -0300] "GET /static/assets/870b31b7/?C=S;O=D HTTP/1.1" 200 992 "-" "Mozilla/5.0 (compatible; BLEXBot/1.0; +https://help.seranking.com/en/blex-crawler)"
37.27.59.134 - - [13/Sep/2025:13:43:34 -0300] "GET /static/assets/93c7533d/?C=D;O=D HTTP/1.1" 200 1556 "-" "Mozilla/5.0 (compatible; BLEXBot/1.0; +https://help.seranking.com/en/blex-crawler)"
37.27.59.134 - - [13/Sep/2025:13:43:42 -0300] "GET /static/assets/93c7533d/?C=D;O=D HTTP/1.1" 200 1556 "-" "Mozilla/5.0 (compatible; BLEXBot/1.0; +https://help.seranking.com/en/blex-crawler)"
37.27.59.134 - - [13/Sep/2025:13:43:59 -0300] "GET /static/assets/93c7533d/?C=M;O=D HTTP/1.1" 200 1556 "-" "Mozilla/5.0 (compatible; BLEXBot/1.0; +https://help.seranking.com/en/blex-crawler)"
37.27.59.134 - - [13/Sep/2025:13:44:07 -0300] "GET /static/assets/93c7533d/?C=M;O=D HTTP/1.1" 200 1556 "-" "Mozilla/5.0 (compatible; BLEXBot/1.0; +https://help.seranking.com/en/blex-crawler)"
37.27.59.134 - - [13/Sep/2025:13:44:46 -0300] "GET /static/assets/93c7533d/?C=N;O=A HTTP/1.1" 200 1556 "-" "Mozilla/5.0 (compatible; BLEXBot/1.0; +https://help.seranking.com/en/blex-crawler)"
37.27.59.134 - - [13/Sep/2025:13:44:56 -0300] "GET /static/assets/93c7533d/?C=N;O=A HTTP/1.1" 200 1556 "-" "Mozilla/5.0 (compatible; BLEXBot/1.0; +https://help.seranking.com/en/blex-crawler)"
37.27.59.134 - - [13/Sep/2025:13:45:22 -0300] "GET /static/assets/93c7533d/?C=S;O=D HTTP/1.1" 200 1556 "-" "Mozilla/5.0 (compatible; BLEXBot/1.0; +https://help.seranking.com/en/blex-crawler)"
37.27.59.134 - - [13/Sep/2025:13:45:37 -0300] "GET /static/assets/93c7533d/?C=S;O=D HTTP/1.1" 200 1556 "-" "Mozilla/5.0 (compatible; BLEXBot/1.0; +https://help.seranking.com/en/blex-crawler)"
37.27.59.134 - - [13/Sep/2025:13:46:24 -0300] "GET /static/assets/9e2ce8c4/?C=D;O=D HTTP/1.1" 200 1165 "-" "Mozilla/5.0 (compatible; BLEXBot/1.0; +https://help.seranking.com/en/blex-crawler)"
37.27.59.134 - - [13/Sep/2025:13:46:33 -0300] "GET /static/assets/9e2ce8c4/?C=D;O=D HTTP/1.1" 200 1165 "-" "Mozilla/5.0 (compatible; BLEXBot/1.0; +https://help.seranking.com/en/blex-crawler)"
37.27.59.134 - - [13/Sep/2025:13:46:51 -0300] "GET /static/assets/9e2ce8c4/?C=M;O=D HTTP/1.1" 200 1165 "-" "Mozilla/5.0 (compatible; BLEXBot/1.0; +https://help.seranking.com/en/blex-crawler)"
37.27.59.134 - - [13/Sep/2025:13:47:00 -0300] "GET /static/assets/9e2ce8c4/?C=M;O=D HTTP/1.1" 200 1165 "-" "Mozilla/5.0 (compatible; BLEXBot/1.0; +https://help.seranking.com/en/blex-crawler)"
37.27.59.134 - - [13/Sep/2025:13:48:02 -0300] "GET /static/assets/9e2ce8c4/?C=N;O=A HTTP/1.1" 200 1165 "-" "Mozilla/5.0 (compatible; BLEXBot/1.0; +https://help.seranking.com/en/blex-crawler)"
37.27.59.134 - - [13/Sep/2025:13:48:29 -0300] "GET /static/assets/9e2ce8c4/?C=N;O=A HTTP/1.1" 200 1165 "-" "Mozilla/5.0 (compatible; BLEXBot/1.0; +https://help.seranking.com/en/blex-crawler)"
37.27.59.134 - - [13/Sep/2025:13:48:41 -0300] "GET /static/assets/9e2ce8c4/?C=S;O=D HTTP/1.1" 200 1165 "-" "Mozilla/5.0 (compatible; BLEXBot/1.0; +https://help.seranking.com/en/blex-crawler)"
37.27.59.134 - - [13/Sep/2025:13:49:22 -0300] "GET /static/assets/9e2ce8c4/?C=S;O=D HTTP/1.1" 200 1165 "-" "Mozilla/5.0 (compatible; BLEXBot/1.0; +https://help.seranking.com/en/blex-crawler)"
37.27.59.134 - - [13/Sep/2025:13:49:46 -0300] "GET /static/assets/a27aa874/?C=D;O=D HTTP/1.1" 200 1734 "-" "Mozilla/5.0 (compatible; BLEXBot/1.0; +https://help.seranking.com/en/blex-crawler)"
37.27.59.134 - - [13/Sep/2025:13:50:00 -0300] "GET /static/assets/a27aa874/?C=D;O=D HTTP/1.1" 200 1734 "-" "Mozilla/5.0 (compatible; BLEXBot/1.0; +https://help.seranking.com/en/blex-crawler)"
37.27.59.134 - - [13/Sep/2025:13:50:33 -0300] "GET /static/assets/a27aa874/?C=M;O=D HTTP/1.1" 200 1734 "-" "Mozilla/5.0 (compatible; BLEXBot/1.0; +https://help.seranking.com/en/blex-crawler)"
37.27.59.134 - - [13/Sep/2025:13:50:48 -0300] "GET /static/assets/a27aa874/?C=M;O=D HTTP/1.1" 200 1734 "-" "Mozilla/5.0 (compatible; BLEXBot/1.0; +https://help.seranking.com/en/blex-crawler)"
66.249.77.12 - - [13/Sep/2025:13:50:50 -0300] "GET /assets/f7a28d59/screen3.PNG HTTP/1.1" 200 24281 "-" "Googlebot-Image/1.0"
37.27.59.134 - - [13/Sep/2025:13:51:12 -0300] "GET /static/assets/a27aa874/?C=N;O=A HTTP/1.1" 200 1734 "-" "Mozilla/5.0 (compatible; BLEXBot/1.0; +https://help.seranking.com/en/blex-crawler)"
37.27.59.134 - - [13/Sep/2025:13:52:14 -0300] "GET /static/assets/a27aa874/?C=N;O=A HTTP/1.1" 200 1734 "-" "Mozilla/5.0 (compatible; BLEXBot/1.0; +https://help.seranking.com/en/blex-crawler)"
37.27.59.134 - - [13/Sep/2025:13:52:49 -0300] "GET /static/assets/a27aa874/?C=S;O=D HTTP/1.1" 200 1734 "-" "Mozilla/5.0 (compatible; BLEXBot/1.0; +https://help.seranking.com/en/blex-crawler)"
37.27.59.134 - - [13/Sep/2025:13:53:15 -0300] "GET /static/assets/a27aa874/?C=S;O=D HTTP/1.1" 200 1734 "-" "Mozilla/5.0 (compatible; BLEXBot/1.0; +https://help.seranking.com/en/blex-crawler)"
37.27.59.134 - - [13/Sep/2025:13:53:58 -0300] "GET /static/assets/a471d4ce/?C=D;O=D HTTP/1.1" 200 1033 "-" "Mozilla/5.0 (compatible; BLEXBot/1.0; +https://help.seranking.com/en/blex-crawler)"
66.249.77.11 - - [13/Sep/2025:13:54:15 -0300] "GET /static/img/humhub_pro.jpg HTTP/1.1" 200 7205 "-" "Googlebot-Image/1.0"
37.27.59.134 - - [13/Sep/2025:13:54:17 -0300] "GET /static/assets/a471d4ce/?C=D;O=D HTTP/1.1" 200 1033 "-" "Mozilla/5.0 (compatible; BLEXBot/1.0; +https://help.seranking.com/en/blex-crawler)"
37.27.59.134 - - [13/Sep/2025:13:54:30 -0300] "GET /assets/ce4b19d5/fonts/?C=M;O=A HTTP/1.1" 200 1795 "-" "Mozilla/5.0 (compatible; BLEXBot/1.0; +https://help.seranking.com/en/blex-crawler)"
37.27.59.134 - - [13/Sep/2025:13:58:20 -0300] "GET /static/assets/a471d4ce/?C=M;O=D HTTP/1.1" 200 1033 "-" "Mozilla/5.0 (compatible; BLEXBot/1.0; +https://help.seranking.com/en/blex-crawler)"
37.27.59.134 - - [13/Sep/2025:13:59:10 -0300] "GET /static/assets/a471d4ce/?C=M;O=D HTTP/1.1" 200 1033 "-" "Mozilla/5.0 (compatible; BLEXBot/1.0; +https://help.seranking.com/en/blex-crawler)"
37.27.59.134 - - [13/Sep/2025:14:00:31 -0300] "GET /static/assets/a471d4ce/?C=N;O=A HTTP/1.1" 200 1033 "-" "Mozilla/5.0 (compatible; BLEXBot/1.0; +https://help.seranking.com/en/blex-crawler)"
37.27.59.134 - - [13/Sep/2025:14:00:56 -0300] "GET /static/assets/a471d4ce/?C=N;O=A HTTP/1.1" 200 1033 "-" "Mozilla/5.0 (compatible; BLEXBot/1.0; +https://help.seranking.com/en/blex-crawler)"
37.27.59.134 - - [13/Sep/2025:14:01:04 -0300] "GET /static/assets/a471d4ce/?C=S;O=D HTTP/1.1" 200 1033 "-" "Mozilla/5.0 (compatible; BLEXBot/1.0; +https://help.seranking.com/en/blex-crawler)"
37.27.59.134 - - [13/Sep/2025:14:01:22 -0300] "GET /static/assets/a471d4ce/?C=S;O=D HTTP/1.1" 200 1033 "-" "Mozilla/5.0 (compatible; BLEXBot/1.0; +https://help.seranking.com/en/blex-crawler)"
37.27.59.134 - - [13/Sep/2025:14:01:59 -0300] "GET /static/assets/a59d3f98/?C=D;O=D HTTP/1.1" 200 1718 "-" "Mozilla/5.0 (compatible; BLEXBot/1.0; +https://help.seranking.com/en/blex-crawler)"
37.27.59.134 - - [13/Sep/2025:14:02:18 -0300] "GET /static/assets/a59d3f98/?C=D;O=D HTTP/1.1" 200 1718 "-" "Mozilla/5.0 (compatible; BLEXBot/1.0; +https://help.seranking.com/en/blex-crawler)"
37.27.59.134 - - [13/Sep/2025:14:02:28 -0300] "GET /static/assets/a59d3f98/?C=M;O=D HTTP/1.1" 200 1718 "-" "Mozilla/5.0 (compatible; BLEXBot/1.0; +https://help.seranking.com/en/blex-crawler)"
37.27.59.134 - - [13/Sep/2025:14:02:53 -0300] "GET /static/assets/a59d3f98/?C=M;O=D HTTP/1.1" 200 1718 "-" "Mozilla/5.0 (compatible; BLEXBot/1.0; +https://help.seranking.com/en/blex-crawler)"
37.27.59.134 - - [13/Sep/2025:14:03:33 -0300] "GET /static/assets/a59d3f98/?C=N;O=A HTTP/1.1" 200 1718 "-" "Mozilla/5.0 (compatible; BLEXBot/1.0; +https://help.seranking.com/en/blex-crawler)"
37.27.59.134 - - [13/Sep/2025:14:03:52 -0300] "GET /static/assets/a59d3f98/?C=N;O=A HTTP/1.1" 200 1718 "-" "Mozilla/5.0 (compatible; BLEXBot/1.0; +https://help.seranking.com/en/blex-crawler)"
37.27.59.134 - - [13/Sep/2025:14:04:24 -0300] "GET /static/assets/a59d3f98/?C=S;O=D HTTP/1.1" 200 1718 "-" "Mozilla/5.0 (compatible; BLEXBot/1.0; +https://help.seranking.com/en/blex-crawler)"
37.27.59.134 - - [13/Sep/2025:14:04:44 -0300] "GET /static/assets/a59d3f98/?C=S;O=D HTTP/1.1" 200 1718 "-" "Mozilla/5.0 (compatible; BLEXBot/1.0; +https://help.seranking.com/en/blex-crawler)"
37.27.59.134 - - [13/Sep/2025:14:05:08 -0300] "GET /static/assets/aabcced6/?C=D;O=D HTTP/1.1" 200 1557 "-" "Mozilla/5.0 (compatible; BLEXBot/1.0; +https://help.seranking.com/en/blex-crawler)"
37.27.59.134 - - [13/Sep/2025:14:05:31 -0300] "GET /static/assets/aabcced6/?C=D;O=D HTTP/1.1" 200 1557 "-" "Mozilla/5.0 (compatible; BLEXBot/1.0; +https://help.seranking.com/en/blex-crawler)"
37.27.59.134 - - [13/Sep/2025:14:05:43 -0300] "GET /static/assets/aabcced6/?C=M;O=D HTTP/1.1" 200 1557 "-" "Mozilla/5.0 (compatible; BLEXBot/1.0; +https://help.seranking.com/en/blex-crawler)"
37.27.59.134 - - [13/Sep/2025:14:05:51 -0300] "GET /static/assets/aabcced6/?C=M;O=D HTTP/1.1" 200 1557 "-" "Mozilla/5.0 (compatible; BLEXBot/1.0; +https://help.seranking.com/en/blex-crawler)"
66.249.77.11 - - [13/Sep/2025:14:06:11 -0300] "GET /assets/baec620/module_image.png HTTP/1.1" 200 6714 "-" "Googlebot-Image/1.0"
66.249.77.12 - - [13/Sep/2025:14:06:37 -0300] "GET /assets/97977d77/img/mime/illustrator.png HTTP/1.1" 200 1203 "-" "Googlebot-Image/1.0"
37.27.59.134 - - [13/Sep/2025:14:06:47 -0300] "GET /static/assets/aabcced6/?C=N;O=A HTTP/1.1" 200 1557 "-" "Mozilla/5.0 (compatible; BLEXBot/1.0; +https://help.seranking.com/en/blex-crawler)"
37.27.59.134 - - [13/Sep/2025:14:07:00 -0300] "GET /static/assets/aabcced6/?C=N;O=A HTTP/1.1" 200 1557 "-" "Mozilla/5.0 (compatible; BLEXBot/1.0; +https://help.seranking.com/en/blex-crawler)"
37.27.59.134 - - [13/Sep/2025:14:07:14 -0300] "GET /static/assets/aabcced6/?C=S;O=D HTTP/1.1" 200 1557 "-" "Mozilla/5.0 (compatible; BLEXBot/1.0; +https://help.seranking.com/en/blex-crawler)"
37.27.59.134 - - [13/Sep/2025:14:07:22 -0300] "GET /static/assets/aabcced6/?C=S;O=D HTTP/1.1" 200 1557 "-" "Mozilla/5.0 (compatible; BLEXBot/1.0; +https://help.seranking.com/en/blex-crawler)"
37.27.59.134 - - [13/Sep/2025:14:08:43 -0300] "GET /static/assets/cdf58f16/?C=D;O=D HTTP/1.1" 200 819 "-" "Mozilla/5.0 (compatible; BLEXBot/1.0; +https://help.seranking.com/en/blex-crawler)"
37.27.59.134 - - [13/Sep/2025:14:08:53 -0300] "GET /static/assets/cdf58f16/?C=D;O=D HTTP/1.1" 200 819 "-" "Mozilla/5.0 (compatible; BLEXBot/1.0; +https://help.seranking.com/en/blex-crawler)"
37.27.59.134 - - [13/Sep/2025:14:09:07 -0300] "GET /static/assets/cdf58f16/?C=M;O=D HTTP/1.1" 200 819 "-" "Mozilla/5.0 (compatible; BLEXBot/1.0; +https://help.seranking.com/en/blex-crawler)"
37.27.59.134 - - [13/Sep/2025:14:09:15 -0300] "GET /static/assets/cdf58f16/?C=M;O=D HTTP/1.1" 200 819 "-" "Mozilla/5.0 (compatible; BLEXBot/1.0; +https://help.seranking.com/en/blex-crawler)"
37.27.59.134 - - [13/Sep/2025:14:10:01 -0300] "GET /static/assets/cdf58f16/?C=N;O=A HTTP/1.1" 200 819 "-" "Mozilla/5.0 (compatible; BLEXBot/1.0; +https://help.seranking.com/en/blex-crawler)"
37.27.59.134 - - [13/Sep/2025:14:10:18 -0300] "GET /static/assets/cdf58f16/?C=N;O=A HTTP/1.1" 200 819 "-" "Mozilla/5.0 (compatible; BLEXBot/1.0; +https://help.seranking.com/en/blex-crawler)"
37.27.59.134 - - [13/Sep/2025:14:10:43 -0300] "GET /static/assets/cdf58f16/?C=S;O=D HTTP/1.1" 200 819 "-" "Mozilla/5.0 (compatible; BLEXBot/1.0; +https://help.seranking.com/en/blex-crawler)"
37.27.59.134 - - [13/Sep/2025:14:10:57 -0300] "GET /static/assets/cdf58f16/?C=S;O=D HTTP/1.1" 200 819 "-" "Mozilla/5.0 (compatible; BLEXBot/1.0; +https://help.seranking.com/en/blex-crawler)"
37.27.59.134 - - [13/Sep/2025:14:11:17 -0300] "GET /static/assets/d60d2025/?C=D;O=D HTTP/1.1" 200 1033 "-" "Mozilla/5.0 (compatible; BLEXBot/1.0; +https://help.seranking.com/en/blex-crawler)"
66.249.77.11 - - [13/Sep/2025:14:11:19 -0300] "GET /assets/2ec6b270/themes/dark-hive/images/ui-bg_highlight-soft_80_eeeeee_1x100.png HTTP/1.1" 200 335 "-" "Googlebot-Image/1.0"
37.27.59.134 - - [13/Sep/2025:14:11:29 -0300] "GET /static/assets/d60d2025/?C=D;O=D HTTP/1.1" 200 1033 "-" "Mozilla/5.0 (compatible; BLEXBot/1.0; +https://help.seranking.com/en/blex-crawler)"
37.27.59.134 - - [13/Sep/2025:14:11:52 -0300] "GET /static/assets/d60d2025/?C=M;O=D HTTP/1.1" 200 1033 "-" "Mozilla/5.0 (compatible; BLEXBot/1.0; +https://help.seranking.com/en/blex-crawler)"
37.27.59.134 - - [13/Sep/2025:14:12:06 -0300] "GET /static/assets/d60d2025/?C=M;O=D HTTP/1.1" 200 1033 "-" "Mozilla/5.0 (compatible; BLEXBot/1.0; +https://help.seranking.com/en/blex-crawler)"
37.27.59.134 - - [13/Sep/2025:14:13:12 -0300] "GET /static/assets/d60d2025/?C=N;O=A HTTP/1.1" 200 1033 "-" "Mozilla/5.0 (compatible; BLEXBot/1.0; +https://help.seranking.com/en/blex-crawler)"
37.27.59.134 - - [13/Sep/2025:14:13:21 -0300] "GET /static/assets/d60d2025/?C=N;O=A HTTP/1.1" 200 1033 "-" "Mozilla/5.0 (compatible; BLEXBot/1.0; +https://help.seranking.com/en/blex-crawler)"
37.27.59.134 - - [13/Sep/2025:14:13:53 -0300] "GET /static/assets/d60d2025/?C=S;O=D HTTP/1.1" 200 1033 "-" "Mozilla/5.0 (compatible; BLEXBot/1.0; +https://help.seranking.com/en/blex-crawler)"
37.27.59.134 - - [13/Sep/2025:14:14:01 -0300] "GET /static/assets/d60d2025/?C=S;O=D HTTP/1.1" 200 1033 "-" "Mozilla/5.0 (compatible; BLEXBot/1.0; +https://help.seranking.com/en/blex-crawler)"
37.27.59.134 - - [13/Sep/2025:14:14:27 -0300] "GET /static/assets/e391d52a/?C=D;O=D HTTP/1.1" 200 819 "-" "Mozilla/5.0 (compatible; BLEXBot/1.0; +https://help.seranking.com/en/blex-crawler)"
37.27.59.134 - - [13/Sep/2025:14:14:39 -0300] "GET /static/assets/e391d52a/?C=D;O=D HTTP/1.1" 200 819 "-" "Mozilla/5.0 (compatible; BLEXBot/1.0; +https://help.seranking.com/en/blex-crawler)"
37.27.59.134 - - [13/Sep/2025:14:15:11 -0300] "GET /static/assets/e391d52a/?C=M;O=D HTTP/1.1" 200 819 "-" "Mozilla/5.0 (compatible; BLEXBot/1.0; +https://help.seranking.com/en/blex-crawler)"
37.27.59.134 - - [13/Sep/2025:14:15:39 -0300] "GET /static/assets/e391d52a/?C=M;O=D HTTP/1.1" 200 819 "-" "Mozilla/5.0 (compatible; BLEXBot/1.0; +https://help.seranking.com/en/blex-crawler)"
37.27.59.134 - - [13/Sep/2025:14:15:47 -0300] "GET /static/assets/e391d52a/?C=N;O=A HTTP/1.1" 200 819 "-" "Mozilla/5.0 (compatible; BLEXBot/1.0; +https://help.seranking.com/en/blex-crawler)"
37.27.59.134 - - [13/Sep/2025:14:15:56 -0300] "GET /static/assets/e391d52a/?C=N;O=A HTTP/1.1" 200 819 "-" "Mozilla/5.0 (compatible; BLEXBot/1.0; +https://help.seranking.com/en/blex-crawler)"
37.27.59.134 - - [13/Sep/2025:14:16:39 -0300] "GET /static/assets/e391d52a/?C=S;O=D HTTP/1.1" 200 819 "-" "Mozilla/5.0 (compatible; BLEXBot/1.0; +https://help.seranking.com/en/blex-crawler)"
37.27.59.134 - - [13/Sep/2025:14:16:54 -0300] "GET /static/assets/e391d52a/?C=S;O=D HTTP/1.1" 200 819 "-" "Mozilla/5.0 (compatible; BLEXBot/1.0; +https://help.seranking.com/en/blex-crawler)"
207.46.13.230 - - [13/Sep/2025:14:17:24 -0300] "GET /robots.txt HTTP/1.1" 404 - "-" "Mozilla/5.0 AppleWebKit/537.36 (KHTML, like Gecko; compatible; bingbot/2.0; +http://www.bing.com/bingbot.htm) Chrome/116.0.1938.76 Safari/537.36"
37.27.59.134 - - [13/Sep/2025:14:17:30 -0300] "GET /static/assets/e68e60fe/?C=D;O=D HTTP/1.1" 200 819 "-" "Mozilla/5.0 (compatible; BLEXBot/1.0; +https://help.seranking.com/en/blex-crawler)"
52.167.144.197 - - [13/Sep/2025:14:17:31 -0300] "GET /assets/76fb6d41/i18n/zh-TW.js HTTP/1.1" 200 707 "-" "Mozilla/5.0 AppleWebKit/537.36 (KHTML, like Gecko; compatible; bingbot/2.0; +http://www.bing.com/bingbot.htm) Chrome/116.0.1938.76 Safari/537.36"
37.27.59.134 - - [13/Sep/2025:14:17:41 -0300] "GET /static/assets/e68e60fe/?C=D;O=D HTTP/1.1" 200 819 "-" "Mozilla/5.0 (compatible; BLEXBot/1.0; +https://help.seranking.com/en/blex-crawler)"
37.27.59.134 - - [13/Sep/2025:14:17:57 -0300] "GET /static/assets/e68e60fe/?C=M;O=D HTTP/1.1" 200 819 "-" "Mozilla/5.0 (compatible; BLEXBot/1.0; +https://help.seranking.com/en/blex-crawler)"
37.27.59.134 - - [13/Sep/2025:14:18:07 -0300] "GET /static/assets/e68e60fe/?C=M;O=D HTTP/1.1" 200 819 "-" "Mozilla/5.0 (compatible; BLEXBot/1.0; +https://help.seranking.com/en/blex-crawler)"
37.27.59.134 - - [13/Sep/2025:14:18:40 -0300] "GET /static/assets/e68e60fe/?C=N;O=A HTTP/1.1" 200 819 "-" "Mozilla/5.0 (compatible; BLEXBot/1.0; +https://help.seranking.com/en/blex-crawler)"
37.27.59.134 - - [13/Sep/2025:14:18:59 -0300] "GET /static/assets/e68e60fe/?C=N;O=A HTTP/1.1" 200 819 "-" "Mozilla/5.0 (compatible; BLEXBot/1.0; +https://help.seranking.com/en/blex-crawler)"
37.27.59.134 - - [13/Sep/2025:14:19:24 -0300] "GET /static/assets/e68e60fe/?C=S;O=D HTTP/1.1" 200 819 "-" "Mozilla/5.0 (compatible; BLEXBot/1.0; +https://help.seranking.com/en/blex-crawler)"
37.27.59.134 - - [13/Sep/2025:14:19:36 -0300] "GET /static/assets/e68e60fe/?C=S;O=D HTTP/1.1" 200 819 "-" "Mozilla/5.0 (compatible; BLEXBot/1.0; +https://help.seranking.com/en/blex-crawler)"
37.27.59.134 - - [13/Sep/2025:14:19:56 -0300] "GET /static/assets/ec9b3d46/?C=D;O=D HTTP/1.1" 200 1546 "-" "Mozilla/5.0 (compatible; BLEXBot/1.0; +https://help.seranking.com/en/blex-crawler)"
37.27.59.134 - - [13/Sep/2025:14:20:07 -0300] "GET /static/assets/ec9b3d46/?C=D;O=D HTTP/1.1" 200 1546 "-" "Mozilla/5.0 (compatible; BLEXBot/1.0; +https://help.seranking.com/en/blex-crawler)"
37.27.59.134 - - [13/Sep/2025:14:21:17 -0300] "GET /static/assets/ec9b3d46/?C=M;O=D HTTP/1.1" 200 1546 "-" "Mozilla/5.0 (compatible; BLEXBot/1.0; +https://help.seranking.com/en/blex-crawler)"
37.27.59.134 - - [13/Sep/2025:14:21:42 -0300] "GET /static/assets/ec9b3d46/?C=M;O=D HTTP/1.1" 200 1546 "-" "Mozilla/5.0 (compatible; BLEXBot/1.0; +https://help.seranking.com/en/blex-crawler)"
37.27.59.134 - - [13/Sep/2025:14:22:12 -0300] "GET /static/assets/ec9b3d46/?C=N;O=A HTTP/1.1" 200 1546 "-" "Mozilla/5.0 (compatible; BLEXBot/1.0; +https://help.seranking.com/en/blex-crawler)"
66.249.72.231 - - [13/Sep/2025:14:22:24 -0300] "GET /static/img/emoji/Disappointed.svg HTTP/1.1" 200 800 "-" "Googlebot-Image/1.0"
37.27.59.134 - - [13/Sep/2025:14:22:31 -0300] "GET /static/assets/ec9b3d46/?C=N;O=A HTTP/1.1" 200 1546 "-" "Mozilla/5.0 (compatible; BLEXBot/1.0; +https://help.seranking.com/en/blex-crawler)"
37.27.59.134 - - [13/Sep/2025:14:22:49 -0300] "GET /static/assets/ec9b3d46/?C=S;O=D HTTP/1.1" 200 1546 "-" "Mozilla/5.0 (compatible; BLEXBot/1.0; +https://help.seranking.com/en/blex-crawler)"
37.27.59.134 - - [13/Sep/2025:14:23:11 -0300] "GET /static/assets/ec9b3d46/?C=S;O=D HTTP/1.1" 200 1546 "-" "Mozilla/5.0 (compatible; BLEXBot/1.0; +https://help.seranking.com/en/blex-crawler)"
37.27.59.134 - - [13/Sep/2025:14:23:37 -0300] "GET /static/assets/f754ee85/?C=D;O=D HTTP/1.1" 200 1392 "-" "Mozilla/5.0 (compatible; BLEXBot/1.0; +https://help.seranking.com/en/blex-crawler)"
37.27.59.134 - - [13/Sep/2025:14:23:57 -0300] "GET /static/assets/f754ee85/?C=D;O=D HTTP/1.1" 200 1392 "-" "Mozilla/5.0 (compatible; BLEXBot/1.0; +https://help.seranking.com/en/blex-crawler)"
37.27.59.134 - - [13/Sep/2025:14:24:07 -0300] "GET /static/assets/f754ee85/?C=M;O=D HTTP/1.1" 200 1392 "-" "Mozilla/5.0 (compatible; BLEXBot/1.0; +https://help.seranking.com/en/blex-crawler)"
37.27.59.134 - - [13/Sep/2025:14:24:15 -0300] "GET /static/assets/f754ee85/?C=M;O=D HTTP/1.1" 200 1392 "-" "Mozilla/5.0 (compatible; BLEXBot/1.0; +https://help.seranking.com/en/blex-crawler)"
37.27.59.134 - - [13/Sep/2025:14:24:57 -0300] "GET /static/assets/f754ee85/?C=N;O=A HTTP/1.1" 200 1392 "-" "Mozilla/5.0 (compatible; BLEXBot/1.0; +https://help.seranking.com/en/blex-crawler)"
37.27.59.134 - - [13/Sep/2025:14:25:09 -0300] "GET /static/assets/f754ee85/?C=N;O=A HTTP/1.1" 200 1392 "-" "Mozilla/5.0 (compatible; BLEXBot/1.0; +https://help.seranking.com/en/blex-crawler)"
37.27.59.134 - - [13/Sep/2025:14:25:44 -0300] "GET /static/assets/f754ee85/?C=S;O=D HTTP/1.1" 200 1392 "-" "Mozilla/5.0 (compatible; BLEXBot/1.0; +https://help.seranking.com/en/blex-crawler)"
37.27.59.134 - - [13/Sep/2025:14:25:55 -0300] "GET /static/assets/f754ee85/?C=S;O=D HTTP/1.1" 200 1392 "-" "Mozilla/5.0 (compatible; BLEXBot/1.0; +https://help.seranking.com/en/blex-crawler)"
37.27.59.134 - - [13/Sep/2025:14:26:11 -0300] "GET /static/assets/f97692f9/?C=D;O=D HTTP/1.1" 200 819 "-" "Mozilla/5.0 (compatible; BLEXBot/1.0; +https://help.seranking.com/en/blex-crawler)"
37.27.59.134 - - [13/Sep/2025:14:27:35 -0300] "GET /static/assets/f97692f9/?C=D;O=D HTTP/1.1" 200 819 "-" "Mozilla/5.0 (compatible; BLEXBot/1.0; +https://help.seranking.com/en/blex-crawler)"
37.27.59.134 - - [13/Sep/2025:14:28:12 -0300] "GET /static/assets/f97692f9/?C=M;O=D HTTP/1.1" 200 819 "-" "Mozilla/5.0 (compatible; BLEXBot/1.0; +https://help.seranking.com/en/blex-crawler)"
37.27.59.134 - - [13/Sep/2025:14:28:54 -0300] "GET /static/assets/f97692f9/?C=M;O=D HTTP/1.1" 200 819 "-" "Mozilla/5.0 (compatible; BLEXBot/1.0; +https://help.seranking.com/en/blex-crawler)"
37.27.59.134 - - [13/Sep/2025:14:29:17 -0300] "GET /static/assets/f97692f9/?C=N;O=A HTTP/1.1" 200 819 "-" "Mozilla/5.0 (compatible; BLEXBot/1.0; +https://help.seranking.com/en/blex-crawler)"
52.167.144.199 - - [13/Sep/2025:14:29:25 -0300] "GET /sitemap.txt HTTP/1.1" 404 - "-" "Mozilla/5.0 AppleWebKit/537.36 (KHTML, like Gecko; compatible; bingbot/2.0; +http://www.bing.com/bingbot.htm) Chrome/116.0.1938.76 Safari/537.36"
37.27.59.134 - - [13/Sep/2025:14:29:38 -0300] "GET /static/assets/f97692f9/?C=N;O=A HTTP/1.1" 200 819 "-" "Mozilla/5.0 (compatible; BLEXBot/1.0; +https://help.seranking.com/en/blex-crawler)"
37.27.59.134 - - [13/Sep/2025:14:29:46 -0300] "GET /static/assets/f97692f9/?C=S;O=D HTTP/1.1" 200 819 "-" "Mozilla/5.0 (compatible; BLEXBot/1.0; +https://help.seranking.com/en/blex-crawler)"
37.27.59.134 - - [13/Sep/2025:14:30:08 -0300] "GET /static/assets/f97692f9/?C=S;O=D HTTP/1.1" 200 819 "-" "Mozilla/5.0 (compatible; BLEXBot/1.0; +https://help.seranking.com/en/blex-crawler)"
37.27.59.134 - - [13/Sep/2025:14:31:05 -0300] "GET /static/assets/ffec2678/?C=D;O=D HTTP/1.1" 200 819 "-" "Mozilla/5.0 (compatible; BLEXBot/1.0; +https://help.seranking.com/en/blex-crawler)"
37.27.59.134 - - [13/Sep/2025:14:31:32 -0300] "GET /static/assets/ffec2678/?C=D;O=D HTTP/1.1" 200 819 "-" "Mozilla/5.0 (compatible; BLEXBot/1.0; +https://help.seranking.com/en/blex-crawler)"
37.27.59.134 - - [13/Sep/2025:14:32:22 -0300] "GET /static/assets/ffec2678/?C=M;O=D HTTP/1.1" 200 819 "-" "Mozilla/5.0 (compatible; BLEXBot/1.0; +https://help.seranking.com/en/blex-crawler)"
37.27.59.134 - - [13/Sep/2025:14:32:56 -0300] "GET /static/assets/ffec2678/?C=M;O=D HTTP/1.1" 200 819 "-" "Mozilla/5.0 (compatible; BLEXBot/1.0; +https://help.seranking.com/en/blex-crawler)"
37.27.59.134 - - [13/Sep/2025:14:33:24 -0300] "GET /static/assets/ffec2678/?C=N;O=A HTTP/1.1" 200 819 "-" "Mozilla/5.0 (compatible; BLEXBot/1.0; +https://help.seranking.com/en/blex-crawler)"
37.27.59.134 - - [13/Sep/2025:14:33:35 -0300] "GET /static/assets/ffec2678/?C=N;O=A HTTP/1.1" 200 819 "-" "Mozilla/5.0 (compatible; BLEXBot/1.0; +https://help.seranking.com/en/blex-crawler)"
37.27.59.134 - - [13/Sep/2025:14:34:05 -0300] "GET /static/assets/ffec2678/?C=S;O=D HTTP/1.1" 200 819 "-" "Mozilla/5.0 (compatible; BLEXBot/1.0; +https://help.seranking.com/en/blex-crawler)"
37.27.59.134 - - [13/Sep/2025:14:34:45 -0300] "GET /static/assets/ffec2678/?C=S;O=D HTTP/1.1" 200 819 "-" "Mozilla/5.0 (compatible; BLEXBot/1.0; +https://help.seranking.com/en/blex-crawler)"
37.27.59.134 - - [13/Sep/2025:14:34:58 -0300] "GET /static/fonts/open-sans/?C=D;O=D HTTP/1.1" 200 10732 "-" "Mozilla/5.0 (compatible; BLEXBot/1.0; +https://help.seranking.com/en/blex-crawler)"
37.27.59.134 - - [13/Sep/2025:14:35:44 -0300] "GET /static/fonts/open-sans/?C=D;O=D HTTP/1.1" 200 10732 "-" "Mozilla/5.0 (compatible; BLEXBot/1.0; +https://help.seranking.com/en/blex-crawler)"
37.27.59.134 - - [13/Sep/2025:14:36:03 -0300] "GET /static/fonts/open-sans/?C=M;O=D HTTP/1.1" 200 10732 "-" "Mozilla/5.0 (compatible; BLEXBot/1.0; +https://help.seranking.com/en/blex-crawler)"
66.249.72.231 - - [13/Sep/2025:14:36:03 -0300] "GET /assets/19076be7/screen3.PNG HTTP/1.1" 200 70958 "-" "Googlebot-Image/1.0"
37.27.59.134 - - [13/Sep/2025:14:36:09 -0300] "GET /static/fonts/open-sans/?C=M;O=D HTTP/1.1" 200 10732 "-" "Mozilla/5.0 (compatible; BLEXBot/1.0; +https://help.seranking.com/en/blex-crawler)"
37.27.59.134 - - [13/Sep/2025:14:36:54 -0300] "GET /static/fonts/open-sans/?C=N;O=A HTTP/1.1" 200 10732 "-" "Mozilla/5.0 (compatible; BLEXBot/1.0; +https://help.seranking.com/en/blex-crawler)"
66.249.77.11 - - [13/Sep/2025:14:36:54 -0300] "GET /static/img/emoji/Innocent.svg HTTP/1.1" 200 1268 "-" "Googlebot-Image/1.0"
37.27.59.134 - - [13/Sep/2025:14:37:00 -0300] "GET /static/fonts/open-sans/?C=N;O=A HTTP/1.1" 200 10732 "-" "Mozilla/5.0 (compatible; BLEXBot/1.0; +https://help.seranking.com/en/blex-crawler)"
37.27.59.134 - - [13/Sep/2025:14:37:35 -0300] "GET /static/fonts/open-sans/?C=S;O=D HTTP/1.1" 200 10732 "-" "Mozilla/5.0 (compatible; BLEXBot/1.0; +https://help.seranking.com/en/blex-crawler)"
37.27.59.134 - - [13/Sep/2025:14:37:41 -0300] "GET /static/fonts/open-sans/?C=S;O=D HTTP/1.1" 200 10732 "-" "Mozilla/5.0 (compatible; BLEXBot/1.0; +https://help.seranking.com/en/blex-crawler)"
37.27.59.134 - - [13/Sep/2025:14:38:18 -0300] "GET /static/js/highlight.js/?C=D;O=D HTTP/1.1" 200 1357 "-" "Mozilla/5.0 (compatible; BLEXBot/1.0; +https://help.seranking.com/en/blex-crawler)"
37.27.59.134 - - [13/Sep/2025:14:38:36 -0300] "GET /static/js/highlight.js/?C=D;O=D HTTP/1.1" 200 1357 "-" "Mozilla/5.0 (compatible; BLEXBot/1.0; +https://help.seranking.com/en/blex-crawler)"
37.27.59.134 - - [13/Sep/2025:14:38:51 -0300] "GET /static/js/highlight.js/?C=M;O=D HTTP/1.1" 200 1357 "-" "Mozilla/5.0 (compatible; BLEXBot/1.0; +https://help.seranking.com/en/blex-crawler)"
37.27.59.134 - - [13/Sep/2025:14:39:24 -0300] "GET /static/js/highlight.js/?C=M;O=D HTTP/1.1" 200 1357 "-" "Mozilla/5.0 (compatible; BLEXBot/1.0; +https://help.seranking.com/en/blex-crawler)"
37.27.59.134 - - [13/Sep/2025:14:39:43 -0300] "GET /static/js/highlight.js/?C=N;O=A HTTP/1.1" 200 1357 "-" "Mozilla/5.0 (compatible; BLEXBot/1.0; +https://help.seranking.com/en/blex-crawler)"
37.27.59.134 - - [13/Sep/2025:14:39:54 -0300] "GET /static/js/highlight.js/?C=N;O=A HTTP/1.1" 200 1357 "-" "Mozilla/5.0 (compatible; BLEXBot/1.0; +https://help.seranking.com/en/blex-crawler)"
37.27.59.134 - - [13/Sep/2025:14:40:16 -0300] "GET /static/js/highlight.js/?C=S;O=D HTTP/1.1" 200 1357 "-" "Mozilla/5.0 (compatible; BLEXBot/1.0; +https://help.seranking.com/en/blex-crawler)"
37.27.59.134 - - [13/Sep/2025:14:40:51 -0300] "GET /static/js/highlight.js/?C=S;O=D HTTP/1.1" 200 1357 "-" "Mozilla/5.0 (compatible; BLEXBot/1.0; +https://help.seranking.com/en/blex-crawler)"
37.27.59.134 - - [13/Sep/2025:14:42:45 -0300] "GET /static/resources/space/?C=D;O=D HTTP/1.1" 200 847 "-" "Mozilla/5.0 (compatible; BLEXBot/1.0; +https://help.seranking.com/en/blex-crawler)"
37.27.59.134 - - [13/Sep/2025:14:42:59 -0300] "GET /static/resources/space/?C=D;O=D HTTP/1.1" 200 847 "-" "Mozilla/5.0 (compatible; BLEXBot/1.0; +https://help.seranking.com/en/blex-crawler)"
37.27.59.134 - - [13/Sep/2025:14:43:21 -0300] "GET /static/resources/space/?C=M;O=D HTTP/1.1" 200 847 "-" "Mozilla/5.0 (compatible; BLEXBot/1.0; +https://help.seranking.com/en/blex-crawler)"
37.27.59.134 - - [13/Sep/2025:14:44:03 -0300] "GET /static/resources/space/?C=M;O=D HTTP/1.1" 200 847 "-" "Mozilla/5.0 (compatible; BLEXBot/1.0; +https://help.seranking.com/en/blex-crawler)"
37.27.59.134 - - [13/Sep/2025:14:44:12 -0300] "GET /static/resources/space/?C=N;O=A HTTP/1.1" 200 847 "-" "Mozilla/5.0 (compatible; BLEXBot/1.0; +https://help.seranking.com/en/blex-crawler)"
37.27.59.134 - - [13/Sep/2025:14:44:20 -0300] "GET /static/resources/space/?C=N;O=A HTTP/1.1" 200 847 "-" "Mozilla/5.0 (compatible; BLEXBot/1.0; +https://help.seranking.com/en/blex-crawler)"
37.27.59.134 - - [13/Sep/2025:14:44:48 -0300] "GET /static/resources/space/?C=S;O=D HTTP/1.1" 200 847 "-" "Mozilla/5.0 (compatible; BLEXBot/1.0; +https://help.seranking.com/en/blex-crawler)"
37.27.59.134 - - [13/Sep/2025:14:45:36 -0300] "GET /static/resources/space/?C=S;O=D HTTP/1.1" 200 847 "-" "Mozilla/5.0 (compatible; BLEXBot/1.0; +https://help.seranking.com/en/blex-crawler)"
37.27.59.134 - - [13/Sep/2025:14:45:47 -0300] "GET /themes/HumHub/img/mime/?C=D;O=D HTTP/1.1" 200 2788 "-" "Mozilla/5.0 (compatible; BLEXBot/1.0; +https://help.seranking.com/en/blex-crawler)"
37.27.59.134 - - [13/Sep/2025:14:46:25 -0300] "GET /themes/HumHub/img/mime/?C=M;O=D HTTP/1.1" 200 2788 "-" "Mozilla/5.0 (compatible; BLEXBot/1.0; +https://help.seranking.com/en/blex-crawler)"
37.27.59.134 - - [13/Sep/2025:14:46:34 -0300] "GET /themes/HumHub/img/mime/?C=N;O=A HTTP/1.1" 200 2788 "-" "Mozilla/5.0 (compatible; BLEXBot/1.0; +https://help.seranking.com/en/blex-crawler)"
37.27.59.134 - - [13/Sep/2025:14:47:15 -0300] "GET /themes/HumHub/img/mime/?C=S;O=D HTTP/1.1" 200 2788 "-" "Mozilla/5.0 (compatible; BLEXBot/1.0; +https://help.seranking.com/en/blex-crawler)"
66.249.77.11 - - [13/Sep/2025:14:47:59 -0300] "GET /assets/e39c67a1/directorylist/directory_last-child_hassub.png HTTP/1.1" 200 352 "-" "Googlebot-Image/1.0"
37.27.59.134 - - [13/Sep/2025:14:52:26 -0300] "GET /assets/2ec6b270/ui/i18n/?C=D;O=A HTTP/1.1" 200 14313 "-" "Mozilla/5.0 (compatible; BLEXBot/1.0; +https://help.seranking.com/en/blex-crawler)"
37.27.59.134 - - [13/Sep/2025:14:53:09 -0300] "GET /assets/2ec6b270/ui/i18n/?C=D;O=A HTTP/1.1" 200 14313 "-" "Mozilla/5.0 (compatible; BLEXBot/1.0; +https://help.seranking.com/en/blex-crawler)"
37.27.59.134 - - [13/Sep/2025:14:53:29 -0300] "GET /assets/2ec6b270/ui/i18n/?C=M;O=A HTTP/1.1" 200 14313 "-" "Mozilla/5.0 (compatible; BLEXBot/1.0; +https://help.seranking.com/en/blex-crawler)"
37.27.59.134 - - [13/Sep/2025:14:53:36 -0300] "GET /assets/2ec6b270/ui/i18n/?C=M;O=A HTTP/1.1" 200 14313 "-" "Mozilla/5.0 (compatible; BLEXBot/1.0; +https://help.seranking.com/en/blex-crawler)"
37.27.59.134 - - [13/Sep/2025:14:54:20 -0300] "GET /assets/2ec6b270/ui/i18n/?C=N;O=D HTTP/1.1" 200 14313 "-" "Mozilla/5.0 (compatible; BLEXBot/1.0; +https://help.seranking.com/en/blex-crawler)"
37.27.59.134 - - [13/Sep/2025:14:54:41 -0300] "GET /assets/2ec6b270/ui/i18n/?C=N;O=D HTTP/1.1" 200 14313 "-" "Mozilla/5.0 (compatible; BLEXBot/1.0; +https://help.seranking.com/en/blex-crawler)"
37.27.59.134 - - [13/Sep/2025:14:54:51 -0300] "GET /assets/2ec6b270/ui/i18n/?C=S;O=A HTTP/1.1" 200 14313 "-" "Mozilla/5.0 (compatible; BLEXBot/1.0; +https://help.seranking.com/en/blex-crawler)"
37.27.59.134 - - [13/Sep/2025:14:55:02 -0300] "GET /assets/2ec6b270/ui/i18n/?C=S;O=A HTTP/1.1" 200 14313 "-" "Mozilla/5.0 (compatible; BLEXBot/1.0; +https://help.seranking.com/en/blex-crawler)"
104.194.192.28 - - [13/Sep/2025:14:55:50 -0300] "HEAD / HTTP/1.1" 200 - "-" "Mozilla/5.0 (Windows NT 5.1; Win64; x64) AppleWebKit/537.36 (KHTML, like Gecko) Chrome/60.0.3112.90 Safari/537.36"
104.194.192.28 - - [13/Sep/2025:14:55:50 -0300] "GET / HTTP/1.1" 200 1872 "-" "Mozilla/5.0 (Windows NT 5.1; Win64; x64) AppleWebKit/537.36 (KHTML, like Gecko) Chrome/60.0.3112.90 Safari/537.36"
37.27.59.134 - - [13/Sep/2025:14:57:12 -0300] "GET /assets/374a8aa5/wrapper/?C=D;O=A HTTP/1.1" 200 1010 "-" "Mozilla/5.0 (compatible; BLEXBot/1.0; +https://help.seranking.com/en/blex-crawler)"
66.249.77.12 - - [13/Sep/2025:14:57:23 -0300] "GET /assets/2ec6b270/themes/dark-hive/images/ui-icons_cccccc_256x240.png HTTP/1.1" 200 7034 "-" "Googlebot-Image/1.0"
37.27.59.134 - - [13/Sep/2025:14:57:25 -0300] "GET /assets/374a8aa5/wrapper/?C=D;O=A HTTP/1.1" 200 1010 "-" "Mozilla/5.0 (compatible; BLEXBot/1.0; +https://help.seranking.com/en/blex-crawler)"
37.27.59.134 - - [13/Sep/2025:14:57:43 -0300] "GET /assets/374a8aa5/wrapper/?C=M;O=A HTTP/1.1" 200 1010 "-" "Mozilla/5.0 (compatible; BLEXBot/1.0; +https://help.seranking.com/en/blex-crawler)"
37.27.59.134 - - [13/Sep/2025:14:57:59 -0300] "GET /assets/374a8aa5/wrapper/?C=M;O=A HTTP/1.1" 200 1010 "-" "Mozilla/5.0 (compatible; BLEXBot/1.0; +https://help.seranking.com/en/blex-crawler)"
37.27.59.134 - - [13/Sep/2025:14:58:26 -0300] "GET /assets/374a8aa5/wrapper/?C=N;O=D HTTP/1.1" 200 1010 "-" "Mozilla/5.0 (compatible; BLEXBot/1.0; +https://help.seranking.com/en/blex-crawler)"
37.27.59.134 - - [13/Sep/2025:14:58:37 -0300] "GET /assets/374a8aa5/wrapper/?C=N;O=D HTTP/1.1" 200 1010 "-" "Mozilla/5.0 (compatible; BLEXBot/1.0; +https://help.seranking.com/en/blex-crawler)"
37.27.59.134 - - [13/Sep/2025:14:58:52 -0300] "GET /assets/374a8aa5/wrapper/?C=S;O=A HTTP/1.1" 200 1010 "-" "Mozilla/5.0 (compatible; BLEXBot/1.0; +https://help.seranking.com/en/blex-crawler)"
66.249.72.232 - - [13/Sep/2025:14:59:05 -0300] "GET /static/img/emoji/Worried.svg HTTP/1.1" 200 1208 "-" "Googlebot-Image/1.0"
37.27.59.134 - - [13/Sep/2025:14:59:46 -0300] "GET /assets/374a8aa5/wrapper/?C=S;O=A HTTP/1.1" 200 1010 "-" "Mozilla/5.0 (compatible; BLEXBot/1.0; +https://help.seranking.com/en/blex-crawler)"
37.27.59.134 - - [13/Sep/2025:14:59:57 -0300] "GET /assets/4f07b091/ui/i18n/?C=D;O=A HTTP/1.1" 200 14313 "-" "Mozilla/5.0 (compatible; BLEXBot/1.0; +https://help.seranking.com/en/blex-crawler)"
37.27.59.134 - - [13/Sep/2025:15:00:20 -0300] "GET /assets/4f07b091/ui/i18n/?C=D;O=A HTTP/1.1" 200 14313 "-" "Mozilla/5.0 (compatible; BLEXBot/1.0; +https://help.seranking.com/en/blex-crawler)"
37.27.59.134 - - [13/Sep/2025:15:00:49 -0300] "GET /assets/4f07b091/ui/i18n/?C=M;O=A HTTP/1.1" 200 14313 "-" "Mozilla/5.0 (compatible; BLEXBot/1.0; +https://help.seranking.com/en/blex-crawler)"
37.27.59.134 - - [13/Sep/2025:15:01:03 -0300] "GET /assets/4f07b091/ui/i18n/?C=M;O=A HTTP/1.1" 200 14313 "-" "Mozilla/5.0 (compatible; BLEXBot/1.0; +https://help.seranking.com/en/blex-crawler)"
37.27.59.134 - - [13/Sep/2025:15:02:22 -0300] "GET /assets/4f07b091/ui/i18n/?C=N;O=D HTTP/1.1" 200 14313 "-" "Mozilla/5.0 (compatible; BLEXBot/1.0; +https://help.seranking.com/en/blex-crawler)"
37.27.59.134 - - [13/Sep/2025:15:02:32 -0300] "GET /assets/4f07b091/ui/i18n/?C=N;O=D HTTP/1.1" 200 14313 "-" "Mozilla/5.0 (compatible; BLEXBot/1.0; +https://help.seranking.com/en/blex-crawler)"
37.27.59.134 - - [13/Sep/2025:15:02:54 -0300] "GET /assets/4f07b091/ui/i18n/?C=S;O=A HTTP/1.1" 200 14313 "-" "Mozilla/5.0 (compatible; BLEXBot/1.0; +https://help.seranking.com/en/blex-crawler)"
37.27.59.134 - - [13/Sep/2025:15:03:03 -0300] "GET /assets/4f07b091/ui/i18n/?C=S;O=A HTTP/1.1" 200 14313 "-" "Mozilla/5.0 (compatible; BLEXBot/1.0; +https://help.seranking.com/en/blex-crawler)"
66.249.77.12 - - [13/Sep/2025:15:03:21 -0300] "GET /static/assets/a59d3f98/themes/vader/images/ui-bg_highlight-hard_15_888888_1x100.png HTTP/1.1" 200 311 "-" "Googlebot-Image/1.0"
52.167.144.221 - - [13/Sep/2025:15:07:06 -0300] "GET /assets/19076be7/?C=M;O=A HTTP/1.1" 200 3530 "-" "Mozilla/5.0 AppleWebKit/537.36 (KHTML, like Gecko; compatible; bingbot/2.0; +http://www.bing.com/bingbot.htm) Chrome/116.0.1938.76 Safari/537.36"
66.249.77.13 - - [13/Sep/2025:15:10:10 -0300] "GET /static/img/emoji/StuckOutTongueClosedEyes.svg HTTP/1.1" 200 1352 "-" "Googlebot-Image/1.0"
37.27.59.134 - - [13/Sep/2025:15:17:59 -0300] "GET /assets/e93843c3/tinymce/?C=D;O=A HTTP/1.1" 200 828 "-" "Mozilla/5.0 (compatible; BLEXBot/1.0; +https://help.seranking.com/en/blex-crawler)"
37.27.59.134 - - [13/Sep/2025:15:18:11 -0300] "GET /assets/e93843c3/tinymce/?C=D;O=A HTTP/1.1" 200 828 "-" "Mozilla/5.0 (compatible; BLEXBot/1.0; +https://help.seranking.com/en/blex-crawler)"
37.27.59.134 - - [13/Sep/2025:15:18:37 -0300] "GET /assets/e93843c3/tinymce/?C=M;O=A HTTP/1.1" 200 828 "-" "Mozilla/5.0 (compatible; BLEXBot/1.0; +https://help.seranking.com/en/blex-crawler)"
37.27.59.134 - - [13/Sep/2025:15:18:46 -0300] "GET /assets/e93843c3/tinymce/?C=M;O=A HTTP/1.1" 200 828 "-" "Mozilla/5.0 (compatible; BLEXBot/1.0; +https://help.seranking.com/en/blex-crawler)"
37.27.59.134 - - [13/Sep/2025:15:19:03 -0300] "GET /assets/e93843c3/tinymce/?C=N;O=D HTTP/1.1" 200 828 "-" "Mozilla/5.0 (compatible; BLEXBot/1.0; +https://help.seranking.com/en/blex-crawler)"
66.249.77.11 - - [13/Sep/2025:15:19:07 -0300] "GET /assets/b911344f/screen_1.png HTTP/1.1" 200 95405 "-" "Googlebot-Image/1.0"
37.27.59.134 - - [13/Sep/2025:15:19:16 -0300] "GET /assets/e93843c3/tinymce/?C=N;O=D HTTP/1.1" 200 828 "-" "Mozilla/5.0 (compatible; BLEXBot/1.0; +https://help.seranking.com/en/blex-crawler)"
104.210.140.137 - - [13/Sep/2025:15:19:32 -0300] "GET /robots.txt HTTP/1.1" 404 - "-" "Mozilla/5.0 (Macintosh; Intel Mac OS X 10_15_7) AppleWebKit/537.36 (KHTML, like Gecko) Chrome/131.0.0.0 Safari/537.36; compatible; OAI-SearchBot/1.0; +https://openai.com/searchbot"
66.249.72.233 - - [13/Sep/2025:15:19:33 -0300] "GET /assets/90f774c0/screen4.jpg HTTP/1.1" 200 372707 "-" "Googlebot-Image/1.0"
37.27.59.134 - - [13/Sep/2025:15:19:39 -0300] "GET /assets/e93843c3/tinymce/?C=S;O=A HTTP/1.1" 200 828 "-" "Mozilla/5.0 (compatible; BLEXBot/1.0; +https://help.seranking.com/en/blex-crawler)"
37.27.59.134 - - [13/Sep/2025:15:19:43 -0300] "GET /assets/e93843c3/tinymce/?C=S;O=A HTTP/1.1" 200 828 "-" "Mozilla/5.0 (compatible; BLEXBot/1.0; +https://help.seranking.com/en/blex-crawler)"
66.249.77.11 - - [13/Sep/2025:15:20:24 -0300] "GET /assets/bbca6024/img/mime/photoshop.png HTTP/1.1" 200 1237 "-" "Googlebot-Image/1.0"
37.27.59.134 - - [13/Sep/2025:15:20:57 -0300] "GET /static/assets/a59d3f98/ui/i18n/ HTTP/1.1" 200 14334 "-" "Mozilla/5.0 (compatible; BLEXBot/1.0; +https://help.seranking.com/en/blex-crawler)"
37.27.59.134 - - [13/Sep/2025:15:21:08 -0300] "GET /static/assets/a59d3f98/ui/i18n/ HTTP/1.1" 200 14334 "-" "Mozilla/5.0 (compatible; BLEXBot/1.0; +https://help.seranking.com/en/blex-crawler)"
66.249.77.12 - - [13/Sep/2025:15:22:07 -0300] "GET /static/img/default_space.jpg HTTP/1.1" 200 4521 "-" "Googlebot-Image/1.0"
37.27.59.134 - - [13/Sep/2025:15:23:31 -0300] "GET /static/css/select2Theme/?C=D;O=D HTTP/1.1" 200 1198 "-" "Mozilla/5.0 (compatible; BLEXBot/1.0; +https://help.seranking.com/en/blex-crawler)"
37.27.59.134 - - [13/Sep/2025:15:23:44 -0300] "GET /static/css/select2Theme/?C=D;O=D HTTP/1.1" 200 1198 "-" "Mozilla/5.0 (compatible; BLEXBot/1.0; +https://help.seranking.com/en/blex-crawler)"
37.27.59.134 - - [13/Sep/2025:15:24:14 -0300] "GET /static/css/select2Theme/?C=M;O=D HTTP/1.1" 200 1198 "-" "Mozilla/5.0 (compatible; BLEXBot/1.0; +https://help.seranking.com/en/blex-crawler)"
37.27.59.134 - - [13/Sep/2025:15:24:37 -0300] "GET /static/css/select2Theme/?C=M;O=D HTTP/1.1" 200 1198 "-" "Mozilla/5.0 (compatible; BLEXBot/1.0; +https://help.seranking.com/en/blex-crawler)"
37.27.59.134 - - [13/Sep/2025:15:25:12 -0300] "GET /static/css/select2Theme/?C=N;O=A HTTP/1.1" 200 1198 "-" "Mozilla/5.0 (compatible; BLEXBot/1.0; +https://help.seranking.com/en/blex-crawler)"
37.27.59.134 - - [13/Sep/2025:15:25:29 -0300] "GET /static/css/select2Theme/?C=N;O=A HTTP/1.1" 200 1198 "-" "Mozilla/5.0 (compatible; BLEXBot/1.0; +https://help.seranking.com/en/blex-crawler)"
37.27.59.134 - - [13/Sep/2025:15:25:43 -0300] "GET /static/css/select2Theme/?C=S;O=D HTTP/1.1" 200 1198 "-" "Mozilla/5.0 (compatible; BLEXBot/1.0; +https://help.seranking.com/en/blex-crawler)"
52.167.144.207 - - [13/Sep/2025:15:26:00 -0300] "GET /sitemap.txt HTTP/1.1" 404 - "-" "Mozilla/5.0 AppleWebKit/537.36 (KHTML, like Gecko; compatible; bingbot/2.0; +http://www.bing.com/bingbot.htm) Chrome/116.0.1938.76 Safari/537.36"
37.27.59.134 - - [13/Sep/2025:15:26:29 -0300] "GET /static/css/select2Theme/?C=S;O=D HTTP/1.1" 200 1198 "-" "Mozilla/5.0 (compatible; BLEXBot/1.0; +https://help.seranking.com/en/blex-crawler)"
37.27.59.134 - - [13/Sep/2025:15:27:05 -0300] "GET /static/js/humhub/legacy/?C=D;O=A HTTP/1.1" 200 1196 "-" "Mozilla/5.0 (compatible; BLEXBot/1.0; +https://help.seranking.com/en/blex-crawler)"
37.27.59.134 - - [13/Sep/2025:15:27:16 -0300] "GET /static/js/humhub/legacy/?C=D;O=A HTTP/1.1" 200 1196 "-" "Mozilla/5.0 (compatible; BLEXBot/1.0; +https://help.seranking.com/en/blex-crawler)"
37.27.59.134 - - [13/Sep/2025:15:28:23 -0300] "GET /static/js/humhub/legacy/?C=M;O=A HTTP/1.1" 200 1196 "-" "Mozilla/5.0 (compatible; BLEXBot/1.0; +https://help.seranking.com/en/blex-crawler)"
37.27.59.134 - - [13/Sep/2025:15:28:37 -0300] "GET /static/js/humhub/legacy/?C=M;O=A HTTP/1.1" 200 1196 "-" "Mozilla/5.0 (compatible; BLEXBot/1.0; +https://help.seranking.com/en/blex-crawler)"
37.27.59.134 - - [13/Sep/2025:15:29:09 -0300] "GET /static/js/humhub/legacy/?C=N;O=D HTTP/1.1" 200 1196 "-" "Mozilla/5.0 (compatible; BLEXBot/1.0; +https://help.seranking.com/en/blex-crawler)"
37.27.59.134 - - [13/Sep/2025:15:29:51 -0300] "GET /static/js/humhub/legacy/?C=N;O=D HTTP/1.1" 200 1196 "-" "Mozilla/5.0 (compatible; BLEXBot/1.0; +https://help.seranking.com/en/blex-crawler)"
37.27.59.134 - - [13/Sep/2025:15:30:44 -0300] "GET /static/js/humhub/legacy/?C=S;O=A HTTP/1.1" 200 1196 "-" "Mozilla/5.0 (compatible; BLEXBot/1.0; +https://help.seranking.com/en/blex-crawler)"
37.27.59.134 - - [13/Sep/2025:15:31:43 -0300] "GET /static/js/humhub/legacy/?C=S;O=A HTTP/1.1" 200 1196 "-" "Mozilla/5.0 (compatible; BLEXBot/1.0; +https://help.seranking.com/en/blex-crawler)"
37.27.59.134 - - [13/Sep/2025:15:32:38 -0300] "GET /static/resources/search/?C=D;O=D HTTP/1.1" 200 1021 "-" "Mozilla/5.0 (compatible; BLEXBot/1.0; +https://help.seranking.com/en/blex-crawler)"
37.27.59.134 - - [13/Sep/2025:15:32:48 -0300] "GET /static/resources/search/?C=D;O=D HTTP/1.1" 200 1021 "-" "Mozilla/5.0 (compatible; BLEXBot/1.0; +https://help.seranking.com/en/blex-crawler)"
37.27.59.134 - - [13/Sep/2025:15:33:08 -0300] "GET /static/resources/search/?C=M;O=D HTTP/1.1" 200 1021 "-" "Mozilla/5.0 (compatible; BLEXBot/1.0; +https://help.seranking.com/en/blex-crawler)"
37.27.59.134 - - [13/Sep/2025:15:34:00 -0300] "GET /static/resources/search/?C=M;O=D HTTP/1.1" 200 1021 "-" "Mozilla/5.0 (compatible; BLEXBot/1.0; +https://help.seranking.com/en/blex-crawler)"
37.27.59.134 - - [13/Sep/2025:15:34:48 -0300] "GET /static/resources/search/?C=N;O=A HTTP/1.1" 200 1021 "-" "Mozilla/5.0 (compatible; BLEXBot/1.0; +https://help.seranking.com/en/blex-crawler)"
37.27.59.134 - - [13/Sep/2025:15:35:08 -0300] "GET /static/resources/search/?C=N;O=A HTTP/1.1" 200 1021 "-" "Mozilla/5.0 (compatible; BLEXBot/1.0; +https://help.seranking.com/en/blex-crawler)"
37.27.59.134 - - [13/Sep/2025:15:35:25 -0300] "GET /static/resources/search/?C=S;O=D HTTP/1.1" 200 1021 "-" "Mozilla/5.0 (compatible; BLEXBot/1.0; +https://help.seranking.com/en/blex-crawler)"
37.27.59.134 - - [13/Sep/2025:15:35:43 -0300] "GET /static/resources/search/?C=S;O=D HTTP/1.1" 200 1021 "-" "Mozilla/5.0 (compatible; BLEXBot/1.0; +https://help.seranking.com/en/blex-crawler)"
66.249.77.13 - - [13/Sep/2025:15:36:37 -0300] "GET /assets/siteicons/140x140.png HTTP/1.1" 200 21754 "-" "Googlebot-Image/1.0"
66.249.72.231 - - [13/Sep/2025:15:39:10 -0300] "GET /assets/90f774c0/module_image.png HTTP/1.1" 200 13141 "-" "Googlebot-Image/1.0"
37.27.59.134 - - [13/Sep/2025:15:44:09 -0300] "GET /assets/85c413d2/js/theme/?C=D;O=D HTTP/1.1" 200 835 "-" "Mozilla/5.0 (compatible; BLEXBot/1.0; +https://help.seranking.com/en/blex-crawler)"
66.249.77.13 - - [13/Sep/2025:15:44:18 -0300] "GET /static/assets/a59d3f98/themes/ui-darkness/images/ui-bg_inset-soft_30_f58400_1x100.png HTTP/1.1" 200 398 "-" "Googlebot-Image/1.0"
37.27.59.134 - - [13/Sep/2025:15:44:53 -0300] "GET /assets/85c413d2/js/theme/?C=M;O=D HTTP/1.1" 200 835 "-" "Mozilla/5.0 (compatible; BLEXBot/1.0; +https://help.seranking.com/en/blex-crawler)"
37.27.59.134 - - [13/Sep/2025:15:45:20 -0300] "GET /assets/85c413d2/js/theme/?C=N;O=A HTTP/1.1" 200 835 "-" "Mozilla/5.0 (compatible; BLEXBot/1.0; +https://help.seranking.com/en/blex-crawler)"
37.27.59.134 - - [13/Sep/2025:15:45:43 -0300] "GET /assets/85c413d2/js/theme/?C=S;O=D HTTP/1.1" 200 835 "-" "Mozilla/5.0 (compatible; BLEXBot/1.0; +https://help.seranking.com/en/blex-crawler)"
66.249.77.12 - - [13/Sep/2025:15:46:00 -0300] "GET /assets/48880f41/module_image.png HTTP/1.1" 200 17942 "-" "Googlebot-Image/1.0"
37.27.59.134 - - [13/Sep/2025:15:51:55 -0300] "GET /assets/a00ab1df/source/flippers/ HTTP/1.1" 200 1569 "-" "Mozilla/5.0 (compatible; BLEXBot/1.0; +https://help.seranking.com/en/blex-crawler)"
37.27.59.134 - - [13/Sep/2025:15:52:10 -0300] "GET /assets/a00ab1df/source/flippers/ HTTP/1.1" 200 1569 "-" "Mozilla/5.0 (compatible; BLEXBot/1.0; +https://help.seranking.com/en/blex-crawler)"
