37.27.59.134 - - [17/Sep/2025:22:56:18 -0300] "GET /static/assets/a59d3f98/themes/sunny/images/?C=N;O=A HTTP/1.1" 200 3564 "-" "Mozilla/5.0 (compatible; BLEXBot/1.0; +https://help.seranking.com/en/blex-crawler)"
37.27.59.134 - - [17/Sep/2025:22:56:43 -0300] "GET /static/assets/a59d3f98/themes/sunny/images/?C=N;O=A HTTP/1.1" 200 3564 "-" "Mozilla/5.0 (compatible; BLEXBot/1.0; +https://help.seranking.com/en/blex-crawler)"
37.27.59.134 - - [17/Sep/2025:22:57:05 -0300] "GET /static/assets/a59d3f98/themes/sunny/images/?C=S;O=D HTTP/1.1" 200 3564 "-" "Mozilla/5.0 (compatible; BLEXBot/1.0; +https://help.seranking.com/en/blex-crawler)"
37.27.59.134 - - [17/Sep/2025:22:57:34 -0300] "GET /static/assets/a59d3f98/themes/sunny/images/?C=S;O=D HTTP/1.1" 200 3564 "-" "Mozilla/5.0 (compatible; BLEXBot/1.0; +https://help.seranking.com/en/blex-crawler)"
37.27.59.134 - - [17/Sep/2025:22:57:40 -0300] "GET /static/assets/a59d3f98/themes/vader/images/?C=D;O=D HTTP/1.1" 200 3558 "-" "Mozilla/5.0 (compatible; BLEXBot/1.0; +https://help.seranking.com/en/blex-crawler)"
37.27.59.134 - - [17/Sep/2025:22:57:59 -0300] "GET /static/assets/a59d3f98/themes/vader/images/?C=D;O=D HTTP/1.1" 200 3558 "-" "Mozilla/5.0 (compatible; BLEXBot/1.0; +https://help.seranking.com/en/blex-crawler)"
37.27.59.134 - - [17/Sep/2025:22:58:48 -0300] "GET /static/assets/a59d3f98/themes/vader/images/?C=M;O=D HTTP/1.1" 200 3558 "-" "Mozilla/5.0 (compatible; BLEXBot/1.0; +https://help.seranking.com/en/blex-crawler)"
37.27.59.134 - - [17/Sep/2025:22:58:59 -0300] "GET /static/assets/a59d3f98/themes/vader/images/?C=M;O=D HTTP/1.1" 200 3558 "-" "Mozilla/5.0 (compatible; BLEXBot/1.0; +https://help.seranking.com/en/blex-crawler)"
192.178.6.5 - - [17/Sep/2025:22:59:04 -0300] "GET /static/img/error.png HTTP/1.1" 200 2216 "-" "Googlebot-Image/1.0"
37.27.59.134 - - [17/Sep/2025:22:59:05 -0300] "GET /static/assets/a59d3f98/themes/vader/images/?C=N;O=A HTTP/1.1" 200 3558 "-" "Mozilla/5.0 (compatible; BLEXBot/1.0; +https://help.seranking.com/en/blex-crawler)"
37.27.59.134 - - [17/Sep/2025:22:59:10 -0300] "GET /static/assets/a59d3f98/themes/vader/images/?C=N;O=A HTTP/1.1" 200 3558 "-" "Mozilla/5.0 (compatible; BLEXBot/1.0; +https://help.seranking.com/en/blex-crawler)"
157.55.39.55 - - [17/Sep/2025:22:59:21 -0300] "GET /assets/2ec6b270/themes/redmond/images/ HTTP/1.1" 200 3312 "-" "Mozilla/5.0 AppleWebKit/537.36 (KHTML, like Gecko; compatible; bingbot/2.0; +http://www.bing.com/bingbot.htm) Chrome/116.0.1938.76 Safari/537.36"
37.27.59.134 - - [17/Sep/2025:22:59:34 -0300] "GET /static/assets/a59d3f98/themes/vader/images/?C=S;O=D HTTP/1.1" 200 3558 "-" "Mozilla/5.0 (compatible; BLEXBot/1.0; +https://help.seranking.com/en/blex-crawler)"
37.27.59.134 - - [17/Sep/2025:23:00:04 -0300] "GET /static/assets/a59d3f98/themes/vader/images/?C=S;O=D HTTP/1.1" 200 3558 "-" "Mozilla/5.0 (compatible; BLEXBot/1.0; +https://help.seranking.com/en/blex-crawler)"
37.27.59.134 - - [17/Sep/2025:23:00:10 -0300] "GET /static/assets/ec9b3d46/source/fading_exits/?C=D;O=D HTTP/1.1" 200 3109 "-" "Mozilla/5.0 (compatible; BLEXBot/1.0; +https://help.seranking.com/en/blex-crawler)"
37.27.59.134 - - [17/Sep/2025:23:00:30 -0300] "GET /static/assets/ec9b3d46/source/fading_exits/?C=D;O=D HTTP/1.1" 200 3109 "-" "Mozilla/5.0 (compatible; BLEXBot/1.0; +https://help.seranking.com/en/blex-crawler)"
37.27.59.134 - - [17/Sep/2025:23:00:37 -0300] "GET /static/assets/ec9b3d46/source/fading_exits/?C=M;O=D HTTP/1.1" 200 3109 "-" "Mozilla/5.0 (compatible; BLEXBot/1.0; +https://help.seranking.com/en/blex-crawler)"
37.27.59.134 - - [17/Sep/2025:23:00:45 -0300] "GET /static/assets/ec9b3d46/source/fading_exits/?C=M;O=D HTTP/1.1" 200 3109 "-" "Mozilla/5.0 (compatible; BLEXBot/1.0; +https://help.seranking.com/en/blex-crawler)"
37.27.59.134 - - [17/Sep/2025:23:01:03 -0300] "GET /static/assets/ec9b3d46/source/fading_exits/?C=N;O=A HTTP/1.1" 200 3109 "-" "Mozilla/5.0 (compatible; BLEXBot/1.0; +https://help.seranking.com/en/blex-crawler)"
37.27.59.134 - - [17/Sep/2025:23:01:22 -0300] "GET /static/assets/ec9b3d46/source/fading_exits/?C=N;O=A HTTP/1.1" 200 3109 "-" "Mozilla/5.0 (compatible; BLEXBot/1.0; +https://help.seranking.com/en/blex-crawler)"
37.27.59.134 - - [17/Sep/2025:23:01:36 -0300] "GET /static/assets/ec9b3d46/source/fading_exits/?C=S;O=D HTTP/1.1" 200 3109 "-" "Mozilla/5.0 (compatible; BLEXBot/1.0; +https://help.seranking.com/en/blex-crawler)"
37.27.59.134 - - [17/Sep/2025:23:01:41 -0300] "GET /static/assets/ec9b3d46/source/fading_exits/?C=S;O=D HTTP/1.1" 200 3109 "-" "Mozilla/5.0 (compatible; BLEXBot/1.0; +https://help.seranking.com/en/blex-crawler)"
37.27.59.134 - - [17/Sep/2025:23:04:32 -0300] "GET /static/assets/ec9b3d46/source/sliding_exits/?C=D;O=D HTTP/1.1" 200 1441 "-" "Mozilla/5.0 (compatible; BLEXBot/1.0; +https://help.seranking.com/en/blex-crawler)"
37.27.59.134 - - [17/Sep/2025:23:04:38 -0300] "GET /static/assets/ec9b3d46/source/sliding_exits/?C=D;O=D HTTP/1.1" 200 1441 "-" "Mozilla/5.0 (compatible; BLEXBot/1.0; +https://help.seranking.com/en/blex-crawler)"
37.27.59.134 - - [17/Sep/2025:23:05:02 -0300] "GET /static/assets/ec9b3d46/source/sliding_exits/?C=M;O=D HTTP/1.1" 200 1441 "-" "Mozilla/5.0 (compatible; BLEXBot/1.0; +https://help.seranking.com/en/blex-crawler)"
37.27.59.134 - - [17/Sep/2025:23:05:35 -0300] "GET /static/assets/ec9b3d46/source/sliding_exits/?C=M;O=D HTTP/1.1" 200 1441 "-" "Mozilla/5.0 (compatible; BLEXBot/1.0; +https://help.seranking.com/en/blex-crawler)"
66.249.75.6 - - [17/Sep/2025:23:05:41 -0300] "GET /assets/baec620/screen2.PNG HTTP/1.1" 200 38128 "-" "Googlebot-Image/1.0"
37.27.59.134 - - [17/Sep/2025:23:06:29 -0300] "GET /static/assets/ec9b3d46/source/sliding_exits/?C=N;O=A HTTP/1.1" 200 1441 "-" "Mozilla/5.0 (compatible; BLEXBot/1.0; +https://help.seranking.com/en/blex-crawler)"
192.178.6.4 - - [17/Sep/2025:23:06:47 -0300] "GET /assets/85c413d2/screen1.jpg HTTP/1.1" 200 174876 "-" "Googlebot-Image/1.0"
37.27.59.134 - - [17/Sep/2025:23:06:51 -0300] "GET /static/assets/ec9b3d46/source/sliding_exits/?C=N;O=A HTTP/1.1" 200 1441 "-" "Mozilla/5.0 (compatible; BLEXBot/1.0; +https://help.seranking.com/en/blex-crawler)"
37.27.59.134 - - [17/Sep/2025:23:07:31 -0300] "GET /assets/a00ab1df/source/fading_entrances/?C=M;O=D HTTP/1.1" 200 3083 "-" "Mozilla/5.0 (compatible; BLEXBot/1.0; +https://help.seranking.com/en/blex-crawler)"
37.27.59.134 - - [17/Sep/2025:23:07:43 -0300] "GET /static/assets/a59d3f98/themes/flick/images/?C=D;O=D HTTP/1.1" 200 2536 "-" "Mozilla/5.0 (compatible; BLEXBot/1.0; +https://help.seranking.com/en/blex-crawler)"
66.249.75.4 - - [17/Sep/2025:23:07:53 -0300] "GET /static/assets/a59d3f98/themes/redmond/images/ui-icons_6da8d5_256x240.png HTTP/1.1" 200 4676 "-" "Googlebot-Image/1.0"
192.178.6.3 - - [17/Sep/2025:23:08:59 -0300] "GET /static/fonts/open-sans/open-sans-v17-latin-800italic.svg HTTP/1.1" 200 58732 "-" "Googlebot-Image/1.0"
66.249.75.5 - - [17/Sep/2025:23:11:11 -0300] "GET /assets/bbca6024/img/select_arrow.png HTTP/1.1" 200 972 "-" "Googlebot-Image/1.0"
37.27.59.134 - - [17/Sep/2025:23:12:08 -0300] "GET /static/assets/ec9b3d46/source/sliding_exits/?C=S;O=D HTTP/1.1" 200 1441 "-" "Mozilla/5.0 (compatible; BLEXBot/1.0; +https://help.seranking.com/en/blex-crawler)"
37.27.59.134 - - [17/Sep/2025:23:12:51 -0300] "GET /static/assets/ec9b3d46/source/sliding_exits/?C=S;O=D HTTP/1.1" 200 1441 "-" "Mozilla/5.0 (compatible; BLEXBot/1.0; +https://help.seranking.com/en/blex-crawler)"
37.27.59.134 - - [17/Sep/2025:23:12:57 -0300] "GET /static/assets/ec9b3d46/source/zooming_exits/?C=D;O=D HTTP/1.1" 200 1616 "-" "Mozilla/5.0 (compatible; BLEXBot/1.0; +https://help.seranking.com/en/blex-crawler)"
37.27.59.134 - - [17/Sep/2025:23:13:06 -0300] "GET /static/assets/ec9b3d46/source/zooming_exits/?C=D;O=D HTTP/1.1" 200 1616 "-" "Mozilla/5.0 (compatible; BLEXBot/1.0; +https://help.seranking.com/en/blex-crawler)"
66.249.75.5 - - [17/Sep/2025:23:13:23 -0300] "GET /assets/325937f/screen4.PNG HTTP/1.1" 200 190684 "-" "Googlebot-Image/1.0"
37.27.59.134 - - [17/Sep/2025:23:13:31 -0300] "GET /static/assets/ec9b3d46/source/zooming_exits/?C=M;O=D HTTP/1.1" 200 1616 "-" "Mozilla/5.0 (compatible; BLEXBot/1.0; +https://help.seranking.com/en/blex-crawler)"
37.27.59.134 - - [17/Sep/2025:23:14:05 -0300] "GET /static/assets/ec9b3d46/source/zooming_exits/?C=M;O=D HTTP/1.1" 200 1616 "-" "Mozilla/5.0 (compatible; BLEXBot/1.0; +https://help.seranking.com/en/blex-crawler)"
37.27.59.134 - - [17/Sep/2025:23:14:10 -0300] "GET /static/assets/ec9b3d46/source/zooming_exits/?C=N;O=A HTTP/1.1" 200 1616 "-" "Mozilla/5.0 (compatible; BLEXBot/1.0; +https://help.seranking.com/en/blex-crawler)"
37.27.59.134 - - [17/Sep/2025:23:14:24 -0300] "GET /static/assets/ec9b3d46/source/zooming_exits/?C=N;O=A HTTP/1.1" 200 1616 "-" "Mozilla/5.0 (compatible; BLEXBot/1.0; +https://help.seranking.com/en/blex-crawler)"
37.27.59.134 - - [17/Sep/2025:23:14:42 -0300] "GET /static/assets/ec9b3d46/source/zooming_exits/?C=S;O=D HTTP/1.1" 200 1616 "-" "Mozilla/5.0 (compatible; BLEXBot/1.0; +https://help.seranking.com/en/blex-crawler)"
37.27.59.134 - - [17/Sep/2025:23:14:55 -0300] "GET /static/assets/ec9b3d46/source/zooming_exits/?C=S;O=D HTTP/1.1" 200 1616 "-" "Mozilla/5.0 (compatible; BLEXBot/1.0; +https://help.seranking.com/en/blex-crawler)"
37.27.59.134 - - [17/Sep/2025:23:15:19 -0300] "GET /assets/374a8aa5/codemirror/codemirror/demo/lint.html HTTP/1.1" 200 4116 "-" "Mozilla/5.0 (compatible; BLEXBot/1.0; +https://help.seranking.com/en/blex-crawler)"
37.27.59.134 - - [17/Sep/2025:23:15:24 -0300] "GET /assets/374a8aa5/codemirror/codemirror/demo/lint.html HTTP/1.1" 200 4116 "-" "Mozilla/5.0 (compatible; BLEXBot/1.0; +https://help.seranking.com/en/blex-crawler)"
66.249.75.5 - - [17/Sep/2025:23:15:36 -0300] "GET /assets/90f774c0/screen12.jpg HTTP/1.1" 200 123789 "-" "Googlebot-Image/1.0"
37.27.59.134 - - [17/Sep/2025:23:15:37 -0300] "GET /assets/374a8aa5/codemirror/codemirror/demo/tern.html HTTP/1.1" 200 4366 "-" "Mozilla/5.0 (compatible; BLEXBot/1.0; +https://help.seranking.com/en/blex-crawler)"
37.27.59.134 - - [17/Sep/2025:23:15:41 -0300] "GET /assets/374a8aa5/codemirror/codemirror/demo/tern.html HTTP/1.1" 200 4366 "-" "Mozilla/5.0 (compatible; BLEXBot/1.0; +https://help.seranking.com/en/blex-crawler)"
37.27.59.134 - - [17/Sep/2025:23:16:49 -0300] "GET /static/assets/a59d3f98/themes/blitzer/images/?C=D;O=D HTTP/1.1" 200 2564 "-" "Mozilla/5.0 (compatible; BLEXBot/1.0; +https://help.seranking.com/en/blex-crawler)"
37.27.59.134 - - [17/Sep/2025:23:17:03 -0300] "GET /static/assets/a59d3f98/themes/blitzer/images/?C=D;O=D HTTP/1.1" 200 2564 "-" "Mozilla/5.0 (compatible; BLEXBot/1.0; +https://help.seranking.com/en/blex-crawler)"
37.27.59.134 - - [17/Sep/2025:23:17:16 -0300] "GET /static/assets/a59d3f98/themes/blitzer/images/?C=M;O=D HTTP/1.1" 200 2564 "-" "Mozilla/5.0 (compatible; BLEXBot/1.0; +https://help.seranking.com/en/blex-crawler)"
37.27.59.134 - - [17/Sep/2025:23:17:20 -0300] "GET /static/assets/a59d3f98/themes/blitzer/images/?C=M;O=D HTTP/1.1" 200 2564 "-" "Mozilla/5.0 (compatible; BLEXBot/1.0; +https://help.seranking.com/en/blex-crawler)"
37.27.59.134 - - [17/Sep/2025:23:17:33 -0300] "GET /static/assets/a59d3f98/themes/blitzer/images/?C=N;O=A HTTP/1.1" 200 2564 "-" "Mozilla/5.0 (compatible; BLEXBot/1.0; +https://help.seranking.com/en/blex-crawler)"
37.27.59.134 - - [17/Sep/2025:23:18:07 -0300] "GET /static/assets/a59d3f98/themes/blitzer/images/?C=N;O=A HTTP/1.1" 200 2564 "-" "Mozilla/5.0 (compatible; BLEXBot/1.0; +https://help.seranking.com/en/blex-crawler)"
37.27.59.134 - - [17/Sep/2025:23:18:22 -0300] "GET /static/assets/a59d3f98/themes/blitzer/images/?C=S;O=D HTTP/1.1" 200 2564 "-" "Mozilla/5.0 (compatible; BLEXBot/1.0; +https://help.seranking.com/en/blex-crawler)"
37.27.59.134 - - [17/Sep/2025:23:18:28 -0300] "GET /static/assets/a59d3f98/themes/blitzer/images/?C=S;O=D HTTP/1.1" 200 2564 "-" "Mozilla/5.0 (compatible; BLEXBot/1.0; +https://help.seranking.com/en/blex-crawler)"
37.27.59.134 - - [17/Sep/2025:23:18:42 -0300] "GET /static/assets/a59d3f98/themes/dot-luv/images/?C=D;O=D HTTP/1.1" 200 2750 "-" "Mozilla/5.0 (compatible; BLEXBot/1.0; +https://help.seranking.com/en/blex-crawler)"
37.27.59.134 - - [17/Sep/2025:23:18:58 -0300] "GET /static/assets/a59d3f98/themes/dot-luv/images/?C=D;O=D HTTP/1.1" 200 2750 "-" "Mozilla/5.0 (compatible; BLEXBot/1.0; +https://help.seranking.com/en/blex-crawler)"
37.27.59.134 - - [17/Sep/2025:23:19:08 -0300] "GET /static/assets/a59d3f98/themes/dot-luv/images/?C=M;O=D HTTP/1.1" 200 2750 "-" "Mozilla/5.0 (compatible; BLEXBot/1.0; +https://help.seranking.com/en/blex-crawler)"
37.27.59.134 - - [17/Sep/2025:23:19:20 -0300] "GET /static/assets/a59d3f98/themes/dot-luv/images/?C=M;O=D HTTP/1.1" 200 2750 "-" "Mozilla/5.0 (compatible; BLEXBot/1.0; +https://help.seranking.com/en/blex-crawler)"
37.27.59.134 - - [17/Sep/2025:23:19:32 -0300] "GET /static/assets/a59d3f98/themes/dot-luv/images/?C=N;O=A HTTP/1.1" 200 2750 "-" "Mozilla/5.0 (compatible; BLEXBot/1.0; +https://help.seranking.com/en/blex-crawler)"
37.27.59.134 - - [17/Sep/2025:23:19:41 -0300] "GET /static/assets/a59d3f98/themes/dot-luv/images/?C=N;O=A HTTP/1.1" 200 2750 "-" "Mozilla/5.0 (compatible; BLEXBot/1.0; +https://help.seranking.com/en/blex-crawler)"
37.27.59.134 - - [17/Sep/2025:23:20:11 -0300] "GET /static/assets/a59d3f98/themes/dot-luv/images/?C=S;O=D HTTP/1.1" 200 2750 "-" "Mozilla/5.0 (compatible; BLEXBot/1.0; +https://help.seranking.com/en/blex-crawler)"
37.27.59.134 - - [17/Sep/2025:23:20:28 -0300] "GET /static/assets/a59d3f98/themes/dot-luv/images/?C=S;O=D HTTP/1.1" 200 2750 "-" "Mozilla/5.0 (compatible; BLEXBot/1.0; +https://help.seranking.com/en/blex-crawler)"
37.27.59.134 - - [17/Sep/2025:23:20:33 -0300] "GET /static/assets/a59d3f98/themes/le-frog/images/?C=D;O=D HTTP/1.1" 200 3396 "-" "Mozilla/5.0 (compatible; BLEXBot/1.0; +https://help.seranking.com/en/blex-crawler)"
37.27.59.134 - - [17/Sep/2025:23:20:53 -0300] "GET /static/assets/a59d3f98/themes/le-frog/images/?C=D;O=D HTTP/1.1" 200 3396 "-" "Mozilla/5.0 (compatible; BLEXBot/1.0; +https://help.seranking.com/en/blex-crawler)"
37.27.59.134 - - [17/Sep/2025:23:21:05 -0300] "GET /static/assets/a59d3f98/themes/le-frog/images/?C=M;O=D HTTP/1.1" 200 3396 "-" "Mozilla/5.0 (compatible; BLEXBot/1.0; +https://help.seranking.com/en/blex-crawler)"
37.27.59.134 - - [17/Sep/2025:23:21:36 -0300] "GET /static/assets/a59d3f98/themes/le-frog/images/?C=M;O=D HTTP/1.1" 200 3396 "-" "Mozilla/5.0 (compatible; BLEXBot/1.0; +https://help.seranking.com/en/blex-crawler)"
37.27.59.134 - - [17/Sep/2025:23:22:10 -0300] "GET /static/assets/a59d3f98/themes/le-frog/images/?C=N;O=A HTTP/1.1" 200 3396 "-" "Mozilla/5.0 (compatible; BLEXBot/1.0; +https://help.seranking.com/en/blex-crawler)"
37.27.59.134 - - [17/Sep/2025:23:22:37 -0300] "GET /static/assets/a59d3f98/themes/le-frog/images/?C=N;O=A HTTP/1.1" 200 3396 "-" "Mozilla/5.0 (compatible; BLEXBot/1.0; +https://help.seranking.com/en/blex-crawler)"
37.27.59.134 - - [17/Sep/2025:23:22:47 -0300] "GET /static/assets/a59d3f98/themes/le-frog/images/?C=S;O=D HTTP/1.1" 200 3396 "-" "Mozilla/5.0 (compatible; BLEXBot/1.0; +https://help.seranking.com/en/blex-crawler)"
37.27.59.134 - - [17/Sep/2025:23:23:11 -0300] "GET /static/assets/a59d3f98/themes/le-frog/images/?C=S;O=D HTTP/1.1" 200 3396 "-" "Mozilla/5.0 (compatible; BLEXBot/1.0; +https://help.seranking.com/en/blex-crawler)"
37.27.59.134 - - [17/Sep/2025:23:23:49 -0300] "GET /static/assets/a59d3f98/themes/redmond/images/?C=D;O=D HTTP/1.1" 200 3333 "-" "Mozilla/5.0 (compatible; BLEXBot/1.0; +https://help.seranking.com/en/blex-crawler)"
37.27.59.134 - - [17/Sep/2025:23:24:09 -0300] "GET /static/assets/a59d3f98/themes/redmond/images/?C=D;O=D HTTP/1.1" 200 3333 "-" "Mozilla/5.0 (compatible; BLEXBot/1.0; +https://help.seranking.com/en/blex-crawler)"
37.27.59.134 - - [17/Sep/2025:23:24:35 -0300] "GET /static/assets/a59d3f98/themes/redmond/images/?C=M;O=D HTTP/1.1" 200 3333 "-" "Mozilla/5.0 (compatible; BLEXBot/1.0; +https://help.seranking.com/en/blex-crawler)"
37.27.59.134 - - [17/Sep/2025:23:24:48 -0300] "GET /static/assets/a59d3f98/themes/redmond/images/?C=M;O=D HTTP/1.1" 200 3333 "-" "Mozilla/5.0 (compatible; BLEXBot/1.0; +https://help.seranking.com/en/blex-crawler)"
37.27.59.134 - - [17/Sep/2025:23:25:32 -0300] "GET /static/assets/a59d3f98/themes/redmond/images/?C=N;O=A HTTP/1.1" 200 3333 "-" "Mozilla/5.0 (compatible; BLEXBot/1.0; +https://help.seranking.com/en/blex-crawler)"
37.27.59.134 - - [17/Sep/2025:23:25:44 -0300] "GET /static/assets/a59d3f98/themes/redmond/images/?C=N;O=A HTTP/1.1" 200 3333 "-" "Mozilla/5.0 (compatible; BLEXBot/1.0; +https://help.seranking.com/en/blex-crawler)"
37.27.59.134 - - [17/Sep/2025:23:25:51 -0300] "GET /static/assets/a59d3f98/themes/redmond/images/?C=S;O=D HTTP/1.1" 200 3333 "-" "Mozilla/5.0 (compatible; BLEXBot/1.0; +https://help.seranking.com/en/blex-crawler)"
37.27.59.134 - - [17/Sep/2025:23:26:08 -0300] "GET /static/assets/a59d3f98/themes/redmond/images/?C=S;O=D HTTP/1.1" 200 3333 "-" "Mozilla/5.0 (compatible; BLEXBot/1.0; +https://help.seranking.com/en/blex-crawler)"
192.178.6.5 - - [17/Sep/2025:23:26:37 -0300] "GET /static/img/glyphicons-halflings-white.png HTTP/1.1" 200 8777 "-" "Googlebot-Image/1.0"
37.27.59.134 - - [17/Sep/2025:23:26:56 -0300] "GET /static/assets/ec9b3d46/source/back_entrances/?C=D;O=D HTTP/1.1" 200 1435 "-" "Mozilla/5.0 (compatible; BLEXBot/1.0; +https://help.seranking.com/en/blex-crawler)"
37.27.59.134 - - [17/Sep/2025:23:27:05 -0300] "GET /static/assets/ec9b3d46/source/back_entrances/?C=D;O=D HTTP/1.1" 200 1435 "-" "Mozilla/5.0 (compatible; BLEXBot/1.0; +https://help.seranking.com/en/blex-crawler)"
37.27.59.134 - - [17/Sep/2025:23:27:26 -0300] "GET /static/assets/ec9b3d46/source/back_entrances/?C=M;O=D HTTP/1.1" 200 1435 "-" "Mozilla/5.0 (compatible; BLEXBot/1.0; +https://help.seranking.com/en/blex-crawler)"
37.27.59.134 - - [17/Sep/2025:23:27:45 -0300] "GET /static/assets/ec9b3d46/source/back_entrances/?C=M;O=D HTTP/1.1" 200 1435 "-" "Mozilla/5.0 (compatible; BLEXBot/1.0; +https://help.seranking.com/en/blex-crawler)"
37.27.59.134 - - [17/Sep/2025:23:27:52 -0300] "GET /static/assets/ec9b3d46/source/back_entrances/?C=N;O=A HTTP/1.1" 200 1435 "-" "Mozilla/5.0 (compatible; BLEXBot/1.0; +https://help.seranking.com/en/blex-crawler)"
37.27.59.134 - - [17/Sep/2025:23:28:24 -0300] "GET /static/assets/ec9b3d46/source/back_entrances/?C=N;O=A HTTP/1.1" 200 1435 "-" "Mozilla/5.0 (compatible; BLEXBot/1.0; +https://help.seranking.com/en/blex-crawler)"
37.27.59.134 - - [17/Sep/2025:23:28:29 -0300] "GET /static/assets/ec9b3d46/source/back_entrances/?C=S;O=D HTTP/1.1" 200 1435 "-" "Mozilla/5.0 (compatible; BLEXBot/1.0; +https://help.seranking.com/en/blex-crawler)"
66.249.75.5 - - [17/Sep/2025:23:28:49 -0300] "GET /assets/ecc6c0bf/module_image.png HTTP/1.1" 200 1651 "-" "Googlebot-Image/1.0"
37.27.59.134 - - [17/Sep/2025:23:28:56 -0300] "GET /static/assets/ec9b3d46/source/back_entrances/?C=S;O=D HTTP/1.1" 200 1435 "-" "Mozilla/5.0 (compatible; BLEXBot/1.0; +https://help.seranking.com/en/blex-crawler)"
37.27.59.134 - - [17/Sep/2025:23:29:03 -0300] "GET /static/assets/ec9b3d46/source/bouncing_exits/?C=D;O=D HTTP/1.1" 200 1628 "-" "Mozilla/5.0 (compatible; BLEXBot/1.0; +https://help.seranking.com/en/blex-crawler)"
37.27.59.134 - - [17/Sep/2025:23:29:15 -0300] "GET /static/assets/ec9b3d46/source/bouncing_exits/?C=D;O=D HTTP/1.1" 200 1628 "-" "Mozilla/5.0 (compatible; BLEXBot/1.0; +https://help.seranking.com/en/blex-crawler)"
37.27.59.134 - - [17/Sep/2025:23:29:27 -0300] "GET /static/assets/ec9b3d46/source/bouncing_exits/?C=M;O=D HTTP/1.1" 200 1628 "-" "Mozilla/5.0 (compatible; BLEXBot/1.0; +https://help.seranking.com/en/blex-crawler)"
37.27.59.134 - - [17/Sep/2025:23:29:49 -0300] "GET /static/assets/ec9b3d46/source/bouncing_exits/?C=M;O=D HTTP/1.1" 200 1628 "-" "Mozilla/5.0 (compatible; BLEXBot/1.0; +https://help.seranking.com/en/blex-crawler)"
37.27.59.134 - - [17/Sep/2025:23:30:03 -0300] "GET /static/assets/ec9b3d46/source/bouncing_exits/?C=N;O=A HTTP/1.1" 200 1628 "-" "Mozilla/5.0 (compatible; BLEXBot/1.0; +https://help.seranking.com/en/blex-crawler)"
37.27.59.134 - - [17/Sep/2025:23:30:33 -0300] "GET /static/assets/ec9b3d46/source/bouncing_exits/?C=N;O=A HTTP/1.1" 200 1628 "-" "Mozilla/5.0 (compatible; BLEXBot/1.0; +https://help.seranking.com/en/blex-crawler)"
37.27.59.134 - - [17/Sep/2025:23:30:53 -0300] "GET /static/assets/ec9b3d46/source/bouncing_exits/?C=S;O=D HTTP/1.1" 200 1628 "-" "Mozilla/5.0 (compatible; BLEXBot/1.0; +https://help.seranking.com/en/blex-crawler)"
37.27.59.134 - - [17/Sep/2025:23:31:12 -0300] "GET /static/assets/ec9b3d46/source/bouncing_exits/?C=S;O=D HTTP/1.1" 200 1628 "-" "Mozilla/5.0 (compatible; BLEXBot/1.0; +https://help.seranking.com/en/blex-crawler)"
37.27.59.134 - - [17/Sep/2025:23:31:17 -0300] "GET /static/assets/ec9b3d46/source/rotating_exits/?C=D;O=D HTTP/1.1" 200 1643 "-" "Mozilla/5.0 (compatible; BLEXBot/1.0; +https://help.seranking.com/en/blex-crawler)"
37.27.59.134 - - [17/Sep/2025:23:31:29 -0300] "GET /static/assets/ec9b3d46/source/rotating_exits/?C=D;O=D HTTP/1.1" 200 1643 "-" "Mozilla/5.0 (compatible; BLEXBot/1.0; +https://help.seranking.com/en/blex-crawler)"
37.27.59.134 - - [17/Sep/2025:23:31:50 -0300] "GET /static/assets/ec9b3d46/source/rotating_exits/?C=M;O=D HTTP/1.1" 200 1643 "-" "Mozilla/5.0 (compatible; BLEXBot/1.0; +https://help.seranking.com/en/blex-crawler)"
37.27.59.134 - - [17/Sep/2025:23:32:02 -0300] "GET /static/assets/ec9b3d46/source/rotating_exits/?C=M;O=D HTTP/1.1" 200 1643 "-" "Mozilla/5.0 (compatible; BLEXBot/1.0; +https://help.seranking.com/en/blex-crawler)"
37.27.59.134 - - [17/Sep/2025:23:32:16 -0300] "GET /static/assets/ec9b3d46/source/rotating_exits/?C=N;O=A HTTP/1.1" 200 1643 "-" "Mozilla/5.0 (compatible; BLEXBot/1.0; +https://help.seranking.com/en/blex-crawler)"
37.27.59.134 - - [17/Sep/2025:23:32:25 -0300] "GET /static/assets/ec9b3d46/source/rotating_exits/?C=N;O=A HTTP/1.1" 200 1643 "-" "Mozilla/5.0 (compatible; BLEXBot/1.0; +https://help.seranking.com/en/blex-crawler)"
37.27.59.134 - - [17/Sep/2025:23:33:30 -0300] "GET /static/assets/ec9b3d46/source/rotating_exits/?C=S;O=D HTTP/1.1" 200 1643 "-" "Mozilla/5.0 (compatible; BLEXBot/1.0; +https://help.seranking.com/en/blex-crawler)"
37.27.59.134 - - [17/Sep/2025:23:33:41 -0300] "GET /static/assets/ec9b3d46/source/rotating_exits/?C=S;O=D HTTP/1.1" 200 1643 "-" "Mozilla/5.0 (compatible; BLEXBot/1.0; +https://help.seranking.com/en/blex-crawler)"
37.27.59.134 - - [17/Sep/2025:23:34:13 -0300] "GET /assets/374a8aa5/codemirror/codemirror/demo/merge.html HTTP/1.1" 200 3310 "-" "Mozilla/5.0 (compatible; BLEXBot/1.0; +https://help.seranking.com/en/blex-crawler)"
37.27.59.134 - - [17/Sep/2025:23:34:24 -0300] "GET /assets/374a8aa5/codemirror/codemirror/demo/merge.html HTTP/1.1" 200 3310 "-" "Mozilla/5.0 (compatible; BLEXBot/1.0; +https://help.seranking.com/en/blex-crawler)"
37.27.59.134 - - [17/Sep/2025:23:34:51 -0300] "GET /assets/374a8aa5/codemirror/codemirror/doc/contrib/php HTTP/1.1" 404 - "-" "Mozilla/5.0 (compatible; BLEXBot/1.0; +https://help.seranking.com/en/blex-crawler)"
37.27.59.134 - - [17/Sep/2025:23:35:39 -0300] "GET /assets/374a8aa5/codemirror/codemirror/doc/contrib/php HTTP/1.1" 404 - "-" "Mozilla/5.0 (compatible; BLEXBot/1.0; +https://help.seranking.com/en/blex-crawler)"
37.27.59.134 - - [17/Sep/2025:23:35:50 -0300] "GET /assets/374a8aa5/codemirror/codemirror/doc/contrib/sql HTTP/1.1" 404 - "-" "Mozilla/5.0 (compatible; BLEXBot/1.0; +https://help.seranking.com/en/blex-crawler)"
37.27.59.134 - - [17/Sep/2025:23:36:01 -0300] "GET /assets/374a8aa5/codemirror/codemirror/doc/contrib/sql HTTP/1.1" 404 - "-" "Mozilla/5.0 (compatible; BLEXBot/1.0; +https://help.seranking.com/en/blex-crawler)"
37.27.59.134 - - [17/Sep/2025:23:36:35 -0300] "GET /assets/e93843c3/tinymce/plugins/humhubtrigger/?C=D;O=A HTTP/1.1" 200 1070 "-" "Mozilla/5.0 (compatible; BLEXBot/1.0; +https://help.seranking.com/en/blex-crawler)"
37.27.59.134 - - [17/Sep/2025:23:36:48 -0300] "GET /assets/e93843c3/tinymce/plugins/humhubtrigger/?C=D;O=A HTTP/1.1" 200 1070 "-" "Mozilla/5.0 (compatible; BLEXBot/1.0; +https://help.seranking.com/en/blex-crawler)"
37.27.59.134 - - [17/Sep/2025:23:37:11 -0300] "GET /assets/e93843c3/tinymce/plugins/humhubtrigger/?C=M;O=A HTTP/1.1" 200 1070 "-" "Mozilla/5.0 (compatible; BLEXBot/1.0; +https://help.seranking.com/en/blex-crawler)"
37.27.59.134 - - [17/Sep/2025:23:37:24 -0300] "GET /assets/e93843c3/tinymce/plugins/humhubtrigger/?C=M;O=A HTTP/1.1" 200 1070 "-" "Mozilla/5.0 (compatible; BLEXBot/1.0; +https://help.seranking.com/en/blex-crawler)"
37.27.59.134 - - [17/Sep/2025:23:37:47 -0300] "GET /assets/e93843c3/tinymce/plugins/humhubtrigger/?C=N;O=D HTTP/1.1" 200 1070 "-" "Mozilla/5.0 (compatible; BLEXBot/1.0; +https://help.seranking.com/en/blex-crawler)"
37.27.59.134 - - [17/Sep/2025:23:37:59 -0300] "GET /assets/e93843c3/tinymce/plugins/humhubtrigger/?C=N;O=D HTTP/1.1" 200 1070 "-" "Mozilla/5.0 (compatible; BLEXBot/1.0; +https://help.seranking.com/en/blex-crawler)"
66.249.75.5 - - [17/Sep/2025:23:38:45 -0300] "GET /static/fonts/open-sans/open-sans-v17-latin-600.svg HTTP/1.1" 200 55812 "-" "Googlebot-Image/1.0"
37.27.59.134 - - [17/Sep/2025:23:39:00 -0300] "GET /assets/e93843c3/tinymce/plugins/humhubtrigger/?C=S;O=A HTTP/1.1" 200 1070 "-" "Mozilla/5.0 (compatible; BLEXBot/1.0; +https://help.seranking.com/en/blex-crawler)"
37.27.59.134 - - [17/Sep/2025:23:39:10 -0300] "GET /assets/e93843c3/tinymce/plugins/humhubtrigger/?C=S;O=A HTTP/1.1" 200 1070 "-" "Mozilla/5.0 (compatible; BLEXBot/1.0; +https://help.seranking.com/en/blex-crawler)"
37.27.59.134 - - [17/Sep/2025:23:39:48 -0300] "GET /static/assets/a59d3f98/themes/eggplant/images/?C=D;O=D HTTP/1.1" 200 2962 "-" "Mozilla/5.0 (compatible; BLEXBot/1.0; +https://help.seranking.com/en/blex-crawler)"
37.27.59.134 - - [17/Sep/2025:23:39:54 -0300] "GET /static/assets/a59d3f98/themes/eggplant/images/?C=D;O=D HTTP/1.1" 200 2962 "-" "Mozilla/5.0 (compatible; BLEXBot/1.0; +https://help.seranking.com/en/blex-crawler)"
37.27.59.134 - - [17/Sep/2025:23:40:09 -0300] "GET /static/assets/a59d3f98/themes/eggplant/images/?C=M;O=D HTTP/1.1" 200 2962 "-" "Mozilla/5.0 (compatible; BLEXBot/1.0; +https://help.seranking.com/en/blex-crawler)"
37.27.59.134 - - [17/Sep/2025:23:40:17 -0300] "GET /static/assets/a59d3f98/themes/eggplant/images/?C=M;O=D HTTP/1.1" 200 2962 "-" "Mozilla/5.0 (compatible; BLEXBot/1.0; +https://help.seranking.com/en/blex-crawler)"
37.27.59.134 - - [17/Sep/2025:23:40:39 -0300] "GET /static/assets/a59d3f98/themes/eggplant/images/?C=N;O=A HTTP/1.1" 200 2962 "-" "Mozilla/5.0 (compatible; BLEXBot/1.0; +https://help.seranking.com/en/blex-crawler)"
37.27.59.134 - - [17/Sep/2025:23:40:46 -0300] "GET /static/assets/a59d3f98/themes/eggplant/images/?C=N;O=A HTTP/1.1" 200 2962 "-" "Mozilla/5.0 (compatible; BLEXBot/1.0; +https://help.seranking.com/en/blex-crawler)"
37.27.59.134 - - [17/Sep/2025:23:40:57 -0300] "GET /static/assets/a59d3f98/themes/eggplant/images/?C=S;O=D HTTP/1.1" 200 2962 "-" "Mozilla/5.0 (compatible; BLEXBot/1.0; +https://help.seranking.com/en/blex-crawler)"
37.27.59.134 - - [17/Sep/2025:23:41:03 -0300] "GET /static/assets/a59d3f98/themes/eggplant/images/?C=S;O=D HTTP/1.1" 200 2962 "-" "Mozilla/5.0 (compatible; BLEXBot/1.0; +https://help.seranking.com/en/blex-crawler)"
37.27.59.134 - - [17/Sep/2025:23:41:25 -0300] "GET /static/assets/a59d3f98/themes/humanity/images/?C=D;O=D HTTP/1.1" 200 3356 "-" "Mozilla/5.0 (compatible; BLEXBot/1.0; +https://help.seranking.com/en/blex-crawler)"
37.27.59.134 - - [17/Sep/2025:23:41:31 -0300] "GET /static/assets/a59d3f98/themes/humanity/images/?C=D;O=D HTTP/1.1" 200 3356 "-" "Mozilla/5.0 (compatible; BLEXBot/1.0; +https://help.seranking.com/en/blex-crawler)"
37.27.59.134 - - [17/Sep/2025:23:41:44 -0300] "GET /static/assets/a59d3f98/themes/humanity/images/?C=M;O=D HTTP/1.1" 200 3356 "-" "Mozilla/5.0 (compatible; BLEXBot/1.0; +https://help.seranking.com/en/blex-crawler)"
37.27.59.134 - - [17/Sep/2025:23:42:33 -0300] "GET /static/assets/a59d3f98/themes/humanity/images/?C=M;O=D HTTP/1.1" 200 3356 "-" "Mozilla/5.0 (compatible; BLEXBot/1.0; +https://help.seranking.com/en/blex-crawler)"
37.27.59.134 - - [17/Sep/2025:23:42:39 -0300] "GET /static/assets/a59d3f98/themes/humanity/images/?C=N;O=A HTTP/1.1" 200 3356 "-" "Mozilla/5.0 (compatible; BLEXBot/1.0; +https://help.seranking.com/en/blex-crawler)"
37.27.59.134 - - [17/Sep/2025:23:42:45 -0300] "GET /static/assets/a59d3f98/themes/humanity/images/?C=N;O=A HTTP/1.1" 200 3356 "-" "Mozilla/5.0 (compatible; BLEXBot/1.0; +https://help.seranking.com/en/blex-crawler)"
37.27.59.134 - - [17/Sep/2025:23:43:33 -0300] "GET /static/assets/a59d3f98/themes/humanity/images/?C=S;O=D HTTP/1.1" 200 3356 "-" "Mozilla/5.0 (compatible; BLEXBot/1.0; +https://help.seranking.com/en/blex-crawler)"
37.27.59.134 - - [17/Sep/2025:23:43:38 -0300] "GET /static/assets/a59d3f98/themes/humanity/images/?C=S;O=D HTTP/1.1" 200 3356 "-" "Mozilla/5.0 (compatible; BLEXBot/1.0; +https://help.seranking.com/en/blex-crawler)"
37.27.59.134 - - [17/Sep/2025:23:43:56 -0300] "GET /static/assets/a59d3f98/themes/overcast/images/?C=D;O=D HTTP/1.1" 200 2730 "-" "Mozilla/5.0 (compatible; BLEXBot/1.0; +https://help.seranking.com/en/blex-crawler)"
37.27.59.134 - - [17/Sep/2025:23:44:06 -0300] "GET /static/assets/a59d3f98/themes/overcast/images/?C=D;O=D HTTP/1.1" 200 2730 "-" "Mozilla/5.0 (compatible; BLEXBot/1.0; +https://help.seranking.com/en/blex-crawler)"
37.27.59.134 - - [17/Sep/2025:23:44:21 -0300] "GET /static/assets/a59d3f98/themes/overcast/images/?C=M;O=D HTTP/1.1" 200 2730 "-" "Mozilla/5.0 (compatible; BLEXBot/1.0; +https://help.seranking.com/en/blex-crawler)"
37.27.59.134 - - [17/Sep/2025:23:44:35 -0300] "GET /static/assets/a59d3f98/themes/overcast/images/?C=M;O=D HTTP/1.1" 200 2730 "-" "Mozilla/5.0 (compatible; BLEXBot/1.0; +https://help.seranking.com/en/blex-crawler)"
37.27.59.134 - - [17/Sep/2025:23:44:46 -0300] "GET /static/assets/a59d3f98/themes/overcast/images/?C=N;O=A HTTP/1.1" 200 2730 "-" "Mozilla/5.0 (compatible; BLEXBot/1.0; +https://help.seranking.com/en/blex-crawler)"
37.27.59.134 - - [17/Sep/2025:23:44:54 -0300] "GET /static/assets/a59d3f98/themes/overcast/images/?C=N;O=A HTTP/1.1" 200 2730 "-" "Mozilla/5.0 (compatible; BLEXBot/1.0; +https://help.seranking.com/en/blex-crawler)"
37.27.59.134 - - [17/Sep/2025:23:45:17 -0300] "GET /static/assets/a59d3f98/themes/overcast/images/?C=S;O=D HTTP/1.1" 200 2730 "-" "Mozilla/5.0 (compatible; BLEXBot/1.0; +https://help.seranking.com/en/blex-crawler)"
66.249.75.5 - - [17/Sep/2025:23:46:28 -0300] "GET /assets/44794d61/Screenshot_2.png HTTP/1.1" 200 16665 "-" "Googlebot-Image/1.0"
37.27.59.134 - - [17/Sep/2025:23:46:34 -0300] "GET /static/assets/a59d3f98/themes/overcast/images/?C=S;O=D HTTP/1.1" 200 2730 "-" "Mozilla/5.0 (compatible; BLEXBot/1.0; +https://help.seranking.com/en/blex-crawler)"
37.27.59.134 - - [17/Sep/2025:23:47:05 -0300] "GET /assets/374a8aa5/codemirror/codemirror/demo/rulers.html HTTP/1.1" 200 1427 "-" "Mozilla/5.0 (compatible; BLEXBot/1.0; +https://help.seranking.com/en/blex-crawler)"
37.27.59.134 - - [17/Sep/2025:23:47:17 -0300] "GET /assets/374a8aa5/codemirror/codemirror/demo/rulers.html HTTP/1.1" 200 1427 "-" "Mozilla/5.0 (compatible; BLEXBot/1.0; +https://help.seranking.com/en/blex-crawler)"
37.27.59.134 - - [17/Sep/2025:23:47:31 -0300] "GET /assets/374a8aa5/codemirror/codemirror/demo/search.html HTTP/1.1" 200 3959 "-" "Mozilla/5.0 (compatible; BLEXBot/1.0; +https://help.seranking.com/en/blex-crawler)"
37.27.59.134 - - [17/Sep/2025:23:47:40 -0300] "GET /assets/374a8aa5/codemirror/codemirror/demo/search.html HTTP/1.1" 200 3959 "-" "Mozilla/5.0 (compatible; BLEXBot/1.0; +https://help.seranking.com/en/blex-crawler)"
37.27.59.134 - - [17/Sep/2025:23:48:16 -0300] "GET /assets/374a8aa5/codemirror/codemirror/doc/contrib/java HTTP/1.1" 404 - "-" "Mozilla/5.0 (compatible; BLEXBot/1.0; +https://help.seranking.com/en/blex-crawler)"
37.27.59.134 - - [17/Sep/2025:23:48:28 -0300] "GET /assets/374a8aa5/codemirror/codemirror/doc/contrib/java HTTP/1.1" 404 - "-" "Mozilla/5.0 (compatible; BLEXBot/1.0; +https://help.seranking.com/en/blex-crawler)"
66.249.75.5 - - [17/Sep/2025:23:48:40 -0300] "GET /static/assets/a59d3f98/themes/hot-sneaks/images/ui-icons_ffeb33_256x240.png HTTP/1.1" 200 4676 "-" "Googlebot-Image/1.0"
37.27.59.134 - - [17/Sep/2025:23:48:50 -0300] "GET /assets/374a8aa5/codemirror/codemirror/mode/manual.html HTTP/1.1" 404 - "-" "Mozilla/5.0 (compatible; BLEXBot/1.0; +https://help.seranking.com/en/blex-crawler)"
37.27.59.134 - - [17/Sep/2025:23:49:33 -0300] "GET /assets/374a8aa5/codemirror/codemirror/mode/manual.html HTTP/1.1" 404 - "-" "Mozilla/5.0 (compatible; BLEXBot/1.0; +https://help.seranking.com/en/blex-crawler)"
37.27.59.134 - - [17/Sep/2025:23:49:58 -0300] "GET /static/assets/a59d3f98/themes/black-tie/images/?C=D;O=D HTTP/1.1" 200 3573 "-" "Mozilla/5.0 (compatible; BLEXBot/1.0; +https://help.seranking.com/en/blex-crawler)"
37.27.59.134 - - [17/Sep/2025:23:51:04 -0300] "GET /static/assets/a59d3f98/themes/black-tie/images/?C=D;O=D HTTP/1.1" 200 3573 "-" "Mozilla/5.0 (compatible; BLEXBot/1.0; +https://help.seranking.com/en/blex-crawler)"
37.27.59.134 - - [17/Sep/2025:23:51:36 -0300] "GET /static/assets/a59d3f98/themes/black-tie/images/?C=M;O=D HTTP/1.1" 200 3573 "-" "Mozilla/5.0 (compatible; BLEXBot/1.0; +https://help.seranking.com/en/blex-crawler)"
37.27.59.134 - - [17/Sep/2025:23:51:46 -0300] "GET /static/assets/a59d3f98/themes/black-tie/images/?C=M;O=D HTTP/1.1" 200 3573 "-" "Mozilla/5.0 (compatible; BLEXBot/1.0; +https://help.seranking.com/en/blex-crawler)"
37.27.59.134 - - [17/Sep/2025:23:52:28 -0300] "GET /static/assets/a59d3f98/themes/black-tie/images/?C=N;O=A HTTP/1.1" 200 3573 "-" "Mozilla/5.0 (compatible; BLEXBot/1.0; +https://help.seranking.com/en/blex-crawler)"
37.27.59.134 - - [17/Sep/2025:23:52:58 -0300] "GET /static/assets/a59d3f98/themes/black-tie/images/?C=N;O=A HTTP/1.1" 200 3573 "-" "Mozilla/5.0 (compatible; BLEXBot/1.0; +https://help.seranking.com/en/blex-crawler)"
37.27.59.134 - - [17/Sep/2025:23:53:20 -0300] "GET /static/assets/a59d3f98/themes/black-tie/images/?C=S;O=D HTTP/1.1" 200 3573 "-" "Mozilla/5.0 (compatible; BLEXBot/1.0; +https://help.seranking.com/en/blex-crawler)"
37.27.59.134 - - [17/Sep/2025:23:54:06 -0300] "GET /static/assets/a59d3f98/themes/black-tie/images/?C=S;O=D HTTP/1.1" 200 3573 "-" "Mozilla/5.0 (compatible; BLEXBot/1.0; +https://help.seranking.com/en/blex-crawler)"
37.27.59.134 - - [17/Sep/2025:23:54:26 -0300] "GET /static/assets/a59d3f98/themes/cupertino/images/?C=D;O=D HTTP/1.1" 200 3377 "-" "Mozilla/5.0 (compatible; BLEXBot/1.0; +https://help.seranking.com/en/blex-crawler)"
37.27.59.134 - - [17/Sep/2025:23:55:21 -0300] "GET /static/assets/a59d3f98/themes/cupertino/images/?C=D;O=D HTTP/1.1" 200 3377 "-" "Mozilla/5.0 (compatible; BLEXBot/1.0; +https://help.seranking.com/en/blex-crawler)"
37.27.59.134 - - [17/Sep/2025:23:55:42 -0300] "GET /static/assets/a59d3f98/themes/cupertino/images/?C=M;O=D HTTP/1.1" 200 3377 "-" "Mozilla/5.0 (compatible; BLEXBot/1.0; +https://help.seranking.com/en/blex-crawler)"
37.27.59.134 - - [17/Sep/2025:23:56:02 -0300] "GET /static/assets/a59d3f98/themes/cupertino/images/?C=M;O=D HTTP/1.1" 200 3377 "-" "Mozilla/5.0 (compatible; BLEXBot/1.0; +https://help.seranking.com/en/blex-crawler)"
37.27.59.134 - - [17/Sep/2025:23:56:37 -0300] "GET /static/assets/a59d3f98/themes/cupertino/images/?C=N;O=A HTTP/1.1" 200 3377 "-" "Mozilla/5.0 (compatible; BLEXBot/1.0; +https://help.seranking.com/en/blex-crawler)"
37.27.59.134 - - [17/Sep/2025:23:56:52 -0300] "GET /static/assets/a59d3f98/themes/cupertino/images/?C=N;O=A HTTP/1.1" 200 3377 "-" "Mozilla/5.0 (compatible; BLEXBot/1.0; +https://help.seranking.com/en/blex-crawler)"
37.27.59.134 - - [17/Sep/2025:23:57:43 -0300] "GET /static/assets/a59d3f98/themes/cupertino/images/?C=S;O=D HTTP/1.1" 200 3377 "-" "Mozilla/5.0 (compatible; BLEXBot/1.0; +https://help.seranking.com/en/blex-crawler)"
37.27.59.134 - - [17/Sep/2025:23:57:53 -0300] "GET /static/assets/a59d3f98/themes/cupertino/images/?C=S;O=D HTTP/1.1" 200 3377 "-" "Mozilla/5.0 (compatible; BLEXBot/1.0; +https://help.seranking.com/en/blex-crawler)"
37.27.59.134 - - [17/Sep/2025:23:58:43 -0300] "GET /static/assets/a59d3f98/themes/dark-hive/images/?C=D;O=D HTTP/1.1" 200 3170 "-" "Mozilla/5.0 (compatible; BLEXBot/1.0; +https://help.seranking.com/en/blex-crawler)"
37.27.59.134 - - [17/Sep/2025:23:58:52 -0300] "GET /static/assets/a59d3f98/themes/dark-hive/images/?C=D;O=D HTTP/1.1" 200 3170 "-" "Mozilla/5.0 (compatible; BLEXBot/1.0; +https://help.seranking.com/en/blex-crawler)"
37.27.59.134 - - [17/Sep/2025:23:59:14 -0300] "GET /static/assets/a59d3f98/themes/dark-hive/images/?C=M;O=D HTTP/1.1" 200 3170 "-" "Mozilla/5.0 (compatible; BLEXBot/1.0; +https://help.seranking.com/en/blex-crawler)"
37.27.59.134 - - [17/Sep/2025:23:59:23 -0300] "GET /static/assets/a59d3f98/themes/dark-hive/images/?C=M;O=D HTTP/1.1" 200 3170 "-" "Mozilla/5.0 (compatible; BLEXBot/1.0; +https://help.seranking.com/en/blex-crawler)"
66.249.75.5 - - [17/Sep/2025:23:59:42 -0300] "GET /assets/bbca6024/img/mime/audio.png HTTP/1.1" 200 1131 "-" "Googlebot-Image/1.0"
37.27.59.134 - - [18/Sep/2025:00:00:14 -0300] "GET /static/assets/a59d3f98/themes/dark-hive/images/?C=N;O=A HTTP/1.1" 200 3170 "-" "Mozilla/5.0 (compatible; BLEXBot/1.0; +https://help.seranking.com/en/blex-crawler)"
37.27.59.134 - - [18/Sep/2025:00:00:40 -0300] "GET /static/assets/a59d3f98/themes/dark-hive/images/?C=N;O=A HTTP/1.1" 200 3170 "-" "Mozilla/5.0 (compatible; BLEXBot/1.0; +https://help.seranking.com/en/blex-crawler)"
37.27.59.134 - - [18/Sep/2025:00:00:50 -0300] "GET /static/assets/a59d3f98/themes/dark-hive/images/?C=S;O=D HTTP/1.1" 200 3170 "-" "Mozilla/5.0 (compatible; BLEXBot/1.0; +https://help.seranking.com/en/blex-crawler)"
37.27.59.134 - - [18/Sep/2025:00:00:59 -0300] "GET /static/assets/a59d3f98/themes/dark-hive/images/?C=S;O=D HTTP/1.1" 200 3170 "-" "Mozilla/5.0 (compatible; BLEXBot/1.0; +https://help.seranking.com/en/blex-crawler)"
37.27.59.134 - - [18/Sep/2025:00:01:32 -0300] "GET /static/assets/a59d3f98/themes/mint-choc/images/?C=D;O=D HTTP/1.1" 200 3368 "-" "Mozilla/5.0 (compatible; BLEXBot/1.0; +https://help.seranking.com/en/blex-crawler)"
37.27.59.134 - - [18/Sep/2025:00:02:07 -0300] "GET /static/assets/a59d3f98/themes/mint-choc/images/?C=D;O=D HTTP/1.1" 200 3368 "-" "Mozilla/5.0 (compatible; BLEXBot/1.0; +https://help.seranking.com/en/blex-crawler)"
37.27.59.134 - - [18/Sep/2025:00:02:26 -0300] "GET /static/assets/a59d3f98/themes/mint-choc/images/?C=M;O=D HTTP/1.1" 200 3368 "-" "Mozilla/5.0 (compatible; BLEXBot/1.0; +https://help.seranking.com/en/blex-crawler)"
37.27.59.134 - - [18/Sep/2025:00:03:36 -0300] "GET /static/assets/a59d3f98/themes/mint-choc/images/?C=M;O=D HTTP/1.1" 200 3368 "-" "Mozilla/5.0 (compatible; BLEXBot/1.0; +https://help.seranking.com/en/blex-crawler)"
37.27.59.134 - - [18/Sep/2025:00:03:59 -0300] "GET /static/assets/a59d3f98/themes/mint-choc/images/?C=N;O=A HTTP/1.1" 200 3368 "-" "Mozilla/5.0 (compatible; BLEXBot/1.0; +https://help.seranking.com/en/blex-crawler)"
37.27.59.134 - - [18/Sep/2025:00:04:56 -0300] "GET /static/assets/a59d3f98/themes/mint-choc/images/?C=N;O=A HTTP/1.1" 200 3368 "-" "Mozilla/5.0 (compatible; BLEXBot/1.0; +https://help.seranking.com/en/blex-crawler)"
37.27.59.134 - - [18/Sep/2025:00:05:16 -0300] "GET /static/assets/a59d3f98/themes/mint-choc/images/?C=S;O=D HTTP/1.1" 200 3368 "-" "Mozilla/5.0 (compatible; BLEXBot/1.0; +https://help.seranking.com/en/blex-crawler)"
37.27.59.134 - - [18/Sep/2025:00:05:36 -0300] "GET /static/assets/a59d3f98/themes/mint-choc/images/?C=S;O=D HTTP/1.1" 200 3368 "-" "Mozilla/5.0 (compatible; BLEXBot/1.0; +https://help.seranking.com/en/blex-crawler)"
37.27.59.134 - - [18/Sep/2025:00:06:23 -0300] "GET /static/assets/ec9b3d46/source/fading_entrances/?C=D;O=D HTTP/1.1" 200 3104 "-" "Mozilla/5.0 (compatible; BLEXBot/1.0; +https://help.seranking.com/en/blex-crawler)"
37.27.59.134 - - [18/Sep/2025:00:06:33 -0300] "GET /static/assets/ec9b3d46/source/fading_entrances/?C=D;O=D HTTP/1.1" 200 3104 "-" "Mozilla/5.0 (compatible; BLEXBot/1.0; +https://help.seranking.com/en/blex-crawler)"
37.27.59.134 - - [18/Sep/2025:00:06:48 -0300] "GET /static/assets/ec9b3d46/source/fading_entrances/?C=M;O=D HTTP/1.1" 200 3104 "-" "Mozilla/5.0 (compatible; BLEXBot/1.0; +https://help.seranking.com/en/blex-crawler)"
37.27.59.134 - - [18/Sep/2025:00:06:54 -0300] "GET /static/assets/ec9b3d46/source/fading_entrances/?C=M;O=D HTTP/1.1" 200 3104 "-" "Mozilla/5.0 (compatible; BLEXBot/1.0; +https://help.seranking.com/en/blex-crawler)"
37.27.59.134 - - [18/Sep/2025:00:07:14 -0300] "GET /static/assets/ec9b3d46/source/fading_entrances/?C=N;O=A HTTP/1.1" 200 3104 "-" "Mozilla/5.0 (compatible; BLEXBot/1.0; +https://help.seranking.com/en/blex-crawler)"
37.27.59.134 - - [18/Sep/2025:00:07:21 -0300] "GET /static/assets/ec9b3d46/source/fading_entrances/?C=N;O=A HTTP/1.1" 200 3104 "-" "Mozilla/5.0 (compatible; BLEXBot/1.0; +https://help.seranking.com/en/blex-crawler)"
66.249.75.5 - - [18/Sep/2025:00:07:24 -0300] "GET /assets/19076be7/file-movie-o.svg HTTP/1.1" 200 538 "-" "Googlebot-Image/1.0"
37.27.59.134 - - [18/Sep/2025:00:07:40 -0300] "GET /static/assets/ec9b3d46/source/fading_entrances/?C=S;O=D HTTP/1.1" 200 3104 "-" "Mozilla/5.0 (compatible; BLEXBot/1.0; +https://help.seranking.com/en/blex-crawler)"
37.27.59.134 - - [18/Sep/2025:00:07:48 -0300] "GET /static/assets/ec9b3d46/source/fading_entrances/?C=S;O=D HTTP/1.1" 200 3104 "-" "Mozilla/5.0 (compatible; BLEXBot/1.0; +https://help.seranking.com/en/blex-crawler)"
37.27.59.134 - - [18/Sep/2025:00:08:10 -0300] "GET /assets/374a8aa5/codemirror/codemirror/demo/folding.html HTTP/1.1" 200 3304 "-" "Mozilla/5.0 (compatible; BLEXBot/1.0; +https://help.seranking.com/en/blex-crawler)"
37.27.59.134 - - [18/Sep/2025:00:08:30 -0300] "GET /assets/374a8aa5/codemirror/codemirror/demo/folding.html HTTP/1.1" 200 3304 "-" "Mozilla/5.0 (compatible; BLEXBot/1.0; +https://help.seranking.com/en/blex-crawler)"
37.27.59.134 - - [18/Sep/2025:00:08:36 -0300] "GET /assets/374a8aa5/codemirror/codemirror/demo/runmode.html HTTP/1.1" 200 2255 "-" "Mozilla/5.0 (compatible; BLEXBot/1.0; +https://help.seranking.com/en/blex-crawler)"
37.27.59.134 - - [18/Sep/2025:00:08:41 -0300] "GET /assets/374a8aa5/codemirror/codemirror/demo/runmode.html HTTP/1.1" 200 2255 "-" "Mozilla/5.0 (compatible; BLEXBot/1.0; +https://help.seranking.com/en/blex-crawler)"
37.27.59.134 - - [18/Sep/2025:00:08:57 -0300] "GET /assets/374a8aa5/codemirror/codemirror/mode/d/index.html HTTP/1.1" 200 6332 "-" "Mozilla/5.0 (compatible; BLEXBot/1.0; +https://help.seranking.com/en/blex-crawler)"
37.27.59.134 - - [18/Sep/2025:00:09:07 -0300] "GET /assets/374a8aa5/codemirror/codemirror/mode/d/index.html HTTP/1.1" 200 6332 "-" "Mozilla/5.0 (compatible; BLEXBot/1.0; +https://help.seranking.com/en/blex-crawler)"
37.27.59.134 - - [18/Sep/2025:00:09:14 -0300] "GET /assets/374a8aa5/codemirror/codemirror/mode/q/index.html HTTP/1.1" 200 8961 "-" "Mozilla/5.0 (compatible; BLEXBot/1.0; +https://help.seranking.com/en/blex-crawler)"
37.27.59.134 - - [18/Sep/2025:00:10:07 -0300] "GET /assets/374a8aa5/codemirror/codemirror/mode/q/index.html HTTP/1.1" 200 8961 "-" "Mozilla/5.0 (compatible; BLEXBot/1.0; +https://help.seranking.com/en/blex-crawler)"
66.249.75.4 - - [18/Sep/2025:00:10:43 -0300] "GET /static/img/emoji/Laughing.svg HTTP/1.1" 200 1132 "-" "Googlebot-Image/1.0"
37.27.59.134 - - [18/Sep/2025:00:11:07 -0300] "GET /assets/374a8aa5/codemirror/codemirror/mode/r/index.html HTTP/1.1" 200 2574 "-" "Mozilla/5.0 (compatible; BLEXBot/1.0; +https://help.seranking.com/en/blex-crawler)"
37.27.59.134 - - [18/Sep/2025:00:11:21 -0300] "GET /assets/374a8aa5/codemirror/codemirror/mode/r/index.html HTTP/1.1" 200 2574 "-" "Mozilla/5.0 (compatible; BLEXBot/1.0; +https://help.seranking.com/en/blex-crawler)"
66.249.75.4 - - [18/Sep/2025:00:11:49 -0300] "GET /static/assets/a59d3f98/themes/redmond/images/ui-bg_inset-hard_100_fcfdfd_1x100.png HTTP/1.1" 200 350 "-" "Googlebot-Image/1.0"
37.27.59.134 - - [18/Sep/2025:00:11:52 -0300] "GET /static/assets/a59d3f98/themes/hot-sneaks/images/?C=D;O=D HTTP/1.1" 200 3381 "-" "Mozilla/5.0 (compatible; BLEXBot/1.0; +https://help.seranking.com/en/blex-crawler)"
37.27.59.134 - - [18/Sep/2025:00:11:58 -0300] "GET /static/assets/a59d3f98/themes/hot-sneaks/images/?C=D;O=D HTTP/1.1" 200 3381 "-" "Mozilla/5.0 (compatible; BLEXBot/1.0; +https://help.seranking.com/en/blex-crawler)"
37.27.59.134 - - [18/Sep/2025:00:12:03 -0300] "GET /static/assets/a59d3f98/themes/hot-sneaks/images/?C=M;O=D HTTP/1.1" 200 3381 "-" "Mozilla/5.0 (compatible; BLEXBot/1.0; +https://help.seranking.com/en/blex-crawler)"
37.27.59.134 - - [18/Sep/2025:00:12:15 -0300] "GET /static/assets/a59d3f98/themes/hot-sneaks/images/?C=M;O=D HTTP/1.1" 200 3381 "-" "Mozilla/5.0 (compatible; BLEXBot/1.0; +https://help.seranking.com/en/blex-crawler)"
37.27.59.134 - - [18/Sep/2025:00:12:40 -0300] "GET /static/assets/a59d3f98/themes/hot-sneaks/images/?C=N;O=A HTTP/1.1" 200 3381 "-" "Mozilla/5.0 (compatible; BLEXBot/1.0; +https://help.seranking.com/en/blex-crawler)"
37.27.59.134 - - [18/Sep/2025:00:12:51 -0300] "GET /static/assets/a59d3f98/themes/hot-sneaks/images/?C=N;O=A HTTP/1.1" 200 3381 "-" "Mozilla/5.0 (compatible; BLEXBot/1.0; +https://help.seranking.com/en/blex-crawler)"
192.178.6.5 - - [18/Sep/2025:00:12:55 -0300] "GET /assets/341f2854/screen3.PNG HTTP/1.1" 200 16551 "-" "Googlebot-Image/1.0"
37.27.59.134 - - [18/Sep/2025:00:13:03 -0300] "GET /static/assets/a59d3f98/themes/hot-sneaks/images/?C=S;O=D HTTP/1.1" 200 3381 "-" "Mozilla/5.0 (compatible; BLEXBot/1.0; +https://help.seranking.com/en/blex-crawler)"
37.27.59.134 - - [18/Sep/2025:00:13:17 -0300] "GET /static/assets/a59d3f98/themes/hot-sneaks/images/?C=S;O=D HTTP/1.1" 200 3381 "-" "Mozilla/5.0 (compatible; BLEXBot/1.0; +https://help.seranking.com/en/blex-crawler)"
37.27.59.134 - - [18/Sep/2025:00:13:29 -0300] "GET /static/assets/a59d3f98/themes/smoothness/images/?C=D;O=D HTTP/1.1" 200 2936 "-" "Mozilla/5.0 (compatible; BLEXBot/1.0; +https://help.seranking.com/en/blex-crawler)"
66.249.75.5 - - [18/Sep/2025:00:14:02 -0300] "GET /assets/325937f/screen1.PNG HTTP/1.1" 200 232604 "-" "Googlebot-Image/1.0"
37.27.59.134 - - [18/Sep/2025:00:14:03 -0300] "GET /static/assets/a59d3f98/themes/smoothness/images/?C=D;O=D HTTP/1.1" 200 2936 "-" "Mozilla/5.0 (compatible; BLEXBot/1.0; +https://help.seranking.com/en/blex-crawler)"
37.27.59.134 - - [18/Sep/2025:00:14:28 -0300] "GET /static/assets/a59d3f98/themes/smoothness/images/?C=M;O=D HTTP/1.1" 200 2936 "-" "Mozilla/5.0 (compatible; BLEXBot/1.0; +https://help.seranking.com/en/blex-crawler)"
37.27.59.134 - - [18/Sep/2025:00:14:38 -0300] "GET /static/assets/a59d3f98/themes/smoothness/images/?C=M;O=D HTTP/1.1" 200 2936 "-" "Mozilla/5.0 (compatible; BLEXBot/1.0; +https://help.seranking.com/en/blex-crawler)"
37.27.59.134 - - [18/Sep/2025:00:15:01 -0300] "GET /static/assets/a59d3f98/themes/smoothness/images/?C=N;O=A HTTP/1.1" 200 2936 "-" "Mozilla/5.0 (compatible; BLEXBot/1.0; +https://help.seranking.com/en/blex-crawler)"
37.27.59.134 - - [18/Sep/2025:00:16:12 -0300] "GET /static/assets/a59d3f98/themes/smoothness/images/?C=N;O=A HTTP/1.1" 200 2936 "-" "Mozilla/5.0 (compatible; BLEXBot/1.0; +https://help.seranking.com/en/blex-crawler)"
37.27.59.134 - - [18/Sep/2025:00:16:42 -0300] "GET /static/assets/a59d3f98/themes/smoothness/images/?C=S;O=D HTTP/1.1" 200 2936 "-" "Mozilla/5.0 (compatible; BLEXBot/1.0; +https://help.seranking.com/en/blex-crawler)"
37.27.59.134 - - [18/Sep/2025:00:16:53 -0300] "GET /static/assets/a59d3f98/themes/smoothness/images/?C=S;O=D HTTP/1.1" 200 2936 "-" "Mozilla/5.0 (compatible; BLEXBot/1.0; +https://help.seranking.com/en/blex-crawler)"
37.27.59.134 - - [18/Sep/2025:00:17:14 -0300] "GET /static/assets/a59d3f98/themes/trontastic/images/?C=D;O=D HTTP/1.1" 200 3358 "-" "Mozilla/5.0 (compatible; BLEXBot/1.0; +https://help.seranking.com/en/blex-crawler)"
37.27.59.134 - - [18/Sep/2025:00:17:25 -0300] "GET /static/assets/a59d3f98/themes/trontastic/images/?C=D;O=D HTTP/1.1" 200 3358 "-" "Mozilla/5.0 (compatible; BLEXBot/1.0; +https://help.seranking.com/en/blex-crawler)"
37.27.59.134 - - [18/Sep/2025:00:17:48 -0300] "GET /static/assets/a59d3f98/themes/trontastic/images/?C=M;O=D HTTP/1.1" 200 3358 "-" "Mozilla/5.0 (compatible; BLEXBot/1.0; +https://help.seranking.com/en/blex-crawler)"
37.27.59.134 - - [18/Sep/2025:00:18:22 -0300] "GET /static/assets/a59d3f98/themes/trontastic/images/?C=M;O=D HTTP/1.1" 200 3358 "-" "Mozilla/5.0 (compatible; BLEXBot/1.0; +https://help.seranking.com/en/blex-crawler)"
37.27.59.134 - - [18/Sep/2025:00:18:34 -0300] "GET /static/assets/a59d3f98/themes/trontastic/images/?C=N;O=A HTTP/1.1" 200 3358 "-" "Mozilla/5.0 (compatible; BLEXBot/1.0; +https://help.seranking.com/en/blex-crawler)"
37.27.59.134 - - [18/Sep/2025:00:19:11 -0300] "GET /static/assets/a59d3f98/themes/trontastic/images/?C=N;O=A HTTP/1.1" 200 3358 "-" "Mozilla/5.0 (compatible; BLEXBot/1.0; +https://help.seranking.com/en/blex-crawler)"
37.27.59.134 - - [18/Sep/2025:00:19:36 -0300] "GET /static/assets/a59d3f98/themes/trontastic/images/?C=S;O=D HTTP/1.1" 200 3358 "-" "Mozilla/5.0 (compatible; BLEXBot/1.0; +https://help.seranking.com/en/blex-crawler)"
37.27.59.134 - - [18/Sep/2025:00:19:49 -0300] "GET /static/assets/a59d3f98/themes/trontastic/images/?C=S;O=D HTTP/1.1" 200 3358 "-" "Mozilla/5.0 (compatible; BLEXBot/1.0; +https://help.seranking.com/en/blex-crawler)"
37.27.59.134 - - [18/Sep/2025:00:20:40 -0300] "GET /static/assets/ec9b3d46/source/attention_seekers/?C=D;O=D HTTP/1.1" 200 3031 "-" "Mozilla/5.0 (compatible; BLEXBot/1.0; +https://help.seranking.com/en/blex-crawler)"
