%PDF- %PDF-
Mini Shell

Mini Shell

Direktori : /proc/thread-self/root/proc/self/root/home2/vacivi36/access-logs/
Upload File :
Create Path :
Current File : //proc/thread-self/root/proc/self/root/home2/vacivi36/access-logs/intranet.vacivitta.com.br

95.168.190.250 - - [17/Sep/2025:09:01:16 -0300] "GET /robots.txt HTTP/1.1" 404 - "-" "Mozilla/5.0 (compatible; ORT/v1.0.0; visit ORTc.me )"
185.191.171.17 - - [17/Sep/2025:09:01:50 -0300] "GET /assets/19270a39/scss/_stacked.scss HTTP/1.1" 200 482 "-" "Mozilla/5.0 (compatible; SemrushBot/7~bl; +http://www.semrush.com/bot.html)"
185.191.171.17 - - [17/Sep/2025:09:01:54 -0300] "GET /assets/ce4b19d5/scss/_bordered-pulled.scss HTTP/1.1" 200 592 "-" "Mozilla/5.0 (compatible; SemrushBot/7~bl; +http://www.semrush.com/bot.html)"
185.191.171.13 - - [17/Sep/2025:09:03:24 -0300] "GET /robots.txt HTTP/1.1" 404 - "-" "Mozilla/5.0 (compatible; SemrushBot/7~bl; +http://www.semrush.com/bot.html)"
185.191.171.1 - - [17/Sep/2025:09:03:25 -0300] "GET /assets/616b1b12/css/bootstrap-theme.css.map HTTP/1.1" 200 48005 "-" "Mozilla/5.0 (compatible; SemrushBot/7~bl; +http://www.semrush.com/bot.html)"
185.191.171.9 - - [17/Sep/2025:09:05:04 -0300] "GET /robots.txt HTTP/1.1" 404 - "-" "Mozilla/5.0 (compatible; SemrushBot/7~bl; +http://www.semrush.com/bot.html)"
85.208.96.209 - - [17/Sep/2025:09:05:05 -0300] "GET /assets/2ec6b270/themes/flick/images/ HTTP/1.1" 200 2515 "-" "Mozilla/5.0 (compatible; SemrushBot/7~bl; +http://www.semrush.com/bot.html)"
85.208.96.198 - - [17/Sep/2025:09:05:36 -0300] "GET /assets/90f774c0/css/task.css.map HTTP/1.1" 200 4670 "-" "Mozilla/5.0 (compatible; SemrushBot/7~bl; +http://www.semrush.com/bot.html)"
85.208.96.210 - - [17/Sep/2025:09:05:38 -0300] "GET /assets/ce4b19d5/css/font-awesome.css.map HTTP/1.1" 200 21778 "-" "Mozilla/5.0 (compatible; SemrushBot/7~bl; +http://www.semrush.com/bot.html)"
185.191.171.3 - - [17/Sep/2025:09:13:33 -0300] "GET /static/assets/a59d3f98/themes/trontastic/images/ HTTP/1.1" 200 3358 "-" "Mozilla/5.0 (compatible; SemrushBot/7~bl; +http://www.semrush.com/bot.html)"
185.191.171.5 - - [17/Sep/2025:09:13:45 -0300] "GET /assets/19270a39/scss/_list.scss HTTP/1.1" 200 378 "-" "Mozilla/5.0 (compatible; SemrushBot/7~bl; +http://www.semrush.com/bot.html)"
85.208.96.193 - - [17/Sep/2025:09:14:35 -0300] "GET /assets/ce4b19d5/scss/font-awesome.scss HTTP/1.1" 200 430 "-" "Mozilla/5.0 (compatible; SemrushBot/7~bl; +http://www.semrush.com/bot.html)"
85.208.96.210 - - [17/Sep/2025:09:16:47 -0300] "GET /assets/34557b0/css/blueimp-gallery.min.css.map HTTP/1.1" 200 3397 "-" "Mozilla/5.0 (compatible; SemrushBot/7~bl; +http://www.semrush.com/bot.html)"
85.208.96.202 - - [17/Sep/2025:09:17:39 -0300] "GET /assets/90341461/theme/bootstrap/package.json HTTP/1.1" 200 1800 "-" "Mozilla/5.0 (compatible; SemrushBot/7~bl; +http://www.semrush.com/bot.html)"
85.208.96.212 - - [17/Sep/2025:09:18:07 -0300] "GET /assets/4f07b091/themes/eggplant/images/ HTTP/1.1" 200 2941 "-" "Mozilla/5.0 (compatible; SemrushBot/7~bl; +http://www.semrush.com/bot.html)"
85.208.96.210 - - [17/Sep/2025:09:19:30 -0300] "GET /static/assets/a59d3f98/themes/dot-luv/images/ HTTP/1.1" 200 2750 "-" "Mozilla/5.0 (compatible; SemrushBot/7~bl; +http://www.semrush.com/bot.html)"
40.77.167.156 - - [17/Sep/2025:09:20:07 -0300] "GET /assets/2ec6b270/ui/minified/i18n/datepicker-hu.js HTTP/1.1" 200 915 "-" "Mozilla/5.0 AppleWebKit/537.36 (KHTML, like Gecko; compatible; bingbot/2.0; +http://www.bing.com/bingbot.htm) Chrome/116.0.1938.76 Safari/537.36"
85.208.96.197 - - [17/Sep/2025:09:21:41 -0300] "GET /assets/4f07b091/themes/eggplant/images/ HTTP/1.1" 200 2941 "-" "Mozilla/5.0 (compatible; SemrushBot/7~bl; +http://www.semrush.com/bot.html)"
85.208.96.207 - - [17/Sep/2025:09:22:54 -0300] "GET /assets/4f07b091/themes/hot-sneaks/images/ HTTP/1.1" 200 3360 "-" "Mozilla/5.0 (compatible; SemrushBot/7~bl; +http://www.semrush.com/bot.html)"
185.191.171.14 - - [17/Sep/2025:09:25:15 -0300] "GET /assets/ce4b19d5/scss/_icons.scss HTTP/1.1" 200 50498 "-" "Mozilla/5.0 (compatible; SemrushBot/7~bl; +http://www.semrush.com/bot.html)"
66.249.75.4 - - [17/Sep/2025:09:28:55 -0300] "GET /assets/baec620/directorylist/directory_last-child_hassub_expand.png HTTP/1.1" 200 286 "-" "Googlebot-Image/1.0"
185.191.171.10 - - [17/Sep/2025:09:29:22 -0300] "GET /static/assets/a59d3f98/themes/mint-choc/images/ HTTP/1.1" 200 3368 "-" "Mozilla/5.0 (compatible; SemrushBot/7~bl; +http://www.semrush.com/bot.html)"
85.208.96.198 - - [17/Sep/2025:09:30:37 -0300] "GET /static/assets/a59d3f98/themes/swanky-purse/images/ HTTP/1.1" 200 3544 "-" "Mozilla/5.0 (compatible; SemrushBot/7~bl; +http://www.semrush.com/bot.html)"
85.208.96.200 - - [17/Sep/2025:09:33:06 -0300] "GET /static/assets/a59d3f98/themes/cupertino/images/ HTTP/1.1" 200 3377 "-" "Mozilla/5.0 (compatible; SemrushBot/7~bl; +http://www.semrush.com/bot.html)"
185.191.171.12 - - [17/Sep/2025:09:33:24 -0300] "GET /assets/86561242/css/blueimp-gallery.min.css.map HTTP/1.1" 200 3397 "-" "Mozilla/5.0 (compatible; SemrushBot/7~bl; +http://www.semrush.com/bot.html)"
40.77.167.62 - - [17/Sep/2025:09:33:37 -0300] "GET /assets/?C=N;O=D HTTP/1.1" 200 23602 "-" "Mozilla/5.0 AppleWebKit/537.36 (KHTML, like Gecko; compatible; bingbot/2.0; +http://www.bing.com/bingbot.htm) Chrome/116.0.1938.76 Safari/537.36"
85.208.96.200 - - [17/Sep/2025:09:35:34 -0300] "GET /assets/325d9b67/css/bootstrap.min.css.map HTTP/1.1" 200 540434 "-" "Mozilla/5.0 (compatible; SemrushBot/7~bl; +http://www.semrush.com/bot.html)"
185.191.171.7 - - [17/Sep/2025:09:36:38 -0300] "GET /themes/HumHub/css/ HTTP/1.1" 200 815 "-" "Mozilla/5.0 (compatible; SemrushBot/7~bl; +http://www.semrush.com/bot.html)"
185.191.171.10 - - [17/Sep/2025:09:37:34 -0300] "GET /assets/f061f04b/chunks/helpers.segment.mjs HTTP/1.1" 200 76468 "-" "Mozilla/5.0 (compatible; SemrushBot/7~bl; +http://www.semrush.com/bot.html)"
185.191.171.3 - - [17/Sep/2025:09:39:49 -0300] "GET /static/assets/9e2ce8c4/css/bootstrap-theme.min.css.map HTTP/1.1" 200 75600 "-" "Mozilla/5.0 (compatible; SemrushBot/7~bl; +http://www.semrush.com/bot.html)"
66.249.75.4 - - [17/Sep/2025:09:41:55 -0300] "GET /static/img/emoji/Kissing.svg HTTP/1.1" 200 1210 "-" "Googlebot-Image/1.0"
185.191.171.13 - - [17/Sep/2025:09:43:31 -0300] "GET /static/assets/a59d3f98/themes/black-tie/images/ HTTP/1.1" 200 3573 "-" "Mozilla/5.0 (compatible; SemrushBot/7~bl; +http://www.semrush.com/bot.html)"
85.208.96.197 - - [17/Sep/2025:09:45:12 -0300] "GET /assets/ce4b19d5/scss/_variables.scss HTTP/1.1" 200 22644 "-" "Mozilla/5.0 (compatible; SemrushBot/7~bl; +http://www.semrush.com/bot.html)"
85.208.96.206 - - [17/Sep/2025:09:46:39 -0300] "GET /static/assets/870b31b7/css/blueimp-gallery.min.css.map HTTP/1.1" 200 3397 "-" "Mozilla/5.0 (compatible; SemrushBot/7~bl; +http://www.semrush.com/bot.html)"
66.249.75.5 - - [17/Sep/2025:09:55:12 -0300] "GET /assets/baec620/directorylist/directory_join_hassub_expand.png HTTP/1.1" 200 294 "-" "Googlebot-Image/1.0"
185.191.171.2 - - [17/Sep/2025:09:55:49 -0300] "GET /assets/325d9b67/css/bootstrap.css.map HTTP/1.1" 200 390887 "-" "Mozilla/5.0 (compatible; SemrushBot/7~bl; +http://www.semrush.com/bot.html)"
192.178.6.4 - - [17/Sep/2025:09:55:52 -0300] "GET /assets/fa2a3b9b/screen2.PNG HTTP/1.1" 200 22477 "-" "Googlebot-Image/1.0"
192.178.6.5 - - [17/Sep/2025:09:56:32 -0300] "GET /assets/90f774c0/screen12.jpg HTTP/1.1" 200 123789 "-" "Googlebot-Image/1.0"
185.191.171.3 - - [17/Sep/2025:09:56:59 -0300] "GET /static/assets/4a3d750a/scss/_fixed-width.scss HTTP/1.1" 200 120 "-" "Mozilla/5.0 (compatible; SemrushBot/7~bl; +http://www.semrush.com/bot.html)"
66.249.75.4 - - [17/Sep/2025:09:59:32 -0300] "GET /static/img/emoji/Facepunch.svg HTTP/1.1" 200 5457 "-" "Googlebot-Image/1.0"
66.249.75.5 - - [17/Sep/2025:10:00:52 -0300] "GET /assets/19076be7/screen5.PNG HTTP/1.1" 200 21070 "-" "Googlebot-Image/1.0"
85.208.96.212 - - [17/Sep/2025:10:04:12 -0300] "GET /robots.txt HTTP/1.1" 404 - "-" "Mozilla/5.0 (compatible; SemrushBot/7~bl; +http://www.semrush.com/bot.html)"
85.208.96.193 - - [17/Sep/2025:10:04:12 -0300] "GET /assets/ce4b19d5/scss/_icons.scss HTTP/1.1" 200 50498 "-" "Mozilla/5.0 (compatible; SemrushBot/7~bl; +http://www.semrush.com/bot.html)"
185.191.171.7 - - [17/Sep/2025:10:05:48 -0300] "GET /robots.txt HTTP/1.1" 404 - "-" "Mozilla/5.0 (compatible; SemrushBot/7~bl; +http://www.semrush.com/bot.html)"
85.208.96.212 - - [17/Sep/2025:10:05:48 -0300] "GET /assets/90341461/theme/bootstrap/main.d.ts HTTP/1.1" 200 351 "-" "Mozilla/5.0 (compatible; SemrushBot/7~bl; +http://www.semrush.com/bot.html)"
192.178.6.3 - - [17/Sep/2025:10:07:12 -0300] "GET /static/img/emoji/ThumbsUp.svg HTTP/1.1" 200 1285 "-" "Googlebot-Image/1.0"
185.191.171.2 - - [17/Sep/2025:10:09:23 -0300] "GET /assets/e93843c3/tinymce/plugins/wrapper/ HTTP/1.1" 200 1058 "-" "Mozilla/5.0 (compatible; SemrushBot/7~bl; +http://www.semrush.com/bot.html)"
85.208.96.198 - - [17/Sep/2025:10:11:12 -0300] "GET /assets/2ec6b270/themes/base/images/ HTTP/1.1" 200 2075 "-" "Mozilla/5.0 (compatible; SemrushBot/7~bl; +http://www.semrush.com/bot.html)"
85.208.96.212 - - [17/Sep/2025:10:12:32 -0300] "GET /static/assets/870b31b7/css/blueimp-gallery.min.css.map HTTP/1.1" 200 3397 "-" "Mozilla/5.0 (compatible; SemrushBot/7~bl; +http://www.semrush.com/bot.html)"
52.167.144.160 - - [17/Sep/2025:10:13:54 -0300] "GET /assets/4f07b091/ HTTP/1.1" 200 1697 "-" "Mozilla/5.0 AppleWebKit/537.36 (KHTML, like Gecko; compatible; bingbot/2.0; +http://www.bing.com/bingbot.htm) Chrome/116.0.1938.76 Safari/537.36"
185.191.171.14 - - [17/Sep/2025:10:20:06 -0300] "GET /static/assets/4a3d750a/css/font-awesome.css.map HTTP/1.1" 200 21778 "-" "Mozilla/5.0 (compatible; SemrushBot/7~bl; +http://www.semrush.com/bot.html)"
186.212.164.80 - - [17/Sep/2025:10:21:33 -0300] "GET http://intranet.vacivitta.com.br/assets/206aa7eb/ContentAssets.php HTTP/1.1" 500 - "http://intranet.vacivitta.com.br/" "Mozilla/5.0 (Windows NT 10.0; Win64; x64) AppleWebKit/537.36 (KHTML, like Gecko) Chrome/135.0.0.0 Safari/537.36 Edg/135.0.0.0"
85.208.96.208 - - [17/Sep/2025:10:24:33 -0300] "GET /assets/19270a39/scss/_core.scss HTTP/1.1" 200 459 "-" "Mozilla/5.0 (compatible; SemrushBot/7~bl; +http://www.semrush.com/bot.html)"
85.208.96.202 - - [17/Sep/2025:10:25:16 -0300] "GET /static/js/compat/date/i18n/ HTTP/1.1" 200 848 "-" "Mozilla/5.0 (compatible; SemrushBot/7~bl; +http://www.semrush.com/bot.html)"
43.157.188.74 - - [17/Sep/2025:10:26:16 -0300] "GET / HTTP/1.1" 200 1872 "-" "Mozilla/5.0 (iPhone; CPU iPhone OS 13_2_3 like Mac OS X) AppleWebKit/605.1.15 (KHTML, like Gecko) Version/13.0.3 Mobile/15E148 Safari/604.1"
85.208.96.197 - - [17/Sep/2025:10:31:23 -0300] "GET /assets/ce4b19d5/scss/_stacked.scss HTTP/1.1" 200 482 "-" "Mozilla/5.0 (compatible; SemrushBot/7~bl; +http://www.semrush.com/bot.html)"
185.191.171.6 - - [17/Sep/2025:10:32:02 -0300] "GET /assets/325d9b67/css/bootstrap-theme.min.css.map HTTP/1.1" 200 75600 "-" "Mozilla/5.0 (compatible; SemrushBot/7~bl; +http://www.semrush.com/bot.html)"
85.208.96.200 - - [17/Sep/2025:10:32:53 -0300] "GET /assets/616b1b12/css/bootstrap.css.map HTTP/1.1" 200 390887 "-" "Mozilla/5.0 (compatible; SemrushBot/7~bl; +http://www.semrush.com/bot.html)"
185.191.171.1 - - [17/Sep/2025:10:36:00 -0300] "GET /assets/19270a39/scss/_path.scss HTTP/1.1" 200 783 "-" "Mozilla/5.0 (compatible; SemrushBot/7~bl; +http://www.semrush.com/bot.html)"
85.208.96.211 - - [17/Sep/2025:10:42:08 -0300] "GET /static/assets/4a3d750a/scss/_path.scss HTTP/1.1" 200 783 "-" "Mozilla/5.0 (compatible; SemrushBot/7~bl; +http://www.semrush.com/bot.html)"
185.191.171.3 - - [17/Sep/2025:10:42:10 -0300] "GET /static/assets/4a3d750a/scss/_list.scss HTTP/1.1" 200 378 "-" "Mozilla/5.0 (compatible; SemrushBot/7~bl; +http://www.semrush.com/bot.html)"
52.167.144.180 - - [17/Sep/2025:10:43:27 -0300] "GET /static/assets/f2b50b46/i18n/az.js HTTP/1.1" 200 721 "-" "Mozilla/5.0 AppleWebKit/537.36 (KHTML, like Gecko; compatible; bingbot/2.0; +http://www.bing.com/bingbot.htm) Chrome/116.0.1938.76 Safari/537.36"
85.208.96.210 - - [17/Sep/2025:10:45:30 -0300] "GET /static/assets/4a3d750a/scss/_fixed-width.scss HTTP/1.1" 200 120 "-" "Mozilla/5.0 (compatible; SemrushBot/7~bl; +http://www.semrush.com/bot.html)"
34.82.221.243 - - [17/Sep/2025:10:45:37 -0300] "GET / HTTP/1.1" 200 1872 "-" "Mozilla/5.0 (Windows NT 10.0; Win64; x64) AppleWebKit/537.36 (KHTML, like Gecko) Chrome/88.0.4240.193 Safari/537.36"
34.82.221.243 - - [17/Sep/2025:10:45:37 -0300] "GET / HTTP/1.1" 200 1872 "-" "Mozilla/5.0 (Windows NT 10.0; Win64; x64) AppleWebKit/537.36 (KHTML, like Gecko) Chrome/88.0.4240.193 Safari/537.36"
34.82.221.243 - - [17/Sep/2025:10:45:37 -0300] "GET /wp-includes/wlwmanifest.xml HTTP/1.1" 404 - "-" "Mozilla/5.0 (Windows NT 10.0; Win64; x64) AppleWebKit/537.36 (KHTML, like Gecko) Chrome/88.0.4240.193 Safari/537.36"
34.82.221.243 - - [17/Sep/2025:10:45:37 -0300] "GET /xmlrpc.php?rsd HTTP/1.1" 404 - "-" "Mozilla/5.0 (Windows NT 10.0; Win64; x64) AppleWebKit/537.36 (KHTML, like Gecko) Chrome/88.0.4240.193 Safari/537.36"
34.82.221.243 - - [17/Sep/2025:10:45:37 -0300] "GET / HTTP/1.1" 200 1872 "-" "Mozilla/5.0 (Windows NT 10.0; Win64; x64) AppleWebKit/537.36 (KHTML, like Gecko) Chrome/88.0.4240.193 Safari/537.36"
34.82.221.243 - - [17/Sep/2025:10:45:37 -0300] "GET /blog/wp-includes/wlwmanifest.xml HTTP/1.1" 404 - "-" "Mozilla/5.0 (Windows NT 10.0; Win64; x64) AppleWebKit/537.36 (KHTML, like Gecko) Chrome/88.0.4240.193 Safari/537.36"
34.82.221.243 - - [17/Sep/2025:10:45:37 -0300] "GET /web/wp-includes/wlwmanifest.xml HTTP/1.1" 404 - "-" "Mozilla/5.0 (Windows NT 10.0; Win64; x64) AppleWebKit/537.36 (KHTML, like Gecko) Chrome/88.0.4240.193 Safari/537.36"
34.82.221.243 - - [17/Sep/2025:10:45:38 -0300] "GET /wordpress/wp-includes/wlwmanifest.xml HTTP/1.1" 404 - "-" "Mozilla/5.0 (Windows NT 10.0; Win64; x64) AppleWebKit/537.36 (KHTML, like Gecko) Chrome/88.0.4240.193 Safari/537.36"
34.82.221.243 - - [17/Sep/2025:10:45:38 -0300] "GET /website/wp-includes/wlwmanifest.xml HTTP/1.1" 404 - "-" "Mozilla/5.0 (Windows NT 10.0; Win64; x64) AppleWebKit/537.36 (KHTML, like Gecko) Chrome/88.0.4240.193 Safari/537.36"
34.82.221.243 - - [17/Sep/2025:10:45:38 -0300] "GET /wp/wp-includes/wlwmanifest.xml HTTP/1.1" 404 - "-" "Mozilla/5.0 (Windows NT 10.0; Win64; x64) AppleWebKit/537.36 (KHTML, like Gecko) Chrome/88.0.4240.193 Safari/537.36"
34.82.221.243 - - [17/Sep/2025:10:45:38 -0300] "GET /news/wp-includes/wlwmanifest.xml HTTP/1.1" 404 - "-" "Mozilla/5.0 (Windows NT 10.0; Win64; x64) AppleWebKit/537.36 (KHTML, like Gecko) Chrome/88.0.4240.193 Safari/537.36"
34.82.221.243 - - [17/Sep/2025:10:45:38 -0300] "GET /2020/wp-includes/wlwmanifest.xml HTTP/1.1" 404 - "-" "Mozilla/5.0 (Windows NT 10.0; Win64; x64) AppleWebKit/537.36 (KHTML, like Gecko) Chrome/88.0.4240.193 Safari/537.36"
34.82.221.243 - - [17/Sep/2025:10:45:38 -0300] "GET /2019/wp-includes/wlwmanifest.xml HTTP/1.1" 404 - "-" "Mozilla/5.0 (Windows NT 10.0; Win64; x64) AppleWebKit/537.36 (KHTML, like Gecko) Chrome/88.0.4240.193 Safari/537.36"
34.82.221.243 - - [17/Sep/2025:10:45:39 -0300] "GET /shop/wp-includes/wlwmanifest.xml HTTP/1.1" 404 - "-" "Mozilla/5.0 (Windows NT 10.0; Win64; x64) AppleWebKit/537.36 (KHTML, like Gecko) Chrome/88.0.4240.193 Safari/537.36"
34.82.221.243 - - [17/Sep/2025:10:45:39 -0300] "GET /wp1/wp-includes/wlwmanifest.xml HTTP/1.1" 404 - "-" "Mozilla/5.0 (Windows NT 10.0; Win64; x64) AppleWebKit/537.36 (KHTML, like Gecko) Chrome/88.0.4240.193 Safari/537.36"
34.82.221.243 - - [17/Sep/2025:10:45:39 -0300] "GET /test/wp-includes/wlwmanifest.xml HTTP/1.1" 404 - "-" "Mozilla/5.0 (Windows NT 10.0; Win64; x64) AppleWebKit/537.36 (KHTML, like Gecko) Chrome/88.0.4240.193 Safari/537.36"
34.82.221.243 - - [17/Sep/2025:10:45:39 -0300] "GET /wp2/wp-includes/wlwmanifest.xml HTTP/1.1" 404 - "-" "Mozilla/5.0 (Windows NT 10.0; Win64; x64) AppleWebKit/537.36 (KHTML, like Gecko) Chrome/88.0.4240.193 Safari/537.36"
34.82.221.243 - - [17/Sep/2025:10:45:39 -0300] "GET /site/wp-includes/wlwmanifest.xml HTTP/1.1" 404 - "-" "Mozilla/5.0 (Windows NT 10.0; Win64; x64) AppleWebKit/537.36 (KHTML, like Gecko) Chrome/88.0.4240.193 Safari/537.36"
34.82.221.243 - - [17/Sep/2025:10:45:39 -0300] "GET /cms/wp-includes/wlwmanifest.xml HTTP/1.1" 404 - "-" "Mozilla/5.0 (Windows NT 10.0; Win64; x64) AppleWebKit/537.36 (KHTML, like Gecko) Chrome/88.0.4240.193 Safari/537.36"
34.82.221.243 - - [17/Sep/2025:10:45:40 -0300] "GET /sito/wp-includes/wlwmanifest.xml HTTP/1.1" 404 - "-" "Mozilla/5.0 (Windows NT 10.0; Win64; x64) AppleWebKit/537.36 (KHTML, like Gecko) Chrome/88.0.4240.193 Safari/537.36"
185.191.171.6 - - [17/Sep/2025:10:46:01 -0300] "GET /assets/2ec6b270/themes/sunny/images/ HTTP/1.1" 200 3543 "-" "Mozilla/5.0 (compatible; SemrushBot/7~bl; +http://www.semrush.com/bot.html)"
185.191.171.7 - - [17/Sep/2025:10:46:29 -0300] "GET /static/assets/a59d3f98/themes/swanky-purse/images/ HTTP/1.1" 200 3544 "-" "Mozilla/5.0 (compatible; SemrushBot/7~bl; +http://www.semrush.com/bot.html)"
85.208.96.202 - - [17/Sep/2025:10:50:11 -0300] "GET /assets/19270a39/scss/font-awesome.scss HTTP/1.1" 200 430 "-" "Mozilla/5.0 (compatible; SemrushBot/7~bl; +http://www.semrush.com/bot.html)"
85.208.96.196 - - [17/Sep/2025:10:50:33 -0300] "GET /assets/4f07b091/themes/ui-lightness/images/ HTTP/1.1" 200 3364 "-" "Mozilla/5.0 (compatible; SemrushBot/7~bl; +http://www.semrush.com/bot.html)"
85.208.96.195 - - [17/Sep/2025:10:55:02 -0300] "GET /assets/4f07b091/themes/swanky-purse/images/ HTTP/1.1" 200 3523 "-" "Mozilla/5.0 (compatible; SemrushBot/7~bl; +http://www.semrush.com/bot.html)"
40.77.167.123 - - [17/Sep/2025:10:57:09 -0300] "GET /static/js/highlight.js/styles/?C=M;O=A HTTP/1.1" 200 15824 "-" "Mozilla/5.0 AppleWebKit/537.36 (KHTML, like Gecko; compatible; bingbot/2.0; +http://www.bing.com/bingbot.htm) Chrome/116.0.1938.76 Safari/537.36"
185.191.171.8 - - [17/Sep/2025:11:00:24 -0300] "GET /assets/e3647b5b/leaflet.markercluster/leaflet.markercluster.js.map HTTP/1.1" 200 27636 "-" "Mozilla/5.0 (compatible; SemrushBot/7~bl; +http://www.semrush.com/bot.html)"
185.191.171.14 - - [17/Sep/2025:11:04:03 -0300] "GET /static/assets/a59d3f98/themes/hot-sneaks/images/ HTTP/1.1" 200 3381 "-" "Mozilla/5.0 (compatible; SemrushBot/7~bl; +http://www.semrush.com/bot.html)"
85.208.96.203 - - [17/Sep/2025:11:04:04 -0300] "GET /assets/19270a39/scss/_icons.scss HTTP/1.1" 200 50498 "-" "Mozilla/5.0 (compatible; SemrushBot/7~bl; +http://www.semrush.com/bot.html)"
85.208.96.206 - - [17/Sep/2025:11:04:38 -0300] "GET /robots.txt HTTP/1.1" 404 - "-" "Mozilla/5.0 (compatible; SemrushBot/7~bl; +http://www.semrush.com/bot.html)"
185.191.171.9 - - [17/Sep/2025:11:04:38 -0300] "GET /static/assets/4a3d750a/scss/font-awesome.scss HTTP/1.1" 200 430 "-" "Mozilla/5.0 (compatible; SemrushBot/7~bl; +http://www.semrush.com/bot.html)"
185.191.171.10 - - [17/Sep/2025:11:07:52 -0300] "GET /static/js/colorpicker/img/bootstrap-colorpicker/ HTTP/1.1" 200 1618 "-" "Mozilla/5.0 (compatible; SemrushBot/7~bl; +http://www.semrush.com/bot.html)"
85.208.96.198 - - [17/Sep/2025:11:10:28 -0300] "GET /static/assets/a59d3f98/themes/vader/images/ HTTP/1.1" 200 3558 "-" "Mozilla/5.0 (compatible; SemrushBot/7~bl; +http://www.semrush.com/bot.html)"
104.210.140.143 - - [17/Sep/2025:11:11:45 -0300] "GET /robots.txt HTTP/1.1" 404 - "-" "Mozilla/5.0 (Macintosh; Intel Mac OS X 10_15_7) AppleWebKit/537.36 (KHTML, like Gecko) Chrome/131.0.0.0 Safari/537.36; compatible; OAI-SearchBot/1.0; +https://openai.com/searchbot"
185.191.171.18 - - [17/Sep/2025:11:12:16 -0300] "GET /assets/2ec6b270/themes/cupertino/images/ HTTP/1.1" 200 3356 "-" "Mozilla/5.0 (compatible; SemrushBot/7~bl; +http://www.semrush.com/bot.html)"
85.208.96.210 - - [17/Sep/2025:11:16:10 -0300] "GET /assets/4f07b091/themes/humanity/images/ HTTP/1.1" 200 3335 "-" "Mozilla/5.0 (compatible; SemrushBot/7~bl; +http://www.semrush.com/bot.html)"
185.191.171.14 - - [17/Sep/2025:11:17:41 -0300] "GET /assets/2ec6b270/themes/overcast/images/ HTTP/1.1" 200 2709 "-" "Mozilla/5.0 (compatible; SemrushBot/7~bl; +http://www.semrush.com/bot.html)"
85.208.96.211 - - [17/Sep/2025:11:24:02 -0300] "GET /assets/2ec6b270/themes/sunny/images/ HTTP/1.1" 200 3543 "-" "Mozilla/5.0 (compatible; SemrushBot/7~bl; +http://www.semrush.com/bot.html)"
185.191.171.17 - - [17/Sep/2025:11:26:45 -0300] "GET /static/assets/a59d3f98/themes/excite-bike/images/ HTTP/1.1" 200 2986 "-" "Mozilla/5.0 (compatible; SemrushBot/7~bl; +http://www.semrush.com/bot.html)"
185.191.171.9 - - [17/Sep/2025:11:27:14 -0300] "GET /static/assets/a59d3f98/themes/blitzer/images/ HTTP/1.1" 200 2564 "-" "Mozilla/5.0 (compatible; SemrushBot/7~bl; +http://www.semrush.com/bot.html)"
185.191.171.19 - - [17/Sep/2025:11:31:17 -0300] "GET /static/assets/4a3d750a/scss/_variables.scss HTTP/1.1" 200 22644 "-" "Mozilla/5.0 (compatible; SemrushBot/7~bl; +http://www.semrush.com/bot.html)"
185.191.171.7 - - [17/Sep/2025:11:44:29 -0300] "GET /assets/2ec6b270/themes/ui-darkness/images/ HTTP/1.1" 200 3137 "-" "Mozilla/5.0 (compatible; SemrushBot/7~bl; +http://www.semrush.com/bot.html)"
185.191.171.17 - - [17/Sep/2025:11:46:09 -0300] "GET /assets/19270a39/scss/_fixed-width.scss HTTP/1.1" 200 120 "-" "Mozilla/5.0 (compatible; SemrushBot/7~bl; +http://www.semrush.com/bot.html)"
185.191.171.9 - - [17/Sep/2025:11:49:16 -0300] "GET /assets/2ec6b270/themes/start/images/ HTTP/1.1" 200 3516 "-" "Mozilla/5.0 (compatible; SemrushBot/7~bl; +http://www.semrush.com/bot.html)"
85.208.96.198 - - [17/Sep/2025:11:53:21 -0300] "GET /assets/616b1b12/css/bootstrap-theme.css.map HTTP/1.1" 200 48005 "-" "Mozilla/5.0 (compatible; SemrushBot/7~bl; +http://www.semrush.com/bot.html)"
185.191.171.8 - - [17/Sep/2025:12:00:07 -0300] "GET /assets/4f07b091/themes/le-frog/images/ HTTP/1.1" 200 3375 "-" "Mozilla/5.0 (compatible; SemrushBot/7~bl; +http://www.semrush.com/bot.html)"
85.208.96.200 - - [17/Sep/2025:12:01:19 -0300] "GET /assets/ce4b19d5/scss/_core.scss HTTP/1.1" 200 459 "-" "Mozilla/5.0 (compatible; SemrushBot/7~bl; +http://www.semrush.com/bot.html)"
185.191.171.17 - - [17/Sep/2025:12:02:29 -0300] "GET /static/assets/a59d3f98/themes/eggplant/images/ HTTP/1.1" 200 2962 "-" "Mozilla/5.0 (compatible; SemrushBot/7~bl; +http://www.semrush.com/bot.html)"
85.208.96.203 - - [17/Sep/2025:12:05:31 -0300] "GET /robots.txt HTTP/1.1" 404 - "-" "Mozilla/5.0 (compatible; SemrushBot/7~bl; +http://www.semrush.com/bot.html)"
85.208.96.206 - - [17/Sep/2025:12:05:31 -0300] "GET /assets/616b1b12/css/bootstrap.min.css.map HTTP/1.1" 200 540434 "-" "Mozilla/5.0 (compatible; SemrushBot/7~bl; +http://www.semrush.com/bot.html)"
85.208.96.200 - - [17/Sep/2025:12:06:04 -0300] "GET /static/assets/4a3d750a/scss/_rotated-flipped.scss HTTP/1.1" 200 672 "-" "Mozilla/5.0 (compatible; SemrushBot/7~bl; +http://www.semrush.com/bot.html)"
85.208.96.195 - - [17/Sep/2025:12:07:44 -0300] "GET /static/assets/4a3d750a/scss/_path.scss HTTP/1.1" 200 783 "-" "Mozilla/5.0 (compatible; SemrushBot/7~bl; +http://www.semrush.com/bot.html)"
185.191.171.18 - - [17/Sep/2025:12:11:09 -0300] "GET /robots.txt HTTP/1.1" 404 - "-" "Mozilla/5.0 (compatible; SemrushBot/7~bl; +http://www.semrush.com/bot.html)"
85.208.96.209 - - [17/Sep/2025:12:11:10 -0300] "GET /static/assets/a59d3f98/themes/dark-hive/images/ HTTP/1.1" 200 3170 "-" "Mozilla/5.0 (compatible; SemrushBot/7~bl; +http://www.semrush.com/bot.html)"
85.208.96.195 - - [17/Sep/2025:12:11:40 -0300] "GET /assets/e93843c3/tinymce/plugins/humhubtrigger/ HTTP/1.1" 200 1070 "-" "Mozilla/5.0 (compatible; SemrushBot/7~bl; +http://www.semrush.com/bot.html)"
52.167.144.195 - - [17/Sep/2025:12:14:05 -0300] "GET /assets/76fb6d41/i18n/hsb.js HTTP/1.1" 200 1018 "-" "Mozilla/5.0 AppleWebKit/537.36 (KHTML, like Gecko; compatible; bingbot/2.0; +http://www.bing.com/bingbot.htm) Chrome/116.0.1938.76 Safari/537.36"
185.191.171.13 - - [17/Sep/2025:12:15:01 -0300] "GET /static/assets/a59d3f98/themes/humanity/images/ HTTP/1.1" 200 3356 "-" "Mozilla/5.0 (compatible; SemrushBot/7~bl; +http://www.semrush.com/bot.html)"
85.208.96.194 - - [17/Sep/2025:12:16:46 -0300] "GET /static/assets/a59d3f98/themes/humanity/images/ HTTP/1.1" 200 3356 "-" "Mozilla/5.0 (compatible; SemrushBot/7~bl; +http://www.semrush.com/bot.html)"
185.191.171.5 - - [17/Sep/2025:12:18:57 -0300] "GET /assets/4f07b091/themes/ui-darkness/images/ HTTP/1.1" 200 3137 "-" "Mozilla/5.0 (compatible; SemrushBot/7~bl; +http://www.semrush.com/bot.html)"
85.208.96.199 - - [17/Sep/2025:12:20:37 -0300] "GET /static/assets/a59d3f98/themes/dot-luv/images/ HTTP/1.1" 200 2750 "-" "Mozilla/5.0 (compatible; SemrushBot/7~bl; +http://www.semrush.com/bot.html)"
66.249.75.6 - - [17/Sep/2025:12:24:47 -0300] "GET /assets/f061f04b/screen-2.jpg HTTP/1.1" 200 120864 "-" "Googlebot-Image/1.0"
85.208.96.198 - - [17/Sep/2025:12:25:17 -0300] "GET /assets/19270a39/scss/_screen-reader.scss HTTP/1.1" 200 134 "-" "Mozilla/5.0 (compatible; SemrushBot/7~bl; +http://www.semrush.com/bot.html)"
85.208.96.195 - - [17/Sep/2025:12:26:08 -0300] "GET /assets/616b1b12/css/bootstrap-theme.min.css.map HTTP/1.1" 200 75600 "-" "Mozilla/5.0 (compatible; SemrushBot/7~bl; +http://www.semrush.com/bot.html)"
85.208.96.202 - - [17/Sep/2025:12:26:28 -0300] "GET /assets/4f07b091/themes/redmond/images/ HTTP/1.1" 200 3312 "-" "Mozilla/5.0 (compatible; SemrushBot/7~bl; +http://www.semrush.com/bot.html)"
185.191.171.3 - - [17/Sep/2025:12:26:56 -0300] "GET /assets/2ec6b270/themes/flick/images/ HTTP/1.1" 200 2515 "-" "Mozilla/5.0 (compatible; SemrushBot/7~bl; +http://www.semrush.com/bot.html)"
85.208.96.199 - - [17/Sep/2025:12:31:18 -0300] "GET /static/assets/4a3d750a/scss/_animated.scss HTTP/1.1" 200 715 "-" "Mozilla/5.0 (compatible; SemrushBot/7~bl; +http://www.semrush.com/bot.html)"
66.249.75.4 - - [17/Sep/2025:12:41:08 -0300] "GET /static/assets/a59d3f98/themes/hot-sneaks/images/ui-bg_dots-small_35_35414f_2x2.png HTTP/1.1" 200 281 "-" "Googlebot-Image/1.0"
85.208.96.202 - - [17/Sep/2025:12:41:40 -0300] "GET /assets/90f774c0/css/task.css.map HTTP/1.1" 200 4670 "-" "Mozilla/5.0 (compatible; SemrushBot/7~bl; +http://www.semrush.com/bot.html)"
185.191.171.17 - - [17/Sep/2025:12:41:57 -0300] "GET /static/assets/4a3d750a/scss/_stacked.scss HTTP/1.1" 200 482 "-" "Mozilla/5.0 (compatible; SemrushBot/7~bl; +http://www.semrush.com/bot.html)"
185.191.171.11 - - [17/Sep/2025:12:45:57 -0300] "GET /static/assets/a59d3f98/themes/ui-lightness/images/ HTTP/1.1" 200 3385 "-" "Mozilla/5.0 (compatible; SemrushBot/7~bl; +http://www.semrush.com/bot.html)"
85.208.96.195 - - [17/Sep/2025:12:46:12 -0300] "GET /static/assets/a59d3f98/themes/sunny/images/ HTTP/1.1" 200 3564 "-" "Mozilla/5.0 (compatible; SemrushBot/7~bl; +http://www.semrush.com/bot.html)"
85.208.96.197 - - [17/Sep/2025:12:50:00 -0300] "GET /assets/e3647b5b/leaflet.markercluster/leaflet.markercluster.js.map HTTP/1.1" 200 27636 "-" "Mozilla/5.0 (compatible; SemrushBot/7~bl; +http://www.semrush.com/bot.html)"
85.208.96.203 - - [17/Sep/2025:12:52:44 -0300] "GET /static/assets/4a3d750a/scss/_rotated-flipped.scss HTTP/1.1" 200 672 "-" "Mozilla/5.0 (compatible; SemrushBot/7~bl; +http://www.semrush.com/bot.html)"
185.191.171.6 - - [17/Sep/2025:12:54:35 -0300] "GET /static/assets/a59d3f98/themes/black-tie/images/ HTTP/1.1" 200 3573 "-" "Mozilla/5.0 (compatible; SemrushBot/7~bl; +http://www.semrush.com/bot.html)"
185.191.171.18 - - [17/Sep/2025:13:02:19 -0300] "GET /assets/ce4b19d5/scss/_screen-reader.scss HTTP/1.1" 200 134 "-" "Mozilla/5.0 (compatible; SemrushBot/7~bl; +http://www.semrush.com/bot.html)"
185.191.171.14 - - [17/Sep/2025:13:04:43 -0300] "GET /static/assets/a59d3f98/themes/smoothness/images/ HTTP/1.1" 200 2936 "-" "Mozilla/5.0 (compatible; SemrushBot/7~bl; +http://www.semrush.com/bot.html)"
185.191.171.2 - - [17/Sep/2025:13:11:15 -0300] "GET /static/assets/9e2ce8c4/css/bootstrap.min.css.map HTTP/1.1" 200 540434 "-" "Mozilla/5.0 (compatible; SemrushBot/7~bl; +http://www.semrush.com/bot.html)"
85.208.96.195 - - [17/Sep/2025:13:17:26 -0300] "GET /assets/325d9b67/css/bootstrap-theme.css.map HTTP/1.1" 200 48005 "-" "Mozilla/5.0 (compatible; SemrushBot/7~bl; +http://www.semrush.com/bot.html)"
52.167.144.23 - - [17/Sep/2025:13:22:10 -0300] "GET /assets/f3e828b3/i18n/uk.js HTTP/1.1" 200 1156 "-" "Mozilla/5.0 AppleWebKit/537.36 (KHTML, like Gecko; compatible; bingbot/2.0; +http://www.bing.com/bingbot.htm) Chrome/116.0.1938.76 Safari/537.36"
185.191.171.6 - - [17/Sep/2025:13:22:14 -0300] "GET /static/assets/a59d3f98/themes/ui-lightness/images/ HTTP/1.1" 200 3385 "-" "Mozilla/5.0 (compatible; SemrushBot/7~bl; +http://www.semrush.com/bot.html)"
185.191.171.6 - - [17/Sep/2025:13:22:24 -0300] "GET /assets/19270a39/scss/_animated.scss HTTP/1.1" 200 715 "-" "Mozilla/5.0 (compatible; SemrushBot/7~bl; +http://www.semrush.com/bot.html)"
185.191.171.18 - - [17/Sep/2025:13:23:13 -0300] "GET /static/assets/4a3d750a/scss/_screen-reader.scss HTTP/1.1" 200 134 "-" "Mozilla/5.0 (compatible; SemrushBot/7~bl; +http://www.semrush.com/bot.html)"
85.208.96.194 - - [17/Sep/2025:13:23:39 -0300] "GET /assets/4f07b091/themes/smoothness/images/ HTTP/1.1" 200 2915 "-" "Mozilla/5.0 (compatible; SemrushBot/7~bl; +http://www.semrush.com/bot.html)"
185.191.171.18 - - [17/Sep/2025:13:23:45 -0300] "GET /assets/ce4b19d5/scss/_list.scss HTTP/1.1" 200 378 "-" "Mozilla/5.0 (compatible; SemrushBot/7~bl; +http://www.semrush.com/bot.html)"
66.249.75.4 - - [17/Sep/2025:13:28:55 -0300] "GET /static/img/emoji/Smirk.svg HTTP/1.1" 200 1402 "-" "Googlebot-Image/1.0"
85.208.96.195 - - [17/Sep/2025:13:29:18 -0300] "GET /assets/ce4b19d5/scss/_animated.scss HTTP/1.1" 200 715 "-" "Mozilla/5.0 (compatible; SemrushBot/7~bl; +http://www.semrush.com/bot.html)"
66.249.75.5 - - [17/Sep/2025:13:31:17 -0300] "GET /static/assets/a59d3f98/themes/hot-sneaks/images/ui-bg_white-lines_85_f7f7ba_40x100.png HTTP/1.1" 200 422 "-" "Googlebot-Image/1.0"
185.191.171.5 - - [17/Sep/2025:13:36:12 -0300] "GET /assets/616b1b12/css/bootstrap.css.map HTTP/1.1" 200 390887 "-" "Mozilla/5.0 (compatible; SemrushBot/7~bl; +http://www.semrush.com/bot.html)"
85.208.96.211 - - [17/Sep/2025:13:38:16 -0300] "GET /assets/2ec6b270/themes/dark-hive/images/ HTTP/1.1" 200 3149 "-" "Mozilla/5.0 (compatible; SemrushBot/7~bl; +http://www.semrush.com/bot.html)"
85.208.96.212 - - [17/Sep/2025:13:39:38 -0300] "GET /assets/2ec6b270/themes/blitzer/images/ HTTP/1.1" 200 2543 "-" "Mozilla/5.0 (compatible; SemrushBot/7~bl; +http://www.semrush.com/bot.html)"
85.208.96.212 - - [17/Sep/2025:13:39:57 -0300] "GET /assets/4f07b091/themes/pepper-grinder/images/ HTTP/1.1" 200 3773 "-" "Mozilla/5.0 (compatible; SemrushBot/7~bl; +http://www.semrush.com/bot.html)"
185.191.171.14 - - [17/Sep/2025:13:42:11 -0300] "GET /assets/2ec6b270/themes/smoothness/images/ HTTP/1.1" 200 2915 "-" "Mozilla/5.0 (compatible; SemrushBot/7~bl; +http://www.semrush.com/bot.html)"
185.191.171.19 - - [17/Sep/2025:13:43:08 -0300] "GET /assets/4f07b091/themes/start/images/ HTTP/1.1" 200 3516 "-" "Mozilla/5.0 (compatible; SemrushBot/7~bl; +http://www.semrush.com/bot.html)"
85.208.96.210 - - [17/Sep/2025:13:44:02 -0300] "GET /assets/4f07b091/themes/overcast/images/ HTTP/1.1" 200 2709 "-" "Mozilla/5.0 (compatible; SemrushBot/7~bl; +http://www.semrush.com/bot.html)"
85.208.96.200 - - [17/Sep/2025:13:45:23 -0300] "GET /assets/4f07b091/themes/sunny/images/ HTTP/1.1" 200 3543 "-" "Mozilla/5.0 (compatible; SemrushBot/7~bl; +http://www.semrush.com/bot.html)"
66.249.75.6 - - [17/Sep/2025:13:46:40 -0300] "GET /assets/f7a28d59/screen3.PNG HTTP/1.1" 200 24281 "-" "Googlebot-Image/1.0"
85.208.96.197 - - [17/Sep/2025:13:47:03 -0300] "GET /assets/e93843c3/tinymce/plugins/codemirror/source.html HTTP/1.1" 200 8910 "-" "Mozilla/5.0 (compatible; SemrushBot/7~bl; +http://www.semrush.com/bot.html)"
207.46.13.102 - - [17/Sep/2025:13:48:44 -0300] "GET /assets/76fb6d41/i18n/de.js HTTP/1.1" 200 866 "-" "Mozilla/5.0 AppleWebKit/537.36 (KHTML, like Gecko; compatible; bingbot/2.0; +http://www.bing.com/bingbot.htm) Chrome/116.0.1938.76 Safari/537.36"
185.191.171.15 - - [17/Sep/2025:13:51:46 -0300] "GET /assets/19270a39/scss/_list.scss HTTP/1.1" 200 378 "-" "Mozilla/5.0 (compatible; SemrushBot/7~bl; +http://www.semrush.com/bot.html)"
66.249.75.6 - - [17/Sep/2025:13:56:09 -0300] "GET /assets/4772666/module_image.png HTTP/1.1" 200 3841 "-" "Googlebot-Image/1.0"
185.191.171.17 - - [17/Sep/2025:13:59:27 -0300] "GET /assets/2ec6b270/themes/ui-lightness/images/ HTTP/1.1" 200 3364 "-" "Mozilla/5.0 (compatible; SemrushBot/7~bl; +http://www.semrush.com/bot.html)"
85.208.96.207 - - [17/Sep/2025:14:02:59 -0300] "GET /static/assets/a59d3f98/themes/redmond/images/ HTTP/1.1" 200 3333 "-" "Mozilla/5.0 (compatible; SemrushBot/7~bl; +http://www.semrush.com/bot.html)"
66.249.75.6 - - [17/Sep/2025:14:03:15 -0300] "GET /static/img/emoji/Angry.svg HTTP/1.1" 200 1268 "-" "Googlebot-Image/1.0"
85.208.96.199 - - [17/Sep/2025:14:03:17 -0300] "GET /static/assets/4a3d750a/scss/_bordered-pulled.scss HTTP/1.1" 200 592 "-" "Mozilla/5.0 (compatible; SemrushBot/7~bl; +http://www.semrush.com/bot.html)"
185.191.171.13 - - [17/Sep/2025:14:04:34 -0300] "GET /assets/19270a39/scss/_path.scss HTTP/1.1" 200 783 "-" "Mozilla/5.0 (compatible; SemrushBot/7~bl; +http://www.semrush.com/bot.html)"
85.208.96.208 - - [17/Sep/2025:14:08:32 -0300] "GET /assets/85c413d2/js/theme/bootstrap/ HTTP/1.1" 200 2108 "-" "Mozilla/5.0 (compatible; SemrushBot/7~bl; +http://www.semrush.com/bot.html)"
185.191.171.11 - - [17/Sep/2025:14:08:50 -0300] "GET /assets/2ec6b270/themes/dot-luv/images/ HTTP/1.1" 200 2729 "-" "Mozilla/5.0 (compatible; SemrushBot/7~bl; +http://www.semrush.com/bot.html)"
85.208.96.194 - - [17/Sep/2025:14:10:02 -0300] "GET /robots.txt HTTP/1.1" 404 - "-" "Mozilla/5.0 (compatible; SemrushBot/7~bl; +http://www.semrush.com/bot.html)"
185.191.171.8 - - [17/Sep/2025:14:10:03 -0300] "GET /assets/19270a39/scss/_mixins.scss HTTP/1.1" 200 1637 "-" "Mozilla/5.0 (compatible; SemrushBot/7~bl; +http://www.semrush.com/bot.html)"
66.249.75.6 - - [17/Sep/2025:14:10:21 -0300] "GET /assets/90f774c0/screen1.jpg HTTP/1.1" 200 200185 "-" "Googlebot-Image/1.0"
185.191.171.6 - - [17/Sep/2025:14:12:12 -0300] "GET /assets/2ec6b270/themes/start/images/ HTTP/1.1" 200 3516 "-" "Mozilla/5.0 (compatible; SemrushBot/7~bl; +http://www.semrush.com/bot.html)"
85.208.96.194 - - [17/Sep/2025:14:12:30 -0300] "GET /static/js/colorpicker/img/bootstrap-colorpicker/ HTTP/1.1" 200 1618 "-" "Mozilla/5.0 (compatible; SemrushBot/7~bl; +http://www.semrush.com/bot.html)"
185.191.171.13 - - [17/Sep/2025:14:13:46 -0300] "GET /static/assets/9e2ce8c4/css/bootstrap-theme.css.map HTTP/1.1" 200 48005 "-" "Mozilla/5.0 (compatible; SemrushBot/7~bl; +http://www.semrush.com/bot.html)"
192.178.6.3 - - [17/Sep/2025:14:15:06 -0300] "GET /assets/97977d77/img/icon_search16x16.png HTTP/1.1" 200 1238 "-" "Googlebot-Image/1.0"
185.191.171.5 - - [17/Sep/2025:14:16:07 -0300] "GET /assets/4f07b091/themes/blitzer/images/ HTTP/1.1" 200 2543 "-" "Mozilla/5.0 (compatible; SemrushBot/7~bl; +http://www.semrush.com/bot.html)"
85.208.96.211 - - [17/Sep/2025:14:16:11 -0300] "GET /assets/ce4b19d5/scss/_animated.scss HTTP/1.1" 200 715 "-" "Mozilla/5.0 (compatible; SemrushBot/7~bl; +http://www.semrush.com/bot.html)"
66.249.75.5 - - [17/Sep/2025:14:17:28 -0300] "GET /static/img/humhub_pro.jpg HTTP/1.1" 200 7205 "-" "Googlebot-Image/1.0"
52.167.144.203 - - [17/Sep/2025:14:17:33 -0300] "GET /assets/2ec6b270/ui/effects/effect-size.js HTTP/1.1" 200 5333 "-" "Mozilla/5.0 AppleWebKit/537.36 (KHTML, like Gecko; compatible; bingbot/2.0; +http://www.bing.com/bingbot.htm) Chrome/116.0.1938.76 Safari/537.36"
185.191.171.3 - - [17/Sep/2025:14:24:16 -0300] "GET /assets/19270a39/scss/_bordered-pulled.scss HTTP/1.1" 200 592 "-" "Mozilla/5.0 (compatible; SemrushBot/7~bl; +http://www.semrush.com/bot.html)"
185.191.171.12 - - [17/Sep/2025:14:25:05 -0300] "GET /assets/2ec6b270/themes/excite-bike/images/ HTTP/1.1" 200 2965 "-" "Mozilla/5.0 (compatible; SemrushBot/7~bl; +http://www.semrush.com/bot.html)"
66.249.75.6 - - [17/Sep/2025:14:26:56 -0300] "GET /assets/f8e848ce/bgImage1.jpg HTTP/1.1" 200 1216004 "-" "Googlebot-Image/1.0"
85.208.96.201 - - [17/Sep/2025:14:27:54 -0300] "GET /assets/90341461/theme/bootstrap/package.json HTTP/1.1" 200 1800 "-" "Mozilla/5.0 (compatible; SemrushBot/7~bl; +http://www.semrush.com/bot.html)"
185.191.171.12 - - [17/Sep/2025:14:29:40 -0300] "GET /static/assets/a59d3f98/themes/cupertino/images/ HTTP/1.1" 200 3377 "-" "Mozilla/5.0 (compatible; SemrushBot/7~bl; +http://www.semrush.com/bot.html)"
85.208.96.193 - - [17/Sep/2025:14:30:42 -0300] "GET /static/assets/a59d3f98/themes/flick/images/ HTTP/1.1" 200 2536 "-" "Mozilla/5.0 (compatible; SemrushBot/7~bl; +http://www.semrush.com/bot.html)"
207.46.13.230 - - [17/Sep/2025:14:36:11 -0300] "GET /robots.txt HTTP/1.1" 404 - "-" "Mozilla/5.0 AppleWebKit/537.36 (KHTML, like Gecko; compatible; bingbot/2.0; +http://www.bing.com/bingbot.htm) Chrome/116.0.1938.76 Safari/537.36"
157.55.39.205 - - [17/Sep/2025:14:36:15 -0300] "GET /sitemaps.xml HTTP/1.1" 404 - "-" "Mozilla/5.0 AppleWebKit/537.36 (KHTML, like Gecko; compatible; bingbot/2.0; +http://www.bing.com/bingbot.htm) Chrome/116.0.1938.76 Safari/537.36"
192.178.6.3 - - [17/Sep/2025:14:38:47 -0300] "GET /assets/19076be7/screen3.PNG HTTP/1.1" 200 70958 "-" "Googlebot-Image/1.0"
185.191.171.11 - - [17/Sep/2025:14:39:32 -0300] "GET /static/assets/a59d3f98/themes/blitzer/images/ HTTP/1.1" 200 2564 "-" "Mozilla/5.0 (compatible; SemrushBot/7~bl; +http://www.semrush.com/bot.html)"
85.208.96.195 - - [17/Sep/2025:14:43:14 -0300] "GET /themes/HumHub/ico/ HTTP/1.1" 200 5902 "-" "Mozilla/5.0 (compatible; SemrushBot/7~bl; +http://www.semrush.com/bot.html)"
66.249.75.4 - - [17/Sep/2025:14:43:31 -0300] "GET /static/img/emoji/Innocent.svg HTTP/1.1" 200 1268 "-" "Googlebot-Image/1.0"
85.208.96.210 - - [17/Sep/2025:14:43:49 -0300] "GET /assets/bbca6024/ico/manifest.json HTTP/1.1" 200 704 "-" "Mozilla/5.0 (compatible; SemrushBot/7~bl; +http://www.semrush.com/bot.html)"
185.191.171.14 - - [17/Sep/2025:14:45:05 -0300] "GET /assets/4f07b091/themes/cupertino/images/ HTTP/1.1" 200 3356 "-" "Mozilla/5.0 (compatible; SemrushBot/7~bl; +http://www.semrush.com/bot.html)"
85.208.96.204 - - [17/Sep/2025:14:45:22 -0300] "GET /static/assets/a59d3f98/themes/ui-darkness/images/ HTTP/1.1" 200 3158 "-" "Mozilla/5.0 (compatible; SemrushBot/7~bl; +http://www.semrush.com/bot.html)"
85.208.96.194 - - [17/Sep/2025:14:46:19 -0300] "GET /assets/e93843c3/tinymce/plugins/codemirror/langs/ HTTP/1.1" 200 2650 "-" "Mozilla/5.0 (compatible; SemrushBot/7~bl; +http://www.semrush.com/bot.html)"
185.191.171.16 - - [17/Sep/2025:14:51:34 -0300] "GET /static/assets/a59d3f98/themes/overcast/images/ HTTP/1.1" 200 2730 "-" "Mozilla/5.0 (compatible; SemrushBot/7~bl; +http://www.semrush.com/bot.html)"
185.191.171.5 - - [17/Sep/2025:14:56:04 -0300] "GET /assets/90341461/theme/bootstrap/main.d.ts HTTP/1.1" 200 351 "-" "Mozilla/5.0 (compatible; SemrushBot/7~bl; +http://www.semrush.com/bot.html)"
104.210.140.128 - - [17/Sep/2025:15:03:08 -0300] "GET /robots.txt HTTP/1.1" 404 - "-" "Mozilla/5.0 (Macintosh; Intel Mac OS X 10_15_7) AppleWebKit/537.36 (KHTML, like Gecko) Chrome/131.0.0.0 Safari/537.36; compatible; OAI-SearchBot/1.0; +https://openai.com/searchbot"
85.208.96.211 - - [17/Sep/2025:15:03:51 -0300] "GET /assets/19270a39/scss/_icons.scss HTTP/1.1" 200 50498 "-" "Mozilla/5.0 (compatible; SemrushBot/7~bl; +http://www.semrush.com/bot.html)"
85.208.96.200 - - [17/Sep/2025:15:05:55 -0300] "GET /assets/325d9b67/css/bootstrap-theme.min.css.map HTTP/1.1" 200 75600 "-" "Mozilla/5.0 (compatible; SemrushBot/7~bl; +http://www.semrush.com/bot.html)"
185.191.171.11 - - [17/Sep/2025:15:06:52 -0300] "GET /assets/2ec6b270/themes/black-tie/images/ HTTP/1.1" 200 3552 "-" "Mozilla/5.0 (compatible; SemrushBot/7~bl; +http://www.semrush.com/bot.html)"
85.208.96.204 - - [17/Sep/2025:15:08:20 -0300] "GET /assets/19270a39/scss/_rotated-flipped.scss HTTP/1.1" 200 672 "-" "Mozilla/5.0 (compatible; SemrushBot/7~bl; +http://www.semrush.com/bot.html)"
185.191.171.8 - - [17/Sep/2025:15:09:27 -0300] "GET /assets/325d9b67/css/bootstrap-theme.css.map HTTP/1.1" 200 48005 "-" "Mozilla/5.0 (compatible; SemrushBot/7~bl; +http://www.semrush.com/bot.html)"
85.208.96.205 - - [17/Sep/2025:15:10:39 -0300] "GET /robots.txt HTTP/1.1" 404 - "-" "Mozilla/5.0 (compatible; SemrushBot/7~bl; +http://www.semrush.com/bot.html)"
185.191.171.6 - - [17/Sep/2025:15:10:40 -0300] "GET /assets/ce4b19d5/css/font-awesome.css.map HTTP/1.1" 200 21778 "-" "Mozilla/5.0 (compatible; SemrushBot/7~bl; +http://www.semrush.com/bot.html)"
66.249.75.5 - - [17/Sep/2025:15:10:48 -0300] "GET /robots.txt HTTP/1.1" 404 - "-" "Mozilla/5.0 (compatible; Googlebot/2.1; +http://www.google.com/bot.html)"
66.249.75.4 - - [17/Sep/2025:15:10:48 -0300] "GET /assets/97977d77/ico/apple-icon-180x180.png HTTP/1.1" 200 7374 "-" "Googlebot-Image/1.0"
85.208.96.197 - - [17/Sep/2025:15:11:20 -0300] "GET /assets/2ec6b270/themes/south-street/images/ HTTP/1.1" 200 3785 "-" "Mozilla/5.0 (compatible; SemrushBot/7~bl; +http://www.semrush.com/bot.html)"
192.178.6.5 - - [17/Sep/2025:15:14:48 -0300] "GET /robots.txt HTTP/1.1" 404 - "-" "Mozilla/5.0 (compatible; Googlebot/2.1; +http://www.google.com/bot.html)"
192.178.6.4 - - [17/Sep/2025:15:14:48 -0300] "GET /assets/19076be7/plus-circle.svg HTTP/1.1" 200 458 "-" "Googlebot-Image/1.0"
85.208.96.197 - - [17/Sep/2025:15:16:10 -0300] "GET /robots.txt HTTP/1.1" 404 - "-" "Mozilla/5.0 (compatible; SemrushBot/7~bl; +http://www.semrush.com/bot.html)"
85.208.96.210 - - [17/Sep/2025:15:16:11 -0300] "GET /static/assets/9e2ce8c4/css/bootstrap-theme.css.map HTTP/1.1" 200 48005 "-" "Mozilla/5.0 (compatible; SemrushBot/7~bl; +http://www.semrush.com/bot.html)"
185.191.171.2 - - [17/Sep/2025:15:16:48 -0300] "GET /assets/2ec6b270/themes/trontastic/images/ HTTP/1.1" 200 3337 "-" "Mozilla/5.0 (compatible; SemrushBot/7~bl; +http://www.semrush.com/bot.html)"
157.55.39.12 - - [17/Sep/2025:15:19:23 -0300] "GET /assets/76b273f5/addon/search/searchcursor.js HTTP/1.1" 200 12234 "-" "Mozilla/5.0 AppleWebKit/537.36 (KHTML, like Gecko; compatible; bingbot/2.0; +http://www.bing.com/bingbot.htm) Chrome/116.0.1938.76 Safari/537.36"
85.208.96.211 - - [17/Sep/2025:15:29:28 -0300] "GET /assets/4f07b091/themes/blitzer/images/ HTTP/1.1" 200 2543 "-" "Mozilla/5.0 (compatible; SemrushBot/7~bl; +http://www.semrush.com/bot.html)"
185.191.171.14 - - [17/Sep/2025:15:33:12 -0300] "GET /assets/2ec6b270/themes/cupertino/images/ HTTP/1.1" 200 3356 "-" "Mozilla/5.0 (compatible; SemrushBot/7~bl; +http://www.semrush.com/bot.html)"
66.249.75.4 - - [17/Sep/2025:15:35:31 -0300] "GET /assets/e93843c3/bgImage1.jpg HTTP/1.1" 200 1216004 "-" "Googlebot-Image/1.0"
185.191.171.19 - - [17/Sep/2025:15:37:50 -0300] "GET /assets/2ec6b270/themes/black-tie/images/ HTTP/1.1" 200 3552 "-" "Mozilla/5.0 (compatible; SemrushBot/7~bl; +http://www.semrush.com/bot.html)"
185.191.171.19 - - [17/Sep/2025:15:46:28 -0300] "GET /assets/4f07b091/themes/flick/images/ HTTP/1.1" 200 2515 "-" "Mozilla/5.0 (compatible; SemrushBot/7~bl; +http://www.semrush.com/bot.html)"
157.55.39.203 - - [17/Sep/2025:15:48:18 -0300] "GET /sitemaps.xml HTTP/1.1" 404 - "-" "Mozilla/5.0 AppleWebKit/537.36 (KHTML, like Gecko; compatible; bingbot/2.0; +http://www.bing.com/bingbot.htm) Chrome/116.0.1938.76 Safari/537.36"
66.249.75.6 - - [17/Sep/2025:15:49:46 -0300] "GET /static/img/play-pause.svg HTTP/1.1" 200 382 "-" "Googlebot-Image/1.0"
192.178.6.3 - - [17/Sep/2025:15:55:11 -0300] "GET /assets/bbca6024/img/mime/image.png HTTP/1.1" 200 1206 "-" "Googlebot-Image/1.0"
192.178.6.3 - - [17/Sep/2025:16:00:12 -0300] "GET /assets/85c413d2/screen3.jpg HTTP/1.1" 200 170001 "-" "Googlebot-Image/1.0"
85.208.96.204 - - [17/Sep/2025:16:02:13 -0300] "GET /static/assets/4a3d750a/scss/_icons.scss HTTP/1.1" 200 50498 "-" "Mozilla/5.0 (compatible; SemrushBot/7~bl; +http://www.semrush.com/bot.html)"
66.249.75.5 - - [17/Sep/2025:16:04:13 -0300] "GET /static/img/emoji/Joy.svg HTTP/1.1" 200 2227 "-" "Googlebot-Image/1.0"
66.249.75.5 - - [17/Sep/2025:16:06:13 -0300] "GET /assets/e93843c3/module_image.png HTTP/1.1" 200 8466 "-" "Googlebot-Image/1.0"
66.249.75.6 - - [17/Sep/2025:16:07:13 -0300] "GET /assets/bbca6024/ico/favicon-96x96.png HTTP/1.1" 200 2685 "-" "Googlebot-Image/1.0"
185.191.171.15 - - [17/Sep/2025:16:07:22 -0300] "GET /assets/ce4b19d5/scss/_rotated-flipped.scss HTTP/1.1" 200 672 "-" "Mozilla/5.0 (compatible; SemrushBot/7~bl; +http://www.semrush.com/bot.html)"
85.208.96.208 - - [17/Sep/2025:16:08:28 -0300] "GET /themes/HumHub/views/layouts/ HTTP/1.1" 200 840 "-" "Mozilla/5.0 (compatible; SemrushBot/7~bl; +http://www.semrush.com/bot.html)"
85.208.96.212 - - [17/Sep/2025:16:09:54 -0300] "GET /assets/4f07b091/themes/ui-lightness/images/ HTTP/1.1" 200 3364 "-" "Mozilla/5.0 (compatible; SemrushBot/7~bl; +http://www.semrush.com/bot.html)"
157.55.39.197 - - [17/Sep/2025:16:11:36 -0300] "GET /assets/76fb6d41/i18n/bs.js HTTP/1.1" 200 965 "-" "Mozilla/5.0 AppleWebKit/537.36 (KHTML, like Gecko; compatible; bingbot/2.0; +http://www.bing.com/bingbot.htm) Chrome/116.0.1938.76 Safari/537.36"
185.191.171.17 - - [17/Sep/2025:16:12:41 -0300] "GET /robots.txt HTTP/1.1" 404 - "-" "Mozilla/5.0 (compatible; SemrushBot/7~bl; +http://www.semrush.com/bot.html)"
85.208.96.200 - - [17/Sep/2025:16:12:41 -0300] "GET /static/assets/4a3d750a/css/font-awesome.css.map HTTP/1.1" 200 21778 "-" "Mozilla/5.0 (compatible; SemrushBot/7~bl; +http://www.semrush.com/bot.html)"
66.249.75.4 - - [17/Sep/2025:16:19:15 -0300] "GET /assets/d59fb45a/module_image.png HTTP/1.1" 200 2778 "-" "Googlebot-Image/1.0"
66.249.75.4 - - [17/Sep/2025:16:20:55 -0300] "GET /assets/siteicons/140x140.png HTTP/1.1" 200 21754 "-" "Googlebot-Image/1.0"
185.191.171.2 - - [17/Sep/2025:16:22:58 -0300] "GET /robots.txt HTTP/1.1" 404 - "-" "Mozilla/5.0 (compatible; SemrushBot/7~bl; +http://www.semrush.com/bot.html)"
185.191.171.9 - - [17/Sep/2025:16:22:59 -0300] "GET /assets/19270a39/scss/_animated.scss HTTP/1.1" 200 715 "-" "Mozilla/5.0 (compatible; SemrushBot/7~bl; +http://www.semrush.com/bot.html)"
192.178.6.3 - - [17/Sep/2025:16:25:11 -0300] "GET /assets/90f774c0/module_image.png HTTP/1.1" 200 13141 "-" "Googlebot-Image/1.0"
185.191.171.14 - - [17/Sep/2025:16:26:17 -0300] "GET /assets/ce4b19d5/scss/_list.scss HTTP/1.1" 200 378 "-" "Mozilla/5.0 (compatible; SemrushBot/7~bl; +http://www.semrush.com/bot.html)"
49.51.132.100 - - [17/Sep/2025:16:27:30 -0300] "GET / HTTP/1.1" 200 1872 "-" "Mozilla/5.0 (iPhone; CPU iPhone OS 13_2_3 like Mac OS X) AppleWebKit/605.1.15 (KHTML, like Gecko) Version/13.0.3 Mobile/15E148 Safari/604.1"
185.191.171.5 - - [17/Sep/2025:16:33:48 -0300] "GET /assets/ce4b19d5/scss/_fixed-width.scss HTTP/1.1" 200 120 "-" "Mozilla/5.0 (compatible; SemrushBot/7~bl; +http://www.semrush.com/bot.html)"
66.249.75.5 - - [17/Sep/2025:16:36:06 -0300] "GET /assets/90f774c0/module_image.png HTTP/1.1" 200 13141 "-" "Googlebot-Image/1.0"
157.55.39.55 - - [17/Sep/2025:16:38:37 -0300] "GET /assets/2ec6b270/ui/minified/i18n/datepicker-nn.js HTTP/1.1" 200 891 "-" "Mozilla/5.0 AppleWebKit/537.36 (KHTML, like Gecko; compatible; bingbot/2.0; +http://www.bing.com/bingbot.htm) Chrome/116.0.1938.76 Safari/537.36"
192.178.6.3 - - [17/Sep/2025:16:39:07 -0300] "GET /assets/baec620/directorylist/page_white_php.png HTTP/1.1" 200 538 "-" "Googlebot-Image/1.0"
85.208.96.206 - - [17/Sep/2025:16:40:33 -0300] "GET /assets/2ec6b270/themes/dot-luv/images/ HTTP/1.1" 200 2729 "-" "Mozilla/5.0 (compatible; SemrushBot/7~bl; +http://www.semrush.com/bot.html)"
66.249.75.4 - - [17/Sep/2025:16:43:07 -0300] "GET /assets/97977d77/ico/apple-icon-152x152.png HTTP/1.1" 200 6128 "-" "Googlebot-Image/1.0"
85.208.96.199 - - [17/Sep/2025:16:44:04 -0300] "GET /assets/2ec6b270/themes/pepper-grinder/images/ HTTP/1.1" 200 3773 "-" "Mozilla/5.0 (compatible; SemrushBot/7~bl; +http://www.semrush.com/bot.html)"
185.191.171.19 - - [17/Sep/2025:16:44:33 -0300] "GET /static/assets/a59d3f98/themes/base/images/ HTTP/1.1" 200 2096 "-" "Mozilla/5.0 (compatible; SemrushBot/7~bl; +http://www.semrush.com/bot.html)"
185.191.171.18 - - [17/Sep/2025:16:53:58 -0300] "GET /assets/4f07b091/themes/base/images/ HTTP/1.1" 200 2075 "-" "Mozilla/5.0 (compatible; SemrushBot/7~bl; +http://www.semrush.com/bot.html)"
185.191.171.10 - - [17/Sep/2025:16:55:23 -0300] "GET /assets/19270a39/scss/_variables.scss HTTP/1.1" 200 22644 "-" "Mozilla/5.0 (compatible; SemrushBot/7~bl; +http://www.semrush.com/bot.html)"
66.249.75.4 - - [17/Sep/2025:16:55:49 -0300] "GET /assets/207c3e79/screen1.png HTTP/1.1" 200 139774 "-" "Googlebot-Image/1.0"
185.191.171.7 - - [17/Sep/2025:16:57:37 -0300] "GET /assets/2ec6b270/themes/ui-lightness/images/ HTTP/1.1" 200 3364 "-" "Mozilla/5.0 (compatible; SemrushBot/7~bl; +http://www.semrush.com/bot.html)"
185.191.171.16 - - [17/Sep/2025:17:06:48 -0300] "GET /static/assets/4a3d750a/scss/_icons.scss HTTP/1.1" 200 50498 "-" "Mozilla/5.0 (compatible; SemrushBot/7~bl; +http://www.semrush.com/bot.html)"
52.167.144.166 - - [17/Sep/2025:17:08:20 -0300] "GET /assets/76b273f5/src/model/line_widget.js HTTP/1.1" 200 2870 "-" "Mozilla/5.0 AppleWebKit/537.36 (KHTML, like Gecko; compatible; bingbot/2.0; +http://www.bing.com/bingbot.htm) Chrome/116.0.1938.76 Safari/537.36"
40.77.167.65 - - [17/Sep/2025:17:14:26 -0300] "GET /assets/76b273f5/src/display/scrolling.js HTTP/1.1" 200 8213 "-" "Mozilla/5.0 AppleWebKit/537.36 (KHTML, like Gecko; compatible; bingbot/2.0; +http://www.bing.com/bingbot.htm) Chrome/116.0.1938.76 Safari/537.36"
66.249.75.6 - - [17/Sep/2025:17:16:08 -0300] "GET /assets/ff08741/module_image.png HTTP/1.1" 200 17274 "-" "Googlebot-Image/1.0"
85.208.96.193 - - [17/Sep/2025:17:19:13 -0300] "GET /robots.txt HTTP/1.1" 404 - "-" "Mozilla/5.0 (compatible; SemrushBot/7~bl; +http://www.semrush.com/bot.html)"
185.191.171.4 - - [17/Sep/2025:17:19:13 -0300] "GET /assets/19270a39/scss/_core.scss HTTP/1.1" 200 459 "-" "Mozilla/5.0 (compatible; SemrushBot/7~bl; +http://www.semrush.com/bot.html)"
