[Fri Aug 08 04:53:18.660375 2025] [authz_core:error] [pid 488871:tid 488988] [client 34.194.233.48:19855] AH01630: client denied by server configuration: /home/vacivi36/dossteste.vacivitta.com.br/vendor/rector/rector/vendor/ssch/typo3-rector/src/Rector/v9/v2/error_log
[Fri Aug 08 04:53:27.270117 2025] [authz_core:error] [pid 488874:tid 488970] [client 23.23.104.107:16171] AH01630: client denied by server configuration: /home/vacivi36/dossteste.vacivitta.com.br/vendor/rector/rector/vendor/ssch/typo3-rector/src/Rector/v10/v1/error_log
[Fri Aug 08 04:53:31.598201 2025] [authz_core:error] [pid 488871:tid 488964] [client 3.211.105.134:55157] AH01630: client denied by server configuration: /home/vacivi36/dossteste.vacivitta.com.br/vendor/rector/rector/vendor/ssch/typo3-rector/src/Rector/v10/v3/error_log
[Fri Aug 08 04:53:39.330156 2025] [authz_core:error] [pid 488875:tid 488924] [client 52.3.127.170:13976] AH01630: client denied by server configuration: /home/vacivi36/dossteste.vacivitta.com.br/vendor/rector/rector/vendor/nikic/php-parser/lib/PhpParser/Node/Stmt/error_log
[Fri Aug 08 04:53:46.893129 2025] [authz_core:error] [pid 488873:tid 488890] [client 34.231.77.232:47084] AH01630: client denied by server configuration: /home/vacivi36/dossteste.vacivitta.com.br/vendor/rector/rector/vendor/tracy/tracy/src/Tracy/Bar/assets/error_log
[Fri Aug 08 04:53:50.848370 2025] [authz_core:error] [pid 488875:tid 488927] [client 54.210.155.69:57635] AH01630: client denied by server configuration: /home/vacivi36/dossteste.vacivitta.com.br/vendor/rector/rector/vendor/nikic/php-parser/lib/PhpParser/Builder/error_log
[Fri Aug 08 05:17:32.732208 2025] [mpm_event:notice] [pid 483488:tid 483488] AH00491: caught SIGTERM, shutting down
[Fri Aug 08 05:17:32.748703 2025] [:notice] [pid 488866:tid 488866] [host vps-14263796.vacivitta.com.br] mod_lsapi:  Selfstarter 488866 stopped
[Fri Aug 08 05:17:33.476456 2025] [security2:notice] [pid 643068:tid 643068] ModSecurity for Apache/2.9.11 (http://www.modsecurity.org/) configured.
[Fri Aug 08 05:17:33.476535 2025] [security2:notice] [pid 643068:tid 643068] ModSecurity: APR compiled version="1.7.6"; loaded version="1.7.6"
[Fri Aug 08 05:17:33.476540 2025] [security2:notice] [pid 643068:tid 643068] ModSecurity: PCRE2 compiled version="10.40 "; loaded version="10.40 2022-04-14"
[Fri Aug 08 05:17:33.476543 2025] [security2:notice] [pid 643068:tid 643068] ModSecurity: LUA compiled version="Lua 5.4"
[Fri Aug 08 05:17:33.476545 2025] [security2:notice] [pid 643068:tid 643068] ModSecurity: YAJL compiled version="2.1.0"
[Fri Aug 08 05:17:33.476546 2025] [security2:notice] [pid 643068:tid 643068] ModSecurity: LIBXML compiled version="2.13.8"
[Fri Aug 08 05:17:33.476548 2025] [security2:notice] [pid 643068:tid 643068] ModSecurity: Status engine is currently disabled, enable it by set SecStatusEngine to On.
[Fri Aug 08 05:17:33.480663 2025] [suexec:notice] [pid 643068:tid 643068] AH01232: suEXEC mechanism enabled (wrapper: /usr/sbin/suexec)
[Fri Aug 08 05:17:33.514945 2025] [lsapi:notice] [pid 643088:tid 643088] mod_lsapi:  version 1.1-81
[Fri Aug 08 05:17:33.518580 2025] [:notice] [pid 643092:tid 643092] [host vps-14263796.vacivitta.com.br] mod_lsapi:  Selfstarter 643092 started
[Fri Aug 08 05:17:33.549941 2025] [mpm_event:notice] [pid 643088:tid 643088] AH00489: Apache/2.4.63 (cPanel) OpenSSL/3.2.2 mod_bwlimited/1.4 configured -- resuming normal operations
[Fri Aug 08 05:17:33.550008 2025] [core:notice] [pid 643088:tid 643088] AH00094: Command line: '/usr/sbin/httpd'
[Fri Aug 08 05:17:41.660908 2025] [mpm_event:notice] [pid 643088:tid 643088] AH00493: SIGUSR1 received.  Doing graceful restart
[Fri Aug 08 05:17:42.668051 2025] [:notice] [pid 643092:tid 643092] [host vps-14263796.vacivitta.com.br] mod_lsapi:  Selfstarter 643092 stopped
[Fri Aug 08 05:17:42.705760 2025] [lsapi:notice] [pid 643088:tid 643088] mod_lsapi:  version 1.1-81
[Fri Aug 08 05:17:42.706802 2025] [:notice] [pid 643337:tid 643337] [host vps-14263796.vacivitta.com.br] mod_lsapi:  Selfstarter 643337 started
[Fri Aug 08 05:17:42.732452 2025] [mpm_event:notice] [pid 643088:tid 643088] AH00489: Apache/2.4.63 (cPanel) OpenSSL/3.2.2 mod_bwlimited/1.4 configured -- resuming normal operations
[Fri Aug 08 05:17:42.732505 2025] [core:notice] [pid 643088:tid 643088] AH00094: Command line: '/usr/sbin/httpd'
[Fri Aug 08 05:22:15.277771 2025] [authz_core:error] [pid 643342:tid 643415] [client 52.3.104.214:62263] AH01630: client denied by server configuration: /home/vacivi36/dossteste.vacivitta.com.br/vendor/rector/rector/vendor/ssch/typo3-rector/src/FileProcessor/TypoScript/Conditions/error_log
[Fri Aug 08 05:22:22.552521 2025] [authz_core:error] [pid 643425:tid 643468] [client 18.213.70.100:16600] AH01630: client denied by server configuration: /home/vacivi36/dossteste.vacivitta.com.br/vendor/rector/rector/vendor/symfony/process/error_log
[Fri Aug 08 05:23:07.225655 2025] [authz_core:error] [pid 643426:tid 643456] [client 3.222.190.107:12326] AH01630: client denied by server configuration: /home/vacivi36/dossteste.vacivitta.com.br/vendor/rector/rector/vendor/ssch/typo3-rector/src/Rector/v7/v0/error_log
[Fri Aug 08 05:23:14.916637 2025] [authz_core:error] [pid 643342:tid 643415] [client 34.194.14.255:50286] AH01630: client denied by server configuration: /home/vacivi36/dossteste.vacivitta.com.br/vendor/rector/rector/vendor/ssch/typo3-rector/src/Rector/v9/v3/error_log
[Fri Aug 08 05:23:18.888858 2025] [authz_core:error] [pid 643342:tid 643416] [client 44.223.193.255:12948] AH01630: client denied by server configuration: /home/vacivi36/dossteste.vacivitta.com.br/vendor/rector/rector/vendor/ssch/typo3-rector/src/Rector/v7/v4/error_log
[Fri Aug 08 05:23:38.654468 2025] [authz_core:error] [pid 643340:tid 643367] [client 54.90.244.132:16556] AH01630: client denied by server configuration: /home/vacivi36/dossteste.vacivitta.com.br/vendor/rector/rector/vendor/nikic/php-parser/lib/PhpParser/Node/Expr/error_log
[Fri Aug 08 05:38:54.078740 2025] [cgid:error] [pid 643340:tid 643358] [client 101.36.118.228:37106] AH01264: stderr from /usr/local/cpanel/cgi-sys/favicon.ico: script not found or unable to stat, referer: http://mail.vps-14263796.vacivitta.com.br
[Fri Aug 08 05:38:54.099493 2025] [cgid:error] [pid 643425:tid 643439] [client 118.193.38.85:47030] AH01264: stderr from /usr/local/cpanel/cgi-sys/favicon.ico: script not found or unable to stat, referer: http://www.vps-14263796.vacivitta.com.br
[Fri Aug 08 05:50:39.364546 2025] [authz_core:error] [pid 643341:tid 643388] [client 44.221.105.234:14143] AH01630: client denied by server configuration: /home/vacivi36/dossteste.vacivitta.com.br/vendor/rector/rector/vendor/ssch/typo3-rector/src/Rector/v7/v5/error_log
[Fri Aug 08 05:50:43.439000 2025] [authz_core:error] [pid 643425:tid 643439] [client 52.204.89.12:24858] AH01630: client denied by server configuration: /home/vacivi36/dossteste.vacivitta.com.br/vendor/rector/rector/vendor/nikic/php-parser/lib/PhpParser/Node/Stmt/TraitUseAdaptation/error_log
[Fri Aug 08 05:50:51.403508 2025] [authz_core:error] [pid 643425:tid 643445] [client 184.73.167.217:51162] AH01630: client denied by server configuration: /home/vacivi36/dossteste.vacivitta.com.br/vendor/rector/rector/vendor/rector/rector-nette/packages/NeonParser/Node/Service_/error_log
[Fri Aug 08 05:50:55.106317 2025] [authz_core:error] [pid 643425:tid 643447] [client 3.218.35.239:19702] AH01630: client denied by server configuration: /home/vacivi36/dossteste.vacivitta.com.br/vendor/rector/rector/vendor/symplify/astral/src/NodeVisitor/error_log
[Fri Aug 08 05:51:05.245207 2025] [authz_core:error] [pid 643426:tid 643454] [client 3.217.171.106:3965] AH01630: client denied by server configuration: /home/vacivi36/dossteste.vacivitta.com.br/vendor/rector/rector/vendor/doctrine/inflector/lib/Doctrine/Inflector/Rules/Turkish/error_log
[Fri Aug 08 05:51:07.371627 2025] [authz_core:error] [pid 643425:tid 643457] [client 44.223.232.55:44628] AH01630: client denied by server configuration: /home/vacivi36/dossteste.vacivitta.com.br/vendor/rector/rector/vendor/nikic/php-parser/lib/PhpParser/Node/Expr/AssignOp/error_log
[Fri Aug 08 05:51:10.691835 2025] [authz_core:error] [pid 643341:tid 643377] [client 52.1.157.90:28047] AH01630: client denied by server configuration: /home/vacivi36/dossteste.vacivitta.com.br/vendor/rector/rector/vendor/nikic/php-parser/lib/PhpParser/Node/Expr/AssignOp/error_log
[Fri Aug 08 06:09:38.776880 2025] [authz_core:error] [pid 643425:tid 643470] [client 18.232.12.157:46252] AH01630: client denied by server configuration: /home/vacivi36/dossteste.vacivitta.com.br/vendor/rector/rector/rules/Composer/ValueObject/error_log
[Fri Aug 08 06:09:54.995910 2025] [authz_core:error] [pid 643342:tid 643402] [client 54.167.32.123:7884] AH01630: client denied by server configuration: /home/vacivi36/dossteste.vacivitta.com.br/vendor/rector/rector/vendor/rector/rector-doctrine/src/Rector/ClassMethod/error_log
[Fri Aug 08 06:10:03.302946 2025] [authz_core:error] [pid 643342:tid 643411] [client 54.85.109.140:3180] AH01630: client denied by server configuration: /home/vacivi36/dossteste.vacivitta.com.br/vendor/rector/rector/vendor/ssch/typo3-rector/src/FileProcessor/FlexForms/Rector/error_log
[Fri Aug 08 06:10:07.286310 2025] [authz_core:error] [pid 643426:tid 643459] [client 54.157.84.74:58238] AH01630: client denied by server configuration: /home/vacivi36/dossteste.vacivitta.com.br/vendor/rector/rector/vendor/ssch/typo3-rector/src/FileProcessor/Fluid/error_log
[Fri Aug 08 06:10:15.772823 2025] [authz_core:error] [pid 643342:tid 643407] [client 54.87.62.248:52101] AH01630: client denied by server configuration: /home/vacivi36/dossteste.vacivitta.com.br/vendor/rector/rector/vendor/ssch/typo3-rector/src/FileProcessor/Resources/Icons/error_log
[Fri Aug 08 06:10:39.650861 2025] [authz_core:error] [pid 643426:tid 643449] [client 52.204.37.237:62106] AH01630: client denied by server configuration: /home/vacivi36/dossteste.vacivitta.com.br/vendor/rector/rector/vendor/ssch/typo3-rector/src/Rector/v8/v0/error_log
[Fri Aug 08 06:11:03.451114 2025] [authz_core:error] [pid 643341:tid 643380] [client 34.199.252.22:31546] AH01630: client denied by server configuration: /home/vacivi36/dossteste.vacivitta.com.br/vendor/rector/rector/vendor/nikic/php-parser/lib/PhpParser/Node/Scalar/MagicConst/error_log
[Fri Aug 08 06:11:08.620992 2025] [authz_core:error] [pid 643342:tid 643416] [client 18.209.201.119:32863] AH01630: client denied by server configuration: /home/vacivi36/dossteste.vacivitta.com.br/vendor/rector/rector/vendor/ssch/typo3-rector/utils/phpstan/src/Type/error_log
[Fri Aug 08 06:11:12.105502 2025] [authz_core:error] [pid 643340:tid 643347] [client 54.92.171.106:30742] AH01630: client denied by server configuration: /home/vacivi36/dossteste.vacivitta.com.br/vendor/rector/rector/vendor/tracy/tracy/src/Tracy/Bar/panels/error_log
[Fri Aug 08 06:11:14.493067 2025] [authz_core:error] [pid 643341:tid 643387] [client 34.224.9.144:8528] AH01630: client denied by server configuration: /home/vacivi36/dossteste.vacivitta.com.br/vendor/rector/rector/vendor/nikic/php-parser/lib/PhpParser/Node/Expr/BinaryOp/error_log
[Fri Aug 08 06:36:04.304995 2025] [authz_core:error] [pid 643425:tid 643445] [client 54.159.18.27:5954] AH01630: client denied by server configuration: /home/vacivi36/dossteste.vacivitta.com.br/vendor/rector/rector/vendor/ssch/typo3-rector/src/FileProcessor/Fluid/Rector/error_log
[Fri Aug 08 06:36:14.784193 2025] [authz_core:error] [pid 643341:tid 643379] [client 34.199.252.22:33812] AH01630: client denied by server configuration: /home/vacivi36/dossteste.vacivitta.com.br/vendor/rector/rector/vendor/ssch/typo3-rector/src/Rector/v9/v0/error_log
[Fri Aug 08 06:36:18.862074 2025] [authz_core:error] [pid 643341:tid 643385] [client 100.27.153.9:21508] AH01630: client denied by server configuration: /home/vacivi36/dossteste.vacivitta.com.br/vendor/rector/rector/vendor/nikic/php-parser/lib/PhpParser/Lexer/TokenEmulator/error_log
[Fri Aug 08 06:36:22.634893 2025] [authz_core:error] [pid 643426:tid 643479] [client 44.220.2.97:56788] AH01630: client denied by server configuration: /home/vacivi36/dossteste.vacivitta.com.br/vendor/rector/rector/vendor/ssch/typo3-rector/src/Rector/v10/v0/error_log
[Fri Aug 08 06:36:26.516262 2025] [authz_core:error] [pid 643341:tid 643373] [client 52.0.63.151:30751] AH01630: client denied by server configuration: /home/vacivi36/dossteste.vacivitta.com.br/vendor/rector/rector/vendor/ssch/typo3-rector/src/Rector/v8/v0/error_log
[Fri Aug 08 06:36:30.727328 2025] [authz_core:error] [pid 643425:tid 643468] [client 35.170.205.140:62169] AH01630: client denied by server configuration: /home/vacivi36/dossteste.vacivitta.com.br/vendor/rector/rector/vendor/ssch/typo3-rector/src/Rector/v11/v5/error_log
[Fri Aug 08 06:36:36.224545 2025] [authz_core:error] [pid 643341:tid 643378] [client 44.207.252.58:15840] AH01630: client denied by server configuration: /home/vacivi36/dossteste.vacivitta.com.br/vendor/rector/rector/vendor/nikic/php-parser/lib/PhpParser/Node/Stmt/TraitUseAdaptation/error_log
[Fri Aug 08 06:36:55.465282 2025] [authz_core:error] [pid 643341:tid 643396] [client 35.171.141.42:42690] AH01630: client denied by server configuration: /home/vacivi36/dossteste.vacivitta.com.br/vendor/rector/rector/vendor/tracy/tracy/src/Tracy/Debugger/assets/error_log
[Fri Aug 08 06:55:59.279599 2025] [authz_core:error] [pid 643340:tid 643359] [client 3.232.102.111:10530] AH01630: client denied by server configuration: /home/vacivi36/dossteste.vacivitta.com.br/vendor/rector/rector/vendor/rector/rector-symfony/src/Rector/ConstFetch/error_log
[Fri Aug 08 06:56:11.333516 2025] [authz_core:error] [pid 643340:tid 643345] [client 23.21.228.180:50334] AH01630: client denied by server configuration: /home/vacivi36/dossteste.vacivitta.com.br/vendor/rector/rector/vendor/ssch/typo3-rector/src/FileProcessor/Composer/Rector/error_log
[Fri Aug 08 06:56:27.804200 2025] [authz_core:error] [pid 643340:tid 643367] [client 23.21.228.180:29207] AH01630: client denied by server configuration: /home/vacivi36/dossteste.vacivitta.com.br/vendor/rector/rector/vendor/rector/rector-cakephp/src/Rector/Namespace_/error_log
[Fri Aug 08 06:56:39.556576 2025] [authz_core:error] [pid 643340:tid 643365] [client 50.19.221.48:34179] AH01630: client denied by server configuration: /home/vacivi36/dossteste.vacivitta.com.br/vendor/rector/rector/vendor/ssch/typo3-rector/src/Rector/v9/v0/error_log
[Fri Aug 08 06:56:43.508584 2025] [authz_core:error] [pid 643342:tid 643418] [client 18.207.89.138:11483] AH01630: client denied by server configuration: /home/vacivi36/dossteste.vacivitta.com.br/vendor/rector/rector/vendor/ssch/typo3-rector/src/Rector/v8/v4/error_log
[Fri Aug 08 06:56:46.859786 2025] [authz_core:error] [pid 643340:tid 643363] [client 23.23.180.225:59663] AH01630: client denied by server configuration: /home/vacivi36/dossteste.vacivitta.com.br/vendor/rector/rector/vendor/ssch/typo3-rector/src/Rector/v8/v2/error_log
[Fri Aug 08 06:56:51.016866 2025] [authz_core:error] [pid 643340:tid 643347] [client 3.215.221.125:61965] AH01630: client denied by server configuration: /home/vacivi36/dossteste.vacivitta.com.br/vendor/rector/rector/vendor/ssch/typo3-rector/src/Rector/v11/v3/error_log
[Fri Aug 08 06:56:58.479049 2025] [authz_core:error] [pid 643425:tid 643441] [client 34.194.14.255:16039] AH01630: client denied by server configuration: /home/vacivi36/dossteste.vacivitta.com.br/vendor/rector/rector/vendor/ssch/typo3-rector/utils/phpstan/src/Rules/error_log
[Fri Aug 08 06:57:03.585422 2025] [authz_core:error] [pid 643340:tid 643348] [client 34.236.135.14:35860] AH01630: client denied by server configuration: /home/vacivi36/dossteste.vacivitta.com.br/vendor/rector/rector/vendor/nikic/php-parser/lib/PhpParser/Node/Scalar/MagicConst/error_log
[Fri Aug 08 07:08:19.565836 2025] [cgid:error] [pid 643340:tid 643345] [client 54.247.57.72:55470] AH01264: stderr from /usr/local/cpanel/cgi-sys/favicon.ico: script not found or unable to stat
[Fri Aug 08 07:18:48.510591 2025] [authz_core:error] [pid 643340:tid 643361] [client 185.177.72.201:51616] AH01630: client denied by server configuration: /home/vacivi36/campanha.vacivitta.com.br/php.ini
[Fri Aug 08 07:18:48.662402 2025] [authz_core:error] [pid 643340:tid 643350] [client 185.177.72.201:51616] AH01630: client denied by server configuration: /home/vacivi36/campanha.vacivitta.com.br/.user.ini
[Fri Aug 08 07:18:48.997536 2025] [authz_core:error] [pid 643340:tid 643358] [client 185.177.72.201:51616] AH01630: client denied by server configuration: /home/vacivi36/campanha.vacivitta.com.br/.htaccess
[Fri Aug 08 07:18:49.306612 2025] [authz_core:error] [pid 643425:tid 643455] [client 185.177.72.201:51630] AH01630: client denied by server configuration: /home/vacivi36/public_html/php.ini
[Fri Aug 08 07:18:49.458322 2025] [authz_core:error] [pid 643425:tid 643441] [client 185.177.72.201:51630] AH01630: client denied by server configuration: /home/vacivi36/public_html/.user.ini
[Fri Aug 08 07:18:50.359527 2025] [authz_core:error] [pid 643425:tid 643444] [client 185.177.72.201:51630] AH01630: client denied by server configuration: /home/vacivi36/public_html/.htaccess
[Fri Aug 08 07:18:56.196001 2025] [authz_core:error] [pid 643425:tid 643432] [client 185.177.72.201:51630] AH01630: client denied by server configuration: /home/vacivi36/public_html/error_log
[Fri Aug 08 07:19:01.933762 2025] [authz_core:error] [pid 643426:tid 643459] [client 185.177.72.201:25290] AH01630: client denied by server configuration: /home/vacivi36/campanha.vacivitta.com.br/error_log
[Fri Aug 08 07:19:06.234335 2025] [authz_core:error] [pid 643426:tid 643454] [client 185.177.72.201:13276] AH01630: client denied by server configuration: /home/vacivi36/public_html/.htpasswd
[Fri Aug 08 07:19:10.154216 2025] [authz_core:error] [pid 643426:tid 643465] [client 185.177.72.201:25290] AH01630: client denied by server configuration: /home/vacivi36/campanha.vacivitta.com.br/.htpasswd
[Fri Aug 08 07:23:19.666822 2025] [authz_core:error] [pid 643342:tid 643407] [client 34.233.219.155:5824] AH01630: client denied by server configuration: /home/vacivi36/dossteste.vacivitta.com.br/vendor/rector/rector/rules/Naming/ValueObject/error_log
[Fri Aug 08 07:23:26.709877 2025] [authz_core:error] [pid 643342:tid 643399] [client 18.232.11.247:11305] AH01630: client denied by server configuration: /home/vacivi36/dossteste.vacivitta.com.br/vendor/rector/rector/rules/Renaming/Rector/FuncCall/error_log
[Fri Aug 08 07:23:38.743504 2025] [authz_core:error] [pid 643342:tid 643406] [client 44.218.6.93:56903] AH01630: client denied by server configuration: /home/vacivi36/dossteste.vacivitta.com.br/vendor/rector/rector/vendor/ssch/typo3-rector/src/FileProcessor/FlexForms/error_log
[Fri Aug 08 07:24:23.312141 2025] [authz_core:error] [pid 643426:tid 643474] [client 50.19.102.70:57411] AH01630: client denied by server configuration: /home/vacivi36/dossteste.vacivitta.com.br/vendor/rector/rector/vendor/ssch/typo3-rector/src/Rector/v10/v4/error_log
[Fri Aug 08 07:24:39.969388 2025] [authz_core:error] [pid 643426:tid 643458] [client 100.29.160.53:30234] AH01630: client denied by server configuration: /home/vacivi36/dossteste.vacivitta.com.br/vendor/rector/rector/vendor/doctrine/inflector/lib/Doctrine/Inflector/Rules/English/error_log
[Fri Aug 08 07:24:43.386193 2025] [authz_core:error] [pid 643340:tid 643364] [client 100.28.133.214:14935] AH01630: client denied by server configuration: /home/vacivi36/dossteste.vacivitta.com.br/vendor/rector/rector/vendor/doctrine/inflector/lib/Doctrine/Inflector/Rules/Spanish/error_log
[Fri Aug 08 07:48:06.732643 2025] [authz_core:error] [pid 643340:tid 643369] [client 54.83.23.103:18856] AH01630: client denied by server configuration: /home/vacivi36/dossteste.vacivitta.com.br/vendor/rector/rector/rules/Naming/Rector/ClassMethod/error_log
[Fri Aug 08 07:55:11.387935 2025] [authz_core:error] [pid 643426:tid 643474] [client 54.147.182.90:5116] AH01630: client denied by server configuration: /home/vacivi36/dossteste.vacivitta.com.br/vendor/rector/rector/rules/Composer/Rector/error_log
[Fri Aug 08 07:55:48.203325 2025] [authz_core:error] [pid 643340:tid 643346] [client 3.223.181.32:11605] AH01630: client denied by server configuration: /home/vacivi36/dossteste.vacivitta.com.br/vendor/rector/rector/rules/Renaming/Rector/StaticCall/error_log
[Fri Aug 08 07:55:55.488963 2025] [authz_core:error] [pid 643342:tid 643398] [client 3.219.81.66:29857] AH01630: client denied by server configuration: /home/vacivi36/dossteste.vacivitta.com.br/vendor/rector/rector/vendor/ssch/typo3-rector/src/FileProcessor/TypoScript/error_log
[Fri Aug 08 07:56:33.873724 2025] [authz_core:error] [pid 643426:tid 643452] [client 107.20.255.194:4333] AH01630: client denied by server configuration: /home/vacivi36/dossteste.vacivitta.com.br/vendor/rector/rector/vendor/ssch/typo3-rector/src/Contract/FileProcessor/Resources/error_log
[Fri Aug 08 07:56:35.858649 2025] [authz_core:error] [pid 643425:tid 643436] [client 54.84.102.81:57333] AH01630: client denied by server configuration: /home/vacivi36/dossteste.vacivitta.com.br/vendor/rector/rector/vendor/ssch/typo3-rector/src/Rector/v11/v0/error_log
[Fri Aug 08 07:56:47.410920 2025] [authz_core:error] [pid 643340:tid 643353] [client 23.23.212.212:3312] AH01630: client denied by server configuration: /home/vacivi36/dossteste.vacivitta.com.br/vendor/rector/rector/vendor/symplify/astral/src/ValueObject/NodeBuilder/error_log
[Fri Aug 08 07:56:51.624911 2025] [authz_core:error] [pid 643341:tid 643386] [client 3.89.170.186:56716] AH01630: client denied by server configuration: /home/vacivi36/dossteste.vacivitta.com.br/vendor/rector/rector/vendor/doctrine/inflector/lib/Doctrine/Inflector/Rules/Spanish/error_log
[Fri Aug 08 07:56:55.682102 2025] [authz_core:error] [pid 643340:tid 643357] [client 3.223.181.32:32841] AH01630: client denied by server configuration: /home/vacivi36/dossteste.vacivitta.com.br/vendor/rector/rector/vendor/nikic/php-parser/lib/PhpParser/Node/Expr/Cast/error_log
[Fri Aug 08 07:56:59.602879 2025] [authz_core:error] [pid 643425:tid 643448] [client 44.212.106.171:24964] AH01630: client denied by server configuration: /home/vacivi36/dossteste.vacivitta.com.br/vendor/rector/rector/vendor/nikic/php-parser/lib/PhpParser/Node/Expr/Cast/error_log
[Fri Aug 08 07:57:02.874448 2025] [authz_core:error] [pid 643342:tid 643408] [client 44.223.193.255:44078] AH01630: client denied by server configuration: /home/vacivi36/dossteste.vacivitta.com.br/vendor/rector/rector/vendor/nikic/php-parser/lib/PhpParser/Node/Stmt/error_log
[Fri Aug 08 07:57:09.081079 2025] [authz_core:error] [pid 643340:tid 643362] [client 23.23.103.31:13251] AH01630: client denied by server configuration: /home/vacivi36/dossteste.vacivitta.com.br/vendor/rector/rector/vendor/nikic/php-parser/lib/PhpParser/Node/Name/error_log
[Fri Aug 08 08:19:11.123992 2025] [authz_core:error] [pid 643340:tid 643353] [client 34.231.156.59:36026] AH01630: client denied by server configuration: /home/vacivi36/dossteste.vacivitta.com.br/vendor/rector/rector/vendor/ssch/typo3-rector/src/Contract/FileProcessor/TypoScript/error_log
[Fri Aug 08 08:19:18.706118 2025] [authz_core:error] [pid 643342:tid 643410] [client 54.235.158.162:20963] AH01630: client denied by server configuration: /home/vacivi36/dossteste.vacivitta.com.br/vendor/rector/rector/vendor/ssch/typo3-rector/src/FileProcessor/Fluid/error_log
[Fri Aug 08 08:19:26.768453 2025] [authz_core:error] [pid 643340:tid 643347] [client 52.45.15.233:34921] AH01630: client denied by server configuration: /home/vacivi36/dossteste.vacivitta.com.br/vendor/rector/rector/vendor/rector/rector-cakephp/src/Rector/MethodCall/error_log
[Fri Aug 08 08:19:35.195109 2025] [authz_core:error] [pid 643426:tid 643449] [client 18.235.158.19:18752] AH01630: client denied by server configuration: /home/vacivi36/dossteste.vacivitta.com.br/vendor/rector/rector/vendor/ssch/typo3-rector/src/Rector/v9/v0/error_log
[Fri Aug 08 08:35:18.562178 2025] [authz_core:error] [pid 643341:tid 643388] [client 98.82.59.253:58436] AH01630: client denied by server configuration: /home/vacivi36/dossteste.vacivitta.com.br/vendor/rector/rector/rules/Naming/AssignVariableNameResolver/error_log
[Fri Aug 08 08:35:22.686082 2025] [authz_core:error] [pid 643341:tid 643385] [client 54.83.240.58:51765] AH01630: client denied by server configuration: /home/vacivi36/dossteste.vacivitta.com.br/vendor/rector/rector/vendor/helmich/typo3-typoscript-parser/src/Tokenizer/Printer/error_log
[Fri Aug 08 08:35:31.777675 2025] [authz_core:error] [pid 643342:tid 643410] [client 100.29.155.89:45669] AH01630: client denied by server configuration: /home/vacivi36/dossteste.vacivitta.com.br/vendor/rector/rector/vendor/ssch/typo3-rector/src/FileProcessor/Yaml/Form/Rector/error_log
[Fri Aug 08 08:35:50.619071 2025] [authz_core:error] [pid 643426:tid 643460] [client 44.223.116.149:22989] AH01630: client denied by server configuration: /home/vacivi36/dossteste.vacivitta.com.br/vendor/rector/rector/vendor/rector/rector-symfony/src/Rector/Class_/error_log
[Fri Aug 08 08:36:06.830378 2025] [authz_core:error] [pid 643425:tid 643436] [client 3.94.40.182:32941] AH01630: client denied by server configuration: /home/vacivi36/dossteste.vacivitta.com.br/vendor/rector/rector/vendor/ssch/typo3-rector/src/Helper/Database/Refactorings/error_log
[Fri Aug 08 08:36:10.593607 2025] [authz_core:error] [pid 643425:tid 643448] [client 52.200.142.199:58253] AH01630: client denied by server configuration: /home/vacivi36/dossteste.vacivitta.com.br/vendor/rector/rector/vendor/ssch/typo3-rector/src/Rector/v8/v6/error_log
[Fri Aug 08 08:36:14.825002 2025] [authz_core:error] [pid 643425:tid 643437] [client 3.89.176.255:22872] AH01630: client denied by server configuration: /home/vacivi36/dossteste.vacivitta.com.br/vendor/rector/rector/vendor/ssch/typo3-rector/src/Rector/Migrations/error_log
[Fri Aug 08 08:36:18.781267 2025] [authz_core:error] [pid 643341:tid 643390] [client 23.21.179.27:6691] AH01630: client denied by server configuration: /home/vacivi36/dossteste.vacivitta.com.br/vendor/rector/rector/vendor/rector/rector-nette/packages/NeonParser/Node/error_log
[Fri Aug 08 08:36:23.967690 2025] [authz_core:error] [pid 643426:tid 643463] [client 52.1.106.130:35750] AH01630: client denied by server configuration: /home/vacivi36/dossteste.vacivitta.com.br/vendor/rector/rector/vendor/nette/neon/src/Neon/Node/error_log
[Fri Aug 08 08:36:26.620896 2025] [authz_core:error] [pid 643425:tid 643455] [client 3.217.171.106:38773] AH01630: client denied by server configuration: /home/vacivi36/dossteste.vacivitta.com.br/vendor/rector/rector/vendor/phpstan/phpstan-phpunit/src/Type/PHPUnit/Assert/error_log
[Fri Aug 08 09:05:30.744198 2025] [authz_core:error] [pid 643340:tid 643369] [client 34.204.150.196:8663] AH01630: client denied by server configuration: /home/vacivi36/dossteste.vacivitta.com.br/vendor/rector/rector/rules/Renaming/Rector/StaticCall/error_log
[Fri Aug 08 09:05:43.621178 2025] [authz_core:error] [pid 643425:tid 643434] [client 52.71.216.196:51036] AH01630: client denied by server configuration: /home/vacivi36/dossteste.vacivitta.com.br/vendor/rector/rector/vendor/ssch/typo3-rector/src/Contract/FileProcessor/FlexForms/Rector/error_log
[Fri Aug 08 09:06:03.474700 2025] [authz_core:error] [pid 643340:tid 643353] [client 52.23.112.144:19392] AH01630: client denied by server configuration: /home/vacivi36/dossteste.vacivitta.com.br/vendor/rector/rector/vendor/symplify/simple-php-doc-parser/src/ValueObject/Ast/PhpDoc/error_log
[Fri Aug 08 09:06:11.800774 2025] [authz_core:error] [pid 643425:tid 643439] [client 34.234.200.207:49498] AH01630: client denied by server configuration: /home/vacivi36/dossteste.vacivitta.com.br/vendor/rector/rector/vendor/ssch/typo3-rector/src/Rector/PostRector/error_log
[Fri Aug 08 09:06:23.275510 2025] [authz_core:error] [pid 643426:tid 643443] [client 184.73.167.217:24531] AH01630: client denied by server configuration: /home/vacivi36/dossteste.vacivitta.com.br/vendor/rector/rector/vendor/ssch/typo3-rector/src/Rector/v8/v7/error_log
[Fri Aug 08 09:06:26.774773 2025] [authz_core:error] [pid 643340:tid 643347] [client 52.54.157.23:35125] AH01630: client denied by server configuration: /home/vacivi36/dossteste.vacivitta.com.br/vendor/rector/rector/vendor/ssch/typo3-rector/src/Rector/v8/v1/error_log
[Fri Aug 08 09:06:31.836913 2025] [authz_core:error] [pid 643425:tid 643437] [client 3.210.114.189:58881] AH01630: client denied by server configuration: /home/vacivi36/dossteste.vacivitta.com.br/vendor/rector/rector/vendor/ssch/typo3-rector/src/Rector/v8/v5/error_log
[Fri Aug 08 09:06:36.149184 2025] [authz_core:error] [pid 643425:tid 643447] [client 52.70.209.13:33247] AH01630: client denied by server configuration: /home/vacivi36/dossteste.vacivitta.com.br/vendor/rector/rector/vendor/symplify/package-builder/src/DependencyInjection/CompilerPass/error_log
[Fri Aug 08 09:06:46.808009 2025] [authz_core:error] [pid 643342:tid 643416] [client 52.2.191.202:47011] AH01630: client denied by server configuration: /home/vacivi36/dossteste.vacivitta.com.br/vendor/rector/rector/vendor/nikic/php-parser/lib/PhpParser/Node/Expr/Cast/error_log
[Fri Aug 08 09:06:52.014900 2025] [authz_core:error] [pid 643426:tid 643463] [client 44.193.102.198:5245] AH01630: client denied by server configuration: /home/vacivi36/dossteste.vacivitta.com.br/vendor/rector/rector/vendor/tracy/tracy/src/Tracy/Bar/panels/error_log
[Fri Aug 08 09:06:59.622641 2025] [authz_core:error] [pid 643342:tid 643402] [client 50.16.248.61:57266] AH01630: client denied by server configuration: /home/vacivi36/dossteste.vacivitta.com.br/vendor/rector/rector/vendor/tracy/tracy/src/Tracy/Debugger/assets/error_log
[Fri Aug 08 09:07:04.497770 2025] [authz_core:error] [pid 643425:tid 643441] [client 44.223.116.149:11538] AH01630: client denied by server configuration: /home/vacivi36/dossteste.vacivitta.com.br/vendor/rector/rector/vendor/nikic/php-parser/lib/PhpParser/Node/Expr/error_log
[Fri Aug 08 09:25:24.232655 2025] [authz_core:error] [pid 643341:tid 643387] [client 185.191.171.11:48360] AH01630: client denied by server configuration: /home/vacivi36/consentimento/assets/vendor/paragonie/random_compat/error_log
[Fri Aug 08 09:36:18.805947 2025] [authz_core:error] [pid 643341:tid 643382] [client 52.6.5.24:48438] AH01630: client denied by server configuration: /home/vacivi36/dossteste.vacivitta.com.br/vendor/rector/rector/rules/TypeDeclaration/Rector/FunctionLike/error_log
[Fri Aug 08 09:36:54.575765 2025] [authz_core:error] [pid 643341:tid 643391] [client 54.197.102.71:28952] AH01630: client denied by server configuration: /home/vacivi36/dossteste.vacivitta.com.br/vendor/rector/rector/rules/Renaming/Rector/ConstFetch/error_log
[Fri Aug 08 09:37:02.487512 2025] [authz_core:error] [pid 643341:tid 643393] [client 100.28.44.58:17836] AH01630: client denied by server configuration: /home/vacivi36/dossteste.vacivitta.com.br/vendor/rector/rector/rules/Renaming/Rector/PropertyFetch/error_log
[Fri Aug 08 09:37:06.861341 2025] [authz_core:error] [pid 643340:tid 643347] [client 3.224.104.67:27760] AH01630: client denied by server configuration: /home/vacivi36/dossteste.vacivitta.com.br/vendor/rector/rector/rules/Renaming/Rector/StaticCall/error_log
[Fri Aug 08 09:37:14.593430 2025] [authz_core:error] [pid 643340:tid 643364] [client 52.22.87.224:39634] AH01630: client denied by server configuration: /home/vacivi36/dossteste.vacivitta.com.br/vendor/rector/rector/rules/Renaming/Rector/String_/error_log
[Fri Aug 08 09:37:22.584198 2025] [authz_core:error] [pid 643341:tid 643394] [client 3.211.181.86:32775] AH01630: client denied by server configuration: /home/vacivi36/dossteste.vacivitta.com.br/vendor/rector/rector/vendor/rector/rector-symfony/src/Rector/ConstFetch/error_log
[Fri Aug 08 09:37:54.633699 2025] [authz_core:error] [pid 643342:tid 643419] [client 44.218.6.93:28378] AH01630: client denied by server configuration: /home/vacivi36/dossteste.vacivitta.com.br/vendor/rector/rector/vendor/nikic/php-parser/lib/PhpParser/Lexer/TokenEmulator/error_log
[Fri Aug 08 09:37:58.473014 2025] [authz_core:error] [pid 643425:tid 643447] [client 52.4.229.9:2392] AH01630: client denied by server configuration: /home/vacivi36/dossteste.vacivitta.com.br/vendor/rector/rector/vendor/ssch/typo3-rector/src/Rector/Extensions/solr/v8/error_log
[Fri Aug 08 09:38:02.610698 2025] [authz_core:error] [pid 643342:tid 643399] [client 54.243.63.52:30602] AH01630: client denied by server configuration: /home/vacivi36/dossteste.vacivitta.com.br/vendor/rector/rector/vendor/ssch/typo3-rector/src/Rector/v9/v2/error_log
[Fri Aug 08 09:38:18.618925 2025] [authz_core:error] [pid 643426:tid 643456] [client 54.209.100.30:22378] AH01630: client denied by server configuration: /home/vacivi36/dossteste.vacivitta.com.br/vendor/rector/rector/vendor/nikic/php-parser/lib/PhpParser/Node/Scalar/MagicConst/error_log
[Fri Aug 08 09:38:22.509323 2025] [authz_core:error] [pid 643426:tid 643469] [client 98.82.214.73:48869] AH01630: client denied by server configuration: /home/vacivi36/dossteste.vacivitta.com.br/vendor/rector/rector/vendor/phpstan/phpstan-phpunit/src/Type/PHPUnit/Assert/error_log
[Fri Aug 08 09:45:16.984777 2025] [ssl:error] [pid 643426:tid 643458] [client 164.52.0.92:57825] AH02032: Hostname vps-14263796.vacivitta.com.br provided via SNI and hostname 162.240.171.180 provided via HTTP have no compatible SSL setup
[Fri Aug 08 10:01:47.216931 2025] [authz_core:error] [pid 643342:tid 643398] [client 3.94.156.104:16874] AH01630: client denied by server configuration: /home/vacivi36/dossteste.vacivitta.com.br/vendor/rector/rector/vendor/ssch/typo3-rector/src/FileProcessor/TypoScript/error_log
[Fri Aug 08 10:02:23.411517 2025] [authz_core:error] [pid 643341:tid 643383] [client 52.71.218.25:19658] AH01630: client denied by server configuration: /home/vacivi36/dossteste.vacivitta.com.br/vendor/rector/rector/vendor/ssch/typo3-rector/src/Rector/PostRector/error_log
[Fri Aug 08 10:02:26.713683 2025] [authz_core:error] [pid 643341:tid 643371] [client 52.204.81.148:13886] AH01630: client denied by server configuration: /home/vacivi36/dossteste.vacivitta.com.br/vendor/rector/rector/vendor/ssch/typo3-rector/src/Rector/v11/v2/error_log
[Fri Aug 08 10:02:35.058337 2025] [authz_core:error] [pid 643425:tid 643445] [client 44.215.231.15:8544] AH01630: client denied by server configuration: /home/vacivi36/dossteste.vacivitta.com.br/vendor/rector/rector/vendor/ssch/typo3-rector/src/Rector/v9/v4/error_log
[Fri Aug 08 10:02:38.678664 2025] [authz_core:error] [pid 643425:tid 643455] [client 35.153.86.200:58255] AH01630: client denied by server configuration: /home/vacivi36/dossteste.vacivitta.com.br/vendor/rector/rector/vendor/ssch/typo3-rector/src/Rector/v8/v6/error_log
[Fri Aug 08 10:02:43.043771 2025] [authz_core:error] [pid 643426:tid 643478] [client 52.23.112.144:51623] AH01630: client denied by server configuration: /home/vacivi36/dossteste.vacivitta.com.br/vendor/rector/rector/vendor/ssch/typo3-rector/src/Rector/v9/v4/error_log
[Fri Aug 08 10:02:46.819708 2025] [authz_core:error] [pid 643342:tid 643413] [client 35.170.205.140:6580] AH01630: client denied by server configuration: /home/vacivi36/dossteste.vacivitta.com.br/vendor/rector/rector/vendor/ssch/typo3-rector/src/Rector/v7/v1/error_log
[Fri Aug 08 10:02:54.733110 2025] [authz_core:error] [pid 643426:tid 643449] [client 3.221.50.71:40317] AH01630: client denied by server configuration: /home/vacivi36/dossteste.vacivitta.com.br/vendor/rector/rector/vendor/ssch/typo3-rector/src/Rector/v7/v1/error_log
[Fri Aug 08 10:03:03.321024 2025] [authz_core:error] [pid 643340:tid 643369] [client 98.84.184.80:1117] AH01630: client denied by server configuration: /home/vacivi36/dossteste.vacivitta.com.br/vendor/rector/rector/vendor/ssch/typo3-rector/src/Rector/Migrations/error_log
[Fri Aug 08 10:22:36.480718 2025] [authz_core:error] [pid 643342:tid 643418] [client 34.234.206.30:22436] AH01630: client denied by server configuration: /home/vacivi36/dossteste.vacivitta.com.br/vendor/rector/rector/rules/Renaming/Rector/FuncCall/error_log
[Fri Aug 08 10:22:40.301746 2025] [authz_core:error] [pid 643426:tid 643478] [client 34.192.125.239:44146] AH01630: client denied by server configuration: /home/vacivi36/dossteste.vacivitta.com.br/vendor/rector/rector/rules/Renaming/Rector/String_/error_log
[Fri Aug 08 10:23:07.725145 2025] [authz_core:error] [pid 643340:tid 643365] [client 54.166.126.132:49906] AH01630: client denied by server configuration: /home/vacivi36/dossteste.vacivitta.com.br/vendor/rector/rector/vendor/ssch/typo3-rector/src/Rector/v10/v0/error_log
[Fri Aug 08 10:23:18.724159 2025] [authz_core:error] [pid 643342:tid 643398] [client 52.4.213.199:35879] AH01630: client denied by server configuration: /home/vacivi36/dossteste.vacivitta.com.br/vendor/rector/rector/vendor/ssch/typo3-rector/src/Rector/v7/v5/error_log
[Fri Aug 08 10:23:22.992784 2025] [authz_core:error] [pid 643341:tid 643378] [client 52.2.191.202:43198] AH01630: client denied by server configuration: /home/vacivi36/dossteste.vacivitta.com.br/vendor/rector/rector/vendor/ssch/typo3-rector/src/Rector/v10/v2/error_log
[Fri Aug 08 10:23:26.738884 2025] [authz_core:error] [pid 643425:tid 643470] [client 52.44.229.124:33260] AH01630: client denied by server configuration: /home/vacivi36/dossteste.vacivitta.com.br/vendor/rector/rector/vendor/nikic/php-parser/lib/PhpParser/Node/Stmt/TraitUseAdaptation/error_log
[Fri Aug 08 10:23:38.950759 2025] [authz_core:error] [pid 643341:tid 643377] [client 34.236.135.14:46612] AH01630: client denied by server configuration: /home/vacivi36/dossteste.vacivitta.com.br/vendor/rector/rector/vendor/doctrine/inflector/lib/Doctrine/Inflector/Rules/French/error_log
[Fri Aug 08 10:23:43.431082 2025] [authz_core:error] [pid 643341:tid 643392] [client 3.223.181.32:53960] AH01630: client denied by server configuration: /home/vacivi36/dossteste.vacivitta.com.br/vendor/rector/rector/vendor/tracy/tracy/src/Tracy/Bar/assets/error_log
[Fri Aug 08 10:44:56.695973 2025] [authz_core:error] [pid 643341:tid 643383] [client 165.232.33.198:46836] AH01630: client denied by server configuration: /home/vacivi36/vacinagripe.vacivitta.com.br/error_log
[Fri Aug 08 10:44:57.530544 2025] [authz_core:error] [pid 643426:tid 643459] [client 165.232.33.198:59218] AH01630: client denied by server configuration: /home/vacivi36/vacinagripe.vacivitta.com.br/error_log
[Fri Aug 08 10:50:26.876765 2025] [authz_core:error] [pid 643340:tid 643361] [client 98.83.178.66:43914] AH01630: client denied by server configuration: /home/vacivi36/dossteste.vacivitta.com.br/vendor/rector/rector/rules/TypeDeclaration/Rector/Closure/error_log
[Fri Aug 08 10:50:39.768773 2025] [authz_core:error] [pid 643425:tid 643448] [client 3.219.80.71:16319] AH01630: client denied by server configuration: /home/vacivi36/dossteste.vacivitta.com.br/vendor/rector/rector/rules/Renaming/Rector/ConstFetch/error_log
[Fri Aug 08 10:51:34.863305 2025] [authz_core:error] [pid 643425:tid 643457] [client 98.84.200.43:64701] AH01630: client denied by server configuration: /home/vacivi36/dossteste.vacivitta.com.br/vendor/rector/rector/vendor/ssch/typo3-rector/src/FileProcessor/Resources/Icons/error_log
[Fri Aug 08 10:51:43.143986 2025] [authz_core:error] [pid 643425:tid 643428] [client 52.22.87.224:59293] AH01630: client denied by server configuration: /home/vacivi36/dossteste.vacivitta.com.br/vendor/rector/rector/vendor/ssch/typo3-rector/src/Rector/v10/v2/error_log
[Fri Aug 08 10:51:55.089209 2025] [authz_core:error] [pid 643425:tid 643439] [client 52.203.65.83:25607] AH01630: client denied by server configuration: /home/vacivi36/dossteste.vacivitta.com.br/vendor/rector/rector/vendor/ssch/typo3-rector/utils/phpstan/src/Rules/error_log
[Fri Aug 08 10:51:58.761736 2025] [authz_core:error] [pid 643425:tid 643437] [client 3.217.82.254:59384] AH01630: client denied by server configuration: /home/vacivi36/dossteste.vacivitta.com.br/vendor/rector/rector/vendor/nikic/php-parser/lib/PhpParser/Node/Expr/AssignOp/error_log
[Fri Aug 08 10:52:03.548447 2025] [authz_core:error] [pid 643340:tid 643362] [client 52.204.174.139:46300] AH01630: client denied by server configuration: /home/vacivi36/dossteste.vacivitta.com.br/vendor/rector/rector/vendor/tracy/tracy/src/Tracy/Bar/assets/error_log
[Fri Aug 08 11:04:11.154372 2025] [authz_core:error] [pid 643425:tid 643435] [client 44.218.6.93:22537] AH01630: client denied by server configuration: /home/vacivi36/dossteste.vacivitta.com.br/vendor/rector/rector/rules/PhpSpecToPHPUnit/Rector/error_log
[Fri Aug 08 11:04:34.767325 2025] [authz_core:error] [pid 643341:tid 643396] [client 44.221.37.41:62934] AH01630: client denied by server configuration: /home/vacivi36/dossteste.vacivitta.com.br/vendor/rector/rector/vendor/ssch/typo3-rector/src/Contract/FileProcessor/Resources/error_log
[Fri Aug 08 11:07:54.134048 2025] [cgid:error] [pid 643342:tid 643418] [client 152.32.254.155:5964] AH01264: stderr from /usr/local/cpanel/cgi-sys/favicon.ico: script not found or unable to stat, referer: https://162.240.230.76
[Fri Aug 08 11:27:34.627044 2025] [authz_core:error] [pid 643341:tid 643380] [client 44.212.232.231:39911] AH01630: client denied by server configuration: /home/vacivi36/dossteste.vacivitta.com.br/vendor/rector/rector/rules/Renaming/Rector/PropertyFetch/error_log
[Fri Aug 08 11:27:38.750533 2025] [authz_core:error] [pid 643425:tid 643455] [client 44.223.116.149:33208] AH01630: client denied by server configuration: /home/vacivi36/dossteste.vacivitta.com.br/vendor/rector/rector/rules/Renaming/Rector/Namespace_/error_log
[Fri Aug 08 11:28:15.983688 2025] [authz_core:error] [pid 643342:tid 643422] [client 98.83.94.113:65184] AH01630: client denied by server configuration: /home/vacivi36/dossteste.vacivitta.com.br/vendor/rector/rector/vendor/ssch/typo3-rector/src/Rector/Extensions/solr/v9/error_log
[Fri Aug 08 11:28:18.679702 2025] [authz_core:error] [pid 643426:tid 643461] [client 34.231.156.59:2097] AH01630: client denied by server configuration: /home/vacivi36/dossteste.vacivitta.com.br/vendor/rector/rector/vendor/ssch/typo3-rector/src/Rector/v11/v2/error_log
[Fri Aug 08 11:28:22.781659 2025] [authz_core:error] [pid 643341:tid 643375] [client 34.206.249.188:58423] AH01630: client denied by server configuration: /home/vacivi36/dossteste.vacivitta.com.br/vendor/rector/rector/vendor/ssch/typo3-rector/src/Rector/v11/v4/error_log
[Fri Aug 08 11:28:35.625139 2025] [authz_core:error] [pid 643341:tid 643378] [client 54.210.155.69:2321] AH01630: client denied by server configuration: /home/vacivi36/dossteste.vacivitta.com.br/vendor/rector/rector/vendor/nikic/php-parser/lib/PhpParser/Node/Scalar/error_log
[Fri Aug 08 11:54:03.270251 2025] [authz_core:error] [pid 643425:tid 643445] [client 35.172.125.172:23360] AH01630: client denied by server configuration: /home/vacivi36/dossteste.vacivitta.com.br/vendor/rector/rector/rules/TypeDeclaration/Rector/Param/error_log
[Fri Aug 08 11:55:07.354905 2025] [authz_core:error] [pid 643340:tid 643351] [client 3.225.9.97:27784] AH01630: client denied by server configuration: /home/vacivi36/dossteste.vacivitta.com.br/vendor/rector/rector/vendor/symplify/astral/src/NodeNameResolver/error_log
[Fri Aug 08 11:55:10.771803 2025] [authz_core:error] [pid 643342:tid 643406] [client 52.204.71.8:34162] AH01630: client denied by server configuration: /home/vacivi36/dossteste.vacivitta.com.br/vendor/rector/rector/vendor/ssch/typo3-rector/src/Rector/v10/v3/error_log
[Fri Aug 08 11:55:15.634863 2025] [authz_core:error] [pid 643340:tid 643345] [client 44.210.213.220:13174] AH01630: client denied by server configuration: /home/vacivi36/dossteste.vacivitta.com.br/vendor/rector/rector/vendor/ssch/typo3-rector/src/Rector/v9/v4/error_log
[Fri Aug 08 11:55:18.953157 2025] [authz_core:error] [pid 643340:tid 643366] [client 23.21.228.180:22110] AH01630: client denied by server configuration: /home/vacivi36/dossteste.vacivitta.com.br/vendor/rector/rector/vendor/ssch/typo3-rector/src/Rector/v8/v4/error_log
[Fri Aug 08 11:55:30.921251 2025] [authz_core:error] [pid 643342:tid 643405] [client 54.167.32.123:17860] AH01630: client denied by server configuration: /home/vacivi36/dossteste.vacivitta.com.br/vendor/rector/rector/vendor/ssch/typo3-rector/src/Rector/v7/v6/error_log
[Fri Aug 08 11:55:39.238695 2025] [authz_core:error] [pid 643426:tid 643469] [client 44.214.19.8:13000] AH01630: client denied by server configuration: /home/vacivi36/dossteste.vacivitta.com.br/vendor/rector/rector/vendor/symplify/astral/src/ValueObject/NodeBuilder/error_log
[Fri Aug 08 11:55:42.872002 2025] [authz_core:error] [pid 643340:tid 643365] [client 34.196.237.236:20505] AH01630: client denied by server configuration: /home/vacivi36/dossteste.vacivitta.com.br/vendor/rector/rector/vendor/nikic/php-parser/lib/PhpParser/Lexer/error_log
[Fri Aug 08 11:55:46.506712 2025] [authz_core:error] [pid 643425:tid 643447] [client 100.28.133.214:4357] AH01630: client denied by server configuration: /home/vacivi36/dossteste.vacivitta.com.br/vendor/rector/rector/vendor/phpstan/phpstan-phpunit/src/PhpDoc/PHPUnit/error_log
[Fri Aug 08 12:07:49.772849 2025] [authz_core:error] [pid 643425:tid 643435] [client 54.36.179.226:46236] AH01630: client denied by server configuration: /home/vacivi36/intranet.vacivitta.com.br/protected/
[Fri Aug 08 12:07:49.772940 2025] [authz_core:error] [pid 643425:tid 643435] [client 54.36.179.226:46236] AH01630: client denied by server configuration: /home/vacivi36/intranet.vacivitta.com.br/error_log
[Fri Aug 08 12:12:06.539695 2025] [authz_core:error] [pid 643426:tid 643456] [client 18.214.138.148:53393] AH01630: client denied by server configuration: /home/vacivi36/dossteste.vacivitta.com.br/vendor/rector/rector/rules/PSR4/Composer/error_log
[Fri Aug 08 12:13:15.324948 2025] [authz_core:error] [pid 643426:tid 643446] [client 35.172.125.172:45799] AH01630: client denied by server configuration: /home/vacivi36/dossteste.vacivitta.com.br/vendor/rector/rector/vendor/ssch/typo3-rector/src/FileProcessor/Yaml/Form/error_log
[Fri Aug 08 12:13:35.347064 2025] [authz_core:error] [pid 643425:tid 643435] [client 3.208.146.193:36912] AH01630: client denied by server configuration: /home/vacivi36/dossteste.vacivitta.com.br/vendor/rector/rector/vendor/rector/rector-nette/packages/NeonParser/Node/error_log
[Fri Aug 08 12:13:39.316867 2025] [authz_core:error] [pid 643425:tid 643472] [client 34.206.212.24:28843] AH01630: client denied by server configuration: /home/vacivi36/dossteste.vacivitta.com.br/vendor/rector/rector/vendor/tracy/tracy/src/Tracy/BlueScreen/assets/error_log
[Fri Aug 08 12:42:14.634892 2025] [authz_core:error] [pid 643425:tid 643470] [client 54.83.56.1:44946] AH01630: client denied by server configuration: /home/vacivi36/dossteste.vacivitta.com.br/vendor/rector/rector/rules/Arguments/ValueObject/error_log
[Fri Aug 08 12:42:35.413592 2025] [authz_core:error] [pid 643342:tid 643403] [client 44.212.232.231:8079] AH01630: client denied by server configuration: /home/vacivi36/dossteste.vacivitta.com.br/vendor/rector/rector/rules/Renaming/Rector/Namespace_/error_log
[Fri Aug 08 12:42:46.553816 2025] [authz_core:error] [pid 643425:tid 643438] [client 34.231.77.232:4003] AH01630: client denied by server configuration: /home/vacivi36/dossteste.vacivitta.com.br/vendor/rector/rector/vendor/ssch/typo3-rector/src/FileProcessor/Composer/Rector/error_log
[Fri Aug 08 12:43:47.276385 2025] [authz_core:error] [pid 643425:tid 643448] [client 44.205.192.249:20607] AH01630: client denied by server configuration: /home/vacivi36/dossteste.vacivitta.com.br/vendor/rector/rector/vendor/ssch/typo3-rector/src/Rector/v8/v5/error_log
[Fri Aug 08 12:43:50.567428 2025] [authz_core:error] [pid 643342:tid 643401] [client 100.28.49.152:6340] AH01630: client denied by server configuration: /home/vacivi36/dossteste.vacivitta.com.br/vendor/rector/rector/vendor/ssch/typo3-rector/src/Rector/v10/v0/error_log
[Fri Aug 08 12:43:54.677584 2025] [authz_core:error] [pid 643341:tid 643374] [client 34.227.234.246:26031] AH01630: client denied by server configuration: /home/vacivi36/dossteste.vacivitta.com.br/vendor/rector/rector/vendor/ssch/typo3-rector/src/Rector/v7/v6/error_log
[Fri Aug 08 12:44:00.546021 2025] [authz_core:error] [pid 643426:tid 643454] [client 52.22.64.232:44003] AH01630: client denied by server configuration: /home/vacivi36/dossteste.vacivitta.com.br/vendor/rector/rector/vendor/doctrine/inflector/lib/Doctrine/Inflector/Rules/NorwegianBokmal/error_log
[Fri Aug 08 12:44:03.627905 2025] [authz_core:error] [pid 643426:tid 643463] [client 54.86.59.155:49754] AH01630: client denied by server configuration: /home/vacivi36/dossteste.vacivitta.com.br/vendor/rector/rector/vendor/tracy/tracy/src/Tracy/BlueScreen/assets/error_log
[Fri Aug 08 12:56:26.753011 2025] [authz_core:error] [pid 643342:tid 643404] [client 50.19.102.70:54718] AH01630: client denied by server configuration: /home/vacivi36/dossteste.vacivitta.com.br/vendor/rector/rector/vendor/rector/rector-symfony/src/Rector/ConstFetch/error_log
[Fri Aug 08 12:56:31.269174 2025] [authz_core:error] [pid 643425:tid 643437] [client 18.214.251.19:41558] AH01630: client denied by server configuration: /home/vacivi36/dossteste.vacivitta.com.br/vendor/rector/rector/vendor/ssch/typo3-rector/src/FileProcessor/Fluid/Rector/error_log
[Fri Aug 08 12:56:34.790160 2025] [authz_core:error] [pid 643342:tid 643410] [client 100.27.153.9:32665] AH01630: client denied by server configuration: /home/vacivi36/dossteste.vacivitta.com.br/vendor/rector/rector/vendor/rector/rector-symfony/src/Rector/FuncCall/error_log
