89.168.108.39 - - [01/May/2025:17:19:42 -0300] "GET /vendor/vendor/phpunit/phpunit/src/Util/PHP/eval-stdin.php HTTP/1.1" 404 - "-" "Custom-AsyncHttpClient"
vacivitta.com.br:80
89.168.108.39 - - [01/May/2025:17:19:43 -0300] "GET /phpunit/phpunit/src/Util/PHP/eval-stdin.php HTTP/1.1" 404 - "-" "Custom-AsyncHttpClient"
vacivitta.com.br:80
89.168.108.39 - - [01/May/2025:17:19:44 -0300] "GET /phpunit/phpunit/Util/PHP/eval-stdin.php HTTP/1.1" 404 - "-" "Custom-AsyncHttpClient"
vacivitta.com.br:80
89.168.108.39 - - [01/May/2025:17:19:45 -0300] "GET /phpunit/src/Util/PHP/eval-stdin.php HTTP/1.1" 404 - "-" "Custom-AsyncHttpClient"
vacivitta.com.br:80
89.168.108.39 - - [01/May/2025:17:19:46 -0300] "GET /phpunit/Util/PHP/eval-stdin.php HTTP/1.1" 404 - "-" "Custom-AsyncHttpClient"
vacivitta.com.br:80
89.168.108.39 - - [01/May/2025:17:19:47 -0300] "GET /lib/phpunit/phpunit/src/Util/PHP/eval-stdin.php HTTP/1.1" 404 - "-" "Custom-AsyncHttpClient"
vacivitta.com.br:80
89.168.108.39 - - [01/May/2025:17:19:48 -0300] "GET /lib/phpunit/phpunit/Util/PHP/eval-stdin.php HTTP/1.1" 404 - "-" "Custom-AsyncHttpClient"
vacivitta.com.br:80
89.168.108.39 - - [01/May/2025:17:19:49 -0300] "GET /lib/phpunit/src/Util/PHP/eval-stdin.php HTTP/1.1" 404 - "-" "Custom-AsyncHttpClient"
vacivitta.com.br:80
89.168.108.39 - - [01/May/2025:17:19:50 -0300] "GET /lib/phpunit/Util/PHP/eval-stdin.php HTTP/1.1" 404 - "-" "Custom-AsyncHttpClient"
vacivitta.com.br:80
89.168.108.39 - - [01/May/2025:17:19:51 -0300] "GET /lib/vendor/phpunit/phpunit/src/Util/PHP/eval-stdin.php HTTP/1.1" 404 - "-" "Custom-AsyncHttpClient"
vacivitta.com.br:80
89.168.108.39 - - [01/May/2025:17:19:52 -0300] "GET /laravel/vendor/phpunit/phpunit/src/Util/PHP/eval-stdin.php HTTP/1.1" 404 - "-" "Custom-AsyncHttpClient"
vacivitta.com.br:80
89.168.108.39 - - [01/May/2025:17:19:53 -0300] "GET /www/vendor/phpunit/phpunit/src/Util/PHP/eval-stdin.php HTTP/1.1" 404 - "-" "Custom-AsyncHttpClient"
vacivitta.com.br:80
89.168.108.39 - - [01/May/2025:17:19:54 -0300] "GET /ws/vendor/phpunit/phpunit/src/Util/PHP/eval-stdin.php HTTP/1.1" 404 - "-" "Custom-AsyncHttpClient"
vacivitta.com.br:80
89.168.108.39 - - [01/May/2025:17:19:55 -0300] "GET /yii/vendor/phpunit/phpunit/src/Util/PHP/eval-stdin.php HTTP/1.1" 404 - "-" "Custom-AsyncHttpClient"
vacivitta.com.br:80
89.168.108.39 - - [01/May/2025:17:19:56 -0300] "GET /zend/vendor/phpunit/phpunit/src/Util/PHP/eval-stdin.php HTTP/1.1" 404 - "-" "Custom-AsyncHttpClient"
vacivitta.com.br:80
89.168.108.39 - - [01/May/2025:17:19:56 -0300] "GET /ws/ec/vendor/phpunit/phpunit/src/Util/PHP/eval-stdin.php HTTP/1.1" 404 - "-" "Custom-AsyncHttpClient"
vacivitta.com.br:80
89.168.108.39 - - [01/May/2025:17:19:57 -0300] "GET /V2/vendor/phpunit/phpunit/src/Util/PHP/eval-stdin.php HTTP/1.1" 404 - "-" "Custom-AsyncHttpClient"
vacivitta.com.br:80
89.168.108.39 - - [01/May/2025:17:19:58 -0300] "GET /tests/vendor/phpunit/phpunit/src/Util/PHP/eval-stdin.php HTTP/1.1" 404 - "-" "Custom-AsyncHttpClient"
vacivitta.com.br:80
89.168.108.39 - - [01/May/2025:17:19:59 -0300] "GET /test/vendor/phpunit/phpunit/src/Util/PHP/eval-stdin.php HTTP/1.1" 404 - "-" "Custom-AsyncHttpClient"
vacivitta.com.br:80
89.168.108.39 - - [01/May/2025:17:20:00 -0300] "GET /testing/vendor/phpunit/phpunit/src/Util/PHP/eval-stdin.php HTTP/1.1" 404 - "-" "Custom-AsyncHttpClient"
vacivitta.com.br:80
89.168.108.39 - - [01/May/2025:17:20:01 -0300] "GET /api/vendor/phpunit/phpunit/src/Util/PHP/eval-stdin.php HTTP/1.1" 404 - "-" "Custom-AsyncHttpClient"
vacivitta.com.br:80
89.168.108.39 - - [01/May/2025:17:20:02 -0300] "GET /demo/vendor/phpunit/phpunit/src/Util/PHP/eval-stdin.php HTTP/1.1" 404 - "-" "Custom-AsyncHttpClient"
vacivitta.com.br:80
89.168.108.39 - - [01/May/2025:17:20:03 -0300] "GET /cms/vendor/phpunit/phpunit/src/Util/PHP/eval-stdin.php HTTP/1.1" 404 - "-" "Custom-AsyncHttpClient"
vacivitta.com.br:80
89.168.108.39 - - [01/May/2025:17:20:04 -0300] "GET /crm/vendor/phpunit/phpunit/src/Util/PHP/eval-stdin.php HTTP/1.1" 404 - "-" "Custom-AsyncHttpClient"
vacivitta.com.br:80
89.168.108.39 - - [01/May/2025:17:20:05 -0300] "GET /admin/vendor/phpunit/phpunit/src/Util/PHP/eval-stdin.php HTTP/1.1" 404 - "-" "Custom-AsyncHttpClient"
vacivitta.com.br:80
89.168.108.39 - - [01/May/2025:17:20:06 -0300] "GET /backup/vendor/phpunit/phpunit/src/Util/PHP/eval-stdin.php HTTP/1.1" 404 - "-" "Custom-AsyncHttpClient"
vacivitta.com.br:80
89.168.108.39 - - [01/May/2025:17:20:07 -0300] "GET /blog/vendor/phpunit/phpunit/src/Util/PHP/eval-stdin.php HTTP/1.1" 404 - "-" "Custom-AsyncHttpClient"
vacivitta.com.br:80
89.168.108.39 - - [01/May/2025:17:20:08 -0300] "GET /workspace/drupal/vendor/phpunit/phpunit/src/Util/PHP/eval-stdin.php HTTP/1.1" 404 - "-" "Custom-AsyncHttpClient"
vacivitta.com.br:80
89.168.108.39 - - [01/May/2025:17:20:09 -0300] "GET /panel/vendor/phpunit/phpunit/src/Util/PHP/eval-stdin.php HTTP/1.1" 404 - "-" "Custom-AsyncHttpClient"
vacivitta.com.br:80
89.168.108.39 - - [01/May/2025:17:20:10 -0300] "GET /public/vendor/phpunit/phpunit/src/Util/PHP/eval-stdin.php HTTP/1.1" 404 - "-" "Custom-AsyncHttpClient"
vacivitta.com.br:80
89.168.108.39 - - [01/May/2025:17:20:11 -0300] "GET /apps/vendor/phpunit/phpunit/src/Util/PHP/eval-stdin.php HTTP/1.1" 404 - "-" "Custom-AsyncHttpClient"
vacivitta.com.br:80
89.168.108.39 - - [01/May/2025:17:20:12 -0300] "GET /app/vendor/phpunit/phpunit/src/Util/PHP/eval-stdin.php HTTP/1.1" 404 - "-" "Custom-AsyncHttpClient"
vacivitta.com.br:80
89.168.108.39 - - [01/May/2025:17:20:13 -0300] "GET /index.php?s=/index/\\think\\app/invokefunction&function=call_user_func_array&vars[0]=md5&vars[1][]=Hello HTTP/1.1" 404 - "-" "Custom-AsyncHttpClient"
vacivitta.com.br:80
89.168.108.39 - - [01/May/2025:17:20:14 -0300] "GET /public/index.php?s=/index/\\think\\app/invokefunction&function=call_user_func_array&vars[0]=md5&vars[1][]=Hello HTTP/1.1" 404 - "-" "Custom-AsyncHttpClient"
vacivitta.com.br:80
89.168.108.39 - - [01/May/2025:17:20:15 -0300] "GET /index.php?lang=../../../../../../../../usr/local/lib/php/pearcmd&+config-create+/&/<?echo(md5(\"hi\"));?>+/tmp/index1.php HTTP/1.1" 404 - "-" "Custom-AsyncHttpClient"
vacivitta.com.br:80
89.168.108.39 - - [01/May/2025:17:20:16 -0300] "GET /index.php?lang=../../../../../../../../tmp/index1 HTTP/1.1" 404 - "-" "Custom-AsyncHttpClient"
vacivitta.com.br:80
89.168.108.39 - - [01/May/2025:17:20:17 -0300] "GET /containers/json HTTP/1.1" 404 - "-" "Custom-AsyncHttpClient"
vacivitta.com.br:80
155.2.192.191 - - [01/May/2025:17:28:02 -0300] "GET //.env HTTP/1.1" 404 - "-" "Go-http-client/1.1"
vacivitta.com.br:80
148.113.206.49 - - [01/May/2025:17:44:30 -0300] "GET / HTTP/1.1" 200 488 "-" "Mozilla/5.0 (compatible; ModatScanner/1.0; +https://modat.io/)"
vacivitta.com.br:80
154.81.156.54 - - [01/May/2025:17:54:15 -0300] "GET / HTTP/1.1" 200 488 "-" "Mozilla/5.0 (Windows NT 10.0; Win64; x64) AppleWebKit/537.36 (KHTML, like Gecko) Chrome/90.0.4430.85 Safari/537.36 Edg/90.0.818.46"
vacivitta.com.br:80
156.248.158.82 - - [01/May/2025:17:59:45 -0300] "GET / HTTP/1.1" 200 488 "-" "Hello-World/1.0"
vacivitta.com.br:80
185.218.86.4 - - [01/May/2025:18:04:18 -0300] "GET / HTTP/1.1" 200 488 "-" "Mozilla/5.0 (Windows NT 10.0; Win64; x64) AppleWebKit/537.36 (KHTML, like Gecko) Chrome/90.0.4430.85 Safari/537.36 Edg/90.0.818.46"
vacivitta.com.br:80
104.234.115.97 - - [01/May/2025:18:06:51 -0300] "\x16\x03\x01" 404 - "-" "-"
vacivitta.com.br:80
104.234.115.97 - - [01/May/2025:18:07:17 -0300] "GET / HTTP/1.1" 200 488 "-" "'Mozilla/5.0 (compatible; GenomeCrawlerd/1.0; +https://www.nokia.com/genomecrawler)'"
vacivitta.com.br:80
205.210.31.72 - - [01/May/2025:18:19:06 -0300] "\x16\x03\x01" 404 - "-" "-"
vacivitta.com.br:80
205.210.31.72 - - [01/May/2025:18:19:06 -0300] "\x16\x03\x01" 404 - "-" "-"
vacivitta.com.br:80
43.153.10.13 - - [01/May/2025:18:21:27 -0300] "GET / HTTP/1.1" 200 488 "-" "Mozilla/5.0 (iPhone; CPU iPhone OS 13_2_3 like Mac OS X) AppleWebKit/605.1.15 (KHTML, like Gecko) Version/13.0.3 Mobile/15E148 Safari/604.1"
vacivitta.com.br:80
104.234.115.97 - - [01/May/2025:18:25:44 -0300] "\x16\x03\x01" 404 - "-" "-"
vacivitta.com.br:80
104.234.115.97 - - [01/May/2025:18:25:52 -0300] "GET /favicon.ico HTTP/1.1" 404 - "-" "'Mozilla/5.0 (compatible; GenomeCrawlerd/1.0; +https://www.nokia.com/genomecrawler)'"
vacivitta.com.br:80
154.81.156.54 - - [01/May/2025:18:39:42 -0300] "GET / HTTP/1.1" 200 488 "-" "Mozilla/5.0 (Windows NT 10.0; Win64; x64) AppleWebKit/537.36 (KHTML, like Gecko) Chrome/90.0.4430.85 Safari/537.36 Edg/90.0.818.46"
vacivitta.com.br:80
154.81.156.35 - - [01/May/2025:18:58:37 -0300] "GET / HTTP/1.1" 200 488 "-" "Mozilla/5.0 (Windows NT 10.0; Win64; x64) AppleWebKit/537.36 (KHTML, like Gecko) Chrome/90.0.4430.85 Safari/537.36 Edg/90.0.818.46"
vacivitta.com.br:80
45.4.216.28 - - [01/May/2025:19:04:14 -0300] "GET / HTTP/1.1" 200 488 "-" "Mozilla/5.0 (Macintosh; Intel Mac OS X 10_11_6) AppleWebKit/601.7.7 (KHTML, like Gecko) Version/9.1.2 Safari/601.7.7"
vacivitta.com.br:80
154.81.156.54 - - [01/May/2025:19:25:25 -0300] "GET / HTTP/1.1" 200 488 "-" "Mozilla/5.0 (Windows NT 10.0; Win64; x64) AppleWebKit/537.36 (KHTML, like Gecko) Chrome/90.0.4430.85 Safari/537.36 Edg/90.0.818.46"
vacivitta.com.br:80
134.209.150.69 - - [01/May/2025:19:30:58 -0300] "GET /.env HTTP/1.1" 404 - "-" "Mozilla/5.0; Keydrop.io/1.0(onlyscans.com/about);"
vacivitta.com.br:80
134.209.150.69 - - [01/May/2025:19:30:59 -0300] "GET /.git/config HTTP/1.1" 404 - "-" "Mozilla/5.0; Keydrop.io/1.0(onlyscans.com/about);"
vacivitta.com.br:80
185.242.226.154 - - [01/May/2025:19:49:45 -0300] "\x16\x03\x01" 404 - "-" "-"
vacivitta.com.br:80
154.81.156.54 - - [01/May/2025:19:50:12 -0300] "GET / HTTP/1.1" 200 488 "-" "Mozilla/5.0 (Windows NT 10.0; Win64; x64) AppleWebKit/537.36 (KHTML, like Gecko) Chrome/90.0.4430.85 Safari/537.36 Edg/90.0.818.46"
vacivitta.com.br:80
147.185.132.208 - - [01/May/2025:20:03:03 -0300] "GET / HTTP/1.1" 200 488 "-" "Expanse, a Palo Alto Networks company, searches across the global IPv4 space multiple times per day to identify customers' presences on the Internet. If you would like to be excluded from our scans, please send IP addresses/domains to: scaninfo@paloaltonetworks.com"
vacivitta.com.br:80
157.245.242.27 - - [01/May/2025:20:10:06 -0300] "GET /_profiler/phpinfo HTTP/1.1" 404 - "-" "Mozilla/5.0 (Linux; Android 10; K) AppleWebKit/537.36 (KHTML, like Gecko) Chrome/122.0.0.0 Mobile Safari/537.36"
vacivitta.com.br:80
157.245.242.27 - - [01/May/2025:20:10:07 -0300] "POST / HTTP/1.1" 200 488 "-" "Mozilla/5.0 (Linux; Android 10; K) AppleWebKit/537.36 (KHTML, like Gecko) Chrome/122.0.0.0 Mobile Safari/537.36"
vacivitta.com.br:80
185.218.84.178 - - [01/May/2025:20:33:23 -0300] "GET / HTTP/1.1" 200 488 "-" "Mozilla/5.0 (Windows NT 10.0; Win64; x64) AppleWebKit/537.36 (KHTML, like Gecko) Chrome/90.0.4430.85 Safari/537.36 Edg/90.0.818.46"
vacivitta.com.br:80
154.81.156.54 - - [01/May/2025:20:35:26 -0300] "GET / HTTP/1.1" 200 488 "-" "Mozilla/5.0 (Windows NT 10.0; Win64; x64) AppleWebKit/537.36 (KHTML, like Gecko) Chrome/90.0.4430.85 Safari/537.36 Edg/90.0.818.46"
vacivitta.com.br:80
103.48.64.91 - - [01/May/2025:20:51:25 -0300] "GET /boaform/admin/formLogin?username=adminisp&psd=adminisp HTTP/1.0" 404 - "-" "-"
vacivitta.com.br:80
20.14.92.202 - - [01/May/2025:20:58:05 -0300] "GET /developmentserver/metadatauploader HTTP/1.1" 404 - "-" "Mozilla/5.0 zgrab/0.x"
vacivitta.com.br:80
185.218.86.4 - - [01/May/2025:21:01:12 -0300] "GET / HTTP/1.1" 200 488 "-" "Mozilla/5.0 (Windows NT 10.0; Win64; x64) AppleWebKit/537.36 (KHTML, like Gecko) Chrome/90.0.4430.85 Safari/537.36 Edg/90.0.818.46"
vacivitta.com.br:80
20.65.219.43 - - [01/May/2025:21:13:29 -0300] "MGLNDD_162.240.168.168_80\n" 404 - "-" "-"
vacivitta.com.br:80
157.245.245.170 - - [01/May/2025:21:19:28 -0300] "GET /_profiler/phpinfo HTTP/1.1" 404 - "-" "Mozilla/5.0 (Linux; Android 10; K) AppleWebKit/537.36 (KHTML, like Gecko) Chrome/122.0.0.0 Mobile Safari/537.36"
vacivitta.com.br:80
157.245.245.170 - - [01/May/2025:21:19:29 -0300] "POST / HTTP/1.1" 200 488 "-" "Mozilla/5.0 (Linux; Android 10; K) AppleWebKit/537.36 (KHTML, like Gecko) Chrome/122.0.0.0 Mobile Safari/537.36"
vacivitta.com.br:80
154.81.156.54 - - [01/May/2025:21:20:38 -0300] "GET / HTTP/1.1" 200 488 "-" "Mozilla/5.0 (Windows NT 10.0; Win64; x64) AppleWebKit/537.36 (KHTML, like Gecko) Chrome/90.0.4430.85 Safari/537.36 Edg/90.0.818.46"
vacivitta.com.br:80
154.81.156.35 - - [01/May/2025:21:24:45 -0300] "GET / HTTP/1.1" 200 488 "-" "Mozilla/5.0 (Windows NT 10.0; Win64; x64) AppleWebKit/537.36 (KHTML, like Gecko) Chrome/90.0.4430.85 Safari/537.36 Edg/90.0.818.46"
vacivitta.com.br:80
154.81.156.54 - - [01/May/2025:21:50:39 -0300] "GET / HTTP/1.1" 200 488 "-" "Mozilla/5.0 (Windows NT 10.0; Win64; x64) AppleWebKit/537.36 (KHTML, like Gecko) Chrome/90.0.4430.85 Safari/537.36 Edg/90.0.818.46"
vacivitta.com.br:80
154.81.156.54 - - [01/May/2025:22:28:20 -0300] "GET / HTTP/1.1" 200 488 "-" "Mozilla/5.0 (Windows NT 10.0; Win64; x64) AppleWebKit/537.36 (KHTML, like Gecko) Chrome/90.0.4430.85 Safari/537.36 Edg/90.0.818.46"
vacivitta.com.br:80
185.242.226.154 - - [01/May/2025:22:43:11 -0300] "GET / HTTP/1.1" 200 488 "-" "Mozilla/5.0 (Windows NT 10.0; Win64; x64) AppleWebKit/537.36 (KHTML, like Gecko) Chrome/88.0.4324.190 Safari/537.36"
vacivitta.com.br:80
185.242.226.154 - - [01/May/2025:22:44:11 -0300] "GET /ico.ico HTTP/1.1" 200 100526 "-" "Python/3.7 aiohttp/3.8.1"
vacivitta.com.br:80
117.213.70.85 - - [01/May/2025:23:04:13 -0300] "GET / HTTP/1.1" 200 488 "-" "Hello-World/1.0"
vacivitta.com.br:80
154.81.156.54 - - [01/May/2025:23:21:01 -0300] "GET / HTTP/1.1" 200 488 "-" "Mozilla/5.0 (Windows NT 10.0; Win64; x64) AppleWebKit/537.36 (KHTML, like Gecko) Chrome/90.0.4430.85 Safari/537.36 Edg/90.0.818.46"
vacivitta.com.br:80
104.248.254.144 - - [01/May/2025:23:22:13 -0300] "GET /api/v1/ws/server HTTP/1.1" 404 - "-" "Go-http-client/1.1"
vacivitta.com.br:80
154.81.156.35 - - [01/May/2025:23:35:28 -0300] "GET / HTTP/1.1" 200 488 "-" "Mozilla/5.0 (Windows NT 10.0; Win64; x64) AppleWebKit/537.36 (KHTML, like Gecko) Chrome/90.0.4430.85 Safari/537.36 Edg/90.0.818.46"
vacivitta.com.br:80
196.251.73.101 - - [01/May/2025:23:38:28 -0300] "GET /.env HTTP/1.1" 404 - "-" "Mozilla/5.0 (OS/2; U; OS/2; en-US) AppleWebKit/533.3 (KHTML, like Gecko) Arora/0.11.0 Safari/533.3"
vacivitta.com.br:80
185.218.86.4 - - [01/May/2025:23:39:55 -0300] "GET / HTTP/1.1" 200 488 "-" "Mozilla/5.0 (Windows NT 10.0; Win64; x64) AppleWebKit/537.36 (KHTML, like Gecko) Chrome/90.0.4430.85 Safari/537.36 Edg/90.0.818.46"
vacivitta.com.br:80
154.81.156.54 - - [01/May/2025:23:43:30 -0300] "GET / HTTP/1.1" 200 488 "-" "Mozilla/5.0 (Windows NT 10.0; Win64; x64) AppleWebKit/537.36 (KHTML, like Gecko) Chrome/90.0.4430.85 Safari/537.36 Edg/90.0.818.46"
vacivitta.com.br:80
198.235.24.107 - - [01/May/2025:23:44:40 -0300] "GET / HTTP/1.0" 200 488 "-" "Expanse, a Palo Alto Networks company, searches across the global IPv4 space multiple times per day to identify customers' presences on the Internet. If you would like to be excluded from our scans, please send IP addresses/domains to: scaninfo@paloaltonetworks.com"
vacivitta.com.br:80
185.218.84.178 - - [02/May/2025:00:01:01 -0300] "GET / HTTP/1.1" 200 488 "-" "Mozilla/5.0 (Windows NT 10.0; Win64; x64) AppleWebKit/537.36 (KHTML, like Gecko) Chrome/90.0.4430.85 Safari/537.36 Edg/90.0.818.46"
vacivitta.com.br:80
154.81.156.54 - - [02/May/2025:00:21:01 -0300] "GET / HTTP/1.1" 200 488 "-" "Mozilla/5.0 (Windows NT 10.0; Win64; x64) AppleWebKit/537.36 (KHTML, like Gecko) Chrome/90.0.4430.85 Safari/537.36 Edg/90.0.818.46"
vacivitta.com.br:80
43.157.82.252 - - [02/May/2025:00:52:03 -0300] "GET / HTTP/1.1" 200 488 "-" "Mozilla/5.0 (iPhone; CPU iPhone OS 13_2_3 like Mac OS X) AppleWebKit/605.1.15 (KHTML, like Gecko) Version/13.0.3 Mobile/15E148 Safari/604.1"
vacivitta.com.br:80
154.81.156.54 - - [02/May/2025:00:53:29 -0300] "GET / HTTP/1.1" 200 488 "-" "Mozilla/5.0 (Windows NT 10.0; Win64; x64) AppleWebKit/537.36 (KHTML, like Gecko) Chrome/90.0.4430.85 Safari/537.36 Edg/90.0.818.46"
vacivitta.com.br:80
103.114.105.139 - - [02/May/2025:01:07:30 -0300] "GET /.env HTTP/1.1" 404 - "-" "Mozilla/5.0 (X11; Linux x86_64) AppleWebKit/537.36 (KHTML, like Gecko) Chrome/81.0.4044.129 Safari/537.36"
vacivitta.com.br:80
103.114.105.139 - - [02/May/2025:01:07:31 -0300] "POST / HTTP/1.1" 200 488 "-" "Mozilla/5.0 (X11; Linux x86_64) AppleWebKit/537.36 (KHTML, like Gecko) Chrome/81.0.4044.129 Safari/537.36"
vacivitta.com.br:80
184.105.247.194 - - [02/May/2025:01:14:15 -0300] "\x16\x03\x01" 404 - "-" "-"
vacivitta.com.br:80
154.81.156.7 - - [02/May/2025:01:26:30 -0300] "GET / HTTP/1.1" 200 488 "-" "Mozilla/5.0 (Windows NT 10.0; Win64; x64) AppleWebKit/537.36 (KHTML, like Gecko) Chrome/90.0.4430.85 Safari/537.36 Edg/90.0.818.46"
vacivitta.com.br:80
154.81.156.54 - - [02/May/2025:01:37:33 -0300] "GET / HTTP/1.1" 200 488 "-" "Mozilla/5.0 (Windows NT 10.0; Win64; x64) AppleWebKit/537.36 (KHTML, like Gecko) Chrome/90.0.4430.85 Safari/537.36 Edg/90.0.818.46"
vacivitta.com.br:80
163.61.110.122 - - [02/May/2025:01:43:59 -0300] "POST /boaform/admin/formLogin HTTP/1.1" 404 - "http://162.240.168.168:80/admin/login.asp" "Mozilla/5.0 (X11; Ubuntu; Linux x86_64; rv:71.0) Gecko/20100101 Firefox/71.0"
vacivitta.com.br:80
154.81.156.35 - - [02/May/2025:02:02:44 -0300] "GET / HTTP/1.1" 200 488 "-" "Mozilla/5.0 (Windows NT 10.0; Win64; x64) AppleWebKit/537.36 (KHTML, like Gecko) Chrome/90.0.4430.85 Safari/537.36 Edg/90.0.818.46"
vacivitta.com.br:80
154.81.156.54 - - [02/May/2025:02:13:47 -0300] "GET / HTTP/1.1" 200 488 "-" "Mozilla/5.0 (Windows NT 10.0; Win64; x64) AppleWebKit/537.36 (KHTML, like Gecko) Chrome/90.0.4430.85 Safari/537.36 Edg/90.0.818.46"
vacivitta.com.br:80
13.89.125.231 - - [02/May/2025:02:19:43 -0300] "GET /manager/html HTTP/1.1" 404 - "-" "Mozilla/5.0 zgrab/0.x"
vacivitta.com.br:80
45.8.22.186 - - [02/May/2025:02:23:48 -0300] "GET /.env HTTP/1.1" 404 - "-" "python-requests/2.32.3"
vacivitta.com.br:80
45.8.22.186 - - [02/May/2025:02:23:48 -0300] "POST / HTTP/1.1" 200 488 "-" "python-requests/2.32.3"
vacivitta.com.br:80
185.218.84.178 - - [02/May/2025:02:36:49 -0300] "GET / HTTP/1.1" 200 488 "-" "Mozilla/5.0 (Windows NT 10.0; Win64; x64) AppleWebKit/537.36 (KHTML, like Gecko) Chrome/90.0.4430.85 Safari/537.36 Edg/90.0.818.46"
vacivitta.com.br:80
185.218.86.4 - - [02/May/2025:02:48:57 -0300] "GET / HTTP/1.1" 200 488 "-" "Mozilla/5.0 (Windows NT 10.0; Win64; x64) AppleWebKit/537.36 (KHTML, like Gecko) Chrome/90.0.4430.85 Safari/537.36 Edg/90.0.818.46"
vacivitta.com.br:80
154.81.156.54 - - [02/May/2025:02:59:38 -0300] "GET / HTTP/1.1" 200 488 "-" "Mozilla/5.0 (Windows NT 10.0; Win64; x64) AppleWebKit/537.36 (KHTML, like Gecko) Chrome/90.0.4430.85 Safari/537.36 Edg/90.0.818.46"
vacivitta.com.br:80
154.81.156.7 - - [02/May/2025:03:06:26 -0300] "GET / HTTP/1.1" 200 488 "-" "Mozilla/5.0 (Windows NT 10.0; Win64; x64) AppleWebKit/537.36 (KHTML, like Gecko) Chrome/90.0.4430.85 Safari/537.36 Edg/90.0.818.46"
vacivitta.com.br:80
5.183.209.244 - - [02/May/2025:03:10:48 -0300] "GET / HTTP/1.1" 200 488 "-" "Mozilla/5.0 (Windows NT 10.0; Win64; x64) AppleWebKit/537.36 (KHTML, like Gecko) Chrome/90.0.4430.85 Safari/537.36 Edg/90.0.818.46"
vacivitta.com.br:80
78.29.21.78 - - [02/May/2025:03:31:09 -0300] "GET / HTTP/1.1" 200 488 "-" "Mozilla/5.0 (Windows NT 10.0; WOW64) AppleWebKit/537.36 (KHTML, like Gecko) Chrome/51.0.2704.103 Safari/537.36"
vacivitta.com.br:80
185.170.144.192 - - [02/May/2025:03:34:31 -0300] "CONNECT ifconfig.co:443 HTTP/1.1" 404 - "-" "Go-http-client/1.1"
vacivitta.com.br:80
185.170.144.192 - - [02/May/2025:03:34:31 -0300] "\x16\x03\x01\x05\xa8\x01" 404 - "-" "-"
vacivitta.com.br:80
154.81.156.54 - - [02/May/2025:03:40:07 -0300] "GET / HTTP/1.1" 200 488 "-" "Mozilla/5.0 (Windows NT 10.0; Win64; x64) AppleWebKit/537.36 (KHTML, like Gecko) Chrome/90.0.4430.85 Safari/537.36 Edg/90.0.818.46"
vacivitta.com.br:80
176.58.96.49 - - [02/May/2025:03:44:02 -0300] "GET / HTTP/1.1" 200 488 "-" "Mozilla/5.0 (Windows NT 6.1; WOW64; rv:8.0) Gecko/20100101 Firefox/8.0"
vacivitta.com.br:80
176.58.96.49 - - [02/May/2025:03:44:02 -0300] "\x16\x03\x01" 404 - "-" "-"
vacivitta.com.br:80
176.58.96.49 - - [02/May/2025:03:44:03 -0300] "\x16\x03\x01" 404 - "-" "-"
vacivitta.com.br:80
176.58.96.49 - - [02/May/2025:03:44:06 -0300] "\x16\x03\x01" 404 - "-" "-"
vacivitta.com.br:80
170.106.15.3 - - [02/May/2025:03:59:53 -0300] "GET / HTTP/1.1" 200 488 "-" "Mozilla/5.0 (iPhone; CPU iPhone OS 13_2_3 like Mac OS X) AppleWebKit/605.1.15 (KHTML, like Gecko) Version/13.0.3 Mobile/15E148 Safari/604.1"
vacivitta.com.br:80
154.81.156.35 - - [02/May/2025:04:01:19 -0300] "GET / HTTP/1.1" 200 488 "-" "Mozilla/5.0 (Windows NT 10.0; Win64; x64) AppleWebKit/537.36 (KHTML, like Gecko) Chrome/90.0.4430.85 Safari/537.36 Edg/90.0.818.46"
vacivitta.com.br:80
87.236.176.17 - - [02/May/2025:04:03:03 -0300] "GET / HTTP/1.1" 200 488 "-" "Mozilla/5.0 (compatible; InternetMeasurement/1.0; +https://internet-measurement.com/)"
vacivitta.com.br:80
185.247.137.151 - - [02/May/2025:04:03:04 -0300] "GET /ico.ico HTTP/1.1" 200 100526 "-" "Mozilla/5.0 (compatible; InternetMeasurement/1.0; +https://internet-measurement.com/)"
vacivitta.com.br:80
64.62.156.118 - - [02/May/2025:04:08:43 -0300] "GET / HTTP/1.1" 200 488 "-" "Mozilla/5.0 (Windows NT 10.0; Win64; x64; rv:120.0) Gecko/20100101 Firefox/120.0"
vacivitta.com.br:80
154.81.156.54 - - [02/May/2025:04:09:37 -0300] "GET / HTTP/1.1" 200 488 "-" "Mozilla/5.0 (Windows NT 10.0; Win64; x64) AppleWebKit/537.36 (KHTML, like Gecko) Chrome/90.0.4430.85 Safari/537.36 Edg/90.0.818.46"
vacivitta.com.br:80
64.62.156.119 - - [02/May/2025:04:11:55 -0300] "GET /favicon.ico HTTP/1.1" 404 - "-" "Mozilla/5.0 (X11; Linux x86_64; rv:91.0) Gecko/20100101 Firefox/91.0"
vacivitta.com.br:80
64.62.156.117 - - [02/May/2025:04:12:21 -0300] "GET /geoserver/web/ HTTP/1.1" 404 - "-" "Mozilla/5.0 (Windows NT 10.0; Win64; x64; rv:120.0) Gecko/20100101 Firefox/120.0"
vacivitta.com.br:80
185.242.226.154 - - [02/May/2025:04:32:47 -0300] "\x16\x03\x01" 404 - "-" "-"
vacivitta.com.br:80
154.81.156.54 - - [02/May/2025:04:44:50 -0300] "GET / HTTP/1.1" 200 488 "-" "Mozilla/5.0 (Windows NT 10.0; Win64; x64) AppleWebKit/537.36 (KHTML, like Gecko) Chrome/90.0.4430.85 Safari/537.36 Edg/90.0.818.46"
vacivitta.com.br:80
154.81.156.7 - - [02/May/2025:04:56:50 -0300] "GET / HTTP/1.1" 200 488 "-" "Mozilla/5.0 (Windows NT 10.0; Win64; x64) AppleWebKit/537.36 (KHTML, like Gecko) Chrome/90.0.4430.85 Safari/537.36 Edg/90.0.818.46"
vacivitta.com.br:80
185.218.86.4 - - [02/May/2025:05:24:00 -0300] "GET / HTTP/1.1" 200 488 "-" "Mozilla/5.0 (Windows NT 10.0; Win64; x64) AppleWebKit/537.36 (KHTML, like Gecko) Chrome/90.0.4430.85 Safari/537.36 Edg/90.0.818.46"
vacivitta.com.br:80
154.81.156.54 - - [02/May/2025:05:24:19 -0300] "GET / HTTP/1.1" 200 488 "-" "Mozilla/5.0 (Windows NT 10.0; Win64; x64) AppleWebKit/537.36 (KHTML, like Gecko) Chrome/90.0.4430.85 Safari/537.36 Edg/90.0.818.46"
vacivitta.com.br:80
176.65.148.254 - - [02/May/2025:05:34:56 -0300] "GET /ftptest.cgi HTTP/1.0" 404 - "-" "-"
vacivitta.com.br:80
185.218.84.178 - - [02/May/2025:05:36:37 -0300] "GET / HTTP/1.1" 200 488 "-" "Mozilla/5.0 (Windows NT 10.0; Win64; x64) AppleWebKit/537.36 (KHTML, like Gecko) Chrome/90.0.4430.85 Safari/537.36 Edg/90.0.818.46"
vacivitta.com.br:80
212.107.12.18 - - [02/May/2025:06:17:30 -0300] "GET / HTTP/1.1" 200 488 "-" "Mozilla/5.0 (Windows NT 10.0; Win64; x64) AppleWebKit/537.36 (KHTML, like Gecko) Chrome/90.0.4430.85 Safari/537.36 Edg/90.0.818.46"
vacivitta.com.br:80
154.81.156.54 - - [02/May/2025:06:18:41 -0300] "GET / HTTP/1.1" 200 488 "-" "Mozilla/5.0 (Windows NT 10.0; Win64; x64) AppleWebKit/537.36 (KHTML, like Gecko) Chrome/90.0.4430.85 Safari/537.36 Edg/90.0.818.46"
vacivitta.com.br:80
104.234.115.8 - - [02/May/2025:06:20:23 -0300] "GET / HTTP/1.0" 200 488 "-" "'Mozilla/5.0 (compatible; GenomeCrawlerd/1.0; +https://www.nokia.com/genomecrawler)'"
vacivitta.com.br:80
104.234.115.8 - - [02/May/2025:06:20:33 -0300] "\x16\x03\x01" 404 - "-" "-"
vacivitta.com.br:80
104.234.115.8 - - [02/May/2025:06:21:21 -0300] "GET / HTTP/1.1" 200 488 "-" "'Mozilla/5.0 (compatible; GenomeCrawlerd/1.0; +https://www.nokia.com/genomecrawler)'"
vacivitta.com.br:80
104.234.115.8 - - [02/May/2025:06:30:27 -0300] "\x16\x03\x01" 404 - "-" "-"
vacivitta.com.br:80
104.234.115.8 - - [02/May/2025:06:30:33 -0300] "GET /favicon.ico HTTP/1.1" 404 - "-" "'Mozilla/5.0 (compatible; GenomeCrawlerd/1.0; +https://www.nokia.com/genomecrawler)'"
vacivitta.com.br:80
154.81.156.35 - - [02/May/2025:06:42:42 -0300] "GET / HTTP/1.1" 200 488 "-" "Mozilla/5.0 (Windows NT 10.0; Win64; x64) AppleWebKit/537.36 (KHTML, like Gecko) Chrome/90.0.4430.85 Safari/537.36 Edg/90.0.818.46"
vacivitta.com.br:80
20.171.29.2 - - [02/May/2025:06:43:51 -0300] "GET /druid/index.html HTTP/1.1" 404 - "-" "Mozilla/5.0 zgrab/0.x"
vacivitta.com.br:80
154.81.156.54 - - [02/May/2025:06:49:49 -0300] "GET / HTTP/1.1" 200 488 "-" "Mozilla/5.0 (Windows NT 10.0; Win64; x64) AppleWebKit/537.36 (KHTML, like Gecko) Chrome/90.0.4430.85 Safari/537.36 Edg/90.0.818.46"
vacivitta.com.br:80
185.242.226.154 - - [02/May/2025:06:54:27 -0300] "GET / HTTP/1.1" 200 488 "-" "Mozilla/5.0 (Windows NT 10.0; Win64; x64) AppleWebKit/537.36 (KHTML, like Gecko) Chrome/88.0.4324.190 Safari/537.36"
vacivitta.com.br:80
185.242.226.154 - - [02/May/2025:06:55:17 -0300] "GET /ico.ico HTTP/1.1" 200 100526 "-" "Python/3.7 aiohttp/3.8.1"
vacivitta.com.br:80
154.81.156.7 - - [02/May/2025:07:01:57 -0300] "GET / HTTP/1.1" 200 488 "-" "Mozilla/5.0 (Windows NT 10.0; Win64; x64) AppleWebKit/537.36 (KHTML, like Gecko) Chrome/90.0.4430.85 Safari/537.36 Edg/90.0.818.46"
vacivitta.com.br:80
34.140.249.122 - - [02/May/2025:07:06:17 -0300] "GET / HTTP/1.1" 200 488 "-" "python-requests/2.32.3"
vacivitta.com.br:80
15.204.47.3 - - [02/May/2025:07:08:39 -0300] "GET / HTTP/1.0" 200 488 "-" "-"
vacivitta.com.br:80
15.204.47.3 - - [02/May/2025:07:09:52 -0300] "POST /sdk HTTP/1.1" 404 - "-" "curl/7.54.0"
vacivitta.com.br:80
15.204.47.3 - - [02/May/2025:07:09:52 -0300] "GET /CSS/Miniweb.css HTTP/1.1" 404 - "-" "curl/7.54.0"
vacivitta.com.br:80
15.204.47.3 - - [02/May/2025:07:09:53 -0300] "GET / HTTP/1.1" 200 488 "-" "curl/7.54.0"
vacivitta.com.br:80
15.204.47.3 - - [02/May/2025:07:09:53 -0300] "GET /ico.ico HTTP/1.1" 200 100526 "-" "curl/7.54.0"
vacivitta.com.br:80
15.204.47.3 - - [02/May/2025:07:09:53 -0300] "GET /nmaplowercheck1746180592 HTTP/1.1" 404 - "-" "curl/7.54.0"
vacivitta.com.br:80
15.204.47.3 - - [02/May/2025:07:09:53 -0300] "GET /HNAP1 HTTP/1.1" 404 - "-" "curl/7.54.0"
vacivitta.com.br:80
15.204.47.3 - - [02/May/2025:07:09:53 -0300] "POST /scripts/WPnBr.dll HTTP/1.1" 404 - "-" "curl/7.54.0"
vacivitta.com.br:80
15.204.47.3 - - [02/May/2025:07:09:54 -0300] "GET /server-status HTTP/1.1" 404 - "-" "curl/7.54.0"
vacivitta.com.br:80
15.204.47.3 - - [02/May/2025:07:09:55 -0300] "GET /pools/default/buckets HTTP/1.1" 404 - "-" "curl/7.54.0"
vacivitta.com.br:80
15.204.47.3 - - [02/May/2025:07:09:55 -0300] "GET /pools HTTP/1.1" 404 - "-" "curl/7.54.0"
vacivitta.com.br:80
15.204.47.3 - - [02/May/2025:07:09:55 -0300] "GET /Portal0000.htm HTTP/1.1" 404 - "-" "curl/7.54.0"
vacivitta.com.br:80
15.204.47.3 - - [02/May/2025:07:09:56 -0300] "GET /__Additional HTTP/1.1" 404 - "-" "curl/7.54.0"
vacivitta.com.br:80
15.204.47.3 - - [02/May/2025:07:09:56 -0300] "GET /webui HTTP/1.1" 404 - "-" "curl/7.54.0"
vacivitta.com.br:80
15.204.47.3 - - [02/May/2025:07:09:57 -0300] "GET / HTTP/1.1" 200 488 "-" "curl/7.54.0"
vacivitta.com.br:80
15.204.47.3 - - [02/May/2025:07:09:57 -0300] "GET / HTTP/1.0" 200 488 "-" "-"
vacivitta.com.br:80
15.204.47.3 - - [02/May/2025:07:09:57 -0300] "GET /owa/ HTTP/1.1" 404 - "-" "curl/7.54.0"
vacivitta.com.br:80
15.204.47.3 - - [02/May/2025:07:09:57 -0300] "GET /owa/ HTTP/1.1" 404 - "-" "curl/7.54.0"
vacivitta.com.br:80
15.204.47.3 - - [02/May/2025:07:09:58 -0300] "GET / HTTP/1.1" 200 488 "-" "curl/7.54.0"
vacivitta.com.br:80
15.204.47.3 - - [02/May/2025:07:09:58 -0300] "GET /login.php HTTP/1.1" 404 - "-" "curl/7.54.0"
vacivitta.com.br:80
15.204.47.3 - - [02/May/2025:07:09:58 -0300] "GET /inicio.asp HTTP/1.1" 404 - "-" "curl/7.54.0"
vacivitta.com.br:80
15.204.47.3 - - [02/May/2025:07:09:58 -0300] "GET /Portal/Portal.mwsl HTTP/1.1" 404 - "-" "curl/7.54.0"
vacivitta.com.br:80
15.204.47.3 - - [02/May/2025:07:09:58 -0300] "GET /dniapi/userInfos HTTP/1.1" 404 - "-" "curl/7.54.0"
vacivitta.com.br:80
15.204.47.3 - - [02/May/2025:07:09:58 -0300] "GET /menu.jhtml HTTP/1.1" 404 - "-" "curl/7.54.0"
vacivitta.com.br:80
15.204.47.3 - - [02/May/2025:07:09:58 -0300] "GET /health HTTP/1.1" 404 - "-" "curl/7.54.0"
vacivitta.com.br:80
15.204.47.3 - - [02/May/2025:07:09:58 -0300] "GET /api/v2/about HTTP/1.1" 404 - "-" "curl/7.54.0"
vacivitta.com.br:80
15.204.47.3 - - [02/May/2025:07:09:58 -0300] "GET /docs/cplugError.html/ HTTP/1.1" 404 - "-" "curl/7.54.0"
vacivitta.com.br:80
15.204.47.3 - - [02/May/2025:07:09:58 -0300] "GET /localstart.jhtml HTTP/1.1" 404 - "-" "curl/7.54.0"
vacivitta.com.br:80
15.204.47.3 - - [02/May/2025:07:09:59 -0300] "GET /hU3l HTTP/1.1" 404 - "-" "curl/7.54.0"
vacivitta.com.br:80
15.204.47.3 - - [02/May/2025:07:09:59 -0300] "GET /webui HTTP/1.1" 404 - "-" "curl/7.54.0"
vacivitta.com.br:80
15.204.47.3 - - [02/May/2025:07:09:59 -0300] "GET /main.cgi HTTP/1.1" 404 - "-" "curl/7.54.0"
vacivitta.com.br:80
15.204.47.3 - - [02/May/2025:07:09:59 -0300] "GET /user HTTP/1.1" 404 - "-" "curl/7.54.0"
vacivitta.com.br:80
15.204.47.3 - - [02/May/2025:07:09:59 -0300] "GET /start.cfm HTTP/1.1" 404 - "-" "curl/7.54.0"
vacivitta.com.br:80
15.204.47.3 - - [02/May/2025:07:09:59 -0300] "GET /human.aspx?arg12=infotech HTTP/1.1" 404 - "-" "curl/7.54.0"
vacivitta.com.br:80
15.204.47.3 - - [02/May/2025:07:09:59 -0300] "GET /start.cgi HTTP/1.1" 404 - "-" "curl/7.54.0"
vacivitta.com.br:80
15.204.47.3 - - [02/May/2025:07:09:59 -0300] "GET /dana-cached/hc/HostCheckerInstaller.osx HTTP/1.1" 404 - "-" "curl/7.54.0"
vacivitta.com.br:80
15.204.47.3 - - [02/May/2025:07:09:59 -0300] "GET /.git/HEAD HTTP/1.1" 404 - "-" "curl/7.54.0"
vacivitta.com.br:80
15.204.47.3 - - [02/May/2025:07:09:59 -0300] "GET /main.html HTTP/1.1" 404 - "-" "curl/7.54.0"
vacivitta.com.br:80
15.204.47.3 - - [02/May/2025:07:09:59 -0300] "GET /dana-na/nc/nc_gina_ver.txt HTTP/1.1" 404 - "-" "curl/7.54.0"
vacivitta.com.br:80
15.204.47.3 - - [02/May/2025:07:09:59 -0300] "GET /start.jsp HTTP/1.1" 404 - "-" "curl/7.54.0"
vacivitta.com.br:80
15.204.47.3 - - [02/May/2025:07:09:59 -0300] "GET / HTTP/1.1" 200 488 "-" "curl/7.54.0"
vacivitta.com.br:80
15.204.47.3 - - [02/May/2025:07:10:00 -0300] "GET /?=PHPE9568F36-D428-11d2-A769-00AA001ACF42 HTTP/1.1" 200 488 "-" "curl/7.54.0"
vacivitta.com.br:80
15.204.47.3 - - [02/May/2025:07:10:00 -0300] "GET /+CSCOE+/logon.html HTTP/1.1" 404 - "-" "curl/7.54.0"
vacivitta.com.br:80
15.204.47.3 - - [02/May/2025:07:10:00 -0300] "GET /robots.txt HTTP/1.1" 404 - "-" "curl/7.54.0"
vacivitta.com.br:80
15.204.47.3 - - [02/May/2025:07:10:00 -0300] "GET /?=PHPB8B5F2A0-3C92-11d3-A3A9-4C7B08C10000 HTTP/1.1" 200 488 "-" "curl/7.54.0"
vacivitta.com.br:80
15.204.47.3 - - [02/May/2025:07:10:00 -0300] "GET /CFIDE/componentutils/ HTTP/1.1" 404 - "-" "curl/7.54.0"
vacivitta.com.br:80
15.204.47.3 - - [02/May/2025:07:10:00 -0300] "GET /localstart.aspx HTTP/1.1" 404 - "-" "curl/7.54.0"
vacivitta.com.br:80
15.204.47.3 - - [02/May/2025:07:10:00 -0300] "GET /geoserver/index.html HTTP/1.1" 404 - "-" "curl/7.54.0"
vacivitta.com.br:80
15.204.47.3 - - [02/May/2025:07:10:00 -0300] "GET /start.jsa HTTP/1.1" 404 - "-" "curl/7.54.0"
vacivitta.com.br:80
15.204.47.3 - - [02/May/2025:07:10:00 -0300] "GET /geoserver/ HTTP/1.1" 404 - "-" "curl/7.54.0"
vacivitta.com.br:80
15.204.47.3 - - [02/May/2025:07:10:00 -0300] "GET /indice.php HTTP/1.1" 404 - "-" "curl/7.54.0"
vacivitta.com.br:80
15.204.47.3 - - [02/May/2025:07:10:00 -0300] "GET /geoserver/web/wicket/bookmarkable/org.geoserver.web.AboutGeoServerPage HTTP/1.1" 404 - "-" "curl/7.54.0"
vacivitta.com.br:80
15.204.47.3 - - [02/May/2025:07:10:01 -0300] "GET /indice.jsp HTTP/1.1" 404 - "-" "curl/7.54.0"
vacivitta.com.br:80
15.204.47.3 - - [02/May/2025:07:10:01 -0300] "GET /Account/Login HTTP/1.1" 404 - "-" "curl/7.54.0"
vacivitta.com.br:80
15.204.47.3 - - [02/May/2025:07:10:01 -0300] "GET /menu.html HTTP/1.1" 404 - "-" "curl/7.54.0"
vacivitta.com.br:80
15.204.47.3 - - [02/May/2025:07:10:01 -0300] "GET /cgi-bin/info.cgi HTTP/1.1" 404 - "-" "curl/7.54.0"
vacivitta.com.br:80
15.204.47.3 - - [02/May/2025:07:10:01 -0300] "GET /localstart.html HTTP/1.1" 404 - "-" "curl/7.54.0"
vacivitta.com.br:80
15.204.47.3 - - [02/May/2025:07:10:01 -0300] "GET /xml/info.xml HTTP/1.1" 404 - "-" "curl/7.54.0"
vacivitta.com.br:80
15.204.47.3 - - [02/May/2025:07:10:01 -0300] "GET /main.shtml HTTP/1.1" 404 - "-" "curl/7.54.0"
vacivitta.com.br:80
15.204.47.3 - - [02/May/2025:07:10:01 -0300] "GET /magento_version HTTP/1.1" 404 - "-" "curl/7.54.0"
vacivitta.com.br:80
15.204.47.3 - - [02/May/2025:07:10:01 -0300] "GET /admin.pl HTTP/1.1" 404 - "-" "curl/7.54.0"
vacivitta.com.br:80
15.204.47.3 - - [02/May/2025:07:10:01 -0300] "GET /api/v1/check-version HTTP/1.1" 404 - "-" "curl/7.54.0"
vacivitta.com.br:80
15.204.47.3 - - [02/May/2025:07:10:02 -0300] "GET /inicio.jsp HTTP/1.1" 404 - "-" "curl/7.54.0"
vacivitta.com.br:80
15.204.47.3 - - [02/May/2025:07:10:02 -0300] "GET /fog/management/index.php?node=client&sub=logininfo HTTP/1.1" 404 - "-" "curl/7.54.0"
vacivitta.com.br:80
15.204.47.3 - - [02/May/2025:07:10:02 -0300] "GET /admin.jsp HTTP/1.1" 404 - "-" "curl/7.54.0"
vacivitta.com.br:80
15.204.47.3 - - [02/May/2025:07:10:02 -0300] "GET /helpdesk/WebObjects/Helpdesk.woa HTTP/1.1" 404 - "-" "curl/7.54.0"
vacivitta.com.br:80
15.204.47.3 - - [02/May/2025:07:10:02 -0300] "GET /admin.jsa HTTP/1.1" 404 - "-" "curl/7.54.0"
vacivitta.com.br:80
15.204.47.3 - - [02/May/2025:07:10:02 -0300] "GET /cluster/list.query HTTP/1.1" 404 - "-" "curl/7.54.0"
vacivitta.com.br:80
15.204.47.3 - - [02/May/2025:07:10:02 -0300] "GET /index.aspx HTTP/1.1" 404 - "-" "curl/7.54.0"
vacivitta.com.br:80
15.204.47.3 - - [02/May/2025:07:10:02 -0300] "GET /apps/zxtm/login.cgi HTTP/1.1" 404 - "-" "curl/7.54.0"
vacivitta.com.br:80
18.118.157.160 - - [02/May/2025:07:13:12 -0300] "\n" 404 - "-" "-"
vacivitta.com.br:80
18.118.157.160 - - [02/May/2025:07:18:21 -0300] "SSH-2.0-Go" 404 - "-" "-"
vacivitta.com.br:80
18.118.157.160 - - [02/May/2025:07:19:44 -0300] "\x16\x03\x01" 404 - "-" "-"
vacivitta.com.br:80
154.81.156.54 - - [02/May/2025:07:22:17 -0300] "GET / HTTP/1.1" 200 488 "-" "Mozilla/5.0 (Windows NT 10.0; Win64; x64) AppleWebKit/537.36 (KHTML, like Gecko) Chrome/90.0.4430.85 Safari/537.36 Edg/90.0.818.46"
vacivitta.com.br:80
185.91.127.81 - - [02/May/2025:07:27:41 -0300] "CONNECT api.ip.pn:443 HTTP/1.1" 404 - "-" "Go-http-client/1.1"
vacivitta.com.br:80
93.174.93.12 - - [02/May/2025:07:30:40 -0300] "\x16\x03\x02\x01o\x01" 404 - "-" "-"
vacivitta.com.br:80
154.81.156.35 - - [02/May/2025:07:32:57 -0300] "GET / HTTP/1.1" 200 488 "-" "Mozilla/5.0 (Windows NT 10.0; Win64; x64) AppleWebKit/537.36 (KHTML, like Gecko) Chrome/90.0.4430.85 Safari/537.36 Edg/90.0.818.46"
vacivitta.com.br:80
104.248.18.196 - - [02/May/2025:07:35:44 -0300] "GET /.env HTTP/1.1" 404 - "-" "Mozilla/5.0; Keydrop.io/1.0(onlyscans.com/about);"
vacivitta.com.br:80
104.248.18.196 - - [02/May/2025:07:35:44 -0300] "GET /.git/config HTTP/1.1" 404 - "-" "Mozilla/5.0; Keydrop.io/1.0(onlyscans.com/about);"
vacivitta.com.br:80
154.81.156.54 - - [02/May/2025:08:02:22 -0300] "GET / HTTP/1.1" 200 488 "-" "Mozilla/5.0 (Windows NT 10.0; Win64; x64) AppleWebKit/537.36 (KHTML, like Gecko) Chrome/90.0.4430.85 Safari/537.36 Edg/90.0.818.46"
vacivitta.com.br:80
163.61.110.122 - - [02/May/2025:08:08:54 -0300] "POST /boaform/admin/formLogin HTTP/1.1" 404 - "http://162.240.168.168:80/admin/login.asp" "Mozilla/5.0 (X11; Ubuntu; Linux x86_64; rv:71.0) Gecko/20100101 Firefox/71.0"
vacivitta.com.br:80
185.218.84.178 - - [02/May/2025:08:14:31 -0300] "GET / HTTP/1.1" 200 488 "-" "Mozilla/5.0 (Windows NT 10.0; Win64; x64) AppleWebKit/537.36 (KHTML, like Gecko) Chrome/90.0.4430.85 Safari/537.36 Edg/90.0.818.46"
vacivitta.com.br:80
185.218.86.4 - - [02/May/2025:08:14:59 -0300] "GET / HTTP/1.1" 200 488 "-" "Mozilla/5.0 (Windows NT 10.0; Win64; x64) AppleWebKit/537.36 (KHTML, like Gecko) Chrome/90.0.4430.85 Safari/537.36 Edg/90.0.818.46"
vacivitta.com.br:80
154.81.156.35 - - [02/May/2025:08:22:20 -0300] "GET / HTTP/1.1" 200 488 "-" "Mozilla/5.0 (Windows NT 10.0; Win64; x64) AppleWebKit/537.36 (KHTML, like Gecko) Chrome/90.0.4430.85 Safari/537.36 Edg/90.0.818.46"
vacivitta.com.br:80
43.131.253.14 - - [02/May/2025:08:36:43 -0300] "GET / HTTP/1.1" 200 488 "-" "Mozilla/5.0 (iPhone; CPU iPhone OS 13_2_3 like Mac OS X) AppleWebKit/605.1.15 (KHTML, like Gecko) Version/13.0.3 Mobile/15E148 Safari/604.1"
vacivitta.com.br:80
154.81.156.7 - - [02/May/2025:08:42:12 -0300] "GET / HTTP/1.1" 200 488 "-" "Mozilla/5.0 (Windows NT 10.0; Win64; x64) AppleWebKit/537.36 (KHTML, like Gecko) Chrome/90.0.4430.85 Safari/537.36 Edg/90.0.818.46"
vacivitta.com.br:80
154.81.156.54 - - [02/May/2025:08:45:51 -0300] "GET / HTTP/1.1" 200 488 "-" "Mozilla/5.0 (Windows NT 10.0; Win64; x64) AppleWebKit/537.36 (KHTML, like Gecko) Chrome/90.0.4430.85 Safari/537.36 Edg/90.0.818.46"
vacivitta.com.br:80
196.251.70.87 - - [02/May/2025:08:55:04 -0300] "GET /_profiler/phpinfo HTTP/1.1" 404 - "-" "Mozilla/5.0 (Linux; Android 9; MI 8 Build/PKQ1.180729.001; wv) AppleWebKit/537.36 (KHTML, like Gecko) Version/4.0 Chrome/67.0.3396.87 XWEB/882 MMWEBSDK/190506 Mobile Safari/537.36 MMWEBID/409 MicroMessenger/7.0.6.1460(0x27000634) Process/tools NetType/WIFI Language/zh_CN"
vacivitta.com.br:80
154.81.156.35 - - [02/May/2025:09:05:07 -0300] "GET / HTTP/1.1" 200 488 "-" "Mozilla/5.0 (Windows NT 10.0; Win64; x64) AppleWebKit/537.36 (KHTML, like Gecko) Chrome/90.0.4430.85 Safari/537.36 Edg/90.0.818.46"
vacivitta.com.br:80
154.81.156.54 - - [02/May/2025:09:20:54 -0300] "GET / HTTP/1.1" 200 488 "-" "Mozilla/5.0 (Windows NT 10.0; Win64; x64) AppleWebKit/537.36 (KHTML, like Gecko) Chrome/90.0.4430.85 Safari/537.36 Edg/90.0.818.46"
vacivitta.com.br:80
5.183.209.244 - - [02/May/2025:09:30:11 -0300] "GET / HTTP/1.1" 200 488 "-" "Mozilla/5.0 (Windows NT 10.0; Win64; x64) AppleWebKit/537.36 (KHTML, like Gecko) Chrome/90.0.4430.85 Safari/537.36 Edg/90.0.818.46"
vacivitta.com.br:80
154.81.156.35 - - [02/May/2025:09:54:41 -0300] "GET / HTTP/1.1" 200 488 "-" "Mozilla/5.0 (Windows NT 10.0; Win64; x64) AppleWebKit/537.36 (KHTML, like Gecko) Chrome/90.0.4430.85 Safari/537.36 Edg/90.0.818.46"
vacivitta.com.br:80
152.42.129.247 - - [02/May/2025:09:56:04 -0300] "\x16\x03\x01" 404 - "-" "-"
vacivitta.com.br:80
152.42.129.247 - - [02/May/2025:09:56:04 -0300] "\x16\x03\x01" 404 - "-" "-"
vacivitta.com.br:80
152.42.129.247 - - [02/May/2025:09:56:04 -0300] "GET / HTTP/1.1" 200 488 "-" "Mozilla/5.0 (Windows NT 10.0; Win64; x64) AppleWebKit/537.36 (KHTML, like Gecko) Chrome/108.0.0.0 Safari/537.36"
vacivitta.com.br:80
152.42.129.247 - - [02/May/2025:09:56:05 -0300] "GET /form.html HTTP/1.1" 404 - "-" "curl/8.1.2"
vacivitta.com.br:80
152.42.129.247 - - [02/May/2025:09:56:05 -0300] "GET /upl.php HTTP/1.1" 404 - "-" "Mozilla/5.0"
vacivitta.com.br:80
152.42.129.247 - - [02/May/2025:09:56:05 -0300] "GET /t4 HTTP/1.1" 404 - "-" "Mozilla/5.0"
vacivitta.com.br:80
152.42.129.247 - - [02/May/2025:09:56:06 -0300] "GET /geoip/ HTTP/1.1" 404 - "-" "Mozilla/5.0 (Windows NT 10.0; Win64; x64) AppleWebKit/537.36 (KHTML, like Gecko) Chrome/108.0.0.0 Safari/537.36"
vacivitta.com.br:80
152.42.129.247 - - [02/May/2025:09:56:06 -0300] "GET /favicon.ico HTTP/1.1" 404 - "-" "Mozilla/5.0 (Windows NT 10.0; Win64; x64) AppleWebKit/537.36 (KHTML, like Gecko) Chrome/108.0.0.0 Safari/537.36"
vacivitta.com.br:80
152.42.129.247 - - [02/May/2025:09:56:06 -0300] "GET /1.php HTTP/1.1" 404 - "-" "Mozilla/5.0 (Windows NT 10.0; Win64; x64) AppleWebKit/537.36 (KHTML, like Gecko) Chrome/108.0.0.0 Safari/537.36"
vacivitta.com.br:80
152.42.129.247 - - [02/May/2025:09:56:06 -0300] "GET /systembc/password.php HTTP/1.1" 404 - "-" "Mozilla/5.0 (Windows NT 10.0; Win64; x64) AppleWebKit/537.36 (KHTML, like Gecko) Chrome/108.0.0.0 Safari/537.36"
vacivitta.com.br:80
152.42.129.247 - - [02/May/2025:09:56:07 -0300] "GET /password.php HTTP/1.1" 404 - "-" "Mozilla/5.0 (Windows NT 10.0; Win64; x64) AppleWebKit/537.36 (KHTML, like Gecko) Chrome/108.0.0.0 Safari/537.36"
vacivitta.com.br:80
154.81.156.54 - - [02/May/2025:10:09:14 -0300] "GET / HTTP/1.1" 200 488 "-" "Mozilla/5.0 (Windows NT 10.0; Win64; x64) AppleWebKit/537.36 (KHTML, like Gecko) Chrome/90.0.4430.85 Safari/537.36 Edg/90.0.818.46"
vacivitta.com.br:80
125.36.255.118 - - [02/May/2025:10:23:59 -0300] "GET / HTTP/1.1" 200 488 "-" "-"
vacivitta.com.br:80
121.29.178.29 - - [02/May/2025:10:23:59 -0300] "\x16\x03\x01" 404 - "-" "-"
vacivitta.com.br:80
182.138.158.160 - - [02/May/2025:10:24:00 -0300] "\x16\x03\x01" 404 - "-" "-"
vacivitta.com.br:80
1.24.16.106 - - [02/May/2025:10:24:10 -0300] "USER anonymous" 404 - "-" "-"
vacivitta.com.br:80
60.177.177.26 - - [02/May/2025:10:24:33 -0300] "GET / HTTP/1.1" 200 488 "-" "Mozilla/5.0 (Windows NT 6.1) AppleWebKit/537.36 (KHTML, like Gecko) Chrome/49.0.2623.112 Safari/537.36"
vacivitta.com.br:80
125.82.243.162 - - [02/May/2025:10:24:33 -0300] "GET /ico.ico HTTP/1.1" 200 100526 "-" "Mozilla/5.0 (Windows NT 6.1) AppleWebKit/537.36 (KHTML, like Gecko) Chrome/49.0.2623.112 Safari/537.36"
vacivitta.com.br:80
157.245.242.27 - - [02/May/2025:10:27:54 -0300] "GET /_profiler/phpinfo HTTP/1.1" 404 - "-" "Mozilla/5.0 (Linux; Android 10; K) AppleWebKit/537.36 (KHTML, like Gecko) Chrome/122.0.0.0 Mobile Safari/537.36"
vacivitta.com.br:80
157.245.242.27 - - [02/May/2025:10:27:54 -0300] "POST / HTTP/1.1" 200 488 "-" "Mozilla/5.0 (Linux; Android 10; K) AppleWebKit/537.36 (KHTML, like Gecko) Chrome/122.0.0.0 Mobile Safari/537.36"
vacivitta.com.br:80
154.81.156.35 - - [02/May/2025:10:34:14 -0300] "GET / HTTP/1.1" 200 488 "-" "Mozilla/5.0 (Windows NT 10.0; Win64; x64) AppleWebKit/537.36 (KHTML, like Gecko) Chrome/90.0.4430.85 Safari/537.36 Edg/90.0.818.46"
vacivitta.com.br:80
154.81.156.7 - - [02/May/2025:10:50:44 -0300] "GET / HTTP/1.1" 200 488 "-" "Mozilla/5.0 (Windows NT 10.0; Win64; x64) AppleWebKit/537.36 (KHTML, like Gecko) Chrome/90.0.4430.85 Safari/537.36 Edg/90.0.818.46"
vacivitta.com.br:80
154.81.156.54 - - [02/May/2025:10:53:11 -0300] "GET / HTTP/1.1" 200 488 "-" "Mozilla/5.0 (Windows NT 10.0; Win64; x64) AppleWebKit/537.36 (KHTML, like Gecko) Chrome/90.0.4430.85 Safari/537.36 Edg/90.0.818.46"
vacivitta.com.br:80
124.156.225.181 - - [02/May/2025:11:06:51 -0300] "GET / HTTP/1.1" 200 488 "-" "Mozilla/5.0 (iPhone; CPU iPhone OS 13_2_3 like Mac OS X) AppleWebKit/605.1.15 (KHTML, like Gecko) Version/13.0.3 Mobile/15E148 Safari/604.1"
vacivitta.com.br:80
185.218.84.178 - - [02/May/2025:11:07:17 -0300] "GET / HTTP/1.1" 200 488 "-" "Mozilla/5.0 (Windows NT 10.0; Win64; x64) AppleWebKit/537.36 (KHTML, like Gecko) Chrome/90.0.4430.85 Safari/537.36 Edg/90.0.818.46"
vacivitta.com.br:80
110.35.153.55 - - [02/May/2025:11:07:51 -0300] "GET / HTTP/1.0" 200 488 "-" "curl/7.88.1"
vacivitta.com.br:80
185.218.86.4 - - [02/May/2025:11:17:54 -0300] "GET / HTTP/1.1" 200 488 "-" "Mozilla/5.0 (Windows NT 10.0; Win64; x64) AppleWebKit/537.36 (KHTML, like Gecko) Chrome/90.0.4430.85 Safari/537.36 Edg/90.0.818.46"
vacivitta.com.br:80
154.81.156.35 - - [02/May/2025:11:18:57 -0300] "GET / HTTP/1.1" 200 488 "-" "Mozilla/5.0 (Windows NT 10.0; Win64; x64) AppleWebKit/537.36 (KHTML, like Gecko) Chrome/90.0.4430.85 Safari/537.36 Edg/90.0.818.46"
vacivitta.com.br:80
93.174.93.12 - - [02/May/2025:11:21:24 -0300] "GET / HTTP/1.0" 200 488 "-" "Mozilla/5.0 (Macintosh; Intel Mac OS X 10.6; rv:5.0) Gecko/20100101 Firefox/5.0"
vacivitta.com.br:80
154.81.156.54 - - [02/May/2025:11:35:36 -0300] "GET / HTTP/1.1" 200 488 "-" "Mozilla/5.0 (Windows NT 10.0; Win64; x64) AppleWebKit/537.36 (KHTML, like Gecko) Chrome/90.0.4430.85 Safari/537.36 Edg/90.0.818.46"
vacivitta.com.br:80
154.81.156.54 - - [02/May/2025:12:08:22 -0300] "GET / HTTP/1.1" 200 488 "-" "Mozilla/5.0 (Windows NT 10.0; Win64; x64) AppleWebKit/537.36 (KHTML, like Gecko) Chrome/90.0.4430.85 Safari/537.36 Edg/90.0.818.46"
vacivitta.com.br:80
154.81.156.35 - - [02/May/2025:12:08:54 -0300] "GET / HTTP/1.1" 200 488 "-" "Mozilla/5.0 (Windows NT 10.0; Win64; x64) AppleWebKit/537.36 (KHTML, like Gecko) Chrome/90.0.4430.85 Safari/537.36 Edg/90.0.818.46"
vacivitta.com.br:80
93.174.93.12 - - [02/May/2025:12:20:20 -0300] "GET / HTTP/1.0" 200 488 "-" "Mozilla/5.0 (X11; Fedora; Linux x86_64) AppleWebKit/537.36 (KHTML, like Gecko) Chrome/62.0.3178.0 Safari/537.36"
vacivitta.com.br:80
154.81.156.7 - - [02/May/2025:12:33:46 -0300] "GET / HTTP/1.1" 200 488 "-" "Mozilla/5.0 (Windows NT 10.0; Win64; x64) AppleWebKit/537.36 (KHTML, like Gecko) Chrome/90.0.4430.85 Safari/537.36 Edg/90.0.818.46"
vacivitta.com.br:80
154.81.156.54 - - [02/May/2025:12:41:41 -0300] "GET / HTTP/1.1" 200 488 "-" "Mozilla/5.0 (Windows NT 10.0; Win64; x64) AppleWebKit/537.36 (KHTML, like Gecko) Chrome/90.0.4430.85 Safari/537.36 Edg/90.0.818.46"
vacivitta.com.br:80
154.81.156.35 - - [02/May/2025:12:44:38 -0300] "GET / HTTP/1.1" 200 488 "-" "Mozilla/5.0 (Windows NT 10.0; Win64; x64) AppleWebKit/537.36 (KHTML, like Gecko) Chrome/90.0.4430.85 Safari/537.36 Edg/90.0.818.46"
vacivitta.com.br:80
167.94.138.56 - - [02/May/2025:12:52:56 -0300] "GET / HTTP/1.1" 200 488 "-" "Mozilla/5.0 (compatible; CensysInspect/1.1; +https://about.censys.io/)"
vacivitta.com.br:80
167.94.138.56 - - [02/May/2025:12:53:02 -0300] "GET /ico.ico HTTP/1.1" 200 100526 "-" "Mozilla/5.0 (compatible; CensysInspect/1.1; +https://about.censys.io/)"
vacivitta.com.br:80
167.94.138.56 - - [02/May/2025:12:53:09 -0300] "GET /favicon.ico HTTP/1.1" 404 - "-" "Mozilla/5.0 (compatible; CensysInspect/1.1; +https://about.censys.io/)"
vacivitta.com.br:80
167.94.138.56 - - [02/May/2025:12:53:12 -0300] "PRI * HTTP/2.0" 404 - "-" "-"
vacivitta.com.br:80
167.94.138.56 - - [02/May/2025:12:53:42 -0300] "GET /favicon.ico HTTP/1.1" 404 - "-" "Mozilla/5.0 (compatible; CensysInspect/1.1; +https://about.censys.io/)"
vacivitta.com.br:80
167.94.138.56 - - [02/May/2025:12:53:43 -0300] "\x16\x03\x01" 404 - "-" "-"
vacivitta.com.br:80
154.81.156.54 - - [02/May/2025:13:27:39 -0300] "GET / HTTP/1.1" 200 488 "-" "Mozilla/5.0 (Windows NT 10.0; Win64; x64) AppleWebKit/537.36 (KHTML, like Gecko) Chrome/90.0.4430.85 Safari/537.36 Edg/90.0.818.46"
vacivitta.com.br:80
185.242.226.154 - - [02/May/2025:13:27:40 -0300] "\x16\x03\x01" 404 - "-" "-"
vacivitta.com.br:80
134.122.2.17 - - [02/May/2025:13:32:16 -0300] "GET / HTTP/1.1" 200 488 "-" "Mozilla/5.0 (Windows NT 10.0; Win64; x64) AppleWebKit/537.36 (KHTML, like Gecko) Chrome/125.0.0.0 Safari/537.36"
vacivitta.com.br:80
134.122.2.17 - - [02/May/2025:13:32:17 -0300] "GET //ico.ico HTTP/1.1" 200 100526 "-" "Go-http-client/1.1"
vacivitta.com.br:80
134.122.2.17 - - [02/May/2025:13:32:17 -0300] "GET /robots.txt HTTP/1.1" 404 - "-" "Go-http-client/1.1"
vacivitta.com.br:80
154.81.156.35 - - [02/May/2025:13:44:04 -0300] "GET / HTTP/1.1" 200 488 "-" "Mozilla/5.0 (Windows NT 10.0; Win64; x64) AppleWebKit/537.36 (KHTML, like Gecko) Chrome/90.0.4430.85 Safari/537.36 Edg/90.0.818.46"
vacivitta.com.br:80
163.53.83.113 - - [02/May/2025:13:45:15 -0300] "GET / HTTP/1.1" 200 488 "-" "Mozilla/5.0 (Windows NT 6.1; WOW64) AppleWebKit/537.36 (KHTML, like Gecko) Chrome/52.0.2743.116 Safari/537.36"
vacivitta.com.br:80
185.218.86.4 - - [02/May/2025:13:49:57 -0300] "GET / HTTP/1.1" 200 488 "-" "Mozilla/5.0 (Windows NT 10.0; Win64; x64) AppleWebKit/537.36 (KHTML, like Gecko) Chrome/90.0.4430.85 Safari/537.36 Edg/90.0.818.46"
vacivitta.com.br:80
82.223.111.228 - - [02/May/2025:14:03:56 -0300] "GET /admin/config.php HTTP/1.0" 404 - "-" ""
vacivitta.com.br:80
154.81.156.54 - - [02/May/2025:14:04:45 -0300] "GET / HTTP/1.1" 200 488 "-" "Mozilla/5.0 (Windows NT 10.0; Win64; x64) AppleWebKit/537.36 (KHTML, like Gecko) Chrome/90.0.4430.85 Safari/537.36 Edg/90.0.818.46"
vacivitta.com.br:80
147.182.255.227 - - [02/May/2025:14:06:56 -0300] "GET / HTTP/1.1" 200 488 "-" "Mozilla/5.0 (Windows NT 10.0; Win64; x64) AppleWebKit/537.36 (KHTML, like Gecko) Chrome/125.0.0.0 Safari/537.36"
vacivitta.com.br:80
147.182.255.227 - - [02/May/2025:14:06:56 -0300] "GET //ico.ico HTTP/1.1" 200 100526 "-" "Go-http-client/1.1"
vacivitta.com.br:80
147.182.255.227 - - [02/May/2025:14:06:56 -0300] "GET /robots.txt HTTP/1.1" 404 - "-" "Go-http-client/1.1"
vacivitta.com.br:80
185.218.84.178 - - [02/May/2025:14:22:29 -0300] "GET / HTTP/1.1" 200 488 "-" "Mozilla/5.0 (Windows NT 10.0; Win64; x64) AppleWebKit/537.36 (KHTML, like Gecko) Chrome/90.0.4430.85 Safari/537.36 Edg/90.0.818.46"
vacivitta.com.br:80
154.81.156.35 - - [02/May/2025:14:24:45 -0300] "GET / HTTP/1.1" 200 488 "-" "Mozilla/5.0 (Windows NT 10.0; Win64; x64) AppleWebKit/537.36 (KHTML, like Gecko) Chrome/90.0.4430.85 Safari/537.36 Edg/90.0.818.46"
vacivitta.com.br:80
154.81.156.54 - - [02/May/2025:14:49:25 -0300] "GET / HTTP/1.1" 200 488 "-" "Mozilla/5.0 (Windows NT 10.0; Win64; x64) AppleWebKit/537.36 (KHTML, like Gecko) Chrome/90.0.4430.85 Safari/537.36 Edg/90.0.818.46"
vacivitta.com.br:80
93.174.93.12 - - [02/May/2025:15:04:13 -0300] "\x16\x03\x02\x01o\x01" 404 - "-" "-"
vacivitta.com.br:80
8.208.10.66 - - [02/May/2025:15:06:43 -0300] "POST /cgi-bin/.%2e/.%2e/.%2e/.%2e/.%2e/.%2e/.%2e/.%2e/.%2e/.%2e/bin/sh HTTP/1.1" 404 - "-" "Custom-AsyncHttpClient"
vacivitta.com.br:80
8.208.10.66 - - [02/May/2025:15:06:44 -0300] "POST /cgi-bin/%%32%65%%32%65/%%32%65%%32%65/%%32%65%%32%65/%%32%65%%32%65/%%32%65%%32%65/%%32%65%%32%65/%%32%65%%32%65/bin/sh HTTP/1.1" 404 - "-" "Custom-AsyncHttpClient"
vacivitta.com.br:80
