185.255.122.19 - - [26/Apr/2025:23:05:43 -0300] "GET / HTTP/1.1" 200 488 "-" "Mozilla/5.0 (Windows NT 10.0; Win64; x64) AppleWebKit/537.36 (KHTML, like Gecko) Chrome/90.0.4430.85 Safari/537.36 Edg/90.0.818.46"
vacivitta.com.br:80
154.81.156.54 - - [26/Apr/2025:23:14:57 -0300] "GET / HTTP/1.1" 200 488 "-" "Mozilla/5.0 (Windows NT 10.0; Win64; x64) AppleWebKit/537.36 (KHTML, like Gecko) Chrome/90.0.4430.85 Safari/537.36 Edg/90.0.818.46"
vacivitta.com.br:80
185.218.86.4 - - [26/Apr/2025:23:16:13 -0300] "GET / HTTP/1.1" 200 488 "-" "Mozilla/5.0 (Windows NT 10.0; Win64; x64) AppleWebKit/537.36 (KHTML, like Gecko) Chrome/90.0.4430.85 Safari/537.36 Edg/90.0.818.46"
vacivitta.com.br:80
185.218.84.178 - - [26/Apr/2025:23:27:30 -0300] "GET / HTTP/1.1" 200 488 "-" "Mozilla/5.0 (Windows NT 10.0; Win64; x64) AppleWebKit/537.36 (KHTML, like Gecko) Chrome/90.0.4430.85 Safari/537.36 Edg/90.0.818.46"
vacivitta.com.br:80
185.255.122.19 - - [26/Apr/2025:23:28:40 -0300] "GET / HTTP/1.1" 200 488 "-" "Mozilla/5.0 (Windows NT 10.0; Win64; x64) AppleWebKit/537.36 (KHTML, like Gecko) Chrome/90.0.4430.85 Safari/537.36 Edg/90.0.818.46"
vacivitta.com.br:80
185.242.226.154 - - [26/Apr/2025:23:32:47 -0300] "\x16\x03\x01" 404 - "-" "-"
vacivitta.com.br:80
65.49.20.68 - - [26/Apr/2025:23:50:06 -0300] "\x16\x03\x01" 404 - "-" "-"
vacivitta.com.br:80
154.81.156.54 - - [26/Apr/2025:23:59:04 -0300] "GET / HTTP/1.1" 200 488 "-" "Mozilla/5.0 (Windows NT 10.0; Win64; x64) AppleWebKit/537.36 (KHTML, like Gecko) Chrome/90.0.4430.85 Safari/537.36 Edg/90.0.818.46"
vacivitta.com.br:80
154.81.156.35 - - [27/Apr/2025:00:05:45 -0300] "GET / HTTP/1.1" 200 488 "-" "Mozilla/5.0 (Windows NT 10.0; Win64; x64) AppleWebKit/537.36 (KHTML, like Gecko) Chrome/90.0.4430.85 Safari/537.36 Edg/90.0.818.46"
vacivitta.com.br:80
80.82.77.202 - - [27/Apr/2025:00:16:18 -0300] "GET / HTTP/1.0" 200 488 "-" "Mozilla/5.0 (X11; Linux x86_64) AppleWebKit/537.36 (KHTML, like Gecko) Chrome/74.0.3729.169 Safari/537.36"
vacivitta.com.br:80
163.61.110.122 - - [27/Apr/2025:00:22:45 -0300] "POST /boaform/admin/formLogin HTTP/1.1" 404 - "http://162.240.168.168:80/admin/login.asp" "Mozilla/5.0 (X11; Ubuntu; Linux x86_64; rv:71.0) Gecko/20100101 Firefox/71.0"
vacivitta.com.br:80
154.81.156.54 - - [27/Apr/2025:00:36:11 -0300] "GET / HTTP/1.1" 200 488 "-" "Mozilla/5.0 (Windows NT 10.0; Win64; x64) AppleWebKit/537.36 (KHTML, like Gecko) Chrome/90.0.4430.85 Safari/537.36 Edg/90.0.818.46"
vacivitta.com.br:80
185.16.38.107 - - [27/Apr/2025:00:36:52 -0300] "GET / HTTP/1.1" 200 488 "-" "Mozilla/5.0 (Windows NT 10.0; Win64; x64) AppleWebKit/537.36 (KHTML, like Gecko) Chrome/90.0.4430.85 Safari/537.36 Edg/90.0.818.46"
vacivitta.com.br:80
162.216.150.227 - - [27/Apr/2025:00:52:43 -0300] "GET / HTTP/1.1" 200 488 "-" "Expanse, a Palo Alto Networks company, searches across the global IPv4 space multiple times per day to identify customers' presences on the Internet. If you would like to be excluded from our scans, please send IP addresses/domains to: scaninfo@paloaltonetworks.com"
vacivitta.com.br:80
185.255.122.19 - - [27/Apr/2025:01:10:20 -0300] "GET / HTTP/1.1" 200 488 "-" "Mozilla/5.0 (Windows NT 10.0; Win64; x64) AppleWebKit/537.36 (KHTML, like Gecko) Chrome/90.0.4430.85 Safari/537.36 Edg/90.0.818.46"
vacivitta.com.br:80
154.81.156.54 - - [27/Apr/2025:01:17:14 -0300] "GET / HTTP/1.1" 200 488 "-" "Mozilla/5.0 (Windows NT 10.0; Win64; x64) AppleWebKit/537.36 (KHTML, like Gecko) Chrome/90.0.4430.85 Safari/537.36 Edg/90.0.818.46"
vacivitta.com.br:80
185.255.122.19 - - [27/Apr/2025:01:44:52 -0300] "GET / HTTP/1.1" 200 488 "-" "Mozilla/5.0 (Windows NT 10.0; Win64; x64) AppleWebKit/537.36 (KHTML, like Gecko) Chrome/90.0.4430.85 Safari/537.36 Edg/90.0.818.46"
vacivitta.com.br:80
154.81.156.54 - - [27/Apr/2025:01:53:38 -0300] "GET / HTTP/1.1" 200 488 "-" "Mozilla/5.0 (Windows NT 10.0; Win64; x64) AppleWebKit/537.36 (KHTML, like Gecko) Chrome/90.0.4430.85 Safari/537.36 Edg/90.0.818.46"
vacivitta.com.br:80
185.218.86.4 - - [27/Apr/2025:01:56:48 -0300] "GET / HTTP/1.1" 200 488 "-" "Mozilla/5.0 (Windows NT 10.0; Win64; x64) AppleWebKit/537.36 (KHTML, like Gecko) Chrome/90.0.4430.85 Safari/537.36 Edg/90.0.818.46"
vacivitta.com.br:80
80.45.230.72 - - [27/Apr/2025:01:58:59 -0300] "GET / HTTP/1.1" 200 488 "-" "Hello-World/1.0"
vacivitta.com.br:80
154.81.156.54 - - [27/Apr/2025:02:15:24 -0300] "GET / HTTP/1.1" 200 488 "-" "Mozilla/5.0 (Windows NT 10.0; Win64; x64) AppleWebKit/537.36 (KHTML, like Gecko) Chrome/90.0.4430.85 Safari/537.36 Edg/90.0.818.46"
vacivitta.com.br:80
154.81.156.35 - - [27/Apr/2025:02:17:46 -0300] "GET / HTTP/1.1" 200 488 "-" "Mozilla/5.0 (Windows NT 10.0; Win64; x64) AppleWebKit/537.36 (KHTML, like Gecko) Chrome/90.0.4430.85 Safari/537.36 Edg/90.0.818.46"
vacivitta.com.br:80
185.16.38.107 - - [27/Apr/2025:02:22:28 -0300] "GET / HTTP/1.1" 200 488 "-" "Mozilla/5.0 (Windows NT 10.0; Win64; x64) AppleWebKit/537.36 (KHTML, like Gecko) Chrome/90.0.4430.85 Safari/537.36 Edg/90.0.818.46"
vacivitta.com.br:80
185.218.84.178 - - [27/Apr/2025:02:31:36 -0300] "GET / HTTP/1.1" 200 488 "-" "Mozilla/5.0 (Windows NT 10.0; Win64; x64) AppleWebKit/537.36 (KHTML, like Gecko) Chrome/90.0.4430.85 Safari/537.36 Edg/90.0.818.46"
vacivitta.com.br:80
20.65.195.63 - - [27/Apr/2025:02:51:55 -0300] "GET /hudson HTTP/1.1" 404 - "-" "Mozilla/5.0 zgrab/0.x"
vacivitta.com.br:80
154.81.156.7 - - [27/Apr/2025:02:53:32 -0300] "GET / HTTP/1.1" 200 488 "-" "-"
vacivitta.com.br:80
65.1.95.224 - - [27/Apr/2025:02:54:03 -0300] "GET / HTTP/1.1" 200 488 "-" "Mozilla/5.0"
vacivitta.com.br:80
65.1.95.224 - - [27/Apr/2025:02:54:07 -0300] "POST / HTTP/1.1" 200 488 "-" "Mozilla/5.0"
vacivitta.com.br:80
37.19.198.35 - - [27/Apr/2025:02:56:26 -0300] "GET /.env HTTP/1.1" 404 - "-" "python-requests/2.31.0"
vacivitta.com.br:80
154.81.156.54 - - [27/Apr/2025:03:01:09 -0300] "GET / HTTP/1.1" 200 488 "-" "Mozilla/5.0 (Windows NT 10.0; Win64; x64) AppleWebKit/537.36 (KHTML, like Gecko) Chrome/90.0.4430.85 Safari/537.36 Edg/90.0.818.46"
vacivitta.com.br:80
44.200.28.234 - - [27/Apr/2025:03:11:40 -0300] "GET / HTTP/1.1" 200 488 "-" "Mozilla/5.0 (Windows NT 5.1) AppleWebKit/537.36 (KHTML, like Gecko) Chrome/38.0.2125.111 Safari/537.36"
vacivitta.com.br:80
44.200.28.234 - - [27/Apr/2025:03:11:40 -0300] "GET /assets/index-DogtGhmX.js HTTP/1.1" 200 839022 "-" "Mozilla/5.0 (Windows NT 5.1) AppleWebKit/537.36 (KHTML, like Gecko) Chrome/38.0.2125.111 Safari/537.36"
vacivitta.com.br:80
185.255.122.19 - - [27/Apr/2025:03:27:02 -0300] "GET / HTTP/1.1" 200 488 "-" "Mozilla/5.0 (Windows NT 10.0; Win64; x64) AppleWebKit/537.36 (KHTML, like Gecko) Chrome/90.0.4430.85 Safari/537.36 Edg/90.0.818.46"
vacivitta.com.br:80
12.77.184.250 - - [27/Apr/2025:03:30:46 -0300] "GET / HTTP/1.0" 200 488 "-" "curl/7.88.1"
vacivitta.com.br:80
185.16.38.107 - - [27/Apr/2025:03:35:44 -0300] "GET / HTTP/1.1" 200 488 "-" "Mozilla/5.0 (Windows NT 10.0; Win64; x64) AppleWebKit/537.36 (KHTML, like Gecko) Chrome/90.0.4430.85 Safari/537.36 Edg/90.0.818.46"
vacivitta.com.br:80
154.81.156.54 - - [27/Apr/2025:03:44:38 -0300] "GET / HTTP/1.1" 200 488 "-" "Mozilla/5.0 (Windows NT 10.0; Win64; x64) AppleWebKit/537.36 (KHTML, like Gecko) Chrome/90.0.4430.85 Safari/537.36 Edg/90.0.818.46"
vacivitta.com.br:80
188.218.232.136 - - [27/Apr/2025:03:48:10 -0300] "GET / HTTP/1.0" 200 488 "-" "curl/7.88.1"
vacivitta.com.br:80
154.81.156.20 - - [27/Apr/2025:03:49:33 -0300] "CONNECT ifconfig.co:443 HTTP/1.1" 404 - "-" "Go-http-client/1.1"
vacivitta.com.br:80
154.81.156.20 - - [27/Apr/2025:03:49:34 -0300] "\x16\x03\x01" 404 - "-" "-"
vacivitta.com.br:80
80.82.77.202 - - [27/Apr/2025:03:49:35 -0300] "\x16\x03\x02\x01o\x01" 404 - "-" "-"
vacivitta.com.br:80
154.81.156.20 - - [27/Apr/2025:03:54:13 -0300] "-" 408 - "-" "-"
vacivitta.com.br:80
154.81.156.20 - - [27/Apr/2025:03:54:23 -0300] "-" 408 - "-" "-"
vacivitta.com.br:80
198.235.24.120 - - [27/Apr/2025:03:59:59 -0300] "\x16\x03\x01" 404 - "-" "-"
vacivitta.com.br:80
198.235.24.120 - - [27/Apr/2025:04:00:00 -0300] "\x16\x03\x01" 404 - "-" "-"
vacivitta.com.br:80
185.255.122.19 - - [27/Apr/2025:04:00:18 -0300] "GET / HTTP/1.1" 200 488 "-" "Mozilla/5.0 (Windows NT 10.0; Win64; x64) AppleWebKit/537.36 (KHTML, like Gecko) Chrome/90.0.4430.85 Safari/537.36 Edg/90.0.818.46"
vacivitta.com.br:80
154.81.156.54 - - [27/Apr/2025:04:08:35 -0300] "GET / HTTP/1.1" 200 488 "-" "Mozilla/5.0 (Windows NT 10.0; Win64; x64) AppleWebKit/537.36 (KHTML, like Gecko) Chrome/90.0.4430.85 Safari/537.36 Edg/90.0.818.46"
vacivitta.com.br:80
78.153.140.151 - - [27/Apr/2025:04:14:50 -0300] "\x16\x03\x01" 404 - "-" "-"
vacivitta.com.br:80
78.153.140.151 - - [27/Apr/2025:04:14:50 -0300] "GET /.env HTTP/1.1" 404 - "-" "Mozilla/5.0 (Linux; Android 5.0.2; SAMSUNG SM-T355Y Build/LRX22G) AppleWebKit/537.36 (KHTML, like Gecko) SamsungBrowser/3.3 Chrome/38.0.2125.102 Safari/537.36"
vacivitta.com.br:80
78.153.140.151 - - [27/Apr/2025:04:14:51 -0300] "GET / HTTP/1.1" 200 488 "-" "Mozilla/5.0 (Windows NT 10.0; rv:59.0) Gecko/20100101 Firefox/59.0"
vacivitta.com.br:80
78.153.140.151 - - [27/Apr/2025:04:14:51 -0300] "GET /database.ini HTTP/1.1" 404 - "-" "Mozilla/5.0 (Linux; Android 4.2.2; GT-I9505 Build/JDQ39) AppleWebKit/537.36 (KHTML, like Gecko) Chrome/46.0.2490.76 Mobile Safari/537.36"
vacivitta.com.br:80
78.153.140.151 - - [27/Apr/2025:04:14:52 -0300] "GET /admin/dashboard/info.php HTTP/1.1" 404 - "-" "Mozilla/5.0 (Linux; Android 5.1.1; LGL82VL Build/LMY47V) AppleWebKit/537.36 (KHTML, like Gecko) Version/4.0 Chrome/38.0.2125.102 Mobile Safari/537.36"
vacivitta.com.br:80
78.153.140.151 - - [27/Apr/2025:04:14:52 -0300] "GET /config.php.original HTTP/1.1" 404 - "-" "Mozilla/5.0 (Macintosh; Intel Mac OS X 10.7; rv:18.0) Gecko/20100101 Firefox/18.0"
vacivitta.com.br:80
78.153.140.151 - - [27/Apr/2025:04:14:53 -0300] "GET /config.ini.php HTTP/1.1" 404 - "-" "Mozilla/5.0 (Macintosh; U; PPC Mac OS X; en-gb) AppleWebKit/85.8.5 (KHTML, like Gecko) Safari/85.8.1"
vacivitta.com.br:80
78.153.140.151 - - [27/Apr/2025:04:14:53 -0300] "GET /druid/index.html HTTP/1.1" 404 - "-" "Mozilla/5.0 (Windows NT 5.1; rv:14.0) Gecko/20100101 Firefox/14.0.1"
vacivitta.com.br:80
78.153.140.151 - - [27/Apr/2025:04:14:55 -0300] "GET /database.xml HTTP/1.1" 404 - "-" "Opera/6.01 (Windows 2000; U) [de]"
vacivitta.com.br:80
78.153.140.151 - - [27/Apr/2025:04:14:55 -0300] "GET /config.ini HTTP/1.1" 404 - "-" "Mozilla/5.0 (X11; U; Linux x86_64; en-US; rv:1.9b5) Gecko/2008041816 Fedora/3.0-0.55.beta5.fc9 Firefox/3.0b5"
vacivitta.com.br:80
78.153.140.151 - - [27/Apr/2025:04:14:55 -0300] "GET /composer.json HTTP/1.1" 404 - "-" "Mozilla/5.0 (Windows; U; Windows NT 6.0; it; rv:1.8.1.9) Gecko/20071025 Firefox/2.0.0.9"
vacivitta.com.br:80
78.153.140.151 - - [27/Apr/2025:04:14:56 -0300] "GET /appsettings.json HTTP/1.1" 404 - "-" "Mozilla/5.0 (Windows NT 6.1; Win64; x64) AppleWebKit/537.36 (KHTML, like Gecko) Chrome/57.0.2987.110 Safari/537.36"
vacivitta.com.br:80
78.153.140.151 - - [27/Apr/2025:04:14:57 -0300] "GET /database.json HTTP/1.1" 404 - "-" "Mozilla/5.0 (Macintosh; U; PPC Mac OS X; de-de) AppleWebKit/125.5.7 (KHTML, like Gecko) Safari/125.12"
vacivitta.com.br:80
78.153.140.151 - - [27/Apr/2025:04:14:57 -0300] "GET /bower.json HTTP/1.1" 404 - "-" "Mozilla/5.0 (X11; Ubuntu; Linux i686; rv:14.0) Gecko/20100101 Firefox/14.0.1"
vacivitta.com.br:80
78.153.140.151 - - [27/Apr/2025:04:14:58 -0300] "GET /apache.conf HTTP/1.1" 404 - "-" "Mozilla/5.0 (Macintosh; U; PPC Mac OS X; fr-fr) AppleWebKit/85.7 (KHTML, like Gecko) Safari/85.5"
vacivitta.com.br:80
78.153.140.151 - - [27/Apr/2025:04:14:58 -0300] "GET /config.xml HTTP/1.1" 404 - "-" "Mozilla/5.0 (Android 7.0; Mobile; rv:52.0) Gecko/52.0 Firefox/52.0"
vacivitta.com.br:80
78.153.140.151 - - [27/Apr/2025:04:14:59 -0300] "GET /config.inc.php HTTP/1.1" 404 - "-" "Mozilla/5.0 (Windows; U; Windows NT 5.1; sl; rv:1.8.1.9) Gecko/20071025 Firefox/2.0.0.9"
vacivitta.com.br:80
78.153.140.151 - - [27/Apr/2025:04:15:00 -0300] "GET /admin/infophp.php HTTP/1.1" 404 - "-" "Mozilla/5.0 (Linux; U; Android 2.3.3; en-gb; GT-I9000 Build/GINGERBREAD) AppleWebKit/533.1 (KHTML, like Gecko) Version/4.0 Mobile Safari/533.1"
vacivitta.com.br:80
78.153.140.151 - - [27/Apr/2025:04:15:00 -0300] "GET /admin/phpinfo HTTP/1.1" 404 - "-" "Mozilla/5.0 (Windows NT 4.0; WOW64) AppleWebKit/537.36 (KHTML, like Gecko) Chrome/37.0.2049.0 Safari/537.36"
vacivitta.com.br:80
78.153.140.151 - - [27/Apr/2025:04:15:01 -0300] "GET /dashboard/test.php HTTP/1.1" 404 - "-" "Mozilla/5.0 (Linux; U; Android 2.3.6; en-us; GT-S5830M Build/GINGERBREAD) AppleWebKit/533.1 (KHTML, like Gecko) Version/4.0 Mobile Safari/533.1"
vacivitta.com.br:80
78.153.140.151 - - [27/Apr/2025:04:15:01 -0300] "GET /config/jwt/private.pem HTTP/1.1" 404 - "-" "Mozilla/4.0 (compatible; MSIE 8.0; Windows NT 5.1; Trident/4.0; InfoPath.2; .NET4.0C)"
vacivitta.com.br:80
78.153.140.151 - - [27/Apr/2025:04:15:02 -0300] "GET /configure.php~ HTTP/1.1" 404 - "-" "Mozilla/5.0 (X11; Ubuntu; Linux x86_64; rv:42.0) Gecko/20100101 Firefox/42.0"
vacivitta.com.br:80
78.153.140.151 - - [27/Apr/2025:04:15:02 -0300] "GET /bundle.js HTTP/1.1" 404 - "-" "Mozilla/5.0 (Linux; Android 7.0; LGMP450 Build/NRD90U) AppleWebKit/537.36 (KHTML, like Gecko) Chrome/63.0.3239.111 Mobile Safari/537.36"
vacivitta.com.br:80
78.153.140.151 - - [27/Apr/2025:04:15:02 -0300] "GET /application.conf HTTP/1.1" 404 - "-" "Mozilla/5.0 (Linux; U; Android 4.0.4; pt-br; GT-S5301B Build/IMM76D) AppleWebKit/534.30 (KHTML, like Gecko) Version/4.0 Mobile Safari/534.30"
vacivitta.com.br:80
78.153.140.151 - - [27/Apr/2025:04:15:03 -0300] "GET /aws.json HTTP/1.1" 404 - "-" "Mozilla/5.0 (Linux; U; Android 2.3.6; es-us; GT-S5570L Build/GINGERBREAD) AppleWebKit/533.1 (KHTML, like Gecko) Version/4.0 Mobile Safari/533.1"
vacivitta.com.br:80
78.153.140.151 - - [27/Apr/2025:04:15:03 -0300] "GET /appsettings.xml HTTP/1.1" 404 - "-" "Mozilla/5.0 (Windows NT 10.0; Win64; x64) AppleWebKit/537.36 (KHTML, like Gecko) Chrome/59.0.3071.86 Safari/537.36 OPR/46.0.2597.32"
vacivitta.com.br:80
78.153.140.151 - - [27/Apr/2025:04:15:04 -0300] "GET /config.yaml HTTP/1.1" 404 - "-" "Mozilla/5.0 (X11; U; Linux i686; en-US; rv:1.8.1.19) Gecko/20081230 Firefox/2.0.0.19"
vacivitta.com.br:80
78.153.140.151 - - [27/Apr/2025:04:15:05 -0300] "GET /apache/phpinfo.php HTTP/1.1" 404 - "-" "Mozilla/5.0 (Macintosh; Intel Mac OS X 10_11) AppleWebKit/601.1.50 (KHTML, like Gecko) Version/9.0 Safari/601.1.50"
vacivitta.com.br:80
78.153.140.151 - - [27/Apr/2025:04:15:05 -0300] "GET /dashboard/phpinfo HTTP/1.1" 404 - "-" "Mozilla/5.0 (iPad; U; CPU OS 4_3_2 like Mac OS X; en-us) AppleWebKit/533.17.9 (KHTML, like Gecko) Version/5.0.2 Mobile/8H7 Safari/6533.18.5"
vacivitta.com.br:80
78.153.140.151 - - [27/Apr/2025:04:15:05 -0300] "GET /application.yml HTTP/1.1" 404 - "-" "Mozilla/5.0 (Macintosh; Intel Mac OS X 10_13_4) AppleWebKit/605.1.15 (KHTML, like Gecko) Version/11.1 Safari/605.1.15"
vacivitta.com.br:80
78.153.140.151 - - [27/Apr/2025:04:15:06 -0300] "GET /awsconfig.json HTTP/1.1" 404 - "-" "Mozilla/5.0 (Linux; Android 6.0.1; Redmi Note 4 Build/MMB29M) AppleWebKit/537.36 (KHTML, like Gecko) Chrome/61.0.3163.98 Mobile Safari/537.36"
vacivitta.com.br:80
78.153.140.151 - - [27/Apr/2025:04:15:06 -0300] "GET /env HTTP/1.1" 404 - "-" "Mozilla/5.0 (Macintosh; U; Intel Mac OS X 10_5_7; en-US) AppleWebKit/532.0 (KHTML, like Gecko) Chrome/3.0.198 Safari/532.0"
vacivitta.com.br:80
164.92.96.165 - - [27/Apr/2025:04:28:15 -0300] "GET / HTTP/1.1" 200 488 "-" "Mozilla/5.0 (compatible)"
vacivitta.com.br:80
164.92.96.165 - - [27/Apr/2025:04:28:15 -0300] "GET /ico.ico HTTP/1.1" 200 100526 "http://162.240.168.168/" "Mozilla/5.0 (compatible)"
vacivitta.com.br:80
154.81.156.35 - - [27/Apr/2025:04:33:02 -0300] "GET / HTTP/1.1" 200 488 "-" "Mozilla/5.0 (Windows NT 10.0; Win64; x64) AppleWebKit/537.36 (KHTML, like Gecko) Chrome/90.0.4430.85 Safari/537.36 Edg/90.0.818.46"
vacivitta.com.br:80
147.182.192.11 - - [27/Apr/2025:04:40:12 -0300] "GET / HTTP/1.0" 200 488 "-" "-"
vacivitta.com.br:80
154.81.156.54 - - [27/Apr/2025:04:43:38 -0300] "GET / HTTP/1.1" 200 488 "-" "Mozilla/5.0 (Windows NT 10.0; Win64; x64) AppleWebKit/537.36 (KHTML, like Gecko) Chrome/90.0.4430.85 Safari/537.36 Edg/90.0.818.46"
vacivitta.com.br:80
142.93.221.134 - - [27/Apr/2025:04:46:30 -0300] "POST /cgi-bin/.%2e/.%2e/.%2e/.%2e/.%2e/.%2e/.%2e/.%2e/.%2e/.%2e/bin/sh HTTP/1.1" 404 - "-" "Custom-AsyncHttpClient"
vacivitta.com.br:80
142.93.221.134 - - [27/Apr/2025:04:46:31 -0300] "POST /cgi-bin/%%32%65%%32%65/%%32%65%%32%65/%%32%65%%32%65/%%32%65%%32%65/%%32%65%%32%65/%%32%65%%32%65/%%32%65%%32%65/bin/sh HTTP/1.1" 404 - "-" "Custom-AsyncHttpClient"
vacivitta.com.br:80
142.93.221.134 - - [27/Apr/2025:04:46:33 -0300] "POST /hello.world?%ADd+allow_url_include%3d1+%ADd+auto_prepend_file%3dphp://input HTTP/1.1" 404 - "-" "Custom-AsyncHttpClient"
vacivitta.com.br:80
142.93.221.134 - - [27/Apr/2025:04:46:34 -0300] "GET /vendor/phpunit/phpunit/src/Util/PHP/eval-stdin.php HTTP/1.1" 404 - "-" "Custom-AsyncHttpClient"
vacivitta.com.br:80
142.93.221.134 - - [27/Apr/2025:04:46:35 -0300] "GET /vendor/phpunit/phpunit/Util/PHP/eval-stdin.php HTTP/1.1" 404 - "-" "Custom-AsyncHttpClient"
vacivitta.com.br:80
142.93.221.134 - - [27/Apr/2025:04:46:36 -0300] "GET /vendor/phpunit/src/Util/PHP/eval-stdin.php HTTP/1.1" 404 - "-" "Custom-AsyncHttpClient"
vacivitta.com.br:80
142.93.221.134 - - [27/Apr/2025:04:46:36 -0300] "GET /vendor/phpunit/Util/PHP/eval-stdin.php HTTP/1.1" 404 - "-" "Custom-AsyncHttpClient"
vacivitta.com.br:80
142.93.221.134 - - [27/Apr/2025:04:46:37 -0300] "GET /vendor/phpunit/phpunit/LICENSE/eval-stdin.php HTTP/1.1" 404 - "-" "Custom-AsyncHttpClient"
vacivitta.com.br:80
142.93.221.134 - - [27/Apr/2025:04:46:38 -0300] "GET /vendor/vendor/phpunit/phpunit/src/Util/PHP/eval-stdin.php HTTP/1.1" 404 - "-" "Custom-AsyncHttpClient"
vacivitta.com.br:80
142.93.221.134 - - [27/Apr/2025:04:46:39 -0300] "GET /phpunit/phpunit/src/Util/PHP/eval-stdin.php HTTP/1.1" 404 - "-" "Custom-AsyncHttpClient"
vacivitta.com.br:80
142.93.221.134 - - [27/Apr/2025:04:46:40 -0300] "GET /phpunit/phpunit/Util/PHP/eval-stdin.php HTTP/1.1" 404 - "-" "Custom-AsyncHttpClient"
vacivitta.com.br:80
142.93.221.134 - - [27/Apr/2025:04:46:41 -0300] "GET /phpunit/src/Util/PHP/eval-stdin.php HTTP/1.1" 404 - "-" "Custom-AsyncHttpClient"
vacivitta.com.br:80
142.93.221.134 - - [27/Apr/2025:04:46:42 -0300] "GET /phpunit/Util/PHP/eval-stdin.php HTTP/1.1" 404 - "-" "Custom-AsyncHttpClient"
vacivitta.com.br:80
142.93.221.134 - - [27/Apr/2025:04:46:43 -0300] "GET /lib/phpunit/phpunit/src/Util/PHP/eval-stdin.php HTTP/1.1" 404 - "-" "Custom-AsyncHttpClient"
vacivitta.com.br:80
142.93.221.134 - - [27/Apr/2025:04:46:43 -0300] "GET /lib/phpunit/phpunit/Util/PHP/eval-stdin.php HTTP/1.1" 404 - "-" "Custom-AsyncHttpClient"
vacivitta.com.br:80
142.93.221.134 - - [27/Apr/2025:04:46:44 -0300] "GET /lib/phpunit/src/Util/PHP/eval-stdin.php HTTP/1.1" 404 - "-" "Custom-AsyncHttpClient"
vacivitta.com.br:80
142.93.221.134 - - [27/Apr/2025:04:46:45 -0300] "GET /lib/phpunit/Util/PHP/eval-stdin.php HTTP/1.1" 404 - "-" "Custom-AsyncHttpClient"
vacivitta.com.br:80
142.93.221.134 - - [27/Apr/2025:04:46:45 -0300] "GET /lib/vendor/phpunit/phpunit/src/Util/PHP/eval-stdin.php HTTP/1.1" 404 - "-" "Custom-AsyncHttpClient"
vacivitta.com.br:80
142.93.221.134 - - [27/Apr/2025:04:46:46 -0300] "GET /laravel/vendor/phpunit/phpunit/src/Util/PHP/eval-stdin.php HTTP/1.1" 404 - "-" "Custom-AsyncHttpClient"
vacivitta.com.br:80
142.93.221.134 - - [27/Apr/2025:04:46:47 -0300] "GET /www/vendor/phpunit/phpunit/src/Util/PHP/eval-stdin.php HTTP/1.1" 404 - "-" "Custom-AsyncHttpClient"
vacivitta.com.br:80
142.93.221.134 - - [27/Apr/2025:04:46:48 -0300] "GET /ws/vendor/phpunit/phpunit/src/Util/PHP/eval-stdin.php HTTP/1.1" 404 - "-" "Custom-AsyncHttpClient"
vacivitta.com.br:80
142.93.221.134 - - [27/Apr/2025:04:46:48 -0300] "GET /yii/vendor/phpunit/phpunit/src/Util/PHP/eval-stdin.php HTTP/1.1" 404 - "-" "Custom-AsyncHttpClient"
vacivitta.com.br:80
142.93.221.134 - - [27/Apr/2025:04:46:49 -0300] "GET /zend/vendor/phpunit/phpunit/src/Util/PHP/eval-stdin.php HTTP/1.1" 404 - "-" "Custom-AsyncHttpClient"
vacivitta.com.br:80
142.93.221.134 - - [27/Apr/2025:04:46:49 -0300] "GET /ws/ec/vendor/phpunit/phpunit/src/Util/PHP/eval-stdin.php HTTP/1.1" 404 - "-" "Custom-AsyncHttpClient"
vacivitta.com.br:80
142.93.221.134 - - [27/Apr/2025:04:46:50 -0300] "GET /V2/vendor/phpunit/phpunit/src/Util/PHP/eval-stdin.php HTTP/1.1" 404 - "-" "Custom-AsyncHttpClient"
vacivitta.com.br:80
142.93.221.134 - - [27/Apr/2025:04:46:51 -0300] "GET /tests/vendor/phpunit/phpunit/src/Util/PHP/eval-stdin.php HTTP/1.1" 404 - "-" "Custom-AsyncHttpClient"
vacivitta.com.br:80
43.163.206.70 - - [27/Apr/2025:05:00:10 -0300] "GET / HTTP/1.1" 200 488 "-" "Mozilla/5.0 (iPhone; CPU iPhone OS 13_2_3 like Mac OS X) AppleWebKit/605.1.15 (KHTML, like Gecko) Version/13.0.3 Mobile/15E148 Safari/604.1"
vacivitta.com.br:80
185.218.86.4 - - [27/Apr/2025:05:07:42 -0300] "GET / HTTP/1.1" 200 488 "-" "Mozilla/5.0 (Windows NT 10.0; Win64; x64) AppleWebKit/537.36 (KHTML, like Gecko) Chrome/90.0.4430.85 Safari/537.36 Edg/90.0.818.46"
vacivitta.com.br:80
185.218.84.178 - - [27/Apr/2025:05:19:24 -0300] "GET / HTTP/1.1" 200 488 "-" "Mozilla/5.0 (Windows NT 10.0; Win64; x64) AppleWebKit/537.36 (KHTML, like Gecko) Chrome/90.0.4430.85 Safari/537.36 Edg/90.0.818.46"
vacivitta.com.br:80
185.255.122.19 - - [27/Apr/2025:05:19:42 -0300] "GET / HTTP/1.1" 200 488 "-" "Mozilla/5.0 (Windows NT 10.0; Win64; x64) AppleWebKit/537.36 (KHTML, like Gecko) Chrome/90.0.4430.85 Safari/537.36 Edg/90.0.818.46"
vacivitta.com.br:80
93.174.93.12 - - [27/Apr/2025:05:22:21 -0300] "GET / HTTP/1.0" 200 488 "-" "Lynx/2.8.5rel.1 libwww-FM/2.14 SSL-MM/1.4.1 GNUTLS/0.8.12"
vacivitta.com.br:80
154.81.156.54 - - [27/Apr/2025:05:23:35 -0300] "GET / HTTP/1.1" 200 488 "-" "Mozilla/5.0 (Windows NT 10.0; Win64; x64) AppleWebKit/537.36 (KHTML, like Gecko) Chrome/90.0.4430.85 Safari/537.36 Edg/90.0.818.46"
vacivitta.com.br:80
154.81.156.54 - - [27/Apr/2025:06:06:02 -0300] "GET / HTTP/1.1" 200 488 "-" "Mozilla/5.0 (Windows NT 10.0; Win64; x64) AppleWebKit/537.36 (KHTML, like Gecko) Chrome/90.0.4430.85 Safari/537.36 Edg/90.0.818.46"
vacivitta.com.br:80
185.16.38.107 - - [27/Apr/2025:06:09:59 -0300] "GET / HTTP/1.1" 200 488 "-" "Mozilla/5.0 (Windows NT 10.0; Win64; x64) AppleWebKit/537.36 (KHTML, like Gecko) Chrome/90.0.4430.85 Safari/537.36 Edg/90.0.818.46"
vacivitta.com.br:80
185.255.122.19 - - [27/Apr/2025:06:17:04 -0300] "GET / HTTP/1.1" 200 488 "-" "Mozilla/5.0 (Windows NT 10.0; Win64; x64) AppleWebKit/537.36 (KHTML, like Gecko) Chrome/90.0.4430.85 Safari/537.36 Edg/90.0.818.46"
vacivitta.com.br:80
154.81.156.54 - - [27/Apr/2025:06:36:35 -0300] "GET / HTTP/1.1" 200 488 "-" "Mozilla/5.0 (Windows NT 10.0; Win64; x64) AppleWebKit/537.36 (KHTML, like Gecko) Chrome/90.0.4430.85 Safari/537.36 Edg/90.0.818.46"
vacivitta.com.br:80
185.242.226.154 - - [27/Apr/2025:06:48:40 -0300] "GET / HTTP/1.1" 200 488 "-" "Mozilla/5.0 (Windows NT 10.0; Win64; x64) AppleWebKit/537.36 (KHTML, like Gecko) Chrome/88.0.4324.190 Safari/537.36"
vacivitta.com.br:80
185.242.226.154 - - [27/Apr/2025:06:49:32 -0300] "GET /ico.ico HTTP/1.1" 200 100526 "-" "Python/3.7 aiohttp/3.8.1"
vacivitta.com.br:80
185.255.122.19 - - [27/Apr/2025:06:52:11 -0300] "GET / HTTP/1.1" 200 488 "-" "Mozilla/5.0 (Windows NT 10.0; Win64; x64) AppleWebKit/537.36 (KHTML, like Gecko) Chrome/90.0.4430.85 Safari/537.36 Edg/90.0.818.46"
vacivitta.com.br:80
154.81.156.35 - - [27/Apr/2025:06:54:11 -0300] "GET / HTTP/1.1" 200 488 "-" "Mozilla/5.0 (Windows NT 10.0; Win64; x64) AppleWebKit/537.36 (KHTML, like Gecko) Chrome/90.0.4430.85 Safari/537.36 Edg/90.0.818.46"
vacivitta.com.br:80
46.101.183.95 - - [27/Apr/2025:07:04:24 -0300] "GET /.env HTTP/1.1" 404 - "-" "Mozilla/5.0; Keydrop.io/1.0(onlyscans.com/about);"
vacivitta.com.br:80
46.101.183.95 - - [27/Apr/2025:07:04:25 -0300] "GET /.git/config HTTP/1.1" 404 - "-" "Mozilla/5.0; Keydrop.io/1.0(onlyscans.com/about);"
vacivitta.com.br:80
185.16.38.107 - - [27/Apr/2025:07:08:05 -0300] "GET / HTTP/1.1" 200 488 "-" "Mozilla/5.0 (Windows NT 10.0; Win64; x64) AppleWebKit/537.36 (KHTML, like Gecko) Chrome/90.0.4430.85 Safari/537.36 Edg/90.0.818.46"
vacivitta.com.br:80
154.81.156.54 - - [27/Apr/2025:07:14:51 -0300] "GET / HTTP/1.1" 200 488 "-" "Mozilla/5.0 (Windows NT 10.0; Win64; x64) AppleWebKit/537.36 (KHTML, like Gecko) Chrome/90.0.4430.85 Safari/537.36 Edg/90.0.818.46"
vacivitta.com.br:80
154.81.156.7 - - [27/Apr/2025:07:44:36 -0300] "GET / HTTP/1.1" 200 488 "-" "Mozilla/5.0 (Windows NT 10.0; Win64; x64) AppleWebKit/537.36 (KHTML, like Gecko) Chrome/90.0.4430.85 Safari/537.36 Edg/90.0.818.46"
vacivitta.com.br:80
185.218.86.4 - - [27/Apr/2025:07:58:30 -0300] "GET / HTTP/1.1" 200 488 "-" "Mozilla/5.0 (Windows NT 10.0; Win64; x64) AppleWebKit/537.36 (KHTML, like Gecko) Chrome/90.0.4430.85 Safari/537.36 Edg/90.0.818.46"
vacivitta.com.br:80
154.81.156.54 - - [27/Apr/2025:08:01:46 -0300] "GET / HTTP/1.1" 200 488 "-" "Mozilla/5.0 (Windows NT 10.0; Win64; x64) AppleWebKit/537.36 (KHTML, like Gecko) Chrome/90.0.4430.85 Safari/537.36 Edg/90.0.818.46"
vacivitta.com.br:80
160.250.247.221 - - [27/Apr/2025:08:02:47 -0300] "POST /boaform/admin/formLogin HTTP/1.1" 404 - "http://162.240.168.168:80/admin/login.asp" "Mozilla/5.0 (X11; Ubuntu; Linux x86_64; rv:71.0) Gecko/20100101 Firefox/71.0"
vacivitta.com.br:80
185.218.84.178 - - [27/Apr/2025:08:03:35 -0300] "GET / HTTP/1.1" 200 488 "-" "Mozilla/5.0 (Windows NT 10.0; Win64; x64) AppleWebKit/537.36 (KHTML, like Gecko) Chrome/90.0.4430.85 Safari/537.36 Edg/90.0.818.46"
vacivitta.com.br:80
154.81.156.54 - - [27/Apr/2025:08:29:35 -0300] "GET / HTTP/1.1" 200 488 "-" "Mozilla/5.0 (Windows NT 10.0; Win64; x64) AppleWebKit/537.36 (KHTML, like Gecko) Chrome/90.0.4430.85 Safari/537.36 Edg/90.0.818.46"
vacivitta.com.br:80
185.242.226.154 - - [27/Apr/2025:08:30:47 -0300] "\x16\x03\x01" 404 - "-" "-"
vacivitta.com.br:80
203.188.242.158 - - [27/Apr/2025:08:32:21 -0300] "GET / HTTP/1.1" 200 488 "-" "Mozilla/5.0 (Windows NT 10.0; WOW64) AppleWebKit/537.36 (KHTML, like Gecko) Chrome/51.0.2704.103 Safari/537.36"
vacivitta.com.br:80
43.159.149.216 - - [27/Apr/2025:08:51:26 -0300] "GET / HTTP/1.1" 200 488 "-" "Mozilla/5.0 (iPhone; CPU iPhone OS 13_2_3 like Mac OS X) AppleWebKit/605.1.15 (KHTML, like Gecko) Version/13.0.3 Mobile/15E148 Safari/604.1"
vacivitta.com.br:80
185.16.38.107 - - [27/Apr/2025:09:00:59 -0300] "GET / HTTP/1.1" 200 488 "-" "Mozilla/5.0 (Windows NT 10.0; Win64; x64) AppleWebKit/537.36 (KHTML, like Gecko) Chrome/90.0.4430.85 Safari/537.36 Edg/90.0.818.46"
vacivitta.com.br:80
154.81.156.54 - - [27/Apr/2025:09:18:33 -0300] "GET / HTTP/1.1" 200 488 "-" "Mozilla/5.0 (Windows NT 10.0; Win64; x64) AppleWebKit/537.36 (KHTML, like Gecko) Chrome/90.0.4430.85 Safari/537.36 Edg/90.0.818.46"
vacivitta.com.br:80
154.81.156.35 - - [27/Apr/2025:09:22:56 -0300] "GET / HTTP/1.1" 200 488 "-" "Mozilla/5.0 (Windows NT 10.0; Win64; x64) AppleWebKit/537.36 (KHTML, like Gecko) Chrome/90.0.4430.85 Safari/537.36 Edg/90.0.818.46"
vacivitta.com.br:80
154.81.156.7 - - [27/Apr/2025:09:43:20 -0300] "GET / HTTP/1.1" 200 488 "-" "Mozilla/5.0 (Windows NT 10.0; Win64; x64) AppleWebKit/537.36 (KHTML, like Gecko) Chrome/90.0.4430.85 Safari/537.36 Edg/90.0.818.46"
vacivitta.com.br:80
89.44.135.161 - - [27/Apr/2025:09:47:12 -0300] "GET / HTTP/1.1" 200 488 "-" "Mozilla/5.0 (Windows NT 6.1; WOW64) AppleWebKit/537.36 (KHTML, like Gecko) Chrome/52.0.2743.116 Safari/537.36"
vacivitta.com.br:80
89.44.135.161 - - [27/Apr/2025:09:47:12 -0300] "GET / HTTP/1.1" 200 488 "-" "Mozilla/5.0 (Windows NT 10.0; WOW64) AppleWebKit/537.36 (KHTML, like Gecko) Chrome/51.0.2704.103 Safari/537.36"
vacivitta.com.br:80
154.81.156.54 - - [27/Apr/2025:09:49:29 -0300] "GET / HTTP/1.1" 200 488 "-" "Mozilla/5.0 (Windows NT 10.0; Win64; x64) AppleWebKit/537.36 (KHTML, like Gecko) Chrome/90.0.4430.85 Safari/537.36 Edg/90.0.818.46"
vacivitta.com.br:80
59.89.111.49 - - [27/Apr/2025:09:56:50 -0300] "GET / HTTP/1.1" 200 488 "-" "Mozilla/5.0 (Windows NT 10.0; WOW64) AppleWebKit/537.36 (KHTML, like Gecko) Chrome/52.0.2743.116 Safari/537.36"
vacivitta.com.br:80
157.245.98.87 - - [27/Apr/2025:10:20:17 -0300] "GET / HTTP/1.1" 200 488 "-" "Go-http-client/1.1"
vacivitta.com.br:80
218.78.132.160 - - [27/Apr/2025:10:24:57 -0300] "GET /.env.bak HTTP/1.1" 404 - "-" "Mozilla/5.0 (iPhone; CPU iPhone OS 17_5_1 like Mac OS X) AppleWebKit/605.1.15 (KHTML, like Gecko) Version/17.4.1 Mobile/15E148 Safari/604.1"
vacivitta.com.br:80
218.78.132.160 - - [27/Apr/2025:10:24:57 -0300] "GET /containers/json HTTP/1.1" 404 - "-" "Mozilla/5.0 (iPhone; CPU iPhone OS 17_5_1 like Mac OS X) AppleWebKit/605.1.15 (KHTML, like Gecko) Version/17.4.1 Mobile/15E148 Safari/604.1"
vacivitta.com.br:80
218.78.132.160 - - [27/Apr/2025:10:24:58 -0300] "GET /.env HTTP/1.1" 404 - "-" "Mozilla/5.0 (iPhone; CPU iPhone OS 17_5_1 like Mac OS X) AppleWebKit/605.1.15 (KHTML, like Gecko) Version/17.4.1 Mobile/15E148 Safari/604.1"
vacivitta.com.br:80
218.78.132.160 - - [27/Apr/2025:10:24:58 -0300] "GET /version HTTP/1.1" 404 - "-" "Mozilla/5.0 (iPhone; CPU iPhone OS 17_5_1 like Mac OS X) AppleWebKit/605.1.15 (KHTML, like Gecko) Version/17.4.1 Mobile/15E148 Safari/604.1"
vacivitta.com.br:80
54.153.91.62 - - [27/Apr/2025:10:25:09 -0300] "GET / HTTP/1.1" 200 488 "-" "Mozilla/5.0 (Macintosh; Intel Mac OS X 10_11_5) AppleWebKit/537.36 (KHTML, like Gecko) Chrome/50.0.2661.102 Safari/537.36"
vacivitta.com.br:80
154.81.156.54 - - [27/Apr/2025:10:27:34 -0300] "GET / HTTP/1.1" 200 488 "-" "Mozilla/5.0 (Windows NT 10.0; Win64; x64) AppleWebKit/537.36 (KHTML, like Gecko) Chrome/90.0.4430.85 Safari/537.36 Edg/90.0.818.46"
vacivitta.com.br:80
185.218.84.178 - - [27/Apr/2025:10:29:27 -0300] "GET / HTTP/1.1" 200 488 "-" "Mozilla/5.0 (Windows NT 10.0; Win64; x64) AppleWebKit/537.36 (KHTML, like Gecko) Chrome/90.0.4430.85 Safari/537.36 Edg/90.0.818.46"
vacivitta.com.br:80
196.251.73.101 - - [27/Apr/2025:10:43:30 -0300] "GET /.env HTTP/1.1" 404 - "-" "Mozilla/5.0 (Macintosh; Intel Mac OS X 10_12_1) AppleWebKit/537.36 (KHTML, like Gecko) Chrome/76.0.3809.100 Safari/537.36"
vacivitta.com.br:80
148.113.206.49 - - [27/Apr/2025:10:52:43 -0300] "GET / HTTP/1.1" 200 488 "-" "Mozilla/5.0 zgrab/0.x"
vacivitta.com.br:80
185.218.86.4 - - [27/Apr/2025:10:55:08 -0300] "GET / HTTP/1.1" 200 488 "-" "Mozilla/5.0 (Windows NT 10.0; Win64; x64) AppleWebKit/537.36 (KHTML, like Gecko) Chrome/90.0.4430.85 Safari/537.36 Edg/90.0.818.46"
vacivitta.com.br:80
154.81.156.54 - - [27/Apr/2025:10:57:00 -0300] "GET / HTTP/1.1" 200 488 "-" "Mozilla/5.0 (Windows NT 10.0; Win64; x64) AppleWebKit/537.36 (KHTML, like Gecko) Chrome/90.0.4430.85 Safari/537.36 Edg/90.0.818.46"
vacivitta.com.br:80
185.16.38.107 - - [27/Apr/2025:11:01:00 -0300] "GET / HTTP/1.1" 200 488 "-" "Mozilla/5.0 (Windows NT 10.0; Win64; x64) AppleWebKit/537.36 (KHTML, like Gecko) Chrome/90.0.4430.85 Safari/537.36 Edg/90.0.818.46"
vacivitta.com.br:80
182.184.73.57 - - [27/Apr/2025:11:09:52 -0300] "GET / HTTP/1.0" 200 488 "-" "curl/7.88.1"
vacivitta.com.br:80
93.174.93.12 - - [27/Apr/2025:11:40:32 -0300] "\x16\x03\x02\x01o\x01" 404 - "-" "-"
vacivitta.com.br:80
117.15.88.60 - - [27/Apr/2025:11:41:22 -0300] "GET / HTTP/1.1" 200 488 "-" "-"
vacivitta.com.br:80
112.94.253.77 - - [27/Apr/2025:11:41:30 -0300] "\x16\x03\x01" 404 - "-" "-"
vacivitta.com.br:80
113.120.57.57 - - [27/Apr/2025:11:41:32 -0300] "\x16\x03\x01" 404 - "-" "-"
vacivitta.com.br:80
171.37.47.58 - - [27/Apr/2025:11:41:41 -0300] "USER anonymous" 404 - "-" "-"
vacivitta.com.br:80
219.143.174.56 - - [27/Apr/2025:11:41:52 -0300] "GET / HTTP/1.1" 200 488 "-" "Mozilla/5.0 (Windows NT 6.1) AppleWebKit/537.36 (KHTML, like Gecko) Chrome/49.0.2623.112 Safari/537.36"
vacivitta.com.br:80
154.81.156.35 - - [27/Apr/2025:11:45:47 -0300] "GET / HTTP/1.1" 200 488 "-" "Mozilla/5.0 (Windows NT 10.0; Win64; x64) AppleWebKit/537.36 (KHTML, like Gecko) Chrome/90.0.4430.85 Safari/537.36 Edg/90.0.818.46"
vacivitta.com.br:80
154.81.156.54 - - [27/Apr/2025:11:47:57 -0300] "GET / HTTP/1.1" 200 488 "-" "Mozilla/5.0 (Windows NT 10.0; Win64; x64) AppleWebKit/537.36 (KHTML, like Gecko) Chrome/90.0.4430.85 Safari/537.36 Edg/90.0.818.46"
vacivitta.com.br:80
154.81.156.7 - - [27/Apr/2025:11:54:56 -0300] "GET / HTTP/1.1" 200 488 "-" "Mozilla/5.0 (Windows NT 10.0; Win64; x64) AppleWebKit/537.36 (KHTML, like Gecko) Chrome/90.0.4430.85 Safari/537.36 Edg/90.0.818.46"
vacivitta.com.br:80
34.78.123.253 - - [27/Apr/2025:12:07:53 -0300] "GET / HTTP/1.1" 200 488 "-" "python-requests/2.32.3"
vacivitta.com.br:80
154.81.156.54 - - [27/Apr/2025:12:10:50 -0300] "GET / HTTP/1.1" 200 488 "-" "Mozilla/5.0 (Windows NT 10.0; Win64; x64) AppleWebKit/537.36 (KHTML, like Gecko) Chrome/90.0.4430.85 Safari/537.36 Edg/90.0.818.46"
vacivitta.com.br:80
20.65.195.16 - - [27/Apr/2025:12:24:01 -0300] "GET / HTTP/1.1" 200 488 "-" "Mozilla/5.0 zgrab/0.x"
vacivitta.com.br:80
148.113.206.49 - - [27/Apr/2025:12:36:00 -0300] "GET / HTTP/1.1" 200 488 "-" "Mozilla/5.0 (compatible; ModatScanner/1.0; +https://modat.io/)"
vacivitta.com.br:80
80.82.77.202 - - [27/Apr/2025:12:44:58 -0300] "\x16\x03\x02\x01o\x01" 404 - "-" "-"
vacivitta.com.br:80
43.133.139.6 - - [27/Apr/2025:12:48:28 -0300] "GET / HTTP/1.1" 200 488 "-" "Mozilla/5.0 (iPhone; CPU iPhone OS 13_2_3 like Mac OS X) AppleWebKit/605.1.15 (KHTML, like Gecko) Version/13.0.3 Mobile/15E148 Safari/604.1"
vacivitta.com.br:80
154.81.156.54 - - [27/Apr/2025:13:03:35 -0300] "GET / HTTP/1.1" 200 488 "-" "Mozilla/5.0 (Windows NT 10.0; Win64; x64) AppleWebKit/537.36 (KHTML, like Gecko) Chrome/90.0.4430.85 Safari/537.36 Edg/90.0.818.46"
vacivitta.com.br:80
124.82.67.4 - - [27/Apr/2025:13:04:44 -0300] "GET / HTTP/1.1" 200 488 "-" "Hello-World/1.0"
vacivitta.com.br:80
185.218.84.178 - - [27/Apr/2025:13:06:29 -0300] "GET / HTTP/1.1" 200 488 "-" "Mozilla/5.0 (Windows NT 10.0; Win64; x64) AppleWebKit/537.36 (KHTML, like Gecko) Chrome/90.0.4430.85 Safari/537.36 Edg/90.0.818.46"
vacivitta.com.br:80
185.218.86.4 - - [27/Apr/2025:13:35:14 -0300] "GET / HTTP/1.1" 200 488 "-" "Mozilla/5.0 (Windows NT 10.0; Win64; x64) AppleWebKit/537.36 (KHTML, like Gecko) Chrome/90.0.4430.85 Safari/537.36 Edg/90.0.818.46"
vacivitta.com.br:80
209.38.165.211 - - [27/Apr/2025:13:39:32 -0300] "\x16\x03\x01" 404 - "-" "-"
vacivitta.com.br:80
209.38.165.211 - - [27/Apr/2025:13:39:33 -0300] "\x16\x03\x01" 404 - "-" "-"
vacivitta.com.br:80
209.38.165.211 - - [27/Apr/2025:13:39:33 -0300] "GET / HTTP/1.1" 200 488 "-" "Mozilla/5.0 (Windows NT 10.0; Win64; x64) AppleWebKit/537.36 (KHTML, like Gecko) Chrome/108.0.0.0 Safari/537.36"
vacivitta.com.br:80
209.38.165.211 - - [27/Apr/2025:13:39:33 -0300] "GET /form.html HTTP/1.1" 404 - "-" "curl/8.1.2"
vacivitta.com.br:80
209.38.165.211 - - [27/Apr/2025:13:39:33 -0300] "GET /upl.php HTTP/1.1" 404 - "-" "Mozilla/5.0"
vacivitta.com.br:80
209.38.165.211 - - [27/Apr/2025:13:39:34 -0300] "GET /t4 HTTP/1.1" 404 - "-" "Mozilla/5.0"
vacivitta.com.br:80
209.38.165.211 - - [27/Apr/2025:13:39:34 -0300] "GET /geoip/ HTTP/1.1" 404 - "-" "Mozilla/5.0 (Windows NT 10.0; Win64; x64) AppleWebKit/537.36 (KHTML, like Gecko) Chrome/108.0.0.0 Safari/537.36"
vacivitta.com.br:80
209.38.165.211 - - [27/Apr/2025:13:39:34 -0300] "GET /favicon.ico HTTP/1.1" 404 - "-" "Mozilla/5.0 (Windows NT 10.0; Win64; x64) AppleWebKit/537.36 (KHTML, like Gecko) Chrome/108.0.0.0 Safari/537.36"
vacivitta.com.br:80
209.38.165.211 - - [27/Apr/2025:13:39:34 -0300] "GET /1.php HTTP/1.1" 404 - "-" "Mozilla/5.0 (Windows NT 10.0; Win64; x64) AppleWebKit/537.36 (KHTML, like Gecko) Chrome/108.0.0.0 Safari/537.36"
vacivitta.com.br:80
209.38.165.211 - - [27/Apr/2025:13:39:35 -0300] "GET /systembc/password.php HTTP/1.1" 404 - "-" "Mozilla/5.0 (Windows NT 10.0; Win64; x64) AppleWebKit/537.36 (KHTML, like Gecko) Chrome/108.0.0.0 Safari/537.36"
vacivitta.com.br:80
209.38.165.211 - - [27/Apr/2025:13:39:35 -0300] "GET /password.php HTTP/1.1" 404 - "-" "Mozilla/5.0 (Windows NT 10.0; Win64; x64) AppleWebKit/537.36 (KHTML, like Gecko) Chrome/108.0.0.0 Safari/537.36"
vacivitta.com.br:80
154.81.156.7 - - [27/Apr/2025:13:41:17 -0300] "GET / HTTP/1.1" 200 488 "-" "Mozilla/5.0 (Windows NT 10.0; Win64; x64) AppleWebKit/537.36 (KHTML, like Gecko) Chrome/90.0.4430.85 Safari/537.36 Edg/90.0.818.46"
vacivitta.com.br:80
40.67.161.127 - - [27/Apr/2025:13:51:49 -0300] "GET / HTTP/1.1" 200 488 "-" "Mozilla/5.0 zgrab/0.x"
vacivitta.com.br:80
182.42.150.27 - - [27/Apr/2025:14:07:07 -0300] "GET /version HTTP/1.1" 404 - "-" "Mozilla/5.0 (iPhone; CPU iPhone OS 17_5_1 like Mac OS X) AppleWebKit/605.1.15 (KHTML, like Gecko) Version/17.4.1 Mobile/15E148 Safari/604.1"
vacivitta.com.br:80
157.245.98.87 - - [27/Apr/2025:14:14:26 -0300] "GET / HTTP/1.1" 200 488 "-" "Go-http-client/1.1"
vacivitta.com.br:80
154.81.156.54 - - [27/Apr/2025:14:14:32 -0300] "GET / HTTP/1.1" 200 488 "-" "Mozilla/5.0 (Windows NT 10.0; Win64; x64) AppleWebKit/537.36 (KHTML, like Gecko) Chrome/90.0.4430.85 Safari/537.36 Edg/90.0.818.46"
vacivitta.com.br:80
164.52.24.188 - - [27/Apr/2025:14:15:01 -0300] "\x16\x03\x01\x02" 404 - "-" "-"
vacivitta.com.br:80
164.52.24.188 - - [27/Apr/2025:14:15:18 -0300] "GET / HTTP/1.1" 200 488 "-" "Mozilla/5.0 (Windows NT 10.0; Win64; x64) AppleWebKit/537.36 (KHTML, like Gecko) Chrome/114.0.0.0 Safari/537.36"
vacivitta.com.br:80
164.52.24.188 - - [27/Apr/2025:14:15:21 -0300] "GET / HTTP/1.1" 200 488 "-" "-"
vacivitta.com.br:80
164.52.24.188 - - [27/Apr/2025:14:15:25 -0300] "GET /v1/models HTTP/1.1" 404 - "-" "Mozilla/5.0 (Windows NT 10.0; Win64; x64) AppleWebKit/537.36 (KHTML, like Gecko) Chrome/114.0.0.0 Safari/537.36"
vacivitta.com.br:80
164.52.24.188 - - [27/Apr/2025:14:15:28 -0300] "GET /v1/models HTTP/1.1" 404 - "-" "Mozilla/5.0 (Windows NT 10.0; Win64; x64) AppleWebKit/537.36 (KHTML, like Gecko) Chrome/114.0.0.0 Safari/537.36"
vacivitta.com.br:80
154.81.156.35 - - [27/Apr/2025:14:19:46 -0300] "GET / HTTP/1.1" 200 488 "-" "Mozilla/5.0 (Windows NT 10.0; Win64; x64) AppleWebKit/537.36 (KHTML, like Gecko) Chrome/90.0.4430.85 Safari/537.36 Edg/90.0.818.46"
vacivitta.com.br:80
154.81.156.54 - - [27/Apr/2025:14:55:27 -0300] "GET / HTTP/1.1" 200 488 "-" "Mozilla/5.0 (Windows NT 10.0; Win64; x64) AppleWebKit/537.36 (KHTML, like Gecko) Chrome/90.0.4430.85 Safari/537.36 Edg/90.0.818.46"
vacivitta.com.br:80
84.9.17.41 - - [27/Apr/2025:15:05:31 -0300] "GET / HTTP/1.0" 200 488 "-" "curl/7.88.1"
vacivitta.com.br:80
185.242.226.154 - - [27/Apr/2025:15:15:36 -0300] "GET / HTTP/1.1" 200 488 "-" "Mozilla/5.0 (Windows NT 10.0; Win64; x64) AppleWebKit/537.36 (KHTML, like Gecko) Chrome/88.0.4324.190 Safari/537.36"
vacivitta.com.br:80
185.242.226.154 - - [27/Apr/2025:15:16:36 -0300] "GET /ico.ico HTTP/1.1" 200 100526 "-" "Python/3.7 aiohttp/3.8.1"
vacivitta.com.br:80
154.81.156.54 - - [27/Apr/2025:15:20:43 -0300] "GET / HTTP/1.1" 200 488 "-" "Mozilla/5.0 (Windows NT 10.0; Win64; x64) AppleWebKit/537.36 (KHTML, like Gecko) Chrome/90.0.4430.85 Safari/537.36 Edg/90.0.818.46"
vacivitta.com.br:80
3.145.44.46 - - [27/Apr/2025:15:31:06 -0300] "GET / HTTP/1.1" 200 488 "-" "Mozilla/5.0 (Macintosh; Intel Mac OS X 10_15_7) Chrome/126.0.0.0 Safari/537.36"
vacivitta.com.br:80
154.81.156.7 - - [27/Apr/2025:15:31:34 -0300] "GET / HTTP/1.1" 200 488 "-" "Mozilla/5.0 (Windows NT 10.0; Win64; x64) AppleWebKit/537.36 (KHTML, like Gecko) Chrome/90.0.4430.85 Safari/537.36 Edg/90.0.818.46"
vacivitta.com.br:80
3.145.44.46 - - [27/Apr/2025:15:31:36 -0300] "GET / HTTP/1.1" 200 488 "-" "Mozilla/5.0 (Macintosh; Intel Mac OS X 10_15_7) Chrome/126.0.0.0 Safari/537.36"
vacivitta.com.br:80
3.145.44.46 - - [27/Apr/2025:15:31:52 -0300] "\x16\x03\x01" 404 - "-" "-"
vacivitta.com.br:80
3.145.44.46 - - [27/Apr/2025:15:32:09 -0300] "\x16\x03\x01" 404 - "-" "-"
vacivitta.com.br:80
80.82.77.202 - - [27/Apr/2025:15:35:20 -0300] "GET / HTTP/1.0" 200 488 "-" "Mozilla/5.0 (Linux; Android 9; Pixel 3 XL) AppleWebKit/537.36 (KHTML, like Gecko) Chrome/76.0.3809.89 Mobile Safari/537.36"
vacivitta.com.br:80
43.157.95.131 - - [27/Apr/2025:15:45:58 -0300] "GET / HTTP/1.1" 200 488 "-" "Mozilla/5.0 (iPhone; CPU iPhone OS 13_2_3 like Mac OS X) AppleWebKit/605.1.15 (KHTML, like Gecko) Version/13.0.3 Mobile/15E148 Safari/604.1"
vacivitta.com.br:80
185.218.84.178 - - [27/Apr/2025:15:56:05 -0300] "GET / HTTP/1.1" 200 488 "-" "Mozilla/5.0 (Windows NT 10.0; Win64; x64) AppleWebKit/537.36 (KHTML, like Gecko) Chrome/90.0.4430.85 Safari/537.36 Edg/90.0.818.46"
vacivitta.com.br:80
20.15.200.230 - - [27/Apr/2025:16:00:23 -0300] "MGLNDD_162.240.168.168_80\n" 404 - "-" "-"
vacivitta.com.br:80
154.81.156.54 - - [27/Apr/2025:16:08:09 -0300] "GET / HTTP/1.1" 200 488 "-" "Mozilla/5.0 (Windows NT 10.0; Win64; x64) AppleWebKit/537.36 (KHTML, like Gecko) Chrome/90.0.4430.85 Safari/537.36 Edg/90.0.818.46"
vacivitta.com.br:80
185.218.86.4 - - [27/Apr/2025:16:23:34 -0300] "GET / HTTP/1.1" 200 488 "-" "Mozilla/5.0 (Windows NT 10.0; Win64; x64) AppleWebKit/537.36 (KHTML, like Gecko) Chrome/90.0.4430.85 Safari/537.36 Edg/90.0.818.46"
vacivitta.com.br:80
154.81.156.54 - - [27/Apr/2025:16:33:31 -0300] "GET / HTTP/1.1" 200 488 "-" "Mozilla/5.0 (Windows NT 10.0; Win64; x64) AppleWebKit/537.36 (KHTML, like Gecko) Chrome/90.0.4430.85 Safari/537.36 Edg/90.0.818.46"
vacivitta.com.br:80
154.81.156.35 - - [27/Apr/2025:16:44:35 -0300] "GET / HTTP/1.1" 200 488 "-" "Mozilla/5.0 (Windows NT 10.0; Win64; x64) AppleWebKit/537.36 (KHTML, like Gecko) Chrome/90.0.4430.85 Safari/537.36 Edg/90.0.818.46"
vacivitta.com.br:80
205.210.31.15 - - [27/Apr/2025:16:49:43 -0300] "GET / HTTP/1.1" 200 488 "-" "-"
vacivitta.com.br:80
154.81.156.54 - - [27/Apr/2025:17:10:24 -0300] "GET / HTTP/1.1" 200 488 "-" "Mozilla/5.0 (Windows NT 10.0; Win64; x64) AppleWebKit/537.36 (KHTML, like Gecko) Chrome/90.0.4430.85 Safari/537.36 Edg/90.0.818.46"
vacivitta.com.br:80
154.81.156.7 - - [27/Apr/2025:17:14:51 -0300] "GET / HTTP/1.1" 200 488 "-" "Mozilla/5.0 (Windows NT 10.0; Win64; x64) AppleWebKit/537.36 (KHTML, like Gecko) Chrome/90.0.4430.85 Safari/537.36 Edg/90.0.818.46"
vacivitta.com.br:80
185.242.226.154 - - [27/Apr/2025:17:30:37 -0300] "\x16\x03\x01" 404 - "-" "-"
vacivitta.com.br:80
78.153.140.179 - - [27/Apr/2025:17:36:24 -0300] "GET /.env HTTP/1.1" 404 - "-" "Mozilla/5.0 (Windows NT 6.1; WOW64) AppleWebKit/537.31 (KHTML, like Gecko) Chrome/26.0.1410.64 Safari/537.31"
vacivitta.com.br:80
78.153.140.179 - - [27/Apr/2025:17:36:24 -0300] "GET /tmp.php HTTP/1.1" 404 - "-" "Mozilla/5.0 (Windows NT 10.0; Win64; x64) AppleWebKit/537.36 (KHTML, like Gecko) Chrome/60.0.3112.78 Safari/537.36 OPR/47.0.2631.39"
vacivitta.com.br:80
78.153.140.179 - - [27/Apr/2025:17:36:26 -0300] "GET /test.js HTTP/1.1" 404 - "-" "Mozilla/5.0 (Windows NT 6.1; Win64; x64; Trident/7.0; managedpc; rv:11.0) like Gecko"
vacivitta.com.br:80
78.153.140.179 - - [27/Apr/2025:17:36:27 -0300] "GET /test1.php HTTP/1.1" 404 - "-" "Mozilla/5.0 (Windows; U; Windows NT 6.0; hu-HU) AppleWebKit/525.26.2 (KHTML, like Gecko) Version/3.2 Safari/525.26.13"
vacivitta.com.br:80
78.153.140.179 - - [27/Apr/2025:17:36:28 -0300] "GET /test2.php HTTP/1.1" 404 - "-" "Mozilla/5.0 (Macintosh; Intel Mac OS X 10_12_0) AppleWebKit/602.2.14 (KHTML, like Gecko) Version/10.0.1 Safari/602.2.14"
vacivitta.com.br:80
78.153.140.179 - - [27/Apr/2025:17:36:30 -0300] "GET /test5.php HTTP/1.1" 404 - "-" "Mozilla/5.0 (Windows NT 10.0) AppleWebKit/537.36 (KHTML, like Gecko) Chrome/44.0.2403.155 Safari/537.36 OPR/31.0.1889.174"
vacivitta.com.br:80
78.153.140.179 - - [27/Apr/2025:17:36:31 -0300] "GET /test_info1.php HTTP/1.1" 404 - "-" "Mozilla/5.0 (X11; Linux x86_64) AppleWebKit/537.36 (KHTML, like Gecko) Chrome/58.0.3029.83 Safari/537.36"
vacivitta.com.br:80
78.153.140.179 - - [27/Apr/2025:17:36:31 -0300] "GET /test_phpinfo.php HTTP/1.1" 404 - "-" "Mozilla/5.0 (Windows NT 10.0) AppleWebKit/537.36 (KHTML, like Gecko) Chrome/49.0.2623.87 Safari/537.36 OPR/36.0.2130.46"
vacivitta.com.br:80
78.153.140.179 - - [27/Apr/2025:17:36:33 -0300] "GET /test_phpinfo1.php HTTP/1.1" 404 - "-" "Mozilla/5.0 (Windows NT 6.1; Win64; x64) AppleWebKit/537.36 (KHTML, like Gecko) Chrome/58.0.3029.110 Safari/537.36"
vacivitta.com.br:80
78.153.140.179 - - [27/Apr/2025:17:36:33 -0300] "GET /test_phpinfo2.php HTTP/1.1" 404 - "-" "Mozilla/5.0 (Linux; U; Android 4.2.2; en-us; HTC_PO58220/1.32.502.3 Build/JDQ39) AppleWebKit/534.30 (KHTML, like Gecko) Version/4.0 Mobile Safari/534.30"
vacivitta.com.br:80
78.153.140.179 - - [27/Apr/2025:17:36:35 -0300] "GET /test_phpinfo3.php HTTP/1.1" 404 - "-" "Mozilla/4.0 (compatible; MSIE 5.01; Windows NT; .NET CLR 1.0.3705)"
vacivitta.com.br:80
78.153.140.179 - - [27/Apr/2025:17:36:35 -0300] "GET /testing.php HTTP/1.1" 404 - "-" "Mozilla/5.0 (X11; U; Linux i686; ja; rv:1.8.1.11) Gecko/20071127 Firefox/2.0.0.11"
vacivitta.com.br:80
78.153.140.179 - - [27/Apr/2025:17:36:35 -0300] "GET /testphpinfo HTTP/1.1" 404 - "-" "Mozilla/5.0 (Macintosh; Intel Mac OS X 10.6; rv:7.0.1) Gecko/20100101 Firefox/7.0.1"
vacivitta.com.br:80
78.153.140.179 - - [27/Apr/2025:17:36:36 -0300] "GET /testphpinfo.php HTTP/1.1" 404 - "-" "Mozilla/5.0 (compatible; MSIE 9.0; Windows NT 6.1; WOW64; Trident/5.0; FunWebProducts; BOIE9;ENUS)"
vacivitta.com.br:80
78.153.140.179 - - [27/Apr/2025:17:36:36 -0300] "GET /tmp/phpinfo.php HTTP/1.1" 404 - "-" "Mozilla/5.0 (Windows NT 5.1) Gecko/20100101 Firefox/14.0 Opera/12.0"
vacivitta.com.br:80
78.153.140.179 - - [27/Apr/2025:17:36:36 -0300] "GET /token.php HTTP/1.1" 404 - "-" "Mozilla/5.0 (X11; U; Linux i686; en-US; rv:1.7.8) Gecko/20050511 Firefox/1.0.4"
vacivitta.com.br:80
78.153.140.179 - - [27/Apr/2025:17:36:37 -0300] "GET /tools/info.php HTTP/1.1" 404 - "-" "Opera/9.0(x11;Linux x86_64;U Linux Mint; en) Presto/2.2.15 Version/12.0"
vacivitta.com.br:80
78.153.140.179 - - [27/Apr/2025:17:36:37 -0300] "GET /w.php HTTP/1.1" 404 - "-" "mozilla/5.0 (Linux; Android 6.0.1; Nexus 5x build/mtc19t applewebkit/537.36 (KHTML, like Gecko) Chrome/51.0.2702.81 Mobile Safari/537.36"
vacivitta.com.br:80
78.153.140.179 - - [27/Apr/2025:17:36:39 -0300] "GET /web.php HTTP/1.1" 404 - "-" "Mozilla/5.0 (Macintosh; Intel Mac OS X 10_14_5) AppleWebKit/605.1.15 (KHTML, like Gecko)"
vacivitta.com.br:80
78.153.140.179 - - [27/Apr/2025:17:36:39 -0300] "GET /webfig/ HTTP/1.1" 404 - "-" "Mozilla/5.0 (Windows; U; Windows NT 5.1; en-US) AppleWebKit/532.2 (KHTML, like Gecko) Chrome/4.0.222.0 Safari/532.2"
vacivitta.com.br:80
78.153.140.179 - - [27/Apr/2025:17:36:40 -0300] "GET /x.php HTTP/1.1" 404 - "-" "Mozilla/5.0 (X11; Linux x86_64) AppleWebKit/537.36 (KHTML, like Gecko) Chrome/37.0.2062.120 Safari/537.36"
vacivitta.com.br:80
78.153.140.179 - - [27/Apr/2025:17:36:40 -0300] "GET /.AWS_/credentials HTTP/1.1" 404 - "-" "Mozilla/5.0 (Linux; U; Android 4.4.4; es-us; SM-G360P Build/KTU84P) AppleWebKit/534.30 (KHTML, like Gecko) Version/4.0 Mobile Safari/534.30"
vacivitta.com.br:80
78.153.140.179 - - [27/Apr/2025:17:36:40 -0300] "GET /.circleci/config.yml HTTP/1.1" 404 - "-" "Mozilla/4.0 (compatible; MSIE 7.0; Windows NT 6.3; WOW64; Trident/7.0; .NET4.0C; .NET4.0E; .NET CLR 2.0.50727; .NET CLR 3.0.30729; .NET CLR 3.5.30729)"
vacivitta.com.br:80
78.153.140.179 - - [27/Apr/2025:17:36:41 -0300] "GET /.local HTTP/1.1" 404 - "-" "Mozilla/5.0 (Windows; U; WinNT4.0; en-US; rv:1.7.9) Gecko/20050711 Firefox/1.0.5"
vacivitta.com.br:80
78.153.140.179 - - [27/Apr/2025:17:36:41 -0300] "GET /.remote HTTP/1.1" 404 - "-" "Mozilla/5.0 (Windows NT 6.1; rv:2.0b7pre) Gecko/20100921 Firefox/4.0b7pre"
vacivitta.com.br:80
78.153.140.179 - - [27/Apr/2025:17:36:42 -0300] "GET /admin/.git/config HTTP/1.1" 404 - "-" "Mozilla/5.0 (Windows NT 5.1) AppleWebKit/534.55.3 (KHTML, like Gecko) Version/5.1.5 Safari/534.55.3"
vacivitta.com.br:80
78.153.140.179 - - [27/Apr/2025:17:36:42 -0300] "GET /api/.git/config HTTP/1.1" 404 - "-" "Mozilla/5.0 (X11; U; Linux i686; en-US; rv:1.8.0.8) Gecko/20061025 Firefox/1.5.0.8"
vacivitta.com.br:80
78.153.140.179 - - [27/Apr/2025:17:36:42 -0300] "GET /api/env HTTP/1.1" 404 - "-" "Mozilla/5.0 (Linux; U; Android 2.3.6; en-us; Huawei-U8665 Build/HuaweiU8665B037) AppleWebKit/533.1 (KHTML, like Gecko) Version/4.0 Mobile Safari/533.1"
vacivitta.com.br:80
78.153.140.179 - - [27/Apr/2025:17:36:43 -0300] "GET /api/shared/config/config.env HTTP/1.1" 404 - "-" "Mozilla/5.0 (X11; U; Linux i686; en-US; rv:1.7.10) Gecko/20050920 Firefox/1.0.6"
vacivitta.com.br:80
78.153.140.179 - - [27/Apr/2025:17:36:43 -0300] "GET /app/.git/config HTTP/1.1" 404 - "-" "Mozilla/5.0 (X11; U; Linux i686; en-ZW; rv:1.8.0.7) Gecko/20061018 Firefox/1.5.0.7"
vacivitta.com.br:80
170.64.207.118 - - [27/Apr/2025:17:43:51 -0300] "GET /.git/config HTTP/1.1" 404 - "-" "Mozilla/5.0 (X11; Linux x86_64) AppleWebKit/537.36 (KHTML, like Gecko) Chrome/81.0.4044.129 Safari/537.36"
vacivitta.com.br:80
154.81.156.54 - - [27/Apr/2025:17:56:25 -0300] "GET / HTTP/1.1" 200 488 "-" "Mozilla/5.0 (Windows NT 10.0; Win64; x64) AppleWebKit/537.36 (KHTML, like Gecko) Chrome/90.0.4430.85 Safari/537.36 Edg/90.0.818.46"
vacivitta.com.br:80
80.82.77.202 - - [27/Apr/2025:17:58:13 -0300] "GET / HTTP/1.0" 200 488 "-" "Mozilla/5.0 (Windows Phone 8.1; ARM; Trident/7.0; Touch; rv:11.0; IEMobile/11.0; NOKIA; Lumia 530) like Gecko"
vacivitta.com.br:80
2.42.206.111 - - [27/Apr/2025:18:05:18 -0300] "\x03" 404 - "-" "-"
vacivitta.com.br:80
154.81.156.54 - - [27/Apr/2025:18:33:14 -0300] "GET / HTTP/1.1" 200 488 "-" "Mozilla/5.0 (Windows NT 10.0; Win64; x64) AppleWebKit/537.36 (KHTML, like Gecko) Chrome/90.0.4430.85 Safari/537.36 Edg/90.0.818.46"
vacivitta.com.br:80
185.218.84.178 - - [27/Apr/2025:18:47:52 -0300] "GET / HTTP/1.1" 200 488 "-" "Mozilla/5.0 (Windows NT 10.0; Win64; x64) AppleWebKit/537.36 (KHTML, like Gecko) Chrome/90.0.4430.85 Safari/537.36 Edg/90.0.818.46"
vacivitta.com.br:80
154.81.156.35 - - [27/Apr/2025:18:50:28 -0300] "GET / HTTP/1.1" 200 488 "-" "Mozilla/5.0 (Windows NT 10.0; Win64; x64) AppleWebKit/537.36 (KHTML, like Gecko) Chrome/90.0.4430.85 Safari/537.36 Edg/90.0.818.46"
