154.81.156.34 - - [09/Apr/2025:00:21:48 -0300] "GET / HTTP/1.1" 200 488 "-" "Mozilla/5.0 (Windows NT 10.0; Win64; x64) AppleWebKit/537.36 (KHTML, like Gecko) Chrome/90.0.4430.85 Safari/537.36 Edg/90.0.818.46"
vacivitta.com.br:80
154.81.156.54 - - [09/Apr/2025:00:24:49 -0300] "GET / HTTP/1.1" 200 488 "-" "Mozilla/5.0 (Windows NT 10.0; Win64; x64) AppleWebKit/537.36 (KHTML, like Gecko) Chrome/90.0.4430.85 Safari/537.36 Edg/90.0.818.46"
vacivitta.com.br:80
154.81.156.54 - - [09/Apr/2025:00:44:04 -0300] "GET / HTTP/1.1" 200 488 "-" "Mozilla/5.0 (Windows NT 10.0; Win64; x64) AppleWebKit/537.36 (KHTML, like Gecko) Chrome/90.0.4430.85 Safari/537.36 Edg/90.0.818.46"
vacivitta.com.br:80
162.142.125.196 - - [09/Apr/2025:00:49:04 -0300] "\x01!\x01\x01\x01\x01\x01\x013" 404 - "-" "-"
vacivitta.com.br:80
93.174.93.12 - - [09/Apr/2025:00:50:09 -0300] "GET / HTTP/1.0" 200 488 "-" "Mozilla/5.0 (X11; Linux x86_64) AppleWebKit/537.36 (KHTML, like Gecko) Chrome/66.0.3359.117 Safari/537.36"
vacivitta.com.br:80
191.233.250.190 - - [09/Apr/2025:00:50:35 -0300] "GET / HTTP/1.1" 200 488 "-" "Mozilla/5.0 (Macintosh; Intel Mac OS X 10_15_7) AppleWebKit/605.1.15 (KHTML, like Gecko) Version/17.4.1 Safari/605.6.21"
vacivitta.com.br:80
185.255.122.19 - - [09/Apr/2025:01:07:10 -0300] "GET / HTTP/1.1" 200 488 "-" "Mozilla/5.0 (Windows NT 10.0; Win64; x64) AppleWebKit/537.36 (KHTML, like Gecko) Chrome/90.0.4430.85 Safari/537.36 Edg/90.0.818.46"
vacivitta.com.br:80
185.242.226.154 - - [09/Apr/2025:01:08:03 -0300] "\x16\x03\x01" 404 - "-" "-"
vacivitta.com.br:80
87.121.84.195 - - [09/Apr/2025:01:17:43 -0300] "POST /boaform/admin/formLogin HTTP/1.1" 404 - "http://162.240.168.168:80/admin/login.asp" "Mozilla/5.0 (X11; Ubuntu; Linux x86_64; rv:71.0) Gecko/20100101 Firefox/71.0"
vacivitta.com.br:80
154.81.156.54 - - [09/Apr/2025:01:22:31 -0300] "GET / HTTP/1.1" 200 488 "-" "Mozilla/5.0 (Windows NT 10.0; Win64; x64) AppleWebKit/537.36 (KHTML, like Gecko) Chrome/90.0.4430.85 Safari/537.36 Edg/90.0.818.46"
vacivitta.com.br:80
121.183.121.224 - - [09/Apr/2025:01:25:15 -0300] "GET / HTTP/1.0" 200 488 "-" "curl/7.88.1"
vacivitta.com.br:80
80.82.77.202 - - [09/Apr/2025:01:27:13 -0300] "GET / HTTP/1.0" 200 488 "-" "Mozilla/5.0 (Linux; Android 7.0; YS900) AppleWebKit/537.36 (KHTML, like Gecko) Chrome/74.0.3729.136 Iron Safari/537.36"
vacivitta.com.br:80
154.81.156.35 - - [09/Apr/2025:01:27:39 -0300] "GET / HTTP/1.1" 200 488 "-" "Mozilla/5.0 (Windows NT 10.0; Win64; x64) AppleWebKit/537.36 (KHTML, like Gecko) Chrome/90.0.4430.85 Safari/537.36 Edg/90.0.818.46"
vacivitta.com.br:80
154.81.156.54 - - [09/Apr/2025:01:43:13 -0300] "GET / HTTP/1.1" 200 488 "-" "Mozilla/5.0 (Windows NT 10.0; Win64; x64) AppleWebKit/537.36 (KHTML, like Gecko) Chrome/90.0.4430.85 Safari/537.36 Edg/90.0.818.46"
vacivitta.com.br:80
154.81.156.54 - - [09/Apr/2025:01:49:07 -0300] "GET / HTTP/1.1" 200 488 "-" "Mozilla/5.0 (Windows NT 10.0; Win64; x64) AppleWebKit/537.36 (KHTML, like Gecko) Chrome/90.0.4430.85 Safari/537.36 Edg/90.0.818.46"
vacivitta.com.br:80
154.81.156.34 - - [09/Apr/2025:01:53:42 -0300] "GET / HTTP/1.1" 200 488 "-" "Mozilla/5.0 (Windows NT 10.0; Win64; x64) AppleWebKit/537.36 (KHTML, like Gecko) Chrome/90.0.4430.85 Safari/537.36 Edg/90.0.818.46"
vacivitta.com.br:80
154.81.156.54 - - [09/Apr/2025:02:08:54 -0300] "GET / HTTP/1.1" 200 488 "-" "Mozilla/5.0 (Windows NT 10.0; Win64; x64) AppleWebKit/537.36 (KHTML, like Gecko) Chrome/90.0.4430.85 Safari/537.36 Edg/90.0.818.46"
vacivitta.com.br:80
154.81.156.54 - - [09/Apr/2025:02:32:39 -0300] "GET / HTTP/1.1" 200 488 "-" "Mozilla/5.0 (Windows NT 10.0; Win64; x64) AppleWebKit/537.36 (KHTML, like Gecko) Chrome/90.0.4430.85 Safari/537.36 Edg/90.0.818.46"
vacivitta.com.br:80
154.81.156.35 - - [09/Apr/2025:02:38:20 -0300] "GET / HTTP/1.1" 200 488 "-" "Mozilla/5.0 (Windows NT 10.0; Win64; x64) AppleWebKit/537.36 (KHTML, like Gecko) Chrome/90.0.4430.85 Safari/537.36 Edg/90.0.818.46"
vacivitta.com.br:80
71.26.61.33 - - [09/Apr/2025:02:53:23 -0300] "GET / HTTP/1.0" 200 488 "-" "curl/7.88.1"
vacivitta.com.br:80
154.81.156.54 - - [09/Apr/2025:03:00:51 -0300] "GET / HTTP/1.1" 200 488 "-" "Mozilla/5.0 (Windows NT 10.0; Win64; x64) AppleWebKit/537.36 (KHTML, like Gecko) Chrome/90.0.4430.85 Safari/537.36 Edg/90.0.818.46"
vacivitta.com.br:80
103.151.123.101 - - [09/Apr/2025:03:01:52 -0300] "GET /.env HTTP/1.1" 404 - "-" "Mozilla/5.0 (X11; Linux x86_64) AppleWebKit/537.36 (KHTML, like Gecko) Chrome/81.0.4044.129 Safari/537.36"
vacivitta.com.br:80
103.151.123.101 - - [09/Apr/2025:03:01:52 -0300] "POST / HTTP/1.1" 200 488 "-" "Mozilla/5.0 (X11; Linux x86_64) AppleWebKit/537.36 (KHTML, like Gecko) Chrome/81.0.4044.129 Safari/537.36"
vacivitta.com.br:80
103.151.123.101 - - [09/Apr/2025:03:02:02 -0300] "GET /sendgrid/.env HTTP/1.1" 404 - "-" "Mozilla/5.0 (X11; Linux x86_64) AppleWebKit/537.36 (KHTML, like Gecko) Chrome/81.0.4044.129 Safari/537.36"
vacivitta.com.br:80
103.151.123.101 - - [09/Apr/2025:03:02:02 -0300] "POST / HTTP/1.1" 200 488 "-" "Mozilla/5.0 (X11; Linux x86_64) AppleWebKit/537.36 (KHTML, like Gecko) Chrome/81.0.4044.129 Safari/537.36"
vacivitta.com.br:80
154.81.156.54 - - [09/Apr/2025:03:22:55 -0300] "GET / HTTP/1.1" 200 488 "-" "Mozilla/5.0 (Windows NT 10.0; Win64; x64) AppleWebKit/537.36 (KHTML, like Gecko) Chrome/90.0.4430.85 Safari/537.36 Edg/90.0.818.46"
vacivitta.com.br:80
154.81.156.34 - - [09/Apr/2025:03:23:36 -0300] "GET / HTTP/1.1" 200 488 "-" "Mozilla/5.0 (Windows NT 10.0; Win64; x64) AppleWebKit/537.36 (KHTML, like Gecko) Chrome/90.0.4430.85 Safari/537.36 Edg/90.0.818.46"
vacivitta.com.br:80
185.218.86.4 - - [09/Apr/2025:03:24:25 -0300] "GET / HTTP/1.1" 200 488 "-" "Mozilla/5.0 (Windows NT 10.0; Win64; x64) AppleWebKit/537.36 (KHTML, like Gecko) Chrome/90.0.4430.85 Safari/537.36 Edg/90.0.818.46"
vacivitta.com.br:80
87.121.84.29 - - [09/Apr/2025:03:33:58 -0300] "POST /boaform/admin/formLogin HTTP/1.1" 404 - "http://162.240.168.168:80/admin/login.asp" "Mozilla/5.0 (X11; Ubuntu; Linux x86_64; rv:71.0) Gecko/20100101 Firefox/71.0"
vacivitta.com.br:80
154.81.156.35 - - [09/Apr/2025:03:43:17 -0300] "GET / HTTP/1.1" 200 488 "-" "Mozilla/5.0 (Windows NT 10.0; Win64; x64) AppleWebKit/537.36 (KHTML, like Gecko) Chrome/90.0.4430.85 Safari/537.36 Edg/90.0.818.46"
vacivitta.com.br:80
5.183.209.244 - - [09/Apr/2025:03:48:47 -0300] "GET / HTTP/1.1" 200 488 "-" "Go-http-client/1.1"
vacivitta.com.br:80
154.81.156.54 - - [09/Apr/2025:03:51:30 -0300] "GET / HTTP/1.1" 200 488 "-" "Mozilla/5.0 (Windows NT 10.0; Win64; x64) AppleWebKit/537.36 (KHTML, like Gecko) Chrome/90.0.4430.85 Safari/537.36 Edg/90.0.818.46"
vacivitta.com.br:80
103.203.56.1 - - [09/Apr/2025:04:02:00 -0300] "GET / HTTP/1.1" 200 488 "-" "HTTP Banner Detection (https://security.ipip.net)"
vacivitta.com.br:80
154.81.156.54 - - [09/Apr/2025:04:16:32 -0300] "GET / HTTP/1.1" 200 488 "-" "Mozilla/5.0 (Windows NT 10.0; Win64; x64) AppleWebKit/537.36 (KHTML, like Gecko) Chrome/90.0.4430.85 Safari/537.36 Edg/90.0.818.46"
vacivitta.com.br:80
185.255.122.19 - - [09/Apr/2025:04:18:44 -0300] "GET / HTTP/1.1" 200 488 "-" "Mozilla/5.0 (Windows NT 10.0; Win64; x64) AppleWebKit/537.36 (KHTML, like Gecko) Chrome/90.0.4430.85 Safari/537.36 Edg/90.0.818.46"
vacivitta.com.br:80
154.81.156.54 - - [09/Apr/2025:04:33:21 -0300] "GET / HTTP/1.1" 200 488 "-" "Mozilla/5.0 (Windows NT 10.0; Win64; x64) AppleWebKit/537.36 (KHTML, like Gecko) Chrome/90.0.4430.85 Safari/537.36 Edg/90.0.818.46"
vacivitta.com.br:80
182.42.150.27 - - [09/Apr/2025:04:35:51 -0300] "GET /containers/json HTTP/1.1" 404 - "-" "Mozilla/5.0 (iPhone; CPU iPhone OS 17_5_1 like Mac OS X) AppleWebKit/605.1.15 (KHTML, like Gecko) Version/17.4.1 Mobile/15E148 Safari/604.1"
vacivitta.com.br:80
2.58.56.157 - - [09/Apr/2025:04:37:47 -0300] "GET /.env HTTP/1.1" 404 - "-" "Mozilla/5.0 (Macintosh; Intel Mac OS X 10.15; rv:77.0) Gecko/20100101 Firefox/77.0"
vacivitta.com.br:80
195.178.110.224 - - [09/Apr/2025:04:41:44 -0300] "GET / HTTP/1.0" 200 488 "-" "-"
vacivitta.com.br:80
154.81.156.35 - - [09/Apr/2025:04:42:59 -0300] "GET / HTTP/1.1" 200 488 "-" "Mozilla/5.0 (Windows NT 10.0; Win64; x64) AppleWebKit/537.36 (KHTML, like Gecko) Chrome/90.0.4430.85 Safari/537.36 Edg/90.0.818.46"
vacivitta.com.br:80
154.81.156.54 - - [09/Apr/2025:04:51:33 -0300] "GET / HTTP/1.1" 200 488 "-" "Mozilla/5.0 (Windows NT 10.0; Win64; x64) AppleWebKit/537.36 (KHTML, like Gecko) Chrome/90.0.4430.85 Safari/537.36 Edg/90.0.818.46"
vacivitta.com.br:80
154.81.156.34 - - [09/Apr/2025:04:59:15 -0300] "GET / HTTP/1.1" 200 488 "-" "Mozilla/5.0 (Windows NT 10.0; Win64; x64) AppleWebKit/537.36 (KHTML, like Gecko) Chrome/90.0.4430.85 Safari/537.36 Edg/90.0.818.46"
vacivitta.com.br:80
35.203.210.157 - - [09/Apr/2025:05:23:18 -0300] "GET / HTTP/1.1" 200 488 "-" "Expanse, a Palo Alto Networks company, searches across the global IPv4 space multiple times per day to identify customers' presences on the Internet. If you would like to be excluded from our scans, please send IP addresses/domains to: scaninfo@paloaltonetworks.com"
vacivitta.com.br:80
205.210.31.87 - - [09/Apr/2025:05:23:30 -0300] "\x16\x03\x01" 404 - "-" "-"
vacivitta.com.br:80
205.210.31.87 - - [09/Apr/2025:05:23:31 -0300] "\x16\x03\x01" 404 - "-" "-"
vacivitta.com.br:80
154.81.156.54 - - [09/Apr/2025:05:27:07 -0300] "GET / HTTP/1.1" 200 488 "-" "Mozilla/5.0 (Windows NT 10.0; Win64; x64) AppleWebKit/537.36 (KHTML, like Gecko) Chrome/90.0.4430.85 Safari/537.36 Edg/90.0.818.46"
vacivitta.com.br:80
5.183.209.244 - - [09/Apr/2025:05:34:07 -0300] "GET / HTTP/1.1" 200 488 "-" "Mozilla/5.0 (Windows NT 10.0; Win64; x64) AppleWebKit/537.36 (KHTML, like Gecko) Chrome/90.0.4430.85 Safari/537.36 Edg/90.0.818.46"
vacivitta.com.br:80
154.81.156.54 - - [09/Apr/2025:05:41:02 -0300] "GET / HTTP/1.1" 200 488 "-" "Mozilla/5.0 (Windows NT 10.0; Win64; x64) AppleWebKit/537.36 (KHTML, like Gecko) Chrome/90.0.4430.85 Safari/537.36 Edg/90.0.818.46"
vacivitta.com.br:80
104.234.115.106 - - [09/Apr/2025:05:45:55 -0300] "GET / HTTP/1.0" 200 488 "-" "'Mozilla/5.0 (compatible; GenomeCrawlerd/1.0; +https://www.nokia.com/genomecrawler)'"
vacivitta.com.br:80
104.234.115.106 - - [09/Apr/2025:05:48:01 -0300] "GET /admin/index.html HTTP/1.1" 404 - "-" "'Mozilla/5.0 (compatible; GenomeCrawlerd/1.0; +https://www.nokia.com/genomecrawler)'"
vacivitta.com.br:80
104.234.115.106 - - [09/Apr/2025:05:48:38 -0300] "GET /+CSCOE+/logon.html HTTP/1.1" 404 - "-" "'Mozilla/5.0 (compatible; GenomeCrawlerd/1.0; +https://www.nokia.com/genomecrawler)'"
vacivitta.com.br:80
104.234.115.106 - - [09/Apr/2025:05:49:32 -0300] "GET /login.htm HTTP/1.1" 404 - "-" "'Mozilla/5.0 (compatible; GenomeCrawlerd/1.0; +https://www.nokia.com/genomecrawler)'"
vacivitta.com.br:80
104.234.115.106 - - [09/Apr/2025:05:50:06 -0300] "GET /login.jsp HTTP/1.1" 404 - "-" "'Mozilla/5.0 (compatible; GenomeCrawlerd/1.0; +https://www.nokia.com/genomecrawler)'"
vacivitta.com.br:80
104.234.115.106 - - [09/Apr/2025:05:51:07 -0300] "GET /remote/login HTTP/1.1" 404 - "-" "'Mozilla/5.0 (compatible; GenomeCrawlerd/1.0; +https://www.nokia.com/genomecrawler)'"
vacivitta.com.br:80
104.234.115.106 - - [09/Apr/2025:05:51:49 -0300] "GET /web/ HTTP/1.1" 404 - "-" "'Mozilla/5.0 (compatible; GenomeCrawlerd/1.0; +https://www.nokia.com/genomecrawler)'"
vacivitta.com.br:80
154.81.156.35 - - [09/Apr/2025:05:54:57 -0300] "GET / HTTP/1.1" 200 488 "-" "Mozilla/5.0 (Windows NT 10.0; Win64; x64) AppleWebKit/537.36 (KHTML, like Gecko) Chrome/90.0.4430.85 Safari/537.36 Edg/90.0.818.46"
vacivitta.com.br:80
93.174.93.12 - - [09/Apr/2025:06:04:01 -0300] "\x16\x03\x02\x01o\x01" 404 - "-" "-"
vacivitta.com.br:80
154.81.156.54 - - [09/Apr/2025:06:07:32 -0300] "GET / HTTP/1.1" 200 488 "-" "Mozilla/5.0 (Windows NT 10.0; Win64; x64) AppleWebKit/537.36 (KHTML, like Gecko) Chrome/90.0.4430.85 Safari/537.36 Edg/90.0.818.46"
vacivitta.com.br:80
154.81.156.34 - - [09/Apr/2025:06:21:41 -0300] "GET / HTTP/1.1" 200 488 "-" "Mozilla/5.0 (Windows NT 10.0; Win64; x64) AppleWebKit/537.36 (KHTML, like Gecko) Chrome/90.0.4430.85 Safari/537.36 Edg/90.0.818.46"
vacivitta.com.br:80
154.81.156.54 - - [09/Apr/2025:06:28:19 -0300] "GET / HTTP/1.1" 200 488 "-" "Mozilla/5.0 (Windows NT 10.0; Win64; x64) AppleWebKit/537.36 (KHTML, like Gecko) Chrome/90.0.4430.85 Safari/537.36 Edg/90.0.818.46"
vacivitta.com.br:80
154.81.156.54 - - [09/Apr/2025:06:37:59 -0300] "GET / HTTP/1.1" 200 488 "-" "Mozilla/5.0 (Windows NT 10.0; Win64; x64) AppleWebKit/537.36 (KHTML, like Gecko) Chrome/90.0.4430.85 Safari/537.36 Edg/90.0.818.46"
vacivitta.com.br:80
154.81.156.54 - - [09/Apr/2025:06:55:37 -0300] "GET / HTTP/1.1" 200 488 "-" "Mozilla/5.0 (Windows NT 10.0; Win64; x64) AppleWebKit/537.36 (KHTML, like Gecko) Chrome/90.0.4430.85 Safari/537.36 Edg/90.0.818.46"
vacivitta.com.br:80
65.49.1.145 - - [09/Apr/2025:06:57:19 -0300] "GET / HTTP/1.1" 200 488 "-" "Mozilla/5.0 (Macintosh; Intel Mac OS X 10_15_7) AppleWebKit/537.36 (KHTML, like Gecko) Chrome/124.0.0.0 Safari/537.36"
vacivitta.com.br:80
65.49.1.149 - - [09/Apr/2025:07:02:29 -0300] "GET /favicon.ico HTTP/1.1" 404 - "-" "Mozilla/5.0 (Windows NT 10.0; Win64; x64) AppleWebKit/537.36 (KHTML, like Gecko) Chrome/119.0.6045.160 Safari/537.36"
vacivitta.com.br:80
154.81.156.35 - - [09/Apr/2025:07:02:50 -0300] "GET / HTTP/1.1" 200 488 "-" "Mozilla/5.0 (Windows NT 10.0; Win64; x64) AppleWebKit/537.36 (KHTML, like Gecko) Chrome/90.0.4430.85 Safari/537.36 Edg/90.0.818.46"
vacivitta.com.br:80
65.49.1.150 - - [09/Apr/2025:07:03:22 -0300] "GET /geoserver/web/ HTTP/1.1" 404 - "-" "Mozilla/5.0 (Macintosh; Intel Mac OS X 10_15_7) AppleWebKit/537.36 (KHTML, like Gecko) Chrome/124.0.0.0 Safari/537.36"
vacivitta.com.br:80
154.81.156.54 - - [09/Apr/2025:07:10:43 -0300] "GET / HTTP/1.1" 200 488 "-" "Mozilla/5.0 (Windows NT 10.0; Win64; x64) AppleWebKit/537.36 (KHTML, like Gecko) Chrome/90.0.4430.85 Safari/537.36 Edg/90.0.818.46"
vacivitta.com.br:80
185.242.226.154 - - [09/Apr/2025:07:28:30 -0300] "GET / HTTP/1.1" 200 488 "-" "Mozilla/5.0 (Windows NT 10.0; Win64; x64) AppleWebKit/537.36 (KHTML, like Gecko) Chrome/88.0.4324.190 Safari/537.36"
vacivitta.com.br:80
185.242.226.154 - - [09/Apr/2025:07:29:31 -0300] "GET /ico.ico HTTP/1.1" 200 100526 "-" "Python/3.7 aiohttp/3.8.1"
vacivitta.com.br:80
154.81.156.54 - - [09/Apr/2025:07:33:26 -0300] "GET / HTTP/1.1" 200 488 "-" "Mozilla/5.0 (Windows NT 10.0; Win64; x64) AppleWebKit/537.36 (KHTML, like Gecko) Chrome/90.0.4430.85 Safari/537.36 Edg/90.0.818.46"
vacivitta.com.br:80
154.81.156.34 - - [09/Apr/2025:07:42:31 -0300] "GET / HTTP/1.1" 200 488 "-" "Mozilla/5.0 (Windows NT 10.0; Win64; x64) AppleWebKit/537.36 (KHTML, like Gecko) Chrome/90.0.4430.85 Safari/537.36 Edg/90.0.818.46"
vacivitta.com.br:80
64.62.197.155 - - [09/Apr/2025:07:58:27 -0300] "\x16\x03\x01" 404 - "-" "-"
vacivitta.com.br:80
154.81.156.54 - - [09/Apr/2025:08:01:12 -0300] "GET / HTTP/1.1" 200 488 "-" "Mozilla/5.0 (Windows NT 10.0; Win64; x64) AppleWebKit/537.36 (KHTML, like Gecko) Chrome/90.0.4430.85 Safari/537.36 Edg/90.0.818.46"
vacivitta.com.br:80
185.218.86.4 - - [09/Apr/2025:08:02:22 -0300] "GET / HTTP/1.1" 200 488 "-" "Mozilla/5.0 (Windows NT 10.0; Win64; x64) AppleWebKit/537.36 (KHTML, like Gecko) Chrome/90.0.4430.85 Safari/537.36 Edg/90.0.818.46"
vacivitta.com.br:80
154.81.156.35 - - [09/Apr/2025:08:12:55 -0300] "GET / HTTP/1.1" 200 488 "-" "Mozilla/5.0 (Windows NT 10.0; Win64; x64) AppleWebKit/537.36 (KHTML, like Gecko) Chrome/90.0.4430.85 Safari/537.36 Edg/90.0.818.46"
vacivitta.com.br:80
154.81.156.54 - - [09/Apr/2025:08:24:16 -0300] "GET / HTTP/1.1" 200 488 "-" "Mozilla/5.0 (Windows NT 10.0; Win64; x64) AppleWebKit/537.36 (KHTML, like Gecko) Chrome/90.0.4430.85 Safari/537.36 Edg/90.0.818.46"
vacivitta.com.br:80
154.81.156.54 - - [09/Apr/2025:08:36:08 -0300] "GET / HTTP/1.1" 200 488 "-" "Mozilla/5.0 (Windows NT 10.0; Win64; x64) AppleWebKit/537.36 (KHTML, like Gecko) Chrome/90.0.4430.85 Safari/537.36 Edg/90.0.818.46"
vacivitta.com.br:80
80.82.77.202 - - [09/Apr/2025:08:37:05 -0300] "\x16\x03\x02\x01o\x01" 404 - "-" "-"
vacivitta.com.br:80
154.81.156.54 - - [09/Apr/2025:09:04:55 -0300] "GET / HTTP/1.1" 200 488 "-" "Mozilla/5.0 (Windows NT 10.0; Win64; x64) AppleWebKit/537.36 (KHTML, like Gecko) Chrome/90.0.4430.85 Safari/537.36 Edg/90.0.818.46"
vacivitta.com.br:80
87.10.55.167 - - [09/Apr/2025:09:05:25 -0300] "GET / HTTP/1.0" 200 488 "-" "curl/7.88.1"
vacivitta.com.br:80
154.81.156.34 - - [09/Apr/2025:09:12:02 -0300] "GET / HTTP/1.1" 200 488 "-" "Mozilla/5.0 (Windows NT 10.0; Win64; x64) AppleWebKit/537.36 (KHTML, like Gecko) Chrome/90.0.4430.85 Safari/537.36 Edg/90.0.818.46"
vacivitta.com.br:80
106.75.8.149 - - [09/Apr/2025:09:12:55 -0300] "GET /v1 HTTP/1.1" 404 - "-" "-"
vacivitta.com.br:80
106.75.8.149 - - [09/Apr/2025:09:12:56 -0300] "GET / HTTP/1.1" 200 488 "-" "-"
vacivitta.com.br:80
154.81.156.54 - - [09/Apr/2025:09:14:27 -0300] "GET / HTTP/1.1" 200 488 "-" "Mozilla/5.0 (Windows NT 10.0; Win64; x64) AppleWebKit/537.36 (KHTML, like Gecko) Chrome/90.0.4430.85 Safari/537.36 Edg/90.0.818.46"
vacivitta.com.br:80
154.81.156.35 - - [09/Apr/2025:09:25:00 -0300] "GET / HTTP/1.1" 200 488 "-" "Mozilla/5.0 (Windows NT 10.0; Win64; x64) AppleWebKit/537.36 (KHTML, like Gecko) Chrome/90.0.4430.85 Safari/537.36 Edg/90.0.818.46"
vacivitta.com.br:80
154.81.156.54 - - [09/Apr/2025:09:49:23 -0300] "GET / HTTP/1.1" 200 488 "-" "Mozilla/5.0 (Windows NT 10.0; Win64; x64) AppleWebKit/537.36 (KHTML, like Gecko) Chrome/90.0.4430.85 Safari/537.36 Edg/90.0.818.46"
vacivitta.com.br:80
154.81.156.54 - - [09/Apr/2025:09:56:47 -0300] "GET / HTTP/1.1" 200 488 "-" "Mozilla/5.0 (Windows NT 10.0; Win64; x64) AppleWebKit/537.36 (KHTML, like Gecko) Chrome/90.0.4430.85 Safari/537.36 Edg/90.0.818.46"
vacivitta.com.br:80
185.242.226.154 - - [09/Apr/2025:09:58:31 -0300] "\x16\x03\x01" 404 - "-" "-"
vacivitta.com.br:80
154.81.156.10 - - [09/Apr/2025:09:58:34 -0300] "GET / HTTP/1.1" 200 488 "-" "Mozilla/5.0 (Windows NT 10.0; Win64; x64) AppleWebKit/537.36 (KHTML, like Gecko) Chrome/90.0.4430.85 Safari/537.36 Edg/90.0.818.46"
vacivitta.com.br:80
20.171.29.2 - - [09/Apr/2025:10:01:42 -0300] "GET /portal/redlion HTTP/1.1" 404 - "-" "Mozilla/5.0 zgrab/0.x"
vacivitta.com.br:80
87.121.84.27 - - [09/Apr/2025:10:20:39 -0300] "POST /boaform/admin/formLogin HTTP/1.1" 404 - "http://162.240.168.168:80/admin/login.asp" "Mozilla/5.0 (X11; Ubuntu; Linux x86_64; rv:71.0) Gecko/20100101 Firefox/71.0"
vacivitta.com.br:80
154.81.156.35 - - [09/Apr/2025:10:24:08 -0300] "GET / HTTP/1.1" 200 488 "-" "Mozilla/5.0 (Windows NT 10.0; Win64; x64) AppleWebKit/537.36 (KHTML, like Gecko) Chrome/90.0.4430.85 Safari/537.36 Edg/90.0.818.46"
vacivitta.com.br:80
154.81.156.54 - - [09/Apr/2025:10:34:15 -0300] "GET / HTTP/1.1" 200 488 "-" "Mozilla/5.0 (Windows NT 10.0; Win64; x64) AppleWebKit/537.36 (KHTML, like Gecko) Chrome/90.0.4430.85 Safari/537.36 Edg/90.0.818.46"
vacivitta.com.br:80
154.81.156.54 - - [09/Apr/2025:10:44:04 -0300] "GET / HTTP/1.1" 200 488 "-" "Mozilla/5.0 (Windows NT 10.0; Win64; x64) AppleWebKit/537.36 (KHTML, like Gecko) Chrome/90.0.4430.85 Safari/537.36 Edg/90.0.818.46"
vacivitta.com.br:80
154.81.156.34 - - [09/Apr/2025:10:47:28 -0300] "GET / HTTP/1.1" 200 488 "-" "Mozilla/5.0 (Windows NT 10.0; Win64; x64) AppleWebKit/537.36 (KHTML, like Gecko) Chrome/90.0.4430.85 Safari/537.36 Edg/90.0.818.46"
vacivitta.com.br:80
154.81.156.54 - - [09/Apr/2025:11:02:07 -0300] "GET / HTTP/1.1" 200 488 "-" "Mozilla/5.0 (Windows NT 10.0; Win64; x64) AppleWebKit/537.36 (KHTML, like Gecko) Chrome/90.0.4430.85 Safari/537.36 Edg/90.0.818.46"
vacivitta.com.br:80
185.255.122.19 - - [09/Apr/2025:11:02:48 -0300] "GET / HTTP/1.1" 200 488 "-" "Mozilla/5.0 (Windows NT 10.0; Win64; x64) AppleWebKit/537.36 (KHTML, like Gecko) Chrome/90.0.4430.85 Safari/537.36 Edg/90.0.818.46"
vacivitta.com.br:80
45.141.215.18 - - [09/Apr/2025:11:12:41 -0300] "GET /.env HTTP/1.1" 404 - "-" "Mozilla/5.0 (Linux; U; Android 4.4.2; en-US; HM NOTE 1W Build/KOT49H) AppleWebKit/534.30 (KHTML, like Gecko) Version/4.0 UCBrowser/11.0.5.850 U3/0.8.0 Mobile Safari/534.30"
vacivitta.com.br:80
45.141.215.18 - - [09/Apr/2025:11:12:42 -0300] "POST / HTTP/1.1" 200 488 "-" "Mozilla/5.0 (Linux; U; Android 4.4.2; en-US; HM NOTE 1W Build/KOT49H) AppleWebKit/534.30 (KHTML, like Gecko) Version/4.0 UCBrowser/11.0.5.850 U3/0.8.0 Mobile Safari/534.30"
vacivitta.com.br:80
45.141.215.18 - - [09/Apr/2025:11:12:45 -0300] "GET /vendor/phpunit/phpunit/src/Util/PHP/eval-stdin.php HTTP/1.1" 404 - "-" "python-requests/2.32.3"
vacivitta.com.br:80
154.81.156.54 - - [09/Apr/2025:11:28:45 -0300] "GET / HTTP/1.1" 200 488 "-" "Mozilla/5.0 (Windows NT 10.0; Win64; x64) AppleWebKit/537.36 (KHTML, like Gecko) Chrome/90.0.4430.85 Safari/537.36 Edg/90.0.818.46"
vacivitta.com.br:80
154.81.156.35 - - [09/Apr/2025:11:36:22 -0300] "GET / HTTP/1.1" 200 488 "-" "Mozilla/5.0 (Windows NT 10.0; Win64; x64) AppleWebKit/537.36 (KHTML, like Gecko) Chrome/90.0.4430.85 Safari/537.36 Edg/90.0.818.46"
vacivitta.com.br:80
154.81.156.54 - - [09/Apr/2025:11:45:12 -0300] "GET / HTTP/1.1" 200 488 "-" "Mozilla/5.0 (Windows NT 10.0; Win64; x64) AppleWebKit/537.36 (KHTML, like Gecko) Chrome/90.0.4430.85 Safari/537.36 Edg/90.0.818.46"
vacivitta.com.br:80
206.168.34.117 - - [09/Apr/2025:11:50:54 -0300] "GET / HTTP/1.1" 200 488 "-" "-"
vacivitta.com.br:80
206.168.34.117 - - [09/Apr/2025:11:51:03 -0300] "GET / HTTP/1.1" 200 488 "-" "Mozilla/5.0 (compatible; CensysInspect/1.1; +https://about.censys.io/)"
vacivitta.com.br:80
206.168.34.117 - - [09/Apr/2025:11:51:05 -0300] "GET /ico.ico HTTP/1.1" 200 100526 "-" "Mozilla/5.0 (compatible; CensysInspect/1.1; +https://about.censys.io/)"
vacivitta.com.br:80
206.168.34.117 - - [09/Apr/2025:11:51:08 -0300] "GET /favicon.ico HTTP/1.1" 404 - "-" "Mozilla/5.0 (compatible; CensysInspect/1.1; +https://about.censys.io/)"
vacivitta.com.br:80
206.168.34.117 - - [09/Apr/2025:11:51:10 -0300] "PRI * HTTP/2.0" 404 - "-" "-"
vacivitta.com.br:80
206.168.34.117 - - [09/Apr/2025:11:51:21 -0300] "GET /favicon.ico HTTP/1.1" 404 - "-" "Mozilla/5.0 (compatible; CensysInspect/1.1; +https://about.censys.io/)"
vacivitta.com.br:80
206.168.34.117 - - [09/Apr/2025:11:51:24 -0300] "\x16\x03\x01" 404 - "-" "-"
vacivitta.com.br:80
47.91.91.123 - - [09/Apr/2025:11:57:06 -0300] "\x16\x03\x01" 404 - "-" "-"
vacivitta.com.br:80
154.81.156.34 - - [09/Apr/2025:12:05:25 -0300] "GET / HTTP/1.1" 200 488 "-" "Mozilla/5.0 (Windows NT 10.0; Win64; x64) AppleWebKit/537.36 (KHTML, like Gecko) Chrome/90.0.4430.85 Safari/537.36 Edg/90.0.818.46"
vacivitta.com.br:80
5.183.209.244 - - [09/Apr/2025:12:06:35 -0300] "GET / HTTP/1.1" 200 488 "-" "Mozilla/5.0 (Windows NT 10.0; Win64; x64) AppleWebKit/537.36 (KHTML, like Gecko) Chrome/90.0.4430.85 Safari/537.36 Edg/90.0.818.46"
vacivitta.com.br:80
154.81.156.54 - - [09/Apr/2025:12:19:46 -0300] "GET / HTTP/1.1" 200 488 "-" "Mozilla/5.0 (Windows NT 10.0; Win64; x64) AppleWebKit/537.36 (KHTML, like Gecko) Chrome/90.0.4430.85 Safari/537.36 Edg/90.0.818.46"
vacivitta.com.br:80
154.81.156.54 - - [09/Apr/2025:12:33:04 -0300] "GET / HTTP/1.1" 200 488 "-" "Mozilla/5.0 (Windows NT 10.0; Win64; x64) AppleWebKit/537.36 (KHTML, like Gecko) Chrome/90.0.4430.85 Safari/537.36 Edg/90.0.818.46"
vacivitta.com.br:80
154.81.156.54 - - [09/Apr/2025:12:53:39 -0300] "GET / HTTP/1.1" 200 488 "-" "Mozilla/5.0 (Windows NT 10.0; Win64; x64) AppleWebKit/537.36 (KHTML, like Gecko) Chrome/90.0.4430.85 Safari/537.36 Edg/90.0.818.46"
vacivitta.com.br:80
154.81.156.35 - - [09/Apr/2025:12:54:35 -0300] "GET / HTTP/1.1" 200 488 "-" "Mozilla/5.0 (Windows NT 10.0; Win64; x64) AppleWebKit/537.36 (KHTML, like Gecko) Chrome/90.0.4430.85 Safari/537.36 Edg/90.0.818.46"
vacivitta.com.br:80
44.220.185.188 - - [09/Apr/2025:12:54:59 -0300] "GET / HTTP/1.1" 200 488 "-" "Mozilla/5.0 (Windows NT 6.2;en-US) AppleWebKit/537.32.36 (KHTML, live Gecko) Chrome/54.0.3109.105 Safari/537.32"
vacivitta.com.br:80
154.81.156.54 - - [09/Apr/2025:13:06:01 -0300] "GET / HTTP/1.1" 200 488 "-" "Mozilla/5.0 (Windows NT 10.0; Win64; x64) AppleWebKit/537.36 (KHTML, like Gecko) Chrome/90.0.4430.85 Safari/537.36 Edg/90.0.818.46"
vacivitta.com.br:80
159.89.237.190 - - [09/Apr/2025:13:10:20 -0300] "GET / HTTP/1.1" 200 488 "-" "Mozilla/5.0 (Windows NT 10.0; Win64; x64; rv:109.0) Gecko/20100101 Firefox/118.0"
vacivitta.com.br:80
80.82.77.202 - - [09/Apr/2025:13:35:55 -0300] "GET / HTTP/1.0" 200 488 "-" "Mozilla/5.0 (Macintosh; Intel Mac OS X 10_10_1) AppleWebKit/537.36 (KHTML, like Gecko) Chrome/41.0.2227.1 Safari/537.36"
vacivitta.com.br:80
154.81.156.54 - - [09/Apr/2025:13:36:38 -0300] "GET / HTTP/1.1" 200 488 "-" "Mozilla/5.0 (Windows NT 10.0; Win64; x64) AppleWebKit/537.36 (KHTML, like Gecko) Chrome/90.0.4430.85 Safari/537.36 Edg/90.0.818.46"
vacivitta.com.br:80
154.81.156.34 - - [09/Apr/2025:13:38:00 -0300] "GET / HTTP/1.1" 200 488 "-" "Mozilla/5.0 (Windows NT 10.0; Win64; x64) AppleWebKit/537.36 (KHTML, like Gecko) Chrome/90.0.4430.85 Safari/537.36 Edg/90.0.818.46"
vacivitta.com.br:80
154.81.156.54 - - [09/Apr/2025:13:46:58 -0300] "GET / HTTP/1.1" 200 488 "-" "Mozilla/5.0 (Windows NT 10.0; Win64; x64) AppleWebKit/537.36 (KHTML, like Gecko) Chrome/90.0.4430.85 Safari/537.36 Edg/90.0.818.46"
vacivitta.com.br:80
103.133.111.213 - - [09/Apr/2025:13:47:27 -0300] "GET /.env HTTP/1.1" 404 - "-" "Mozilla/5.0 (Linux; U; Android 4.4.2; en-US; HM NOTE 1W Build/KOT49H) AppleWebKit/534.30 (KHTML, like Gecko) Version/4.0 UCBrowser/11.0.5.850 U3/0.8.0 Mobile Safari/534.30"
vacivitta.com.br:80
103.133.111.213 - - [09/Apr/2025:13:47:32 -0300] "POST / HTTP/1.1" 200 488 "-" "Mozilla/5.0 (Linux; U; Android 4.4.2; en-US; HM NOTE 1W Build/KOT49H) AppleWebKit/534.30 (KHTML, like Gecko) Version/4.0 UCBrowser/11.0.5.850 U3/0.8.0 Mobile Safari/534.30"
vacivitta.com.br:80
103.133.111.213 - - [09/Apr/2025:13:47:51 -0300] "GET /vendor/phpunit/phpunit/src/Util/PHP/eval-stdin.php HTTP/1.1" 404 - "-" "python-requests/2.25.1"
vacivitta.com.br:80
154.81.156.35 - - [09/Apr/2025:13:53:35 -0300] "GET / HTTP/1.1" 200 488 "-" "Mozilla/5.0 (Windows NT 10.0; Win64; x64) AppleWebKit/537.36 (KHTML, like Gecko) Chrome/90.0.4430.85 Safari/537.36 Edg/90.0.818.46"
vacivitta.com.br:80
78.153.140.151 - - [09/Apr/2025:13:55:21 -0300] "\x16\x03\x01" 404 - "-" "-"
vacivitta.com.br:80
45.156.129.46 - - [09/Apr/2025:14:07:04 -0300] "GET / HTTP/1.1" 200 488 "-" "Mozilla/5.0 (Windows NT 10.0; Win64; x64) AppleWebKit/537.36 (KHTML, like Gecko) Chrome/60.0.3112.113 Safari/537.36"
vacivitta.com.br:80
154.81.156.54 - - [09/Apr/2025:14:09:09 -0300] "GET / HTTP/1.1" 200 488 "-" "Mozilla/5.0 (Windows NT 10.0; Win64; x64) AppleWebKit/537.36 (KHTML, like Gecko) Chrome/90.0.4430.85 Safari/537.36 Edg/90.0.818.46"
vacivitta.com.br:80
185.21.223.166 - - [09/Apr/2025:14:11:59 -0300] "GET / HTTP/1.1" 200 488 "-" "Mozilla/5.0 (Macintosh; Intel Mac OS X 10_11_6) AppleWebKit/601.7.7 (KHTML, like Gecko) Version/9.1.2 Safari/601.7.7"
vacivitta.com.br:80
185.218.86.4 - - [09/Apr/2025:14:20:39 -0300] "GET / HTTP/1.1" 200 488 "-" "Mozilla/5.0 (Windows NT 10.0; Win64; x64) AppleWebKit/537.36 (KHTML, like Gecko) Chrome/90.0.4430.85 Safari/537.36 Edg/90.0.818.46"
vacivitta.com.br:80
154.81.156.54 - - [09/Apr/2025:14:30:03 -0300] "GET / HTTP/1.1" 200 488 "-" "Mozilla/5.0 (Windows NT 10.0; Win64; x64) AppleWebKit/537.36 (KHTML, like Gecko) Chrome/90.0.4430.85 Safari/537.36 Edg/90.0.818.46"
vacivitta.com.br:80
154.81.156.54 - - [09/Apr/2025:14:50:41 -0300] "GET / HTTP/1.1" 200 488 "-" "Mozilla/5.0 (Windows NT 10.0; Win64; x64) AppleWebKit/537.36 (KHTML, like Gecko) Chrome/90.0.4430.85 Safari/537.36 Edg/90.0.818.46"
vacivitta.com.br:80
52.143.169.168 - - [09/Apr/2025:14:54:01 -0300] "GET /.env HTTP/1.1" 404 - "-" "Mozilla/5.0 (X11; Linux x86_64) AppleWebKit/537.36 (KHTML, like Gecko) Chrome/81.0.4044.129 Safari/537.36"
vacivitta.com.br:80
52.143.169.168 - - [09/Apr/2025:14:54:04 -0300] "POST / HTTP/1.1" 200 488 "-" "Mozilla/5.0 (X11; Linux x86_64) AppleWebKit/537.36 (KHTML, like Gecko) Chrome/81.0.4044.129 Safari/537.36"
vacivitta.com.br:80
87.121.84.198 - - [09/Apr/2025:15:00:43 -0300] "POST /boaform/admin/formLogin HTTP/1.1" 404 - "http://162.240.168.168:80/admin/login.asp" "Mozilla/5.0 (X11; Ubuntu; Linux x86_64; rv:71.0) Gecko/20100101 Firefox/71.0"
vacivitta.com.br:80
154.81.156.35 - - [09/Apr/2025:15:06:36 -0300] "GET / HTTP/1.1" 200 488 "-" "Mozilla/5.0 (Windows NT 10.0; Win64; x64) AppleWebKit/537.36 (KHTML, like Gecko) Chrome/90.0.4430.85 Safari/537.36 Edg/90.0.818.46"
vacivitta.com.br:80
154.81.156.34 - - [09/Apr/2025:15:16:18 -0300] "GET / HTTP/1.1" 200 488 "-" "Mozilla/5.0 (Windows NT 10.0; Win64; x64) AppleWebKit/537.36 (KHTML, like Gecko) Chrome/90.0.4430.85 Safari/537.36 Edg/90.0.818.46"
vacivitta.com.br:80
154.81.156.54 - - [09/Apr/2025:15:18:19 -0300] "GET / HTTP/1.1" 200 488 "-" "Mozilla/5.0 (Windows NT 10.0; Win64; x64) AppleWebKit/537.36 (KHTML, like Gecko) Chrome/90.0.4430.85 Safari/537.36 Edg/90.0.818.46"
vacivitta.com.br:80
198.235.24.96 - - [09/Apr/2025:15:24:57 -0300] "\x16\x03\x01" 404 - "-" "-"
vacivitta.com.br:80
198.235.24.96 - - [09/Apr/2025:15:24:57 -0300] "\x16\x03\x01" 404 - "-" "-"
vacivitta.com.br:80
111.253.186.113 - - [09/Apr/2025:15:32:53 -0300] "GET / HTTP/1.1" 200 488 "-" "Mozilla/5.0 (Windows NT 10.0; WOW64) AppleWebKit/537.36 (KHTML, like Gecko) Chrome/51.0.2704.103 Safari/537.36"
vacivitta.com.br:80
154.81.156.54 - - [09/Apr/2025:15:34:50 -0300] "GET / HTTP/1.1" 200 488 "-" "Mozilla/5.0 (Windows NT 10.0; Win64; x64) AppleWebKit/537.36 (KHTML, like Gecko) Chrome/90.0.4430.85 Safari/537.36 Edg/90.0.818.46"
vacivitta.com.br:80
140.255.139.109 - - [09/Apr/2025:15:37:21 -0300] "POST /GponForm/diag_Form?images/ HTTP/1.1" 404 - "-" "Hello, World"
vacivitta.com.br:80
154.81.156.54 - - [09/Apr/2025:16:00:09 -0300] "GET / HTTP/1.1" 200 488 "-" "Mozilla/5.0 (Windows NT 10.0; Win64; x64) AppleWebKit/537.36 (KHTML, like Gecko) Chrome/90.0.4430.85 Safari/537.36 Edg/90.0.818.46"
vacivitta.com.br:80
218.66.32.101 - - [09/Apr/2025:16:11:03 -0300] "GET / HTTP/1.1" 200 488 "-" "-"
vacivitta.com.br:80
154.81.156.54 - - [09/Apr/2025:16:12:13 -0300] "GET / HTTP/1.1" 200 488 "-" "Mozilla/5.0 (Windows NT 10.0; Win64; x64) AppleWebKit/537.36 (KHTML, like Gecko) Chrome/90.0.4430.85 Safari/537.36 Edg/90.0.818.46"
vacivitta.com.br:80
124.66.76.176 - - [09/Apr/2025:16:13:14 -0300] "GET / HTTP/1.1" 200 488 "-" "Mozilla/5.0 (Windows NT 6.1) AppleWebKit/537.36 (KHTML, like Gecko) Chrome/49.0.2623.112 Safari/537.36"
vacivitta.com.br:80
1.24.16.106 - - [09/Apr/2025:16:13:15 -0300] "GET /ico.ico HTTP/1.1" 200 100526 "-" "Mozilla/5.0 (Windows NT 6.1) AppleWebKit/537.36 (KHTML, like Gecko) Chrome/49.0.2623.112 Safari/537.36"
vacivitta.com.br:80
154.81.156.35 - - [09/Apr/2025:16:16:52 -0300] "GET / HTTP/1.1" 200 488 "-" "Mozilla/5.0 (Windows NT 10.0; Win64; x64) AppleWebKit/537.36 (KHTML, like Gecko) Chrome/90.0.4430.85 Safari/537.36 Edg/90.0.818.46"
vacivitta.com.br:80
154.81.156.34 - - [09/Apr/2025:16:28:41 -0300] "GET / HTTP/1.1" 200 488 "-" "Mozilla/5.0 (Windows NT 10.0; Win64; x64) AppleWebKit/537.36 (KHTML, like Gecko) Chrome/90.0.4430.85 Safari/537.36 Edg/90.0.818.46"
vacivitta.com.br:80
154.81.156.54 - - [09/Apr/2025:16:34:41 -0300] "GET / HTTP/1.1" 200 488 "-" "Mozilla/5.0 (Windows NT 10.0; Win64; x64) AppleWebKit/537.36 (KHTML, like Gecko) Chrome/90.0.4430.85 Safari/537.36 Edg/90.0.818.46"
vacivitta.com.br:80
222.224.167.49 - - [09/Apr/2025:16:35:54 -0300] "GET / HTTP/1.0" 200 488 "-" "curl/7.88.1"
vacivitta.com.br:80
154.81.156.54 - - [09/Apr/2025:17:04:06 -0300] "GET / HTTP/1.1" 200 488 "-" "Mozilla/5.0 (Windows NT 10.0; Win64; x64) AppleWebKit/537.36 (KHTML, like Gecko) Chrome/90.0.4430.85 Safari/537.36 Edg/90.0.818.46"
vacivitta.com.br:80
87.121.84.27 - - [09/Apr/2025:17:11:00 -0300] "POST /boaform/admin/formLogin HTTP/1.1" 404 - "http://162.240.168.168:80/admin/login.asp" "Mozilla/5.0 (X11; Ubuntu; Linux x86_64; rv:71.0) Gecko/20100101 Firefox/71.0"
vacivitta.com.br:80
80.82.77.202 - - [09/Apr/2025:17:14:11 -0300] "\x16\x03\x02\x01o\x01" 404 - "-" "-"
vacivitta.com.br:80
93.174.93.12 - - [09/Apr/2025:17:20:25 -0300] "GET / HTTP/1.0" 200 488 "-" "Mozilla/5.0 (OS/2; Warp 4.5; rv:10.0.12) Gecko/20100101 Firefox/10.0.12"
vacivitta.com.br:80
51.81.144.38 - - [09/Apr/2025:17:20:39 -0300] "\x16\x03\x03\x01\xa8\x01" 404 - "-" "-"
vacivitta.com.br:80
51.81.144.38 - - [09/Apr/2025:17:20:42 -0300] "GET / HTTP/1.1" 200 488 "-" "Mozilla/5.0 (X11; Ubuntu; Linux x86_64; rv:134.0) Gecko/20100101 Firefox/134.0"
vacivitta.com.br:80
154.81.156.54 - - [09/Apr/2025:17:21:43 -0300] "GET / HTTP/1.1" 200 488 "-" "Mozilla/5.0 (Windows NT 10.0; Win64; x64) AppleWebKit/537.36 (KHTML, like Gecko) Chrome/90.0.4430.85 Safari/537.36 Edg/90.0.818.46"
vacivitta.com.br:80
51.81.144.33 - - [09/Apr/2025:17:22:00 -0300] "\x16\x03\x03\x01\xa8\x01" 404 - "-" "-"
vacivitta.com.br:80
51.81.144.34 - - [09/Apr/2025:17:22:03 -0300] "GET / HTTP/1.1" 200 488 "-" "Mozilla/5.0 (X11; Ubuntu; Linux x86_64; rv:134.0) Gecko/20100101 Firefox/134.0"
vacivitta.com.br:80
154.81.156.35 - - [09/Apr/2025:17:24:00 -0300] "GET / HTTP/1.1" 200 488 "-" "Mozilla/5.0 (Windows NT 10.0; Win64; x64) AppleWebKit/537.36 (KHTML, like Gecko) Chrome/90.0.4430.85 Safari/537.36 Edg/90.0.818.46"
vacivitta.com.br:80
195.184.76.146 - - [09/Apr/2025:17:27:35 -0300] "GET /ico.ico HTTP/1.1" 200 100526 "-" "Mozilla/5.0 (X11; Ubuntu; Linux x86_64; rv:134.0) Gecko/20100101 Firefox/134.0"
vacivitta.com.br:80
195.184.76.73 - - [09/Apr/2025:17:29:56 -0300] "GET /ico.ico HTTP/1.1" 200 100526 "-" "Mozilla/5.0 (X11; Ubuntu; Linux x86_64; rv:134.0) Gecko/20100101 Firefox/134.0"
vacivitta.com.br:80
78.153.140.203 - - [09/Apr/2025:17:32:38 -0300] "GET /.env HTTP/1.1" 404 - "-" "Mozilla/5.0 (Android; Tablet; rv:34.0) Gecko/34.0 Firefox/34.0"
vacivitta.com.br:80
78.153.140.203 - - [09/Apr/2025:17:32:39 -0300] "\x16\x03\x01" 404 - "-" "-"
vacivitta.com.br:80
78.153.140.203 - - [09/Apr/2025:17:32:40 -0300] "GET /web/debug/default/view HTTP/1.1" 404 - "-" "Mozilla/5.0 (Macintosh; U; PPC Mac OS X; en) AppleWebKit/125.5.5 (KHTML, like Gecko) Safari/125.5.5"
vacivitta.com.br:80
78.153.140.203 - - [09/Apr/2025:17:32:41 -0300] "GET /server/.env HTTP/1.1" 404 - "-" "Opera/9.26 (Windows NT 5.1; U; de)"
vacivitta.com.br:80
78.153.140.203 - - [09/Apr/2025:17:32:41 -0300] "GET /media/.env HTTP/1.1" 404 - "-" "Mozilla/4.0 (compatible; MSIE 8.0; Windows NT 5.1; Trident/4.0; InfoPath.2; .NET CLR 2.0.50727)"
vacivitta.com.br:80
154.81.156.54 - - [09/Apr/2025:17:32:46 -0300] "GET / HTTP/1.1" 200 488 "-" "Mozilla/5.0 (Windows NT 10.0; Win64; x64) AppleWebKit/537.36 (KHTML, like Gecko) Chrome/90.0.4430.85 Safari/537.36 Edg/90.0.818.46"
vacivitta.com.br:80
78.153.140.203 - - [09/Apr/2025:17:33:18 -0300] "GET /config/.env HTTP/1.1" 404 - "-" "Mozilla/5.0 (Windows NT 6.1) AppleWebKit/537.36 (KHTML, like Gecko) Chrome/51.0.2704.84 Safari/537.36 OPR/38.0.2220.31"
vacivitta.com.br:80
78.153.140.203 - - [09/Apr/2025:17:34:16 -0300] "GET /web/.env HTTP/1.1" 404 - "-" "Mozilla/5.0 (Windows NT 6.1; Win64; x64; rv:56.0) Gecko/20100101 Firefox/56.0"
vacivitta.com.br:80
78.153.140.203 - - [09/Apr/2025:17:34:34 -0300] "GET /.env.local HTTP/1.1" 404 - "-" "Mozilla/5.0 (iPhone; U; CPU iPhone OS 4_2_1 like Mac OS X; nb-no) AppleWebKit/533.17.9 (KHTML, like Gecko) Version/5.0.2 Mobile/8C148a Safari/6533.18.5"
vacivitta.com.br:80
78.153.140.203 - - [09/Apr/2025:17:34:43 -0300] "GET /html/.env HTTP/1.1" 404 - "-" "Opera/7.11 (Windows 98; U) [de]"
vacivitta.com.br:80
78.153.140.203 - - [09/Apr/2025:17:34:53 -0300] "GET /production/.env HTTP/1.1" 404 - "-" "Mozilla/5.0 (X11; U; Linux i686; it; rv:1.9.2.3) Gecko/20100406 Firefox/3.6.3 (Swiftfox)"
vacivitta.com.br:80
78.153.140.203 - - [09/Apr/2025:17:35:05 -0300] "GET /upload/.env HTTP/1.1" 404 - "-" "Mozilla/4.0 (compatible; MSIE 5.0; Windows NT 4.0) Opera 5.02 [en]"
vacivitta.com.br:80
78.153.140.203 - - [09/Apr/2025:17:35:13 -0300] "GET /tool/view/phpinfo.view.php HTTP/1.1" 404 - "-" "Mozilla/4.0 (compatible; MSIE 7.0; Windows NT 6.1; WOW64; Trident/5.0; SLCC2; .NET CLR 2.0.50727; .NET CLR 3.5.30729; .NET CLR 3.0.30729; Media Center PC 6.0; .NET4.0C; .NET4.0E; InfoPath.2)"
vacivitta.com.br:80
78.153.140.203 - - [09/Apr/2025:17:35:22 -0300] "GET /twilio/.env HTTP/1.1" 404 - "-" "Mozilla/5.0 (Macintosh; U; PPC Mac OS X; fr-fr) AppleWebKit/523.10.3 (KHTML, like Gecko) Version/3.0.4 Safari/523.10"
vacivitta.com.br:80
78.153.140.203 - - [09/Apr/2025:17:35:29 -0300] "GET /.config.yaml HTTP/1.1" 404 - "-" "Mozilla/5.0 (Linux; U; Android 2.3.3; zh-tw; HTC_Pyramid Build/GRI40) AppleWebKit/533.1 (KHTML, like Gecko) Version/4.0 Mobile Safari/533.1"
vacivitta.com.br:80
78.153.140.203 - - [09/Apr/2025:17:35:30 -0300] "GET /?url=.env HTTP/1.1" 200 488 "-" "Mozilla/5.0 (iPhone; U; CPU iPhone OS 4_1 like Mac OS X; en-us) AppleWebKit/532.9 (KHTML, like Gecko) Version/4.0.5 Mobile/8B5097d Safari/6531.22.7"
vacivitta.com.br:80
78.153.140.203 - - [09/Apr/2025:17:35:38 -0300] "GET /data/.env HTTP/1.1" 404 - "-" "Opera/8.51 (Windows NT 5.1; U; nb)"
vacivitta.com.br:80
78.153.140.203 - - [09/Apr/2025:17:35:48 -0300] "GET /docs/.env HTTP/1.1" 404 - "-" "Mozilla/5.0 (Linux; U; Android 4.1.2; el-gr; GT-P3110 Build/JZO54K) AppleWebKit/534.30 (KHTML, like Gecko) Version/4.0 Safari/534.30"
vacivitta.com.br:80
78.153.140.203 - - [09/Apr/2025:17:35:57 -0300] "GET /inc/.env HTTP/1.1" 404 - "-" "Mozilla/5.0 (Windows NT 6.1; WOW64) AppleWebKit/537.36 (KHTML, like Gecko) Chrome/31.0.1650.57 Safari/537.36"
vacivitta.com.br:80
78.153.140.203 - - [09/Apr/2025:17:36:01 -0300] "GET /misc/.env HTTP/1.1" 404 - "-" "Mozilla/4.0 (compatible; MSIE 5.01; Windows NT 5.0; YComp 5.0.2.4)"
vacivitta.com.br:80
78.153.140.203 - - [09/Apr/2025:17:36:09 -0300] "GET /cms/.env HTTP/1.1" 404 - "-" "Mozilla/5.0 (Macintosh; U; Intel Mac OS X 10_5_6; ko-kr) AppleWebKit/525.27.1 (KHTML, like Gecko) Version/3.2.1 Safari/525.27.1"
vacivitta.com.br:80
78.153.140.203 - - [09/Apr/2025:17:36:24 -0300] "GET /twilio.env HTTP/1.1" 404 - "-" "Mozilla/5.0 (Linux; Android 7.0; 5049Z Build/NRD90M) AppleWebKit/537.36 (KHTML, like Gecko) Chrome/63.0.3239.111 Mobile Safari/537.36"
vacivitta.com.br:80
78.153.140.203 - - [09/Apr/2025:17:36:30 -0300] "GET /include/.env HTTP/1.1" 404 - "-" "Mozilla/5.0 (Linux; Android 5.0.2; VK810 4G Build/LRX22G) AppleWebKit/537.36 (KHTML, like Gecko) Chrome/45.0.2454.84 Safari/537.36"
vacivitta.com.br:80
78.153.140.203 - - [09/Apr/2025:17:36:41 -0300] "GET /beta/.env HTTP/1.1" 404 - "-" "Mozilla/4.0 (compatible; MSIE 8.0; Windows NT 6.1; WOW64; Trident/4.0; SLCC2; .NET CLR 2.0.50727; .NET CLR 3.5.30729; .NET CLR 3.0.30729; Media Center PC 6.0; InfoPath.2; .NET4.0C; .NET4.0E)"
vacivitta.com.br:80
78.153.140.203 - - [09/Apr/2025:17:36:45 -0300] "GET /Config/.env HTTP/1.1" 404 - "-" "Mozilla/5.0 (Linux; Android 7.1.2; Redmi Note 5 Build/N2G47H) AppleWebKit/537.36 (KHTML, like Gecko) Chrome/64.0.3282.137 Mobile Safari/537.36"
vacivitta.com.br:80
78.153.140.203 - - [09/Apr/2025:17:36:47 -0300] "GET /path/.env HTTP/1.1" 404 - "-" "Mozilla/5.0 (Windows NT 6.1) AppleWebKit/537.36 (KHTML, like Gecko) Chrome/54.0.2840.59 Safari/537.36"
vacivitta.com.br:80
78.153.140.203 - - [09/Apr/2025:17:36:59 -0300] "GET /public/.env HTTP/1.1" 404 - "-" "Mozilla/5.0 (iPhone; CPU iPhone OS 10_1_1 like Mac OS X) AppleWebKit/602.1.50 (KHTML, like Gecko) CriOS/54.0.2840.91 Mobile/14B100 Safari/602.1"
vacivitta.com.br:80
78.153.140.203 - - [09/Apr/2025:17:37:00 -0300] "GET /client_secrets.json HTTP/1.1" 404 - "-" "Mozilla/5.0 (Linux; U; Android 4.1.2; en-us; SAMSUNG-SGH-I717 Build/JZO54K) AppleWebKit/534.30 (KHTML, like Gecko) Version/4.0 Mobile Safari/534.30"
vacivitta.com.br:80
78.153.140.203 - - [09/Apr/2025:17:37:12 -0300] "GET /frontend/web/debug/default/view HTTP/1.1" 404 - "-" "Opera/8.52 (Windows NT 5.0; U; en)"
vacivitta.com.br:80
78.153.140.203 - - [09/Apr/2025:17:37:20 -0300] "GET /library/.env HTTP/1.1" 404 - "-" "Mozilla/5.0 (Windows NT 6.3; WOW64) AppleWebKit/537.36 (KHTML, like Gecko) Chrome/44.0.2403.89 Safari/537.36"
vacivitta.com.br:80
78.153.140.203 - - [09/Apr/2025:17:37:21 -0300] "GET /pinfo.php HTTP/1.1" 404 - "-" "Mozilla/4.0 (compatible; MSIE 8.0; Windows NT 6.1; WOW64; Trident/4.0; SLCC2; .NET CLR 2.0.50727; .NET CLR 3.5.30729; .NET CLR 3.0.30729; Media Center PC 6.0; BRI/2; MAEM; .NET4.0C)"
vacivitta.com.br:80
78.153.140.203 - - [09/Apr/2025:17:37:27 -0300] "GET /infos.php HTTP/1.1" 404 - "-" "Mozilla/4.0 (compatible; MSIE 7.0; Windows NT 6.1; WOW64; Trident/7.0; SLCC2; .NET CLR 2.0.50727; .NET CLR 3.5.30729; .NET CLR 3.0.30729; .NET CLR 1.1.4322; .NET4.0C; .NET4.0E)"
vacivitta.com.br:80
78.153.140.203 - - [09/Apr/2025:17:37:34 -0300] "GET /.env.testing HTTP/1.1" 404 - "-" "Mozilla/5.0 (Windows NT 10.0; Win64; x64) AppleWebKit/537.36 (KHTML, like Gecko) Chrome/42.0.2311.135 Safari/537.36 Edge/12.10240"
vacivitta.com.br:80
78.153.140.203 - - [09/Apr/2025:17:37:35 -0300] "GET /cms/.env.production HTTP/1.1" 404 - "-" "Mozilla/5.0 (Macintosh; Intel Mac OS X 10_10_2) AppleWebKit/537.36 (KHTML, like Gecko) Chrome/43.0.2357.130 Safari/537.36"
vacivitta.com.br:80
78.153.140.203 - - [09/Apr/2025:17:37:39 -0300] "GET /download/.env HTTP/1.1" 404 - "-" "Mozilla/5.0 (Windows NT 6.1) AppleWebKit/537.36 (KHTML, like Gecko) Chrome/54.0.2840.87 Safari/537.36 OPR/41.0.2353.56"
vacivitta.com.br:80
78.153.140.203 - - [09/Apr/2025:17:37:44 -0300] "GET /shared/.env HTTP/1.1" 404 - "-" "Mozilla/5.0 (Linux; Android 4.05; Galaxy Nexus Build/IMM76B) AppleWebKit/535.25 (KHTML, like Gecko) Chrome/17.0.1025.133 Mobile Safari/536.19"
vacivitta.com.br:80
78.153.140.203 - - [09/Apr/2025:17:37:46 -0300] "GET /Api/.env HTTP/1.1" 404 - "-" "Mozilla/5.0 (compatible; MSIE 9.0; Windows NT 6.0; Trident/5.0; BOIE9;ENUS)"
vacivitta.com.br:80
78.153.140.203 - - [09/Apr/2025:17:37:52 -0300] "GET /doc/.env HTTP/1.1" 404 - "-" "Mozilla/5.0 (X11; U; Linux i686; en-US; rv:1.9.0.17) Gecko/2010010604 Ubuntu/9.04 (jaunty) Firefox/3.0.17 FirePHP/0.4"
vacivitta.com.br:80
78.153.140.203 - - [09/Apr/2025:17:37:57 -0300] "GET /Laravel/.env HTTP/1.1" 404 - "-" "Mozilla/5.0 (Windows NT 6.3) AppleWebKit/537.36 (KHTML, like Gecko) Chrome/48.0.2564.116 Safari/537.36 OPR/35.0.2066.92"
vacivitta.com.br:80
78.153.140.203 - - [09/Apr/2025:17:38:00 -0300] "GET /auth/.env HTTP/1.1" 404 - "-" "Mozilla/5.0 (Windows NT 10.0; Win64; x64; rv:39.0) Gecko/20100101 Firefox/39.0"
vacivitta.com.br:80
78.153.140.203 - - [09/Apr/2025:17:38:03 -0300] "GET /bot/.env HTTP/1.1" 404 - "-" "Mozilla/5.0 (Linux; Android 6.0.1; Z981 Build/MMB29M) AppleWebKit/537.36 (KHTML, like Gecko) Chrome/56.0.2924.87 Mobile Safari/537.36"
vacivitta.com.br:80
78.153.140.203 - - [09/Apr/2025:17:38:05 -0300] "GET /.ENV HTTP/1.1" 404 - "-" "Mozilla/5.0 (X11; Linux x86_64; rv:52.0) Gecko/20100101 Firefox/52.0"
vacivitta.com.br:80
78.153.140.203 - - [09/Apr/2025:17:38:09 -0300] "GET /repo/.env HTTP/1.1" 404 - "-" "Mozilla/5.0 (X11; U; OpenBSD i386; en-US; rv:1.8.0.5) Gecko/20060819 Firefox/1.5.0.5"
vacivitta.com.br:80
78.153.140.203 - - [09/Apr/2025:17:38:10 -0300] "GET /.AWS/credentials HTTP/1.1" 404 - "-" "Mozilla/5.0 (iPhone; CPU iPhone OS 10_0_1 like Mac OS X) AppleWebKit/602.1.50 (KHTML, like Gecko) Version/10.0 Mobile/14A403 Safari/602.1"
vacivitta.com.br:80
87.121.84.29 - - [09/Apr/2025:17:41:05 -0300] "POST /boaform/admin/formLogin HTTP/1.1" 404 - "http://162.240.168.168:80/admin/login.asp" "Mozilla/5.0 (X11; Ubuntu; Linux x86_64; rv:71.0) Gecko/20100101 Firefox/71.0"
vacivitta.com.br:80
87.121.84.195 - - [09/Apr/2025:17:46:47 -0300] "POST /boaform/admin/formLogin HTTP/1.1" 404 - "http://162.240.168.168:80/admin/login.asp" "Mozilla/5.0 (X11; Ubuntu; Linux x86_64; rv:71.0) Gecko/20100101 Firefox/71.0"
vacivitta.com.br:80
34.140.249.122 - - [09/Apr/2025:17:56:52 -0300] "GET / HTTP/1.1" 200 488 "-" "python-requests/2.32.3"
vacivitta.com.br:80
154.81.156.34 - - [09/Apr/2025:18:00:01 -0300] "GET / HTTP/1.1" 200 488 "-" "Mozilla/5.0 (Windows NT 10.0; Win64; x64) AppleWebKit/537.36 (KHTML, like Gecko) Chrome/90.0.4430.85 Safari/537.36 Edg/90.0.818.46"
vacivitta.com.br:80
154.81.156.54 - - [09/Apr/2025:18:08:30 -0300] "GET / HTTP/1.1" 200 488 "-" "Mozilla/5.0 (Windows NT 10.0; Win64; x64) AppleWebKit/537.36 (KHTML, like Gecko) Chrome/90.0.4430.85 Safari/537.36 Edg/90.0.818.46"
vacivitta.com.br:80
148.222.223.3 - - [09/Apr/2025:18:13:53 -0300] "GET /boaform/admin/formLogin?username=admin&psd=admin HTTP/1.0" 404 - "-" "-"
vacivitta.com.br:80
154.81.156.54 - - [09/Apr/2025:18:17:14 -0300] "GET / HTTP/1.1" 200 488 "-" "Mozilla/5.0 (Windows NT 10.0; Win64; x64) AppleWebKit/537.36 (KHTML, like Gecko) Chrome/90.0.4430.85 Safari/537.36 Edg/90.0.818.46"
vacivitta.com.br:80
42.178.227.45 - - [09/Apr/2025:18:30:08 -0300] "GET /boaform/admin/formLogin?username=ec8&psd=ec8 HTTP/1.0" 404 - "-" "-"
vacivitta.com.br:80
42.193.243.242 - - [09/Apr/2025:18:40:15 -0300] "GET /.env.bak HTTP/1.1" 404 - "-" "Mozilla/5.0 (iPhone; CPU iPhone OS 17_5_1 like Mac OS X) AppleWebKit/605.1.15 (KHTML, like Gecko) Version/17.4.1 Mobile/15E148 Safari/604.1"
vacivitta.com.br:80
42.193.243.242 - - [09/Apr/2025:18:40:15 -0300] "GET /version HTTP/1.1" 404 - "-" "Mozilla/5.0 (iPhone; CPU iPhone OS 17_5_1 like Mac OS X) AppleWebKit/605.1.15 (KHTML, like Gecko) Version/17.4.1 Mobile/15E148 Safari/604.1"
vacivitta.com.br:80
42.193.243.242 - - [09/Apr/2025:18:40:16 -0300] "GET /containers/json HTTP/1.1" 404 - "-" "Mozilla/5.0 (iPhone; CPU iPhone OS 17_5_1 like Mac OS X) AppleWebKit/605.1.15 (KHTML, like Gecko) Version/17.4.1 Mobile/15E148 Safari/604.1"
vacivitta.com.br:80
42.193.243.242 - - [09/Apr/2025:18:40:16 -0300] "GET / HTTP/1.1" 200 488 "-" "Mozilla/5.0 (iPhone; CPU iPhone OS 17_5_1 like Mac OS X) AppleWebKit/605.1.15 (KHTML, like Gecko) Version/17.4.1 Mobile/15E148 Safari/604.1"
vacivitta.com.br:80
42.193.243.242 - - [09/Apr/2025:18:40:16 -0300] "GET /containers/json HTTP/1.1" 404 - "-" "Mozilla/5.0 (iPhone; CPU iPhone OS 17_5_1 like Mac OS X) AppleWebKit/605.1.15 (KHTML, like Gecko) Version/17.4.1 Mobile/15E148 Safari/604.1"
vacivitta.com.br:80
42.193.243.242 - - [09/Apr/2025:18:40:17 -0300] "GET /.env HTTP/1.1" 404 - "-" "Mozilla/5.0 (iPhone; CPU iPhone OS 17_5_1 like Mac OS X) AppleWebKit/605.1.15 (KHTML, like Gecko) Version/17.4.1 Mobile/15E148 Safari/604.1"
vacivitta.com.br:80
42.193.243.242 - - [09/Apr/2025:18:40:17 -0300] "\x16\x03\x01" 404 - "-" "-"
vacivitta.com.br:80
42.193.243.242 - - [09/Apr/2025:18:40:18 -0300] "\x16\x03\x01\x02\x1a\x01" 404 - "-" "-"
vacivitta.com.br:80
42.193.243.242 - - [09/Apr/2025:18:40:18 -0300] "\x16\x03\x01\x02\x1a\x01" 404 - "-" "-"
vacivitta.com.br:80
42.193.243.242 - - [09/Apr/2025:18:40:20 -0300] "\x16\x03\x01\x02\x1a\x01" 404 - "-" "-"
vacivitta.com.br:80
154.81.156.35 - - [09/Apr/2025:18:40:43 -0300] "GET / HTTP/1.1" 200 488 "-" "Mozilla/5.0 (Windows NT 10.0; Win64; x64) AppleWebKit/537.36 (KHTML, like Gecko) Chrome/90.0.4430.85 Safari/537.36 Edg/90.0.818.46"
vacivitta.com.br:80
154.81.156.54 - - [09/Apr/2025:18:51:40 -0300] "GET / HTTP/1.1" 200 488 "-" "Mozilla/5.0 (Windows NT 10.0; Win64; x64) AppleWebKit/537.36 (KHTML, like Gecko) Chrome/90.0.4430.85 Safari/537.36 Edg/90.0.818.46"
vacivitta.com.br:80
5.183.209.244 - - [09/Apr/2025:18:56:03 -0300] "GET / HTTP/1.1" 200 488 "-" "-"
vacivitta.com.br:80
185.91.127.81 - - [09/Apr/2025:18:57:15 -0300] "CONNECT pro.ip-api.com:443 HTTP/1.1" 404 - "-" "Mozilla/5.0"
vacivitta.com.br:80
93.174.93.12 - - [09/Apr/2025:18:59:38 -0300] "\x16\x03\x02\x01o\x01" 404 - "-" "-"
vacivitta.com.br:80
154.81.156.54 - - [09/Apr/2025:19:04:36 -0300] "GET / HTTP/1.1" 200 488 "-" "Mozilla/5.0 (Windows NT 10.0; Win64; x64) AppleWebKit/537.36 (KHTML, like Gecko) Chrome/90.0.4430.85 Safari/537.36 Edg/90.0.818.46"
vacivitta.com.br:80
154.81.156.34 - - [09/Apr/2025:19:23:43 -0300] "GET / HTTP/1.1" 200 488 "-" "Mozilla/5.0 (Windows NT 10.0; Win64; x64) AppleWebKit/537.36 (KHTML, like Gecko) Chrome/90.0.4430.85 Safari/537.36 Edg/90.0.818.46"
vacivitta.com.br:80
154.81.156.54 - - [09/Apr/2025:19:33:26 -0300] "GET / HTTP/1.1" 200 488 "-" "Mozilla/5.0 (Windows NT 10.0; Win64; x64) AppleWebKit/537.36 (KHTML, like Gecko) Chrome/90.0.4430.85 Safari/537.36 Edg/90.0.818.46"
vacivitta.com.br:80
147.185.132.57 - - [09/Apr/2025:19:34:27 -0300] "GET / HTTP/1.0" 200 488 "-" "Expanse, a Palo Alto Networks company, searches across the global IPv4 space multiple times per day to identify customers' presences on the Internet. If you would like to be excluded from our scans, please send IP addresses/domains to: scaninfo@paloaltonetworks.com"
vacivitta.com.br:80
154.81.156.54 - - [09/Apr/2025:19:42:31 -0300] "GET / HTTP/1.1" 200 488 "-" "Mozilla/5.0 (Windows NT 10.0; Win64; x64) AppleWebKit/537.36 (KHTML, like Gecko) Chrome/90.0.4430.85 Safari/537.36 Edg/90.0.818.46"
vacivitta.com.br:80
154.81.156.35 - - [09/Apr/2025:19:47:08 -0300] "GET / HTTP/1.1" 200 488 "-" "Mozilla/5.0 (Windows NT 10.0; Win64; x64) AppleWebKit/537.36 (KHTML, like Gecko) Chrome/90.0.4430.85 Safari/537.36 Edg/90.0.818.46"
vacivitta.com.br:80
185.255.122.19 - - [09/Apr/2025:20:03:48 -0300] "GET / HTTP/1.1" 200 488 "-" "Mozilla/5.0 (Windows NT 10.0; Win64; x64) AppleWebKit/537.36 (KHTML, like Gecko) Chrome/90.0.4430.85 Safari/537.36 Edg/90.0.818.46"
vacivitta.com.br:80
185.218.86.4 - - [09/Apr/2025:20:11:24 -0300] "GET / HTTP/1.1" 200 488 "-" "Mozilla/5.0 (Windows NT 10.0; Win64; x64) AppleWebKit/537.36 (KHTML, like Gecko) Chrome/90.0.4430.85 Safari/537.36 Edg/90.0.818.46"
vacivitta.com.br:80
154.81.156.54 - - [09/Apr/2025:20:13:39 -0300] "GET / HTTP/1.1" 200 488 "-" "Mozilla/5.0 (Windows NT 10.0; Win64; x64) AppleWebKit/537.36 (KHTML, like Gecko) Chrome/90.0.4430.85 Safari/537.36 Edg/90.0.818.46"
vacivitta.com.br:80
47.89.154.16 - - [09/Apr/2025:20:17:18 -0300] "GET / HTTP/1.1" 200 488 "-" "Mozilla/5.0 zgrab/0.x"
vacivitta.com.br:80
154.81.156.54 - - [09/Apr/2025:20:29:45 -0300] "GET / HTTP/1.1" 200 488 "-" "Mozilla/5.0 (Windows NT 10.0; Win64; x64) AppleWebKit/537.36 (KHTML, like Gecko) Chrome/90.0.4430.85 Safari/537.36 Edg/90.0.818.46"
vacivitta.com.br:80
