%PDF- %PDF-
Direktori : /home/vacivi36/access-logs/ |
Current File : /home/vacivi36/access-logs/app.vittahelp.com.br-ssl_log |
66.249.72.142 - - [12/May/2025:09:13:41 -0300] "GET /?terbang=NETIZEN4D HTTP/1.1" 200 456879 "-" "Mozilla/5.0 (Linux; Android 6.0.1; Nexus 5X Build/MMB29P) AppleWebKit/537.36 (KHTML, like Gecko) Chrome/136.0.7103.59 Mobile Safari/537.36 (compatible; Googlebot/2.1; +http://www.google.com/bot.html)"
66.249.72.142 - - [12/May/2025:09:30:05 -0300] "GET /?terbang=QQGACOR+RTP+SLOT HTTP/1.1" 200 457117 "-" "Mozilla/5.0 (Linux; Android 6.0.1; Nexus 5X Build/MMB29P) AppleWebKit/537.36 (KHTML, like Gecko) Chrome/136.0.7103.59 Mobile Safari/537.36 (compatible; Googlebot/2.1; +http://www.google.com/bot.html)"
66.249.72.128 - - [12/May/2025:09:31:30 -0300] "GET /?terbang=SEKATA303 HTTP/1.1" 200 456879 "-" "Mozilla/5.0 (Linux; Android 6.0.1; Nexus 5X Build/MMB29P) AppleWebKit/537.36 (KHTML, like Gecko) Chrome/136.0.7103.59 Mobile Safari/537.36 (compatible; Googlebot/2.1; +http://www.google.com/bot.html)"
66.249.72.128 - - [12/May/2025:09:35:49 -0300] "GET /?terbang=3macan HTTP/1.1" 200 456777 "-" "Mozilla/5.0 (Linux; Android 6.0.1; Nexus 5X Build/MMB29P) AppleWebKit/537.36 (KHTML, like Gecko) Chrome/136.0.7103.59 Mobile Safari/537.36 (compatible; Googlebot/2.1; +http://www.google.com/bot.html)"
66.249.72.128 - - [12/May/2025:09:36:33 -0300] "GET /?terbang=rupiah69+slot HTTP/1.1" 200 457015 "-" "Mozilla/5.0 (Linux; Android 6.0.1; Nexus 5X Build/MMB29P) AppleWebKit/537.36 (KHTML, like Gecko) Chrome/136.0.7103.59 Mobile Safari/537.36 (compatible; Googlebot/2.1; +http://www.google.com/bot.html)"
66.249.72.142 - - [12/May/2025:09:36:55 -0300] "GET /XDTuVvPfBpcTlac_ HTTP/1.1" 404 - "https://app.vittahelp.com.br/?terbang=rupiah69+slot" "Mozilla/5.0 (Linux; Android 6.0.1; Nexus 5X Build/MMB29P) AppleWebKit/537.36 (KHTML, like Gecko) Chrome/135.0.7049.114 Mobile Safari/537.36 (compatible; Googlebot/2.1; +http://www.google.com/bot.html)"
66.249.72.142 - - [12/May/2025:09:36:55 -0300] "GET /MPCU7W7qAckf0QG5 HTTP/1.1" 404 - "https://app.vittahelp.com.br/?terbang=rupiah69+slot" "Mozilla/5.0 (Linux; Android 6.0.1; Nexus 5X Build/MMB29P) AppleWebKit/537.36 (KHTML, like Gecko) Chrome/135.0.7049.114 Mobile Safari/537.36 (compatible; Googlebot/2.1; +http://www.google.com/bot.html)"
66.249.72.128 - - [12/May/2025:09:36:56 -0300] "GET /MPCU7W7qAckf0QG5 HTTP/1.1" 404 - "https://app.vittahelp.com.br/?terbang=rupiah69+slot" "Mozilla/5.0 (Linux; Android 6.0.1; Nexus 5X Build/MMB29P) AppleWebKit/537.36 (KHTML, like Gecko) Chrome/135.0.7049.114 Mobile Safari/537.36 (compatible; Googlebot/2.1; +http://www.google.com/bot.html)"
66.249.72.142 - - [12/May/2025:09:45:22 -0300] "GET /?terbang=RAJACUAN HTTP/1.1" 200 456845 "-" "Mozilla/5.0 (Linux; Android 6.0.1; Nexus 5X Build/MMB29P) AppleWebKit/537.36 (KHTML, like Gecko) Chrome/136.0.7103.59 Mobile Safari/537.36 (compatible; Googlebot/2.1; +http://www.google.com/bot.html)"
66.249.72.142 - - [12/May/2025:09:48:19 -0300] "GET /?terbang=ALFASLOT HTTP/1.1" 200 456845 "-" "Mozilla/5.0 (Linux; Android 6.0.1; Nexus 5X Build/MMB29P) AppleWebKit/537.36 (KHTML, like Gecko) Chrome/136.0.7103.59 Mobile Safari/537.36 (compatible; Googlebot/2.1; +http://www.google.com/bot.html)"
66.249.72.128 - - [12/May/2025:09:50:39 -0300] "GET /?terbang=JOSSTOTO HTTP/1.1" 200 456845 "-" "Mozilla/5.0 (Linux; Android 6.0.1; Nexus 5X Build/MMB29P) AppleWebKit/537.36 (KHTML, like Gecko) Chrome/136.0.7103.59 Mobile Safari/537.36 (compatible; Googlebot/2.1; +http://www.google.com/bot.html)"
66.249.72.142 - - [12/May/2025:09:56:49 -0300] "GET /?terbang=toto+88 HTTP/1.1" 200 456811 "-" "Mozilla/5.0 (Linux; Android 6.0.1; Nexus 5X Build/MMB29P) AppleWebKit/537.36 (KHTML, like Gecko) Chrome/136.0.7103.59 Mobile Safari/537.36 (compatible; Googlebot/2.1; +http://www.google.com/bot.html)"
66.249.72.128 - - [12/May/2025:09:56:59 -0300] "GET /XDTuVvPfBpcTlac_ HTTP/1.1" 404 - "https://app.vittahelp.com.br/?terbang=toto+88" "Mozilla/5.0 (Linux; Android 6.0.1; Nexus 5X Build/MMB29P) AppleWebKit/537.36 (KHTML, like Gecko) Chrome/135.0.7049.114 Mobile Safari/537.36 (compatible; Googlebot/2.1; +http://www.google.com/bot.html)"
66.249.72.128 - - [12/May/2025:09:56:59 -0300] "GET /MPCU7W7qAckf0QG5 HTTP/1.1" 404 - "https://app.vittahelp.com.br/?terbang=toto+88" "Mozilla/5.0 (Linux; Android 6.0.1; Nexus 5X Build/MMB29P) AppleWebKit/537.36 (KHTML, like Gecko) Chrome/135.0.7049.114 Mobile Safari/537.36 (compatible; Googlebot/2.1; +http://www.google.com/bot.html)"
66.249.72.129 - - [12/May/2025:09:58:38 -0300] "GET /?terbang=HOLYSLOT77 HTTP/1.1" 200 456913 "-" "Mozilla/5.0 (Linux; Android 6.0.1; Nexus 5X Build/MMB29P) AppleWebKit/537.36 (KHTML, like Gecko) Chrome/136.0.7103.59 Mobile Safari/537.36 (compatible; Googlebot/2.1; +http://www.google.com/bot.html)"
66.249.72.128 - - [12/May/2025:10:01:22 -0300] "GET /sitemap-1.xml HTTP/1.1" 200 4119077 "-" "Mozilla/5.0 (compatible; Googlebot/2.1; +http://www.google.com/bot.html)"
66.249.72.128 - - [12/May/2025:10:06:26 -0300] "GET /?terbang=188MAX+RTP+SLOT HTTP/1.1" 200 457083 "-" "Mozilla/5.0 (Linux; Android 6.0.1; Nexus 5X Build/MMB29P) AppleWebKit/537.36 (KHTML, like Gecko) Chrome/136.0.7103.59 Mobile Safari/537.36 (compatible; Googlebot/2.1; +http://www.google.com/bot.html)"
66.249.72.142 - - [12/May/2025:10:06:35 -0300] "GET /MPCU7W7qAckf0QG5 HTTP/1.1" 404 - "https://app.vittahelp.com.br/?terbang=188MAX+RTP+SLOT" "Mozilla/5.0 (Linux; Android 6.0.1; Nexus 5X Build/MMB29P) AppleWebKit/537.36 (KHTML, like Gecko) Chrome/135.0.7049.114 Mobile Safari/537.36 (compatible; Googlebot/2.1; +http://www.google.com/bot.html)"
66.249.72.128 - - [12/May/2025:10:06:36 -0300] "GET /XDTuVvPfBpcTlac_ HTTP/1.1" 404 - "https://app.vittahelp.com.br/?terbang=188MAX+RTP+SLOT" "Mozilla/5.0 (Linux; Android 6.0.1; Nexus 5X Build/MMB29P) AppleWebKit/537.36 (KHTML, like Gecko) Chrome/135.0.7049.114 Mobile Safari/537.36 (compatible; Googlebot/2.1; +http://www.google.com/bot.html)"
66.249.72.129 - - [12/May/2025:10:08:15 -0300] "GET /?terbang=MANIAK123 HTTP/1.1" 200 456879 "-" "Mozilla/5.0 (Linux; Android 6.0.1; Nexus 5X Build/MMB29P) AppleWebKit/537.36 (KHTML, like Gecko) Chrome/136.0.7103.59 Mobile Safari/537.36 (compatible; Googlebot/2.1; +http://www.google.com/bot.html)"
66.249.72.129 - - [12/May/2025:10:13:49 -0300] "GET /?terbang=IBCBET HTTP/1.1" 200 456777 "-" "Mozilla/5.0 (Linux; Android 6.0.1; Nexus 5X Build/MMB29P) AppleWebKit/537.36 (KHTML, like Gecko) Chrome/136.0.7103.59 Mobile Safari/537.36 (compatible; Googlebot/2.1; +http://www.google.com/bot.html)"
66.249.72.142 - - [12/May/2025:10:38:47 -0300] "GET /?terbang=giat4d HTTP/1.1" 200 456777 "-" "Mozilla/5.0 (Linux; Android 6.0.1; Nexus 5X Build/MMB29P) AppleWebKit/537.36 (KHTML, like Gecko) Chrome/136.0.7103.59 Mobile Safari/537.36 (compatible; Googlebot/2.1; +http://www.google.com/bot.html)"
66.249.72.142 - - [12/May/2025:10:42:26 -0300] "GET /?terbang=SAKURA303 HTTP/1.1" 200 456879 "-" "Mozilla/5.0 (Linux; Android 6.0.1; Nexus 5X Build/MMB29P) AppleWebKit/537.36 (KHTML, like Gecko) Chrome/136.0.7103.59 Mobile Safari/537.36 (compatible; Googlebot/2.1; +http://www.google.com/bot.html)"
66.249.72.142 - - [12/May/2025:10:42:35 -0300] "GET /XDTuVvPfBpcTlac_ HTTP/1.1" 404 - "https://app.vittahelp.com.br/?terbang=SAKURA303" "Mozilla/5.0 (Linux; Android 6.0.1; Nexus 5X Build/MMB29P) AppleWebKit/537.36 (KHTML, like Gecko) Chrome/135.0.7049.114 Mobile Safari/537.36 (compatible; Googlebot/2.1; +http://www.google.com/bot.html)"
66.249.72.142 - - [12/May/2025:11:29:48 -0300] "GET /?terbang=LIGA788 HTTP/1.1" 200 456811 "-" "Mozilla/5.0 (Linux; Android 6.0.1; Nexus 5X Build/MMB29P) AppleWebKit/537.36 (KHTML, like Gecko) Chrome/136.0.7103.59 Mobile Safari/537.36 (compatible; Googlebot/2.1; +http://www.google.com/bot.html)"
66.249.72.129 - - [12/May/2025:11:30:16 -0300] "GET /XDTuVvPfBpcTlac_ HTTP/1.1" 404 - "https://app.vittahelp.com.br/?terbang=LIGA788" "Mozilla/5.0 (Linux; Android 6.0.1; Nexus 5X Build/MMB29P) AppleWebKit/537.36 (KHTML, like Gecko) Chrome/135.0.7049.114 Mobile Safari/537.36 (compatible; Googlebot/2.1; +http://www.google.com/bot.html)"
66.249.72.128 - - [12/May/2025:11:30:16 -0300] "GET /MPCU7W7qAckf0QG5 HTTP/1.1" 404 - "https://app.vittahelp.com.br/?terbang=LIGA788" "Mozilla/5.0 (Linux; Android 6.0.1; Nexus 5X Build/MMB29P) AppleWebKit/537.36 (KHTML, like Gecko) Chrome/135.0.7049.114 Mobile Safari/537.36 (compatible; Googlebot/2.1; +http://www.google.com/bot.html)"
66.249.72.142 - - [12/May/2025:11:33:37 -0300] "GET /?terbang=slot+garansi+kekalahan HTTP/1.1" 200 457321 "-" "Mozilla/5.0 (Linux; Android 6.0.1; Nexus 5X Build/MMB29P) AppleWebKit/537.36 (KHTML, like Gecko) Chrome/136.0.7103.59 Mobile Safari/537.36 (compatible; Googlebot/2.1; +http://www.google.com/bot.html)"
66.249.72.129 - - [12/May/2025:11:38:22 -0300] "GET /?terbang=LOTUS4D3 HTTP/1.1" 200 456845 "-" "Mozilla/5.0 (Linux; Android 6.0.1; Nexus 5X Build/MMB29P) AppleWebKit/537.36 (KHTML, like Gecko) Chrome/136.0.7103.59 Mobile Safari/537.36 (compatible; Googlebot/2.1; +http://www.google.com/bot.html)"
66.249.72.128 - - [12/May/2025:11:38:46 -0300] "GET /?terbang=BELAGIOSLOT+RTP+SLOT HTTP/1.1" 200 457253 "-" "Mozilla/5.0 (Linux; Android 6.0.1; Nexus 5X Build/MMB29P) AppleWebKit/537.36 (KHTML, like Gecko) Chrome/136.0.7103.59 Mobile Safari/537.36 (compatible; Googlebot/2.1; +http://www.google.com/bot.html)"
66.249.72.128 - - [12/May/2025:11:52:33 -0300] "GET /?terbang=DINAS4D+RTP+SLOT HTTP/1.1" 200 457117 "-" "Mozilla/5.0 (Linux; Android 6.0.1; Nexus 5X Build/MMB29P) AppleWebKit/537.36 (KHTML, like Gecko) Chrome/136.0.7103.59 Mobile Safari/537.36 (compatible; Googlebot/2.1; +http://www.google.com/bot.html)"
66.249.72.128 - - [12/May/2025:11:53:42 -0300] "GET /?terbang=GUINEA+RTP+SLOT HTTP/1.1" 200 457083 "-" "Mozilla/5.0 (Linux; Android 6.0.1; Nexus 5X Build/MMB29P) AppleWebKit/537.36 (KHTML, like Gecko) Chrome/136.0.7103.59 Mobile Safari/537.36 (compatible; Googlebot/2.1; +http://www.google.com/bot.html)"
66.249.72.129 - - [12/May/2025:11:54:05 -0300] "GET /?terbang=BASAH138 HTTP/1.1" 200 456845 "-" "Mozilla/5.0 (Linux; Android 6.0.1; Nexus 5X Build/MMB29P) AppleWebKit/537.36 (KHTML, like Gecko) Chrome/136.0.7103.59 Mobile Safari/537.36 (compatible; Googlebot/2.1; +http://www.google.com/bot.html)"
66.249.72.128 - - [12/May/2025:11:55:14 -0300] "GET /?terbang=jam+gacor+hari+ini HTTP/1.1" 200 457185 "-" "Mozilla/5.0 (Linux; Android 6.0.1; Nexus 5X Build/MMB29P) AppleWebKit/537.36 (KHTML, like Gecko) Chrome/136.0.7103.59 Mobile Safari/537.36 (compatible; Googlebot/2.1; +http://www.google.com/bot.html)"
66.249.72.128 - - [12/May/2025:12:00:38 -0300] "GET /XDTuVvPfBpcTlac_ HTTP/1.1" 404 - "https://app.vittahelp.com.br/?terbang=STANASLOT365" "Mozilla/5.0 (Linux; Android 6.0.1; Nexus 5X Build/MMB29P) AppleWebKit/537.36 (KHTML, like Gecko) Chrome/135.0.7049.114 Mobile Safari/537.36 (compatible; Googlebot/2.1; +http://www.google.com/bot.html)"
66.249.72.129 - - [12/May/2025:12:00:39 -0300] "GET /MPCU7W7qAckf0QG5 HTTP/1.1" 404 - "https://app.vittahelp.com.br/?terbang=STANASLOT365" "Mozilla/5.0 (Linux; Android 6.0.1; Nexus 5X Build/MMB29P) AppleWebKit/537.36 (KHTML, like Gecko) Chrome/135.0.7049.114 Mobile Safari/537.36 (compatible; Googlebot/2.1; +http://www.google.com/bot.html)"
66.249.72.128 - - [12/May/2025:12:05:10 -0300] "GET /?terbang=QQMACAN HTTP/1.1" 200 456811 "-" "Mozilla/5.0 (Linux; Android 6.0.1; Nexus 5X Build/MMB29P) AppleWebKit/537.36 (KHTML, like Gecko) Chrome/136.0.7103.59 Mobile Safari/537.36 (compatible; Googlebot/2.1; +http://www.google.com/bot.html)"
66.249.72.142 - - [12/May/2025:12:12:25 -0300] "GET /?terbang=LOBSTER4D+RTP+SLOT HTTP/1.1" 200 457185 "-" "Mozilla/5.0 (Linux; Android 6.0.1; Nexus 5X Build/MMB29P) AppleWebKit/537.36 (KHTML, like Gecko) Chrome/136.0.7103.59 Mobile Safari/537.36 (compatible; Googlebot/2.1; +http://www.google.com/bot.html)"
66.249.72.142 - - [12/May/2025:12:52:44 -0300] "GET /robots.txt HTTP/1.1" 200 75 "-" "Mozilla/5.0 (compatible; Googlebot/2.1; +http://www.google.com/bot.html)"
66.249.72.129 - - [12/May/2025:12:52:45 -0300] "GET /?terbang=borju89 HTTP/1.1" 200 456811 "-" "Mozilla/5.0 (Linux; Android 6.0.1; Nexus 5X Build/MMB29P) AppleWebKit/537.36 (KHTML, like Gecko) Chrome/136.0.7103.59 Mobile Safari/537.36 (compatible; Googlebot/2.1; +http://www.google.com/bot.html)"
66.249.72.128 - - [12/May/2025:12:53:09 -0300] "GET /?terbang=DEWAPETIR88 HTTP/1.1" 200 456947 "-" "Mozilla/5.0 (Linux; Android 6.0.1; Nexus 5X Build/MMB29P) AppleWebKit/537.36 (KHTML, like Gecko) Chrome/136.0.7103.59 Mobile Safari/537.36 (compatible; Googlebot/2.1; +http://www.google.com/bot.html)"
66.249.72.128 - - [12/May/2025:13:13:05 -0300] "GET /?terbang=slot+mpo+228 HTTP/1.1" 200 456981 "-" "Mozilla/5.0 (Linux; Android 6.0.1; Nexus 5X Build/MMB29P) AppleWebKit/537.36 (KHTML, like Gecko) Chrome/136.0.7103.59 Mobile Safari/537.36 (compatible; Googlebot/2.1; +http://www.google.com/bot.html)"
66.249.72.142 - - [12/May/2025:13:13:25 -0300] "GET /MPCU7W7qAckf0QG5 HTTP/1.1" 404 - "https://app.vittahelp.com.br/?terbang=slot+mpo+228" "Mozilla/5.0 (Linux; Android 6.0.1; Nexus 5X Build/MMB29P) AppleWebKit/537.36 (KHTML, like Gecko) Chrome/135.0.7049.114 Mobile Safari/537.36 (compatible; Googlebot/2.1; +http://www.google.com/bot.html)"
66.249.72.128 - - [12/May/2025:13:13:25 -0300] "GET /XDTuVvPfBpcTlac_ HTTP/1.1" 404 - "https://app.vittahelp.com.br/?terbang=slot+mpo+228" "Mozilla/5.0 (Linux; Android 6.0.1; Nexus 5X Build/MMB29P) AppleWebKit/537.36 (KHTML, like Gecko) Chrome/135.0.7049.114 Mobile Safari/537.36 (compatible; Googlebot/2.1; +http://www.google.com/bot.html)"
66.249.72.128 - - [12/May/2025:13:13:25 -0300] "GET /XDTuVvPfBpcTlac_ HTTP/1.1" 404 - "https://app.vittahelp.com.br/?terbang=slot+mpo+228" "Mozilla/5.0 (Linux; Android 6.0.1; Nexus 5X Build/MMB29P) AppleWebKit/537.36 (KHTML, like Gecko) Chrome/135.0.7049.114 Mobile Safari/537.36 (compatible; Googlebot/2.1; +http://www.google.com/bot.html)"
66.249.72.129 - - [12/May/2025:13:20:00 -0300] "GET /?terbang=DEWA+777+RTP+SLOT HTTP/1.1" 200 457151 "-" "Mozilla/5.0 (Linux; Android 6.0.1; Nexus 5X Build/MMB29P) AppleWebKit/537.36 (KHTML, like Gecko) Chrome/136.0.7103.59 Mobile Safari/537.36 (compatible; Googlebot/2.1; +http://www.google.com/bot.html)"
66.249.72.128 - - [12/May/2025:13:20:12 -0300] "GET /XDTuVvPfBpcTlac_ HTTP/1.1" 404 - "https://app.vittahelp.com.br/?terbang=DEWA+777+RTP+SLOT" "Mozilla/5.0 (Linux; Android 6.0.1; Nexus 5X Build/MMB29P) AppleWebKit/537.36 (KHTML, like Gecko) Chrome/135.0.7049.114 Mobile Safari/537.36 (compatible; Googlebot/2.1; +http://www.google.com/bot.html)"
66.249.72.142 - - [12/May/2025:13:20:12 -0300] "GET /MPCU7W7qAckf0QG5 HTTP/1.1" 404 - "https://app.vittahelp.com.br/?terbang=DEWA+777+RTP+SLOT" "Mozilla/5.0 (Linux; Android 6.0.1; Nexus 5X Build/MMB29P) AppleWebKit/537.36 (KHTML, like Gecko) Chrome/135.0.7049.114 Mobile Safari/537.36 (compatible; Googlebot/2.1; +http://www.google.com/bot.html)"
66.249.72.129 - - [12/May/2025:13:30:05 -0300] "GET /?terbang=ndkasino HTTP/1.1" 200 456845 "-" "Mozilla/5.0 (Linux; Android 6.0.1; Nexus 5X Build/MMB29P) AppleWebKit/537.36 (KHTML, like Gecko) Chrome/136.0.7103.59 Mobile Safari/537.36 (compatible; Googlebot/2.1; +http://www.google.com/bot.html)"
66.249.72.128 - - [12/May/2025:13:30:05 -0300] "GET /?terbang=pelangi88 HTTP/1.1" 200 456879 "-" "Mozilla/5.0 (Linux; Android 6.0.1; Nexus 5X Build/MMB29P) AppleWebKit/537.36 (KHTML, like Gecko) Chrome/136.0.7103.59 Mobile Safari/537.36 (compatible; Googlebot/2.1; +http://www.google.com/bot.html)"
66.249.72.142 - - [12/May/2025:13:30:24 -0300] "GET /XDTuVvPfBpcTlac_ HTTP/1.1" 404 - "https://app.vittahelp.com.br/?terbang=ndkasino" "Mozilla/5.0 (Linux; Android 6.0.1; Nexus 5X Build/MMB29P) AppleWebKit/537.36 (KHTML, like Gecko) Chrome/135.0.7049.114 Mobile Safari/537.36 (compatible; Googlebot/2.1; +http://www.google.com/bot.html)"
66.249.72.128 - - [12/May/2025:13:30:25 -0300] "GET /XDTuVvPfBpcTlac_ HTTP/1.1" 404 - "https://app.vittahelp.com.br/?terbang=ndkasino" "Mozilla/5.0 (Linux; Android 6.0.1; Nexus 5X Build/MMB29P) AppleWebKit/537.36 (KHTML, like Gecko) Chrome/135.0.7049.114 Mobile Safari/537.36 (compatible; Googlebot/2.1; +http://www.google.com/bot.html)"
66.249.72.142 - - [12/May/2025:13:30:25 -0300] "GET /MPCU7W7qAckf0QG5 HTTP/1.1" 404 - "https://app.vittahelp.com.br/?terbang=ndkasino" "Mozilla/5.0 (Linux; Android 6.0.1; Nexus 5X Build/MMB29P) AppleWebKit/537.36 (KHTML, like Gecko) Chrome/135.0.7049.114 Mobile Safari/537.36 (compatible; Googlebot/2.1; +http://www.google.com/bot.html)"
66.249.72.128 - - [12/May/2025:13:30:26 -0300] "GET /MPCU7W7qAckf0QG5 HTTP/1.1" 404 - "https://app.vittahelp.com.br/?terbang=ndkasino" "Mozilla/5.0 (Linux; Android 6.0.1; Nexus 5X Build/MMB29P) AppleWebKit/537.36 (KHTML, like Gecko) Chrome/135.0.7049.114 Mobile Safari/537.36 (compatible; Googlebot/2.1; +http://www.google.com/bot.html)"
66.249.72.129 - - [12/May/2025:13:32:26 -0300] "GET /?terbang=DEWA121+RTP+SLOT HTTP/1.1" 200 457117 "-" "Mozilla/5.0 (Linux; Android 6.0.1; Nexus 5X Build/MMB29P) AppleWebKit/537.36 (KHTML, like Gecko) Chrome/136.0.7103.59 Mobile Safari/537.36 (compatible; Googlebot/2.1; +http://www.google.com/bot.html)"
66.249.72.142 - - [12/May/2025:13:40:51 -0300] "GET /?terbang=karyaqq HTTP/1.1" 200 456811 "-" "Mozilla/5.0 (Linux; Android 6.0.1; Nexus 5X Build/MMB29P) AppleWebKit/537.36 (KHTML, like Gecko) Chrome/136.0.7103.59 Mobile Safari/537.36 (compatible; Googlebot/2.1; +http://www.google.com/bot.html)"
66.249.72.128 - - [12/May/2025:13:41:14 -0300] "GET /XDTuVvPfBpcTlac_ HTTP/1.1" 404 - "https://app.vittahelp.com.br/?terbang=karyaqq" "Mozilla/5.0 (Linux; Android 6.0.1; Nexus 5X Build/MMB29P) AppleWebKit/537.36 (KHTML, like Gecko) Chrome/135.0.7049.114 Mobile Safari/537.36 (compatible; Googlebot/2.1; +http://www.google.com/bot.html)"
66.249.72.128 - - [12/May/2025:13:41:15 -0300] "GET /MPCU7W7qAckf0QG5 HTTP/1.1" 404 - "https://app.vittahelp.com.br/?terbang=karyaqq" "Mozilla/5.0 (Linux; Android 6.0.1; Nexus 5X Build/MMB29P) AppleWebKit/537.36 (KHTML, like Gecko) Chrome/135.0.7049.114 Mobile Safari/537.36 (compatible; Googlebot/2.1; +http://www.google.com/bot.html)"
66.249.72.142 - - [12/May/2025:13:50:15 -0300] "GET /?terbang=maxwin88+slot+login HTTP/1.1" 200 457219 "-" "Mozilla/5.0 (Linux; Android 6.0.1; Nexus 5X Build/MMB29P) AppleWebKit/537.36 (KHTML, like Gecko) Chrome/136.0.7103.59 Mobile Safari/537.36 (compatible; Googlebot/2.1; +http://www.google.com/bot.html)"
66.249.72.128 - - [12/May/2025:13:50:25 -0300] "GET /MPCU7W7qAckf0QG5 HTTP/1.1" 404 - "https://app.vittahelp.com.br/?terbang=maxwin88+slot+login" "Mozilla/5.0 (Linux; Android 6.0.1; Nexus 5X Build/MMB29P) AppleWebKit/537.36 (KHTML, like Gecko) Chrome/135.0.7049.114 Mobile Safari/537.36 (compatible; Googlebot/2.1; +http://www.google.com/bot.html)"
66.249.72.142 - - [12/May/2025:13:50:25 -0300] "GET /XDTuVvPfBpcTlac_ HTTP/1.1" 404 - "https://app.vittahelp.com.br/?terbang=maxwin88+slot+login" "Mozilla/5.0 (Linux; Android 6.0.1; Nexus 5X Build/MMB29P) AppleWebKit/537.36 (KHTML, like Gecko) Chrome/135.0.7049.114 Mobile Safari/537.36 (compatible; Googlebot/2.1; +http://www.google.com/bot.html)"
66.249.72.128 - - [12/May/2025:13:57:14 -0300] "GET /?terbang=pertamabet88 HTTP/1.1" 200 456981 "-" "Mozilla/5.0 (Linux; Android 6.0.1; Nexus 5X Build/MMB29P) AppleWebKit/537.36 (KHTML, like Gecko) Chrome/136.0.7103.59 Mobile Safari/537.36 (compatible; Googlebot/2.1; +http://www.google.com/bot.html)"
66.249.72.142 - - [12/May/2025:14:07:25 -0300] "GET /?terbang=OLXSLOT303 HTTP/1.1" 200 456913 "-" "Mozilla/5.0 (Linux; Android 6.0.1; Nexus 5X Build/MMB29P) AppleWebKit/537.36 (KHTML, like Gecko) Chrome/136.0.7103.59 Mobile Safari/537.36 (compatible; Googlebot/2.1; +http://www.google.com/bot.html)"
4.227.36.102 - - [12/May/2025:14:09:45 -0300] "GET /robots.txt HTTP/1.1" 200 75 "-" "Mozilla/5.0 AppleWebKit/537.36 (KHTML, like Gecko; compatible; GPTBot/1.2; +https://openai.com/gptbot)"
20.171.207.139 - - [12/May/2025:14:09:46 -0300] "GET / HTTP/1.1" 404 796 "-" "Mozilla/5.0 AppleWebKit/537.36 (KHTML, like Gecko; compatible; GPTBot/1.2; +https://openai.com/gptbot)"
66.249.72.142 - - [12/May/2025:14:36:02 -0300] "GET /?terbang=GACOR+TOP1TOTO+RTP+SLOT HTTP/1.1" 200 457355 "-" "Mozilla/5.0 (Linux; Android 6.0.1; Nexus 5X Build/MMB29P) AppleWebKit/537.36 (KHTML, like Gecko) Chrome/136.0.7103.59 Mobile Safari/537.36 (compatible; Googlebot/2.1; +http://www.google.com/bot.html)"
66.249.72.142 - - [12/May/2025:14:36:44 -0300] "GET /XDTuVvPfBpcTlac_ HTTP/1.1" 404 - "https://app.vittahelp.com.br/?terbang=GACOR+TOP1TOTO+RTP+SLOT" "Mozilla/5.0 (Linux; Android 6.0.1; Nexus 5X Build/MMB29P) AppleWebKit/537.36 (KHTML, like Gecko) Chrome/135.0.7049.114 Mobile Safari/537.36 (compatible; Googlebot/2.1; +http://www.google.com/bot.html)"
66.249.72.128 - - [12/May/2025:14:36:45 -0300] "GET /MPCU7W7qAckf0QG5 HTTP/1.1" 404 - "https://app.vittahelp.com.br/?terbang=GACOR+TOP1TOTO+RTP+SLOT" "Mozilla/5.0 (Linux; Android 6.0.1; Nexus 5X Build/MMB29P) AppleWebKit/537.36 (KHTML, like Gecko) Chrome/135.0.7049.114 Mobile Safari/537.36 (compatible; Googlebot/2.1; +http://www.google.com/bot.html)"
20.171.207.139 - - [12/May/2025:15:24:20 -0300] "GET / HTTP/1.1" 404 796 "-" "Mozilla/5.0 AppleWebKit/537.36 (KHTML, like Gecko; compatible; GPTBot/1.2; +https://openai.com/gptbot)"
66.249.72.128 - - [12/May/2025:15:34:12 -0300] "GET /?terbang=GAS4D HTTP/1.1" 200 456743 "-" "Mozilla/5.0 (Linux; Android 6.0.1; Nexus 5X Build/MMB29P) AppleWebKit/537.36 (KHTML, like Gecko) Chrome/136.0.7103.59 Mobile Safari/537.36 (compatible; Googlebot/2.1; +http://www.google.com/bot.html)"
66.249.72.128 - - [12/May/2025:15:34:29 -0300] "GET /MPCU7W7qAckf0QG5 HTTP/1.1" 404 - "https://app.vittahelp.com.br/?terbang=GAS4D" "Mozilla/5.0 (Linux; Android 6.0.1; Nexus 5X Build/MMB29P) AppleWebKit/537.36 (KHTML, like Gecko) Chrome/135.0.7049.114 Mobile Safari/537.36 (compatible; Googlebot/2.1; +http://www.google.com/bot.html)"
66.249.72.142 - - [12/May/2025:15:34:30 -0300] "GET /XDTuVvPfBpcTlac_ HTTP/1.1" 404 - "https://app.vittahelp.com.br/?terbang=GAS4D" "Mozilla/5.0 (Linux; Android 6.0.1; Nexus 5X Build/MMB29P) AppleWebKit/537.36 (KHTML, like Gecko) Chrome/135.0.7049.114 Mobile Safari/537.36 (compatible; Googlebot/2.1; +http://www.google.com/bot.html)"
66.249.72.128 - - [12/May/2025:15:34:30 -0300] "GET /XDTuVvPfBpcTlac_ HTTP/1.1" 404 - "https://app.vittahelp.com.br/?terbang=GAS4D" "Mozilla/5.0 (Linux; Android 6.0.1; Nexus 5X Build/MMB29P) AppleWebKit/537.36 (KHTML, like Gecko) Chrome/135.0.7049.114 Mobile Safari/537.36 (compatible; Googlebot/2.1; +http://www.google.com/bot.html)"
66.249.72.128 - - [12/May/2025:15:35:53 -0300] "GET /?terbang=rajawin HTTP/1.1" 200 456811 "-" "Mozilla/5.0 (Linux; Android 6.0.1; Nexus 5X Build/MMB29P) AppleWebKit/537.36 (KHTML, like Gecko) Chrome/136.0.7103.59 Mobile Safari/537.36 (compatible; Googlebot/2.1; +http://www.google.com/bot.html)"
66.249.72.142 - - [12/May/2025:15:41:26 -0300] "GET /?terbang=TAWASLOT HTTP/1.1" 200 456845 "-" "Mozilla/5.0 (Linux; Android 6.0.1; Nexus 5X Build/MMB29P) AppleWebKit/537.36 (KHTML, like Gecko) Chrome/136.0.7103.59 Mobile Safari/537.36 (compatible; Googlebot/2.1; +http://www.google.com/bot.html)"
66.249.72.142 - - [12/May/2025:16:03:15 -0300] "GET /?terbang=multibet88 HTTP/1.1" 200 456913 "-" "Mozilla/5.0 (Linux; Android 6.0.1; Nexus 5X Build/MMB29P) AppleWebKit/537.36 (KHTML, like Gecko) Chrome/136.0.7103.59 Mobile Safari/537.36 (compatible; Googlebot/2.1; +http://www.google.com/bot.html)"
66.249.72.128 - - [12/May/2025:16:03:24 -0300] "GET /XDTuVvPfBpcTlac_ HTTP/1.1" 404 - "https://app.vittahelp.com.br/?terbang=multibet88" "Mozilla/5.0 (Linux; Android 6.0.1; Nexus 5X Build/MMB29P) AppleWebKit/537.36 (KHTML, like Gecko) Chrome/135.0.7049.114 Mobile Safari/537.36 (compatible; Googlebot/2.1; +http://www.google.com/bot.html)"
66.249.72.142 - - [12/May/2025:16:03:24 -0300] "GET /MPCU7W7qAckf0QG5 HTTP/1.1" 404 - "https://app.vittahelp.com.br/?terbang=multibet88" "Mozilla/5.0 (Linux; Android 6.0.1; Nexus 5X Build/MMB29P) AppleWebKit/537.36 (KHTML, like Gecko) Chrome/135.0.7049.114 Mobile Safari/537.36 (compatible; Googlebot/2.1; +http://www.google.com/bot.html)"
66.249.72.142 - - [12/May/2025:16:07:26 -0300] "GET /?terbang=XTUBECINEMA HTTP/1.1" 200 456947 "-" "Mozilla/5.0 (Linux; Android 6.0.1; Nexus 5X Build/MMB29P) AppleWebKit/537.36 (KHTML, like Gecko) Chrome/136.0.7103.59 Mobile Safari/537.36 (compatible; Googlebot/2.1; +http://www.google.com/bot.html)"
66.249.72.129 - - [12/May/2025:16:23:18 -0300] "GET /?terbang=SARANG303+RTP+SLOT HTTP/1.1" 200 457185 "-" "Mozilla/5.0 (Linux; Android 6.0.1; Nexus 5X Build/MMB29P) AppleWebKit/537.36 (KHTML, like Gecko) Chrome/136.0.7103.59 Mobile Safari/537.36 (compatible; Googlebot/2.1; +http://www.google.com/bot.html)"
66.249.72.128 - - [12/May/2025:16:43:22 -0300] "GET /?terbang=JENIUS777SLOT+RTP+SLOT HTTP/1.1" 200 457321 "-" "Mozilla/5.0 (Linux; Android 6.0.1; Nexus 5X Build/MMB29P) AppleWebKit/537.36 (KHTML, like Gecko) Chrome/136.0.7103.59 Mobile Safari/537.36 (compatible; Googlebot/2.1; +http://www.google.com/bot.html)"
66.249.72.129 - - [12/May/2025:16:53:24 -0300] "GET /?terbang=INDOBET HTTP/1.1" 200 456811 "-" "Mozilla/5.0 (Linux; Android 6.0.1; Nexus 5X Build/MMB29P) AppleWebKit/537.36 (KHTML, like Gecko) Chrome/136.0.7103.59 Mobile Safari/537.36 (compatible; Googlebot/2.1; +http://www.google.com/bot.html)"
66.249.72.128 - - [12/May/2025:16:58:59 -0300] "GET /?terbang=ligasamudera HTTP/1.1" 200 456981 "-" "Mozilla/5.0 (Linux; Android 6.0.1; Nexus 5X Build/MMB29P) AppleWebKit/537.36 (KHTML, like Gecko) Chrome/136.0.7103.59 Mobile Safari/537.36 (compatible; Googlebot/2.1; +http://www.google.com/bot.html)"
66.249.72.129 - - [12/May/2025:17:30:24 -0300] "GET /?terbang=totogung2 HTTP/1.1" 200 456879 "-" "Mozilla/5.0 (Linux; Android 6.0.1; Nexus 5X Build/MMB29P) AppleWebKit/537.36 (KHTML, like Gecko) Chrome/136.0.7103.59 Mobile Safari/537.36 (compatible; Googlebot/2.1; +http://www.google.com/bot.html)"
66.249.72.128 - - [12/May/2025:17:31:22 -0300] "GET /?terbang=BANDARONLINE4D HTTP/1.1" 200 457049 "-" "Mozilla/5.0 (Linux; Android 6.0.1; Nexus 5X Build/MMB29P) AppleWebKit/537.36 (KHTML, like Gecko) Chrome/136.0.7103.59 Mobile Safari/537.36 (compatible; Googlebot/2.1; +http://www.google.com/bot.html)"
66.249.72.129 - - [12/May/2025:17:32:17 -0300] "GET /MPCU7W7qAckf0QG5 HTTP/1.1" 404 - "https://app.vittahelp.com.br/?terbang=BANDARONLINE4D" "Mozilla/5.0 (Linux; Android 6.0.1; Nexus 5X Build/MMB29P) AppleWebKit/537.36 (KHTML, like Gecko) Chrome/135.0.7049.114 Mobile Safari/537.36 (compatible; Googlebot/2.1; +http://www.google.com/bot.html)"
66.249.72.128 - - [12/May/2025:17:32:18 -0300] "GET /XDTuVvPfBpcTlac_ HTTP/1.1" 404 - "https://app.vittahelp.com.br/?terbang=BANDARONLINE4D" "Mozilla/5.0 (Linux; Android 6.0.1; Nexus 5X Build/MMB29P) AppleWebKit/537.36 (KHTML, like Gecko) Chrome/135.0.7049.114 Mobile Safari/537.36 (compatible; Googlebot/2.1; +http://www.google.com/bot.html)"
66.249.72.129 - - [12/May/2025:17:32:21 -0300] "GET /?terbang=MBAKSLOT+RTP+SLOT HTTP/1.1" 200 457151 "-" "Mozilla/5.0 (Linux; Android 6.0.1; Nexus 5X Build/MMB29P) AppleWebKit/537.36 (KHTML, like Gecko) Chrome/136.0.7103.59 Mobile Safari/537.36 (compatible; Googlebot/2.1; +http://www.google.com/bot.html)"
66.249.72.129 - - [12/May/2025:17:33:49 -0300] "GET /MPCU7W7qAckf0QG5 HTTP/1.1" 404 - "https://app.vittahelp.com.br/?terbang=borju89" "Mozilla/5.0 (Linux; Android 6.0.1; Nexus 5X Build/MMB29P) AppleWebKit/537.36 (KHTML, like Gecko) Chrome/135.0.7049.114 Mobile Safari/537.36 (compatible; Googlebot/2.1; +http://www.google.com/bot.html)"
66.249.72.129 - - [12/May/2025:17:40:05 -0300] "GET /?terbang=JATIBET+RTP+SLOT HTTP/1.1" 200 457117 "-" "Mozilla/5.0 (Linux; Android 6.0.1; Nexus 5X Build/MMB29P) AppleWebKit/537.36 (KHTML, like Gecko) Chrome/136.0.7103.59 Mobile Safari/537.36 (compatible; Googlebot/2.1; +http://www.google.com/bot.html)"
66.249.72.129 - - [12/May/2025:17:44:32 -0300] "GET /XDTuVvPfBpcTlac_ HTTP/1.1" 404 - "https://app.vittahelp.com.br/?terbang=JATIBET+RTP+SLOT" "Mozilla/5.0 (Linux; Android 6.0.1; Nexus 5X Build/MMB29P) AppleWebKit/537.36 (KHTML, like Gecko) Chrome/135.0.7049.114 Mobile Safari/537.36 (compatible; Googlebot/2.1; +http://www.google.com/bot.html)"
66.249.72.128 - - [12/May/2025:17:46:17 -0300] "GET /?terbang=HALOVIP HTTP/1.1" 200 456811 "-" "Mozilla/5.0 (Linux; Android 6.0.1; Nexus 5X Build/MMB29P) AppleWebKit/537.36 (KHTML, like Gecko) Chrome/136.0.7103.59 Mobile Safari/537.36 (compatible; Googlebot/2.1; +http://www.google.com/bot.html)"
66.249.72.128 - - [12/May/2025:17:48:13 -0300] "GET /?terbang=rejeki+hoki+slot HTTP/1.1" 200 457117 "-" "Mozilla/5.0 (Linux; Android 6.0.1; Nexus 5X Build/MMB29P) AppleWebKit/537.36 (KHTML, like Gecko) Chrome/136.0.7103.59 Mobile Safari/537.36 (compatible; Googlebot/2.1; +http://www.google.com/bot.html)"
66.249.72.128 - - [12/May/2025:17:48:14 -0300] "GET /?terbang=WEDE168 HTTP/1.1" 200 456811 "-" "Mozilla/5.0 (Linux; Android 6.0.1; Nexus 5X Build/MMB29P) AppleWebKit/537.36 (KHTML, like Gecko) Chrome/136.0.7103.59 Mobile Safari/537.36 (compatible; Googlebot/2.1; +http://www.google.com/bot.html)"
66.249.72.142 - - [12/May/2025:17:48:49 -0300] "GET /XDTuVvPfBpcTlac_ HTTP/1.1" 404 - "https://app.vittahelp.com.br/?terbang=rejeki+hoki+slot" "Mozilla/5.0 (Linux; Android 6.0.1; Nexus 5X Build/MMB29P) AppleWebKit/537.36 (KHTML, like Gecko) Chrome/135.0.7049.114 Mobile Safari/537.36 (compatible; Googlebot/2.1; +http://www.google.com/bot.html)"
66.249.72.128 - - [12/May/2025:17:48:50 -0300] "GET /MPCU7W7qAckf0QG5 HTTP/1.1" 404 - "https://app.vittahelp.com.br/?terbang=rejeki+hoki+slot" "Mozilla/5.0 (Linux; Android 6.0.1; Nexus 5X Build/MMB29P) AppleWebKit/537.36 (KHTML, like Gecko) Chrome/135.0.7049.114 Mobile Safari/537.36 (compatible; Googlebot/2.1; +http://www.google.com/bot.html)"
66.249.72.128 - - [12/May/2025:17:56:18 -0300] "GET /?terbang=MAJURO HTTP/1.1" 200 456777 "-" "Mozilla/5.0 (Linux; Android 6.0.1; Nexus 5X Build/MMB29P) AppleWebKit/537.36 (KHTML, like Gecko) Chrome/136.0.7103.59 Mobile Safari/537.36 (compatible; Googlebot/2.1; +http://www.google.com/bot.html)"
66.249.72.142 - - [12/May/2025:18:01:41 -0300] "GET /?terbang=ASETBET+RTP+SLOT HTTP/1.1" 200 457117 "-" "Mozilla/5.0 (Linux; Android 6.0.1; Nexus 5X Build/MMB29P) AppleWebKit/537.36 (KHTML, like Gecko) Chrome/136.0.7103.59 Mobile Safari/537.36 (compatible; Googlebot/2.1; +http://www.google.com/bot.html)"
66.249.72.129 - - [12/May/2025:18:03:37 -0300] "GET /?terbang=MEGAPULSA88+RTP+SLOT HTTP/1.1" 200 457253 "-" "Mozilla/5.0 (Linux; Android 6.0.1; Nexus 5X Build/MMB29P) AppleWebKit/537.36 (KHTML, like Gecko) Chrome/136.0.7103.59 Mobile Safari/537.36 (compatible; Googlebot/2.1; +http://www.google.com/bot.html)"
66.249.72.142 - - [12/May/2025:18:09:25 -0300] "GET /?terbang=KILATBET HTTP/1.1" 200 456845 "-" "Mozilla/5.0 (Linux; Android 6.0.1; Nexus 5X Build/MMB29P) AppleWebKit/537.36 (KHTML, like Gecko) Chrome/136.0.7103.59 Mobile Safari/537.36 (compatible; Googlebot/2.1; +http://www.google.com/bot.html)"
66.249.72.142 - - [12/May/2025:18:18:37 -0300] "GET /?terbang=ONLINE77 HTTP/1.1" 200 456845 "-" "Mozilla/5.0 (Linux; Android 6.0.1; Nexus 5X Build/MMB29P) AppleWebKit/537.36 (KHTML, like Gecko) Chrome/136.0.7103.59 Mobile Safari/537.36 (compatible; Googlebot/2.1; +http://www.google.com/bot.html)"
66.249.72.129 - - [12/May/2025:18:27:22 -0300] "GET /?terbang=SAMOSIR138 HTTP/1.1" 200 456913 "-" "Mozilla/5.0 (Linux; Android 6.0.1; Nexus 5X Build/MMB29P) AppleWebKit/537.36 (KHTML, like Gecko) Chrome/136.0.7103.59 Mobile Safari/537.36 (compatible; Googlebot/2.1; +http://www.google.com/bot.html)"
66.249.72.129 - - [12/May/2025:18:42:12 -0300] "GET /?terbang=rtp+dana HTTP/1.1" 200 456845 "-" "Mozilla/5.0 (Linux; Android 6.0.1; Nexus 5X Build/MMB29P) AppleWebKit/537.36 (KHTML, like Gecko) Chrome/136.0.7103.59 Mobile Safari/537.36 (compatible; Googlebot/2.1; +http://www.google.com/bot.html)"
35.94.93.149 - - [12/May/2025:19:04:02 -0300] "GET /robots.txt HTTP/1.1" 200 75 "-" "Mozilla/5.0 (compatible; wpbot/1.3; +https://forms.gle/ajBaxygz9jSR8p8G9)"
35.94.93.149 - - [12/May/2025:19:04:03 -0300] "GET / HTTP/1.1" 404 796 "-" "Mozilla/5.0 (compatible; wpbot/1.3; +https://forms.gle/ajBaxygz9jSR8p8G9)"
4.227.36.102 - - [12/May/2025:19:05:06 -0300] "GET /robots.txt HTTP/1.1" 200 75 "-" "Mozilla/5.0 AppleWebKit/537.36 (KHTML, like Gecko; compatible; GPTBot/1.2; +https://openai.com/gptbot)"
20.171.207.139 - - [12/May/2025:19:05:11 -0300] "GET /login_pic.asp HTTP/1.1" 404 - "-" "Mozilla/5.0 AppleWebKit/537.36 (KHTML, like Gecko; compatible; GPTBot/1.2; +https://openai.com/gptbot)"
20.171.207.139 - - [12/May/2025:19:05:14 -0300] "GET /index.htmlr HTTP/1.1" 404 - "-" "Mozilla/5.0 AppleWebKit/537.36 (KHTML, like Gecko; compatible; GPTBot/1.2; +https://openai.com/gptbot)"
20.171.207.139 - - [12/May/2025:19:05:17 -0300] "GET /webadmin/admin/service_manager_data.php HTTP/1.1" 404 - "-" "Mozilla/5.0 AppleWebKit/537.36 (KHTML, like Gecko; compatible; GPTBot/1.2; +https://openai.com/gptbot)"
20.171.207.139 - - [12/May/2025:19:05:20 -0300] "GET /manage/account/login HTTP/1.1" 404 - "-" "Mozilla/5.0 AppleWebKit/537.36 (KHTML, like Gecko; compatible; GPTBot/1.2; +https://openai.com/gptbot)"
20.171.207.139 - - [12/May/2025:19:05:23 -0300] "GET /opennms/login.jsp HTTP/1.1" 404 - "-" "Mozilla/5.0 AppleWebKit/537.36 (KHTML, like Gecko; compatible; GPTBot/1.2; +https://openai.com/gptbot)"
20.171.207.139 - - [12/May/2025:19:05:26 -0300] "GET / HTTP/1.1" 404 796 "-" "Mozilla/5.0 AppleWebKit/537.36 (KHTML, like Gecko; compatible; GPTBot/1.2; +https://openai.com/gptbot)"
20.171.207.139 - - [12/May/2025:19:05:30 -0300] "GET /artifactory/webapp/ HTTP/1.1" 404 - "-" "Mozilla/5.0 AppleWebKit/537.36 (KHTML, like Gecko; compatible; GPTBot/1.2; +https://openai.com/gptbot)"
20.171.207.139 - - [12/May/2025:19:05:33 -0300] "GET /libs/granite/core/content/login.html HTTP/1.1" 404 - "-" "Mozilla/5.0 AppleWebKit/537.36 (KHTML, like Gecko; compatible; GPTBot/1.2; +https://openai.com/gptbot)"
20.171.207.139 - - [12/May/2025:19:05:36 -0300] "GET /user_add.php HTTP/1.1" 404 - "-" "Mozilla/5.0 AppleWebKit/537.36 (KHTML, like Gecko; compatible; GPTBot/1.2; +https://openai.com/gptbot)"
20.171.207.139 - - [12/May/2025:19:05:39 -0300] "GET /admin/ HTTP/1.1" 404 - "-" "Mozilla/5.0 AppleWebKit/537.36 (KHTML, like Gecko; compatible; GPTBot/1.2; +https://openai.com/gptbot)"
20.171.207.139 - - [12/May/2025:19:05:42 -0300] "GET /mifs/user/login.jsp HTTP/1.1" 404 - "-" "Mozilla/5.0 AppleWebKit/537.36 (KHTML, like Gecko; compatible; GPTBot/1.2; +https://openai.com/gptbot)"
66.249.72.128 - - [12/May/2025:19:32:38 -0300] "GET /?terbang=HOLYSLOT777 HTTP/1.1" 200 456947 "-" "Mozilla/5.0 (Linux; Android 6.0.1; Nexus 5X Build/MMB29P) AppleWebKit/537.36 (KHTML, like Gecko) Chrome/136.0.7103.59 Mobile Safari/537.36 (compatible; Googlebot/2.1; +http://www.google.com/bot.html)"
66.249.72.142 - - [12/May/2025:19:32:46 -0300] "GET /XDTuVvPfBpcTlac_ HTTP/1.1" 404 - "https://app.vittahelp.com.br/?terbang=HOLYSLOT777" "Mozilla/5.0 (Linux; Android 6.0.1; Nexus 5X Build/MMB29P) AppleWebKit/537.36 (KHTML, like Gecko) Chrome/135.0.7049.114 Mobile Safari/537.36 (compatible; Googlebot/2.1; +http://www.google.com/bot.html)"
66.249.72.128 - - [12/May/2025:19:32:46 -0300] "GET /XDTuVvPfBpcTlac_ HTTP/1.1" 404 - "https://app.vittahelp.com.br/?terbang=HOLYSLOT777" "Mozilla/5.0 (Linux; Android 6.0.1; Nexus 5X Build/MMB29P) AppleWebKit/537.36 (KHTML, like Gecko) Chrome/135.0.7049.114 Mobile Safari/537.36 (compatible; Googlebot/2.1; +http://www.google.com/bot.html)"
66.249.72.129 - - [12/May/2025:19:36:27 -0300] "GET /?terbang=PERMATA4D+RTP+SLOT HTTP/1.1" 200 457185 "-" "Mozilla/5.0 (Linux; Android 6.0.1; Nexus 5X Build/MMB29P) AppleWebKit/537.36 (KHTML, like Gecko) Chrome/136.0.7103.59 Mobile Safari/537.36 (compatible; Googlebot/2.1; +http://www.google.com/bot.html)"
66.249.72.128 - - [12/May/2025:19:46:39 -0300] "GET /?terbang=joker138 HTTP/1.1" 200 456845 "-" "Mozilla/5.0 (Linux; Android 6.0.1; Nexus 5X Build/MMB29P) AppleWebKit/537.36 (KHTML, like Gecko) Chrome/136.0.7103.59 Mobile Safari/537.36 (compatible; Googlebot/2.1; +http://www.google.com/bot.html)"
66.249.72.129 - - [12/May/2025:19:53:21 -0300] "GET /?terbang=PERMATAQQ HTTP/1.1" 200 456879 "-" "Mozilla/5.0 (Linux; Android 6.0.1; Nexus 5X Build/MMB29P) AppleWebKit/537.36 (KHTML, like Gecko) Chrome/136.0.7103.59 Mobile Safari/537.36 (compatible; Googlebot/2.1; +http://www.google.com/bot.html)"
66.249.72.129 - - [12/May/2025:19:57:07 -0300] "GET /MPCU7W7qAckf0QG5 HTTP/1.1" 404 - "https://app.vittahelp.com.br/?terbang=MAJURO" "Mozilla/5.0 (Linux; Android 6.0.1; Nexus 5X Build/MMB29P) AppleWebKit/537.36 (KHTML, like Gecko) Chrome/135.0.7049.114 Mobile Safari/537.36 (compatible; Googlebot/2.1; +http://www.google.com/bot.html)"
66.249.72.128 - - [12/May/2025:19:57:07 -0300] "GET /MPCU7W7qAckf0QG5 HTTP/1.1" 404 - "https://app.vittahelp.com.br/?terbang=MAJURO" "Mozilla/5.0 (Linux; Android 6.0.1; Nexus 5X Build/MMB29P) AppleWebKit/537.36 (KHTML, like Gecko) Chrome/135.0.7049.114 Mobile Safari/537.36 (compatible; Googlebot/2.1; +http://www.google.com/bot.html)"
66.249.72.129 - - [12/May/2025:20:59:14 -0300] "GET /?terbang=situs+judi+terpercaya HTTP/1.1" 200 457287 "-" "Mozilla/5.0 (Linux; Android 6.0.1; Nexus 5X Build/MMB29P) AppleWebKit/537.36 (KHTML, like Gecko) Chrome/136.0.7103.59 Mobile Safari/537.36 (compatible; Googlebot/2.1; +http://www.google.com/bot.html)"
35.86.186.189 - - [12/May/2025:21:19:13 -0300] "GET /robots.txt HTTP/1.1" 200 75 "-" "Mozilla/5.0 (compatible; wpbot/1.3; +https://forms.gle/ajBaxygz9jSR8p8G9)"
35.86.186.189 - - [12/May/2025:21:19:13 -0300] "GET / HTTP/1.1" 404 796 "-" "Mozilla/5.0 (compatible; wpbot/1.3; +https://forms.gle/ajBaxygz9jSR8p8G9)"
66.249.72.129 - - [12/May/2025:21:31:40 -0300] "GET /?terbang=JANJISLOT HTTP/1.1" 200 456879 "-" "Mozilla/5.0 (Linux; Android 6.0.1; Nexus 5X Build/MMB29P) AppleWebKit/537.36 (KHTML, like Gecko) Chrome/136.0.7103.59 Mobile Safari/537.36 (compatible; Googlebot/2.1; +http://www.google.com/bot.html)"
66.249.72.142 - - [12/May/2025:21:36:48 -0300] "GET /?terbang=NDOSLOT888 HTTP/1.1" 200 456913 "-" "Mozilla/5.0 (Linux; Android 6.0.1; Nexus 5X Build/MMB29P) AppleWebKit/537.36 (KHTML, like Gecko) Chrome/136.0.7103.59 Mobile Safari/537.36 (compatible; Googlebot/2.1; +http://www.google.com/bot.html)"
66.249.72.128 - - [12/May/2025:21:38:30 -0300] "GET /?terbang=tokoslot77 HTTP/1.1" 200 456913 "-" "Mozilla/5.0 (Linux; Android 6.0.1; Nexus 5X Build/MMB29P) AppleWebKit/537.36 (KHTML, like Gecko) Chrome/136.0.7103.59 Mobile Safari/537.36 (compatible; Googlebot/2.1; +http://www.google.com/bot.html)"
66.249.72.142 - - [12/May/2025:21:38:40 -0300] "GET /MPCU7W7qAckf0QG5 HTTP/1.1" 404 - "https://app.vittahelp.com.br/?terbang=tokoslot77" "Mozilla/5.0 (Linux; Android 6.0.1; Nexus 5X Build/MMB29P) AppleWebKit/537.36 (KHTML, like Gecko) Chrome/135.0.7049.114 Mobile Safari/537.36 (compatible; Googlebot/2.1; +http://www.google.com/bot.html)"
66.249.72.128 - - [12/May/2025:21:38:41 -0300] "GET /MPCU7W7qAckf0QG5 HTTP/1.1" 404 - "https://app.vittahelp.com.br/?terbang=tokoslot77" "Mozilla/5.0 (Linux; Android 6.0.1; Nexus 5X Build/MMB29P) AppleWebKit/537.36 (KHTML, like Gecko) Chrome/135.0.7049.114 Mobile Safari/537.36 (compatible; Googlebot/2.1; +http://www.google.com/bot.html)"
66.249.72.128 - - [12/May/2025:21:45:44 -0300] "GET /MPCU7W7qAckf0QG5 HTTP/1.1" 404 - "https://app.vittahelp.com.br/?terbang=SAMOSIR138" "Mozilla/5.0 (Linux; Android 6.0.1; Nexus 5X Build/MMB29P) AppleWebKit/537.36 (KHTML, like Gecko) Chrome/135.0.7049.114 Mobile Safari/537.36 (compatible; Googlebot/2.1; +http://www.google.com/bot.html)"
4.227.36.102 - - [12/May/2025:21:47:06 -0300] "GET /robots.txt HTTP/1.1" 200 75 "-" "Mozilla/5.0 AppleWebKit/537.36 (KHTML, like Gecko; compatible; GPTBot/1.2; +https://openai.com/gptbot)"
20.171.207.139 - - [12/May/2025:21:47:07 -0300] "GET /libs/granite/core/content/login.html HTTP/1.1" 404 - "-" "Mozilla/5.0 AppleWebKit/537.36 (KHTML, like Gecko; compatible; GPTBot/1.2; +https://openai.com/gptbot)"
20.171.207.139 - - [12/May/2025:21:47:10 -0300] "GET / HTTP/1.1" 404 796 "-" "Mozilla/5.0 AppleWebKit/537.36 (KHTML, like Gecko; compatible; GPTBot/1.2; +https://openai.com/gptbot)"
20.171.207.139 - - [12/May/2025:21:47:13 -0300] "GET /login_pic.asp HTTP/1.1" 404 - "-" "Mozilla/5.0 AppleWebKit/537.36 (KHTML, like Gecko; compatible; GPTBot/1.2; +https://openai.com/gptbot)"
20.171.207.139 - - [12/May/2025:21:47:16 -0300] "GET /webadmin/admin/service_manager_data.php HTTP/1.1" 404 - "-" "Mozilla/5.0 AppleWebKit/537.36 (KHTML, like Gecko; compatible; GPTBot/1.2; +https://openai.com/gptbot)"
20.171.207.139 - - [12/May/2025:21:47:19 -0300] "GET /admin/ HTTP/1.1" 404 - "-" "Mozilla/5.0 AppleWebKit/537.36 (KHTML, like Gecko; compatible; GPTBot/1.2; +https://openai.com/gptbot)"
20.171.207.139 - - [12/May/2025:21:47:22 -0300] "GET /opennms/login.jsp HTTP/1.1" 404 - "-" "Mozilla/5.0 AppleWebKit/537.36 (KHTML, like Gecko; compatible; GPTBot/1.2; +https://openai.com/gptbot)"
20.171.207.139 - - [12/May/2025:21:47:25 -0300] "GET /manage/account/login HTTP/1.1" 404 - "-" "Mozilla/5.0 AppleWebKit/537.36 (KHTML, like Gecko; compatible; GPTBot/1.2; +https://openai.com/gptbot)"
20.171.207.139 - - [12/May/2025:21:47:28 -0300] "GET /index.htmlr HTTP/1.1" 404 - "-" "Mozilla/5.0 AppleWebKit/537.36 (KHTML, like Gecko; compatible; GPTBot/1.2; +https://openai.com/gptbot)"
20.171.207.139 - - [12/May/2025:21:47:31 -0300] "GET /user_add.php HTTP/1.1" 404 - "-" "Mozilla/5.0 AppleWebKit/537.36 (KHTML, like Gecko; compatible; GPTBot/1.2; +https://openai.com/gptbot)"
20.171.207.139 - - [12/May/2025:21:47:35 -0300] "GET /artifactory/webapp/ HTTP/1.1" 404 - "-" "Mozilla/5.0 AppleWebKit/537.36 (KHTML, like Gecko; compatible; GPTBot/1.2; +https://openai.com/gptbot)"
20.171.207.139 - - [12/May/2025:21:47:38 -0300] "GET /mifs/user/login.jsp HTTP/1.1" 404 - "-" "Mozilla/5.0 AppleWebKit/537.36 (KHTML, like Gecko; compatible; GPTBot/1.2; +https://openai.com/gptbot)"
20.171.207.139 - - [12/May/2025:21:49:24 -0300] "GET /login_pic.asp HTTP/1.1" 404 - "-" "Mozilla/5.0 AppleWebKit/537.36 (KHTML, like Gecko; compatible; GPTBot/1.2; +https://openai.com/gptbot)"
20.171.207.139 - - [12/May/2025:21:49:27 -0300] "GET /admin/ HTTP/1.1" 404 - "-" "Mozilla/5.0 AppleWebKit/537.36 (KHTML, like Gecko; compatible; GPTBot/1.2; +https://openai.com/gptbot)"
20.171.207.139 - - [12/May/2025:21:49:30 -0300] "GET /webadmin/admin/service_manager_data.php HTTP/1.1" 404 - "-" "Mozilla/5.0 AppleWebKit/537.36 (KHTML, like Gecko; compatible; GPTBot/1.2; +https://openai.com/gptbot)"
20.171.207.139 - - [12/May/2025:21:49:33 -0300] "GET / HTTP/1.1" 404 796 "-" "Mozilla/5.0 AppleWebKit/537.36 (KHTML, like Gecko; compatible; GPTBot/1.2; +https://openai.com/gptbot)"
20.171.207.139 - - [12/May/2025:21:49:36 -0300] "GET /opennms/login.jsp HTTP/1.1" 404 - "-" "Mozilla/5.0 AppleWebKit/537.36 (KHTML, like Gecko; compatible; GPTBot/1.2; +https://openai.com/gptbot)"
20.171.207.139 - - [12/May/2025:21:49:39 -0300] "GET /manage/account/login HTTP/1.1" 404 - "-" "Mozilla/5.0 AppleWebKit/537.36 (KHTML, like Gecko; compatible; GPTBot/1.2; +https://openai.com/gptbot)"
20.171.207.139 - - [12/May/2025:21:49:42 -0300] "GET /index.htmlr HTTP/1.1" 404 - "-" "Mozilla/5.0 AppleWebKit/537.36 (KHTML, like Gecko; compatible; GPTBot/1.2; +https://openai.com/gptbot)"
20.171.207.139 - - [12/May/2025:21:49:45 -0300] "GET /libs/granite/core/content/login.html HTTP/1.1" 404 - "-" "Mozilla/5.0 AppleWebKit/537.36 (KHTML, like Gecko; compatible; GPTBot/1.2; +https://openai.com/gptbot)"
20.171.207.139 - - [12/May/2025:21:49:49 -0300] "GET /user_add.php HTTP/1.1" 404 - "-" "Mozilla/5.0 AppleWebKit/537.36 (KHTML, like Gecko; compatible; GPTBot/1.2; +https://openai.com/gptbot)"
20.171.207.139 - - [12/May/2025:21:50:06 -0300] "GET /artifactory/webapp/ HTTP/1.1" 404 - "-" "Mozilla/5.0 AppleWebKit/537.36 (KHTML, like Gecko; compatible; GPTBot/1.2; +https://openai.com/gptbot)"
20.171.207.139 - - [12/May/2025:21:50:07 -0300] "GET /mifs/user/login.jsp HTTP/1.1" 404 - "-" "Mozilla/5.0 AppleWebKit/537.36 (KHTML, like Gecko; compatible; GPTBot/1.2; +https://openai.com/gptbot)"
66.249.72.142 - - [12/May/2025:22:47:45 -0300] "GET /?terbang=meta+slot HTTP/1.1" 200 456879 "-" "Mozilla/5.0 (Linux; Android 6.0.1; Nexus 5X Build/MMB29P) AppleWebKit/537.36 (KHTML, like Gecko) Chrome/136.0.7103.59 Mobile Safari/537.36 (compatible; Googlebot/2.1; +http://www.google.com/bot.html)"
66.249.72.142 - - [12/May/2025:22:55:21 -0300] "GET /?terbang=NEKO88+RTP+SLOT HTTP/1.1" 200 457083 "-" "Mozilla/5.0 (Linux; Android 6.0.1; Nexus 5X Build/MMB29P) AppleWebKit/537.36 (KHTML, like Gecko) Chrome/136.0.7103.59 Mobile Safari/537.36 (compatible; Googlebot/2.1; +http://www.google.com/bot.html)"
143.198.155.199 - - [12/May/2025:23:02:40 -0300] "GET /.env HTTP/1.1" 404 - "-" "Go-http-client/1.1"
66.249.72.142 - - [12/May/2025:23:10:23 -0300] "GET /?terbang=TOGELUP HTTP/1.1" 200 456811 "-" "Mozilla/5.0 (Linux; Android 6.0.1; Nexus 5X Build/MMB29P) AppleWebKit/537.36 (KHTML, like Gecko) Chrome/136.0.7103.59 Mobile Safari/537.36 (compatible; Googlebot/2.1; +http://www.google.com/bot.html)"
66.249.72.142 - - [12/May/2025:23:10:24 -0300] "GET /?terbang=starjoker88 HTTP/1.1" 200 456947 "-" "Mozilla/5.0 (Linux; Android 6.0.1; Nexus 5X Build/MMB29P) AppleWebKit/537.36 (KHTML, like Gecko) Chrome/136.0.7103.59 Mobile Safari/537.36 (compatible; Googlebot/2.1; +http://www.google.com/bot.html)"
66.249.72.142 - - [12/May/2025:23:30:30 -0300] "GET /?terbang=JANJIWIN HTTP/1.1" 200 456845 "-" "Mozilla/5.0 (Linux; Android 6.0.1; Nexus 5X Build/MMB29P) AppleWebKit/537.36 (KHTML, like Gecko) Chrome/136.0.7103.59 Mobile Safari/537.36 (compatible; Googlebot/2.1; +http://www.google.com/bot.html)"
66.249.72.128 - - [12/May/2025:23:44:47 -0300] "GET /?terbang=GAMEJUDI HTTP/1.1" 200 456845 "-" "Mozilla/5.0 (Linux; Android 6.0.1; Nexus 5X Build/MMB29P) AppleWebKit/537.36 (KHTML, like Gecko) Chrome/136.0.7103.59 Mobile Safari/537.36 (compatible; Googlebot/2.1; +http://www.google.com/bot.html)"
66.249.72.129 - - [13/May/2025:00:04:57 -0300] "GET /?terbang=RAME88+RTP+SLOT HTTP/1.1" 200 457083 "-" "Mozilla/5.0 (Linux; Android 6.0.1; Nexus 5X Build/MMB29P) AppleWebKit/537.36 (KHTML, like Gecko) Chrome/136.0.7103.59 Mobile Safari/537.36 (compatible; Googlebot/2.1; +http://www.google.com/bot.html)"
66.249.72.128 - - [13/May/2025:00:06:55 -0300] "GET /?terbang=SLOT268 HTTP/1.1" 200 456811 "-" "Mozilla/5.0 (Linux; Android 6.0.1; Nexus 5X Build/MMB29P) AppleWebKit/537.36 (KHTML, like Gecko) Chrome/136.0.7103.59 Mobile Safari/537.36 (compatible; Googlebot/2.1; +http://www.google.com/bot.html)"