%PDF- %PDF-
Mini Shell

Mini Shell

Direktori : /home/vacivi36/access-logs/
Upload File :
Create Path :
Current File : /home/vacivi36/access-logs/intranet.vacivitta.com.br-ssl_log

66.249.77.9 - - [12/Sep/2025:09:11:25 -0300] "GET /static/img/twemoji/72x72/1f6cd.png HTTP/1.1" 200 687 "-" "Googlebot-Image/1.0"
66.249.77.10 - - [12/Sep/2025:09:12:18 -0300] "GET /static/img/twemoji/72x72/31-20e3.png HTTP/1.1" 200 315 "-" "Googlebot-Image/1.0"
66.249.77.9 - - [12/Sep/2025:09:14:58 -0300] "GET /static/img/twemoji/72x72/1f468-1f3fb-200d-1f9b0.png HTTP/1.1" 200 878 "-" "Googlebot-Image/1.0"
66.249.77.10 - - [12/Sep/2025:09:15:51 -0300] "GET /assets/bbca6024/img/mime/excel.png HTTP/1.1" 200 1079 "-" "Googlebot-Image/1.0"
66.249.77.9 - - [12/Sep/2025:09:16:44 -0300] "GET /static/img/twemoji/72x72/1f932-1f3ff.png HTTP/1.1" 200 1129 "-" "Googlebot-Image/1.0"
66.249.77.10 - - [12/Sep/2025:09:17:37 -0300] "GET /static/img/twemoji/72x72/1f468-1f3fe.png HTTP/1.1" 200 856 "-" "Googlebot-Image/1.0"
66.249.72.226 - - [12/Sep/2025:09:18:31 -0300] "GET /assets/2ec6b270/themes/mint-choc/images/ui-bg_highlight-soft_20_201913_1x100.png HTTP/1.1" 200 433 "-" "Googlebot-Image/1.0"
66.249.72.228 - - [12/Sep/2025:09:19:38 -0300] "GET /assets/4f07b091/themes/vader/images/ui-icons_cd0a0a_256x240.png HTTP/1.1" 200 4676 "-" "Googlebot-Image/1.0"
66.249.72.226 - - [12/Sep/2025:09:19:38 -0300] "GET /assets/2ec6b270/themes/base/images/ui-icons_444444_256x240.png HTTP/1.1" 200 7090 "-" "Googlebot-Image/1.0"
66.249.77.9 - - [12/Sep/2025:09:20:17 -0300] "GET /assets/4f07b091/themes/excite-bike/images/ui-icons_ffffff_256x240.png HTTP/1.1" 200 6487 "-" "Googlebot-Image/1.0"
66.249.72.227 - - [12/Sep/2025:09:21:10 -0300] "GET /assets/2ec6b270/themes/black-tie/images/ui-icons_ffffff_256x240.png HTTP/1.1" 200 6487 "-" "Googlebot-Image/1.0"
66.249.72.227 - - [12/Sep/2025:09:22:03 -0300] "GET /assets/2ec6b270/themes/excite-bike/images/ui-icons_ffffff_256x240.png HTTP/1.1" 200 6487 "-" "Googlebot-Image/1.0"
66.249.77.9 - - [12/Sep/2025:09:22:57 -0300] "GET /static/img/twemoji/72x72/270b-1f3ff.png HTTP/1.1" 200 693 "-" "Googlebot-Image/1.0"
66.249.77.10 - - [12/Sep/2025:09:23:50 -0300] "GET /static/img/twemoji/72x72/1f4a5.png HTTP/1.1" 200 1030 "-" "Googlebot-Image/1.0"
66.249.77.9 - - [12/Sep/2025:09:24:43 -0300] "GET /static/img/twemoji/72x72/1f46e-1f3fc-200d-2640-fe0f.png HTTP/1.1" 200 1167 "-" "Googlebot-Image/1.0"
66.249.77.8 - - [12/Sep/2025:09:25:36 -0300] "GET /static/img/twemoji/72x72/1f9d4-1f3fb.png HTTP/1.1" 200 884 "-" "Googlebot-Image/1.0"
66.249.77.9 - - [12/Sep/2025:09:26:29 -0300] "GET /static/img/twemoji/72x72/1f194.png HTTP/1.1" 200 495 "-" "Googlebot-Image/1.0"
66.249.77.9 - - [12/Sep/2025:09:28:16 -0300] "GET /static/img/twemoji/72x72/26fd.png HTTP/1.1" 200 823 "-" "Googlebot-Image/1.0"
66.249.77.9 - - [12/Sep/2025:09:30:02 -0300] "GET /static/img/twemoji/72x72/1f645-1f3fe.png HTTP/1.1" 200 1043 "-" "Googlebot-Image/1.0"
54.39.203.37 - - [12/Sep/2025:09:30:43 -0300] "GET /assets/76b273f5/mode/octave/?C=N;O=A HTTP/1.1" 200 842 "-" "Mozilla/5.0 (compatible; AhrefsBot/7.0; +http://ahrefs.com/robot/)"
66.249.72.227 - - [12/Sep/2025:09:30:55 -0300] "GET /assets/2ec6b270/themes/dot-luv/images/ui-icons_00498f_256x240.png HTTP/1.1" 200 4676 "-" "Googlebot-Image/1.0"
66.249.77.10 - - [12/Sep/2025:09:31:49 -0300] "GET /static/img/twemoji/72x72/1f477-1f3ff.png HTTP/1.1" 200 1038 "-" "Googlebot-Image/1.0"
66.249.77.10 - - [12/Sep/2025:09:32:42 -0300] "GET /static/img/twemoji/72x72/1f1e7-1f1f4.png HTTP/1.1" 200 666 "-" "Googlebot-Image/1.0"
66.249.77.8 - - [12/Sep/2025:09:33:35 -0300] "GET /static/img/twemoji/72x72/1f64f-1f3fe.png HTTP/1.1" 200 919 "-" "Googlebot-Image/1.0"
66.249.77.8 - - [12/Sep/2025:09:35:20 -0300] "GET /static/img/twemoji/72x72/1f9cf-1f3fb.png HTTP/1.1" 200 1042 "-" "Googlebot-Image/1.0"
66.249.77.9 - - [12/Sep/2025:09:35:47 -0300] "GET /static/img/twemoji/72x72/1f3c7-1f3fd.png HTTP/1.1" 200 1388 "-" "Googlebot-Image/1.0"
66.249.77.10 - - [12/Sep/2025:09:36:15 -0300] "GET /static/img/twemoji/72x72/1f9b5-1f3fe.png HTTP/1.1" 200 621 "-" "Googlebot-Image/1.0"
66.249.72.228 - - [12/Sep/2025:09:38:01 -0300] "GET /assets/2ec6b270/themes/pepper-grinder/images/ui-bg_fine-grain_65_654b24_60x60.png HTTP/1.1" 200 14498 "-" "Googlebot-Image/1.0"
66.249.77.10 - - [12/Sep/2025:09:38:54 -0300] "GET /static/img/twemoji/72x72/1f3a9.png HTTP/1.1" 200 811 "-" "Googlebot-Image/1.0"
66.249.77.10 - - [12/Sep/2025:09:41:32 -0300] "GET /static/img/twemoji/72x72/1f574-1f3fc-200d-2642-fe0f.png HTTP/1.1" 200 834 "-" "Googlebot-Image/1.0"
66.249.77.8 - - [12/Sep/2025:09:41:59 -0300] "GET /static/img/twemoji/72x72/1f92a.png HTTP/1.1" 200 1175 "-" "Googlebot-Image/1.0"
3.227.180.70 - - [12/Sep/2025:09:42:20 -0300] "GET /themes/HumHub/less/ HTTP/1.1" 200 1357 "-" "Mozilla/5.0 AppleWebKit/537.36 (KHTML, like Gecko; compatible; Amazonbot/0.1; +https://developer.amazon.com/support/amazonbot) Chrome/119.0.6045.214 Safari/537.36"
100.28.44.58 - - [12/Sep/2025:09:42:24 -0300] "GET /themes/HumHub/views/ HTTP/1.1" 200 818 "-" "Mozilla/5.0 AppleWebKit/537.36 (KHTML, like Gecko; compatible; Amazonbot/0.1; +https://developer.amazon.com/support/amazonbot) Chrome/119.0.6045.214 Safari/537.36"
66.249.77.10 - - [12/Sep/2025:09:42:27 -0300] "GET /static/img/twemoji/72x72/1f44b-1f3fb.png HTTP/1.1" 200 1283 "-" "Googlebot-Image/1.0"
66.249.77.10 - - [12/Sep/2025:09:43:20 -0300] "GET /static/img/twemoji/72x72/1f1f9-1f1e9.png HTTP/1.1" 200 233 "-" "Googlebot-Image/1.0"
66.249.77.9 - - [12/Sep/2025:09:44:13 -0300] "GET /static/img/twemoji/72x72/1f468-1f3fd-200d-1f9af.png HTTP/1.1" 200 957 "-" "Googlebot-Image/1.0"
34.205.163.103 - - [12/Sep/2025:09:44:24 -0300] "GET /assets/e93843c3/tinymce/plugins/codemirror/codemirror/addon/mode/?C=N;O%3DA HTTP/1.1" 200 1677 "-" "Mozilla/5.0 AppleWebKit/537.36 (KHTML, like Gecko; compatible; Amazonbot/0.1; +https://developer.amazon.com/support/amazonbot) Chrome/119.0.6045.214 Safari/537.36"
66.249.72.228 - - [12/Sep/2025:09:45:07 -0300] "GET /assets/baec620/directorylist/directory_join_hassub_expand.png HTTP/1.1" 200 294 "-" "Googlebot-Image/1.0"
66.249.72.228 - - [12/Sep/2025:09:46:53 -0300] "GET /assets/97977d77/img/mime/zip.png HTTP/1.1" 200 1113 "-" "Googlebot-Image/1.0"
66.249.77.9 - - [12/Sep/2025:09:47:46 -0300] "GET /static/img/twemoji/72x72/1f5f3.png HTTP/1.1" 200 588 "-" "Googlebot-Image/1.0"
66.249.77.8 - - [12/Sep/2025:09:48:39 -0300] "GET /assets/4f07b091/themes/excite-bike/images/ui-icons_fcdd4a_256x240.png HTTP/1.1" 200 4676 "-" "Googlebot-Image/1.0"
66.249.77.10 - - [12/Sep/2025:09:50:26 -0300] "GET /static/img/twemoji/72x72/1f35c.png HTTP/1.1" 200 1442 "-" "Googlebot-Image/1.0"
66.249.77.10 - - [12/Sep/2025:09:52:12 -0300] "GET /static/img/twemoji/72x72/1f6b4-1f3ff.png HTTP/1.1" 200 1226 "-" "Googlebot-Image/1.0"
66.249.77.9 - - [12/Sep/2025:09:54:49 -0300] "GET /static/img/twemoji/72x72/1f6b5-1f3fb.png HTTP/1.1" 200 1334 "-" "Googlebot-Image/1.0"
66.249.77.10 - - [12/Sep/2025:09:55:42 -0300] "GET /static/img/twemoji/72x72/26bd.png HTTP/1.1" 200 1324 "-" "Googlebot-Image/1.0"
66.249.77.10 - - [12/Sep/2025:09:55:42 -0300] "GET /static/img/twemoji/72x72/1f6c4.png HTTP/1.1" 200 334 "-" "Googlebot-Image/1.0"
66.249.77.8 - - [12/Sep/2025:09:56:08 -0300] "GET /static/img/twemoji/72x72/1f1e8-1f1f3.png HTTP/1.1" 200 410 "-" "Googlebot-Image/1.0"
66.249.77.8 - - [12/Sep/2025:09:56:35 -0300] "GET /static/img/twemoji/72x72/1f967.png HTTP/1.1" 200 1211 "-" "Googlebot-Image/1.0"
66.249.77.9 - - [12/Sep/2025:09:57:02 -0300] "GET /static/img/twemoji/72x72/1f315.png HTTP/1.1" 200 686 "-" "Googlebot-Image/1.0"
66.249.77.8 - - [12/Sep/2025:09:58:14 -0300] "GET /static/img/twemoji/72x72/26f9-fe0f-200d-2640-fe0f.png HTTP/1.1" 200 1181 "-" "Googlebot-Image/1.0"
66.249.77.9 - - [12/Sep/2025:09:59:49 -0300] "GET /static/img/twemoji/72x72/26f9-1f3fc-200d-2642-fe0f.png HTTP/1.1" 200 1152 "-" "Googlebot-Image/1.0"
66.249.77.9 - - [12/Sep/2025:10:01:24 -0300] "GET /static/img/twemoji/72x72/1f935-1f3fc-200d-2640-fe0f.png HTTP/1.1" 200 1105 "-" "Googlebot-Image/1.0"
66.249.72.226 - - [12/Sep/2025:10:03:00 -0300] "GET /static/assets/a59d3f98/themes/smoothness/images/ui-bg_glass_95_fef1ec_1x400.png HTTP/1.1" 200 390 "-" "Googlebot-Image/1.0"
66.249.72.226 - - [12/Sep/2025:10:09:33 -0300] "GET /assets/f8e848ce/bgImage1.jpg HTTP/1.1" 200 1216004 "-" "Googlebot-Image/1.0"
54.39.6.154 - - [12/Sep/2025:10:10:55 -0300] "GET /static/resources/user/?C=S;O=A HTTP/1.1" 200 1582 "-" "Mozilla/5.0 (compatible; AhrefsBot/7.0; +http://ahrefs.com/robot/)"
66.249.77.9 - - [12/Sep/2025:10:10:56 -0300] "GET /static/img/twemoji/72x72/1f93d-1f3fe-200d-2642-fe0f.png HTTP/1.1" 200 865 "-" "Googlebot-Image/1.0"
66.249.72.226 - - [12/Sep/2025:10:12:32 -0300] "GET /static/assets/a59d3f98/themes/cupertino/images/ui-icons_72a7cf_256x240.png HTTP/1.1" 200 4676 "-" "Googlebot-Image/1.0"
66.249.77.9 - - [12/Sep/2025:10:15:07 -0300] "GET /static/img/twemoji/72x72/1f9ee.png HTTP/1.1" 200 434 "-" "Googlebot-Image/1.0"
44.205.192.249 - - [12/Sep/2025:10:15:12 -0300] "GET /assets/e93843c3/tinymce/plugins/codemirror/codemirror/addon/merge/?C=N;O%3DA HTTP/1.1" 200 1133 "-" "Mozilla/5.0 AppleWebKit/537.36 (KHTML, like Gecko; compatible; Amazonbot/0.1; +https://developer.amazon.com/support/amazonbot) Chrome/119.0.6045.214 Safari/537.36"
66.249.77.8 - - [12/Sep/2025:10:15:54 -0300] "GET /static/img/twemoji/72x72/1f468-200d-1f33e.png HTTP/1.1" 200 1121 "-" "Googlebot-Image/1.0"
66.249.77.8 - - [12/Sep/2025:10:17:17 -0300] "GET /static/img/twemoji/72x72/1f1e7-1f1e9.png HTTP/1.1" 200 336 "-" "Googlebot-Image/1.0"
66.249.77.8 - - [12/Sep/2025:10:18:53 -0300] "GET /static/img/twemoji/72x72/1f468-1f3fb-200d-1f9bc.png HTTP/1.1" 200 1256 "-" "Googlebot-Image/1.0"
66.249.77.8 - - [12/Sep/2025:10:20:28 -0300] "GET /static/img/twemoji/72x72/1f9da-1f3fe.png HTTP/1.1" 200 1156 "-" "Googlebot-Image/1.0"
66.249.77.10 - - [12/Sep/2025:10:23:04 -0300] "GET /static/img/twemoji/72x72/1f3f3.png HTTP/1.1" 200 399 "-" "Googlebot-Image/1.0"
66.249.77.9 - - [12/Sep/2025:10:23:51 -0300] "GET /static/img/twemoji/72x72/1f1eb.png HTTP/1.1" 200 352 "-" "Googlebot-Image/1.0"
66.249.77.9 - - [12/Sep/2025:10:25:14 -0300] "GET /static/img/twemoji/72x72/1f468-1f3fe-200d-1f33e.png HTTP/1.1" 200 1122 "-" "Googlebot-Image/1.0"
66.249.77.8 - - [12/Sep/2025:10:26:49 -0300] "GET /static/img/twemoji/72x72/1f3a2.png HTTP/1.1" 200 1126 "-" "Googlebot-Image/1.0"
66.249.77.10 - - [12/Sep/2025:10:29:25 -0300] "GET /static/img/twemoji/72x72/1f3a8.png HTTP/1.1" 200 809 "-" "Googlebot-Image/1.0"
66.249.77.10 - - [12/Sep/2025:10:30:13 -0300] "GET /static/img/twemoji/72x72/1f1e6-1f1f8.png HTTP/1.1" 200 847 "-" "Googlebot-Image/1.0"
66.249.77.9 - - [12/Sep/2025:10:31:36 -0300] "GET /static/img/twemoji/72x72/1f595-1f3fe.png HTTP/1.1" 200 437 "-" "Googlebot-Image/1.0"
66.249.77.10 - - [12/Sep/2025:10:33:11 -0300] "GET /static/img/twemoji/72x72/1f9d8-1f3fd.png HTTP/1.1" 200 1036 "-" "Googlebot-Image/1.0"
66.249.77.9 - - [12/Sep/2025:10:33:40 -0300] "GET /static/assets/90396076/js/release/ HTTP/1.1" 200 7275 "-" "Mozilla/5.0 (Linux; Android 6.0.1; Nexus 5X Build/MMB29P) AppleWebKit/537.36 (KHTML, like Gecko) Chrome/140.0.7339.127 Mobile Safari/537.36 (compatible; Googlebot/2.1; +http://www.google.com/bot.html)"
66.249.77.8 - - [12/Sep/2025:10:34:46 -0300] "GET /static/img/twemoji/72x72/1f96e.png HTTP/1.1" 200 1559 "-" "Googlebot-Image/1.0"
66.249.77.8 - - [12/Sep/2025:10:37:57 -0300] "GET /static/img/twemoji/72x72/1f6b5-1f3fc.png HTTP/1.1" 200 1302 "-" "Googlebot-Image/1.0"
66.249.77.10 - - [12/Sep/2025:10:39:32 -0300] "GET /static/img/twemoji/72x72/1f9d1-1f3fd-200d-1f91d-200d-1f9d1-1f3fc.png HTTP/1.1" 200 1295 "-" "Googlebot-Image/1.0"
66.249.77.10 - - [12/Sep/2025:10:41:07 -0300] "GET /static/img/twemoji/72x72/1f64b-1f3ff-200d-2640-fe0f.png HTTP/1.1" 200 858 "-" "Googlebot-Image/1.0"
40.77.167.52 - - [12/Sep/2025:10:41:57 -0300] "GET /assets/1701c40d/?C=S;O=A HTTP/1.1" 200 1338 "-" "Mozilla/5.0 AppleWebKit/537.36 (KHTML, like Gecko; compatible; bingbot/2.0; +http://www.bing.com/bingbot.htm) Chrome/116.0.1938.76 Safari/537.36"
66.249.77.10 - - [12/Sep/2025:10:42:43 -0300] "GET /static/img/twemoji/72x72/1f311.png HTTP/1.1" 200 681 "-" "Googlebot-Image/1.0"
66.249.72.226 - - [12/Sep/2025:10:44:18 -0300] "GET /assets/4f07b091/themes/trontastic/images/ui-bg_gloss-wave_85_9fda58_500x100.png HTTP/1.1" 200 5998 "-" "Googlebot-Image/1.0"
66.249.77.8 - - [12/Sep/2025:10:45:53 -0300] "GET /static/img/twemoji/72x72/1f3eb.png HTTP/1.1" 200 515 "-" "Googlebot-Image/1.0"
66.249.72.226 - - [12/Sep/2025:10:47:29 -0300] "GET /assets/90f774c0/screen5.jpg HTTP/1.1" 200 169004 "-" "Googlebot-Image/1.0"
66.249.77.9 - - [12/Sep/2025:10:49:04 -0300] "GET /static/img/twemoji/72x72/1f468-1f3fd-200d-1f3a4.png HTTP/1.1" 200 1257 "-" "Googlebot-Image/1.0"
66.249.77.10 - - [12/Sep/2025:10:50:39 -0300] "GET /static/img/twemoji/72x72/1f1f3-1f1fa.png HTTP/1.1" 200 803 "-" "Googlebot-Image/1.0"
66.249.77.1 - - [12/Sep/2025:10:52:15 -0300] "GET /static/img/twemoji/72x72/1f4b2.png HTTP/1.1" 200 528 "-" "Googlebot-Image/1.0"
66.249.77.9 - - [12/Sep/2025:10:53:38 -0300] "GET /static/assets/a59d3f98/themes/cupertino/images/ HTTP/1.1" 200 3377 "-" "Mozilla/5.0 (Linux; Android 6.0.1; Nexus 5X Build/MMB29P) AppleWebKit/537.36 (KHTML, like Gecko) Chrome/140.0.7339.127 Mobile Safari/537.36 (compatible; GoogleOther)"
66.249.77.8 - - [12/Sep/2025:10:53:50 -0300] "GET /static/img/twemoji/72x72/1f935-1f3fd-200d-2640-fe0f.png HTTP/1.1" 200 1104 "-" "Googlebot-Image/1.0"
66.249.77.8 - - [12/Sep/2025:10:56:25 -0300] "GET /static/img/twemoji/72x72/1f468-200d-1f3ed.png HTTP/1.1" 200 1174 "-" "Googlebot-Image/1.0"
52.167.144.213 - - [12/Sep/2025:10:56:36 -0300] "GET /assets/2ec6b270/ui/minified/position.js HTTP/1.1" 200 5844 "-" "Mozilla/5.0 AppleWebKit/537.36 (KHTML, like Gecko; compatible; bingbot/2.0; +http://www.bing.com/bingbot.htm) Chrome/116.0.1938.76 Safari/537.36"
66.249.77.10 - - [12/Sep/2025:10:57:13 -0300] "GET /static/img/twemoji/72x72/1f3c3-1f3ff.png HTTP/1.1" 200 1010 "-" "Googlebot-Image/1.0"
66.249.77.9 - - [12/Sep/2025:10:58:36 -0300] "GET /static/img/twemoji/72x72/1f1ec-1f1f2.png HTTP/1.1" 200 257 "-" "Googlebot-Image/1.0"
66.249.72.228 - - [12/Sep/2025:11:02:47 -0300] "GET /assets/4f07b091/themes/le-frog/images/ui-icons_ffffff_256x240.png HTTP/1.1" 200 6487 "-" "Googlebot-Image/1.0"
66.249.77.9 - - [12/Sep/2025:11:03:35 -0300] "GET /static/img/twemoji/72x72/2653.png HTTP/1.1" 200 526 "-" "Googlebot-Image/1.0"
66.249.77.10 - - [12/Sep/2025:11:04:57 -0300] "GET /static/img/twemoji/72x72/21aa.png HTTP/1.1" 200 470 "-" "Googlebot-Image/1.0"
66.249.77.10 - - [12/Sep/2025:11:06:33 -0300] "GET /static/img/twemoji/72x72/1f3c7-1f3fe.png HTTP/1.1" 200 1383 "-" "Googlebot-Image/1.0"
66.249.77.8 - - [12/Sep/2025:11:08:08 -0300] "GET /static/img/twemoji/72x72/1f926-1f3fe.png HTTP/1.1" 200 994 "-" "Googlebot-Image/1.0"
66.249.77.10 - - [12/Sep/2025:11:11:19 -0300] "GET /static/img/twemoji/72x72/1f646-1f3fb-200d-2642-fe0f.png HTTP/1.1" 200 1115 "-" "Googlebot-Image/1.0"
66.249.77.8 - - [12/Sep/2025:11:12:54 -0300] "GET /static/img/twemoji/72x72/1f486-1f3ff-200d-2640-fe0f.png HTTP/1.1" 200 995 "-" "Googlebot-Image/1.0"
66.249.77.10 - - [12/Sep/2025:11:15:30 -0300] "GET /static/img/twemoji/72x72/1f1f5-1f1f0.png HTTP/1.1" 200 521 "-" "Googlebot-Image/1.0"
66.249.77.10 - - [12/Sep/2025:11:16:17 -0300] "GET /static/img/twemoji/72x72/1f17e.png HTTP/1.1" 200 562 "-" "Googlebot-Image/1.0"
66.249.77.8 - - [12/Sep/2025:11:17:40 -0300] "GET /static/img/twemoji/72x72/1f469-1f3fc-200d-1f52c.png HTTP/1.1" 200 1202 "-" "Googlebot-Image/1.0"
66.249.77.9 - - [12/Sep/2025:11:19:15 -0300] "GET /static/img/twemoji/72x72/1f9d9-1f3fc-200d-2640-fe0f.png HTTP/1.1" 200 1072 "-" "Googlebot-Image/1.0"
66.249.77.8 - - [12/Sep/2025:11:20:51 -0300] "GET /static/img/twemoji/72x72/1f595.png HTTP/1.1" 200 437 "-" "Googlebot-Image/1.0"
66.249.77.8 - - [12/Sep/2025:11:22:26 -0300] "GET /static/img/twemoji/72x72/1f31f.png HTTP/1.1" 200 824 "-" "Googlebot-Image/1.0"
66.249.77.8 - - [12/Sep/2025:11:25:47 -0300] "GET /static/img/twemoji/72x72/1f6b6-1f3ff.png HTTP/1.1" 200 860 "-" "Googlebot-Image/1.0"
66.249.77.8 - - [12/Sep/2025:11:27:12 -0300] "GET /static/img/twemoji/72x72/1f469-200d-1f467-200d-1f466.png HTTP/1.1" 200 1066 "-" "Googlebot-Image/1.0"
66.249.77.9 - - [12/Sep/2025:11:30:23 -0300] "GET /static/img/twemoji/72x72/1f3b1.png HTTP/1.1" 200 710 "-" "Googlebot-Image/1.0"
66.249.77.8 - - [12/Sep/2025:11:31:58 -0300] "GET /static/img/twemoji/72x72/1f469-200d-1f9b0.png HTTP/1.1" 200 841 "-" "Googlebot-Image/1.0"
142.44.228.102 - - [12/Sep/2025:11:32:48 -0300] "GET /robots.txt HTTP/1.1" 404 - "-" "Mozilla/5.0 (compatible; AhrefsBot/7.0; +http://ahrefs.com/robot/)"
51.161.37.151 - - [12/Sep/2025:11:32:49 -0300] "GET /assets/616b1b12/css/ HTTP/1.1" 200 2151 "-" "Mozilla/5.0 (compatible; AhrefsBot/7.0; +http://ahrefs.com/robot/)"
66.249.77.8 - - [12/Sep/2025:11:33:33 -0300] "GET /static/img/twemoji/72x72/1f469-200d-1f680.png HTTP/1.1" 200 1269 "-" "Googlebot-Image/1.0"
66.249.72.228 - - [12/Sep/2025:11:35:09 -0300] "GET /assets/2ec6b270/themes/base/images/ui-icons_555555_256x240.png HTTP/1.1" 200 7074 "-" "Googlebot-Image/1.0"
66.249.77.8 - - [12/Sep/2025:11:36:44 -0300] "GET /static/img/twemoji/72x72/1f933-1f3fb.png HTTP/1.1" 200 741 "-" "Googlebot-Image/1.0"
66.249.77.9 - - [12/Sep/2025:11:38:19 -0300] "GET /static/img/twemoji/72x72/1f1f0-1f1fc.png HTTP/1.1" 200 411 "-" "Googlebot-Image/1.0"
66.249.77.9 - - [12/Sep/2025:11:38:36 -0300] "GET /themes/ HTTP/1.1" 200 777 "-" "Mozilla/5.0 (Linux; Android 6.0.1; Nexus 5X Build/MMB29P) AppleWebKit/537.36 (KHTML, like Gecko) Chrome/140.0.7339.127 Mobile Safari/537.36 (compatible; Googlebot/2.1; +http://www.google.com/bot.html)"
66.249.77.8 - - [12/Sep/2025:11:39:55 -0300] "GET /static/img/twemoji/72x72/1f1f7-1f1ea.png HTTP/1.1" 200 864 "-" "Googlebot-Image/1.0"
66.249.77.10 - - [12/Sep/2025:11:41:30 -0300] "GET /static/img/twemoji/72x72/1f97a.png HTTP/1.1" 200 1076 "-" "Googlebot-Image/1.0"
66.249.72.227 - - [12/Sep/2025:11:45:05 -0300] "GET /robots.txt HTTP/1.1" 404 - "-" "Mozilla/5.0 (compatible; Googlebot/2.1; +http://www.google.com/bot.html)"
66.249.72.227 - - [12/Sep/2025:11:45:05 -0300] "GET /assets/97977d77/ico/apple-icon-144x144.png HTTP/1.1" 200 5749 "-" "Googlebot-Image/1.0"
66.249.77.10 - - [12/Sep/2025:11:45:53 -0300] "GET /static/img/twemoji/72x72/27b0.png HTTP/1.1" 200 608 "-" "Googlebot-Image/1.0"
66.249.77.8 - - [12/Sep/2025:11:46:41 -0300] "GET /static/img/twemoji/72x72/1f1e6-1f1f7.png HTTP/1.1" 200 453 "-" "Googlebot-Image/1.0"
66.249.77.10 - - [12/Sep/2025:11:48:51 -0300] "GET /static/img/twemoji/72x72/1f9cf-1f3fc.png HTTP/1.1" 200 1041 "-" "Googlebot-Image/1.0"
66.249.77.8 - - [12/Sep/2025:11:49:39 -0300] "GET /static/img/twemoji/72x72/1f481-1f3fe.png HTTP/1.1" 200 828 "-" "Googlebot-Image/1.0"
66.249.77.9 - - [12/Sep/2025:11:52:50 -0300] "GET /static/img/twemoji/72x72/1f6ac.png HTTP/1.1" 200 501 "-" "Googlebot-Image/1.0"
66.249.72.228 - - [12/Sep/2025:11:54:13 -0300] "GET /robots.txt HTTP/1.1" 404 - "-" "Mozilla/5.0 (compatible; Googlebot/2.1; +http://www.google.com/bot.html)"
66.249.72.226 - - [12/Sep/2025:11:54:13 -0300] "GET /assets/e93843c3/bgImage1.jpg HTTP/1.1" 200 1216004 "-" "Googlebot-Image/1.0"
66.249.77.8 - - [12/Sep/2025:11:55:48 -0300] "GET /static/img/twemoji/72x72/1f9d9-1f3fd-200d-2640-fe0f.png HTTP/1.1" 200 1099 "-" "Googlebot-Image/1.0"
66.249.77.8 - - [12/Sep/2025:11:58:59 -0300] "GET /static/img/twemoji/72x72/1f9db-1f3fb.png HTTP/1.1" 200 1093 "-" "Googlebot-Image/1.0"
66.249.77.8 - - [12/Sep/2025:12:00:34 -0300] "GET /static/img/twemoji/72x72/1f9cd-1f3ff-200d-2640-fe0f.png HTTP/1.1" 200 829 "-" "Googlebot-Image/1.0"
66.249.77.10 - - [12/Sep/2025:12:02:09 -0300] "GET /static/img/twemoji/72x72/1f9d8-200d-2640-fe0f.png HTTP/1.1" 200 1025 "-" "Googlebot-Image/1.0"
66.249.72.228 - - [12/Sep/2025:12:03:45 -0300] "GET /assets/ce4b19d5/fonts/fontawesome-webfont.svg HTTP/1.1" 200 444379 "-" "Googlebot-Image/1.0"
66.249.77.8 - - [12/Sep/2025:12:05:20 -0300] "GET /static/img/twemoji/72x72/1f6ae.png HTTP/1.1" 200 464 "-" "Googlebot-Image/1.0"
66.249.77.10 - - [12/Sep/2025:12:06:55 -0300] "GET /static/img/twemoji/72x72/1f47a.png HTTP/1.1" 200 1110 "-" "Googlebot-Image/1.0"
66.249.77.9 - - [12/Sep/2025:12:08:31 -0300] "GET /static/img/twemoji/72x72/1f64d-1f3fb.png HTTP/1.1" 200 754 "-" "Googlebot-Image/1.0"
66.249.77.8 - - [12/Sep/2025:12:11:06 -0300] "GET /static/img/twemoji/72x72/1f6e2.png HTTP/1.1" 200 170 "-" "Googlebot-Image/1.0"
66.249.77.8 - - [12/Sep/2025:12:11:54 -0300] "GET /static/img/twemoji/72x72/1f468-1f3fc-200d-1f692.png HTTP/1.1" 200 1030 "-" "Googlebot-Image/1.0"
66.249.77.10 - - [12/Sep/2025:12:13:17 -0300] "GET /static/img/twemoji/72x72/1f468-1f3fd-200d-2695-fe0f.png HTTP/1.1" 200 1017 "-" "Googlebot-Image/1.0"
66.249.77.10 - - [12/Sep/2025:12:14:52 -0300] "GET /static/img/twemoji/72x72/1f471-1f3ff-200d-2640-fe0f.png HTTP/1.1" 200 841 "-" "Googlebot-Image/1.0"
54.80.185.200 - - [12/Sep/2025:12:16:00 -0300] "GET /assets/e93843c3/tinymce/plugins/codemirror/codemirror/addon/mode/?C=S;O%3DD HTTP/1.1" 200 1677 "-" "Mozilla/5.0 AppleWebKit/537.36 (KHTML, like Gecko; compatible; Amazonbot/0.1; +https://developer.amazon.com/support/amazonbot) Chrome/119.0.6045.214 Safari/537.36"
66.249.77.10 - - [12/Sep/2025:12:16:27 -0300] "GET /static/img/twemoji/72x72/1f32a.png HTTP/1.1" 200 1184 "-" "Googlebot-Image/1.0"
66.249.77.10 - - [12/Sep/2025:12:18:03 -0300] "GET /static/img/twemoji/72x72/1f944.png HTTP/1.1" 200 347 "-" "Googlebot-Image/1.0"
66.249.77.10 - - [12/Sep/2025:12:19:38 -0300] "GET /static/img/twemoji/72x72/1f435.png HTTP/1.1" 200 1105 "-" "Googlebot-Image/1.0"
66.249.77.10 - - [12/Sep/2025:12:21:13 -0300] "GET /static/img/twemoji/72x72/1f486-200d-2640-fe0f.png HTTP/1.1" 200 983 "-" "Googlebot-Image/1.0"
66.249.72.226 - - [12/Sep/2025:12:22:49 -0300] "GET /assets/2ec6b270/themes/trontastic/images/ui-icons_000000_256x240.png HTTP/1.1" 200 5582 "-" "Googlebot-Image/1.0"
66.249.77.8 - - [12/Sep/2025:12:26:59 -0300] "GET /static/img/twemoji/72x72/1f57a-1f3ff.png HTTP/1.1" 200 1039 "-" "Googlebot-Image/1.0"
66.249.72.228 - - [12/Sep/2025:12:27:47 -0300] "GET /assets/2ec6b270/themes/redmond/images/ui-icons_f9bd01_256x240.png HTTP/1.1" 200 4676 "-" "Googlebot-Image/1.0"
66.249.77.8 - - [12/Sep/2025:12:30:10 -0300] "GET /static/img/twemoji/72x72/1f1fb-1f1f3.png HTTP/1.1" 200 413 "-" "Googlebot-Image/1.0"
66.249.77.8 - - [12/Sep/2025:12:30:58 -0300] "GET /static/img/twemoji/72x72/1f7eb.png HTTP/1.1" 200 196 "-" "Googlebot-Image/1.0"
66.249.72.228 - - [12/Sep/2025:12:33:56 -0300] "GET /assets/4f07b091/themes/dot-luv/images/ui-icons_ffffff_256x240.png HTTP/1.1" 200 6487 "-" "Googlebot-Image/1.0"
66.249.77.9 - - [12/Sep/2025:12:35:31 -0300] "GET /static/img/twemoji/72x72/1f450-1f3ff.png HTTP/1.1" 200 1014 "-" "Googlebot-Image/1.0"
66.249.77.9 - - [12/Sep/2025:12:38:07 -0300] "GET /static/img/twemoji/72x72/1f469-200d-1f373.png HTTP/1.1" 200 1169 "-" "Googlebot-Image/1.0"
66.249.72.227 - - [12/Sep/2025:12:38:54 -0300] "GET /assets/2ec6b270/themes/south-street/images/ui-bg_highlight-hard_15_459e00_1x100.png HTTP/1.1" 200 380 "-" "Googlebot-Image/1.0"
66.249.77.10 - - [12/Sep/2025:12:40:17 -0300] "GET /static/img/twemoji/72x72/1f9d8-1f3ff-200d-2642-fe0f.png HTTP/1.1" 200 1007 "-" "Googlebot-Image/1.0"
66.249.72.226 - - [12/Sep/2025:12:41:53 -0300] "GET /assets/4f07b091/themes/south-street/images/ui-icons_cd0a0a_256x240.png HTTP/1.1" 200 4676 "-" "Googlebot-Image/1.0"
66.249.77.9 - - [12/Sep/2025:12:43:28 -0300] "GET /static/img/twemoji/72x72/1f3c3-1f3fc-200d-2642-fe0f.png HTTP/1.1" 200 1015 "-" "Googlebot-Image/1.0"
66.249.77.8 - - [12/Sep/2025:12:45:03 -0300] "GET /static/img/twemoji/72x72/1f46d-1f3ff.png HTTP/1.1" 200 1214 "-" "Googlebot-Image/1.0"
66.249.77.8 - - [12/Sep/2025:12:46:39 -0300] "GET /static/img/twemoji/72x72/1f448-1f3fe.png HTTP/1.1" 200 422 "-" "Googlebot-Image/1.0"
66.249.77.10 - - [12/Sep/2025:12:48:14 -0300] "GET /static/img/twemoji/72x72/1f3ca.png HTTP/1.1" 200 852 "-" "Googlebot-Image/1.0"
66.249.72.226 - - [12/Sep/2025:12:48:43 -0300] "GET /assets/4772666/ HTTP/1.1" 200 2252 "-" "Mozilla/5.0 (Linux; Android 6.0.1; Nexus 5X Build/MMB29P) AppleWebKit/537.36 (KHTML, like Gecko) Chrome/140.0.7339.127 Mobile Safari/537.36 (compatible; Googlebot/2.1; +http://www.google.com/bot.html)"
66.249.77.10 - - [12/Sep/2025:12:49:49 -0300] "GET /static/img/twemoji/72x72/1f9d1-1f3fb-200d-1f91d-200d-1f9d1-1f3fb.png HTTP/1.1" 200 1288 "-" "Googlebot-Image/1.0"
66.249.77.9 - - [12/Sep/2025:12:51:25 -0300] "GET /static/img/twemoji/72x72/1f236.png HTTP/1.1" 200 488 "-" "Googlebot-Image/1.0"
66.249.77.9 - - [12/Sep/2025:12:51:36 -0300] "GET /static/assets/a59d3f98/themes/cupertino/images/?C=D;O=A HTTP/1.1" 200 3377 "-" "Mozilla/5.0 (Linux; Android 6.0.1; Nexus 5X Build/MMB29P) AppleWebKit/537.36 (KHTML, like Gecko) Chrome/140.0.7339.127 Mobile Safari/537.36 (compatible; GoogleOther)"
66.249.77.8 - - [12/Sep/2025:12:51:39 -0300] "GET /static/assets/a59d3f98/themes/cupertino/images/?C=N;O=D HTTP/1.1" 200 3377 "-" "Mozilla/5.0 (Linux; Android 6.0.1; Nexus 5X Build/MMB29P) AppleWebKit/537.36 (KHTML, like Gecko) Chrome/140.0.7339.127 Mobile Safari/537.36 (compatible; GoogleOther)"
66.249.77.10 - - [12/Sep/2025:12:52:38 -0300] "GET /static/img/twemoji/72x72/1f468-1f3fc-200d-1f393.png HTTP/1.1" 200 1071 "-" "Googlebot-Image/1.0"
66.249.77.10 - - [12/Sep/2025:12:53:51 -0300] "GET /static/img/twemoji/72x72/1f970.png HTTP/1.1" 200 1148 "-" "Googlebot-Image/1.0"
66.249.77.8 - - [12/Sep/2025:12:55:04 -0300] "GET /static/img/twemoji/72x72/1f9db-1f3fe.png HTTP/1.1" 200 1072 "-" "Googlebot-Image/1.0"
66.249.77.10 - - [12/Sep/2025:12:56:17 -0300] "GET /static/img/twemoji/72x72/1f4c7.png HTTP/1.1" 200 396 "-" "Googlebot-Image/1.0"
66.249.77.9 - - [12/Sep/2025:12:57:30 -0300] "GET /static/img/twemoji/72x72/1f469-1f3fe-200d-1f3eb.png HTTP/1.1" 200 1173 "-" "Googlebot-Image/1.0"
66.249.77.9 - - [12/Sep/2025:12:58:42 -0300] "GET /static/img/twemoji/72x72/1f1f4.png HTTP/1.1" 200 570 "-" "Googlebot-Image/1.0"
66.249.77.9 - - [12/Sep/2025:13:00:55 -0300] "GET /static/img/twemoji/72x72/1f6b0.png HTTP/1.1" 200 427 "-" "Googlebot-Image/1.0"
66.249.72.227 - - [12/Sep/2025:13:01:32 -0300] "GET /assets/90f774c0/screen11.jpg HTTP/1.1" 200 148242 "-" "Googlebot-Image/1.0"
66.249.77.9 - - [12/Sep/2025:13:03:21 -0300] "GET /static/img/twemoji/72x72/1f1f0.png HTTP/1.1" 200 472 "-" "Googlebot-Image/1.0"
66.249.77.9 - - [12/Sep/2025:13:03:58 -0300] "GET /static/img/twemoji/72x72/1f93d-1f3fc-200d-2642-fe0f.png HTTP/1.1" 200 870 "-" "Googlebot-Image/1.0"
66.249.72.226 - - [12/Sep/2025:13:04:47 -0300] "GET /assets/bbca6024/ico/android-icon-192x192.png HTTP/1.1" 200 6506 "-" "Googlebot-Image/1.0"
66.249.77.9 - - [12/Sep/2025:13:06:00 -0300] "GET /static/assets/a59d3f98/themes/ui-darkness/images/ui-bg_glass_40_0078a3_1x400.png HTTP/1.1" 200 400 "-" "Googlebot-Image/1.0"
66.249.72.227 - - [12/Sep/2025:13:09:39 -0300] "GET /assets/baec620/directorylist/page_white.png HTTP/1.1" 200 294 "-" "Googlebot-Image/1.0"
167.114.139.104 - - [12/Sep/2025:13:10:20 -0300] "GET /assets/7010bd4/js/?C=S;O=A HTTP/1.1" 200 1028 "-" "Mozilla/5.0 (compatible; AhrefsBot/7.0; +http://ahrefs.com/robot/)"
66.249.77.9 - - [12/Sep/2025:13:10:52 -0300] "GET /static/img/twemoji/72x72/1f1e8-1f1e6.png HTTP/1.1" 200 445 "-" "Googlebot-Image/1.0"
66.249.77.10 - - [12/Sep/2025:13:12:05 -0300] "GET /static/img/twemoji/72x72/1f69d.png HTTP/1.1" 200 647 "-" "Googlebot-Image/1.0"
198.55.98.93 - - [12/Sep/2025:13:12:19 -0300] "GET /.git/config HTTP/1.1" 404 - "-" "Mozilla/5.0 (Linux; Android 9; SM-G973U) AppleWebKit/537.36 (KHTML, like Gecko) Chrome/76.0.3809.111 Mobile Safari/537.36"
66.249.77.10 - - [12/Sep/2025:13:14:31 -0300] "GET /static/img/twemoji/72x72/1f468-1f3fc-200d-1f9b2.png HTTP/1.1" 200 586 "-" "Googlebot-Image/1.0"
66.249.77.8 - - [12/Sep/2025:13:15:44 -0300] "GET /themes/HumHub/img/select_arrow.png HTTP/1.1" 200 972 "-" "Googlebot-Image/1.0"
66.249.77.9 - - [12/Sep/2025:13:16:57 -0300] "GET /static/img/twemoji/72x72/1f473-1f3ff-200d-2640-fe0f.png HTTP/1.1" 200 981 "-" "Googlebot-Image/1.0"
66.249.77.8 - - [12/Sep/2025:13:19:10 -0300] "GET /static/img/twemoji/72x72/26f9-1f3fd-200d-2642-fe0f.png HTTP/1.1" 200 1137 "-" "Googlebot-Image/1.0"
66.249.72.228 - - [12/Sep/2025:13:19:47 -0300] "GET /assets/97977d77/ico/apple-icon-60x60.png HTTP/1.1" 200 1944 "-" "Googlebot-Image/1.0"
66.249.77.9 - - [12/Sep/2025:13:21:36 -0300] "GET /static/img/twemoji/72x72/1f6ba.png HTTP/1.1" 200 515 "-" "Googlebot-Image/1.0"
66.249.77.8 - - [12/Sep/2025:13:22:12 -0300] "GET /static/img/twemoji/72x72/1f595-1f3ff.png HTTP/1.1" 200 437 "-" "Googlebot-Image/1.0"
40.77.167.79 - - [12/Sep/2025:13:22:16 -0300] "GET /assets/f3e828b3/i18n/zh-TW.js HTTP/1.1" 200 707 "-" "Mozilla/5.0 AppleWebKit/537.36 (KHTML, like Gecko; compatible; bingbot/2.0; +http://www.bing.com/bingbot.htm) Chrome/116.0.1938.76 Safari/537.36"
66.249.77.9 - - [12/Sep/2025:13:23:02 -0300] "GET /static/img/twemoji/72x72/1f6a3-1f3fb-200d-2640-fe0f.png HTTP/1.1" 200 746 "-" "Googlebot-Image/1.0"
66.249.72.228 - - [12/Sep/2025:13:24:15 -0300] "GET /assets/4f07b091/themes/black-tie/images/ui-icons_ffcf29_256x240.png HTTP/1.1" 200 4676 "-" "Googlebot-Image/1.0"
66.249.77.10 - - [12/Sep/2025:13:25:28 -0300] "GET /static/img/twemoji/72x72/1f468-200d-1f469-200d-1f466-200d-1f466.png HTTP/1.1" 200 1168 "-" "Googlebot-Image/1.0"
66.249.77.10 - - [12/Sep/2025:13:26:41 -0300] "GET /static/img/twemoji/72x72/1f575-1f3fe.png HTTP/1.1" 200 1013 "-" "Googlebot-Image/1.0"
66.249.72.227 - - [12/Sep/2025:13:27:54 -0300] "GET /static/resources/installer/user_male_2.jpg HTTP/1.1" 200 12868 "-" "Googlebot-Image/1.0"
66.249.72.226 - - [12/Sep/2025:13:30:20 -0300] "GET /assets/90f774c0/screen9.jpg HTTP/1.1" 200 318314 "-" "Googlebot-Image/1.0"
66.249.77.9 - - [12/Sep/2025:13:31:33 -0300] "GET /static/img/twemoji/72x72/1f528.png HTTP/1.1" 200 402 "-" "Googlebot-Image/1.0"
66.249.77.8 - - [12/Sep/2025:13:32:46 -0300] "GET /static/img/twemoji/72x72/1f444.png HTTP/1.1" 200 700 "-" "Googlebot-Image/1.0"
66.249.77.10 - - [12/Sep/2025:13:33:59 -0300] "GET /static/img/twemoji/72x72/1f91c-1f3fd.png HTTP/1.1" 200 685 "-" "Googlebot-Image/1.0"
66.249.77.9 - - [12/Sep/2025:13:35:12 -0300] "GET /static/img/twemoji/72x72/1f4b3.png HTTP/1.1" 200 439 "-" "Googlebot-Image/1.0"
66.249.77.10 - - [12/Sep/2025:13:36:25 -0300] "GET /static/img/twemoji/72x72/1f9da.png HTTP/1.1" 200 1163 "-" "Googlebot-Image/1.0"
66.249.77.9 - - [12/Sep/2025:13:37:38 -0300] "GET /static/img/twemoji/72x72/1f469-1f3fe-200d-1f3a4.png HTTP/1.1" 200 1217 "-" "Googlebot-Image/1.0"
66.249.77.9 - - [12/Sep/2025:13:38:51 -0300] "GET /static/img/twemoji/72x72/1f9d7-1f3fc.png HTTP/1.1" 200 1277 "-" "Googlebot-Image/1.0"
66.249.72.226 - - [12/Sep/2025:13:40:04 -0300] "GET /assets/4f07b091/themes/ui-lightness/images/ui-icons_222222_256x240.png HTTP/1.1" 200 7025 "-" "Googlebot-Image/1.0"
66.249.77.10 - - [12/Sep/2025:13:41:17 -0300] "GET /static/img/twemoji/72x72/1f9b9-1f3ff-200d-2640-fe0f.png HTTP/1.1" 200 1157 "-" "Googlebot-Image/1.0"
66.249.77.8 - - [12/Sep/2025:13:42:29 -0300] "GET /static/img/twemoji/72x72/1f9bb-1f3fb.png HTTP/1.1" 200 1226 "-" "Googlebot-Image/1.0"
66.249.77.10 - - [12/Sep/2025:13:43:42 -0300] "GET /static/img/twemoji/72x72/1f471-1f3fd-200d-2642-fe0f.png HTTP/1.1" 200 877 "-" "Googlebot-Image/1.0"
66.249.77.10 - - [12/Sep/2025:13:44:55 -0300] "GET /static/img/twemoji/72x72/1f1f8-1f1f0.png HTTP/1.1" 200 691 "-" "Googlebot-Image/1.0"
66.249.77.9 - - [12/Sep/2025:13:46:08 -0300] "GET /static/img/twemoji/72x72/1f49c.png HTTP/1.1" 200 498 "-" "Googlebot-Image/1.0"
52.167.144.145 - - [12/Sep/2025:13:47:17 -0300] "GET /assets/76b273f5/mode/pig/ HTTP/1.1" 200 833 "-" "Mozilla/5.0 AppleWebKit/537.36 (KHTML, like Gecko; compatible; bingbot/2.0; +http://www.bing.com/bingbot.htm) Chrome/116.0.1938.76 Safari/537.36"
66.249.77.8 - - [12/Sep/2025:13:48:21 -0300] "GET /static/img/twemoji/72x72/2712.png HTTP/1.1" 200 604 "-" "Googlebot-Image/1.0"
66.249.77.9 - - [12/Sep/2025:13:48:58 -0300] "GET /static/img/twemoji/72x72/1f9d7-1f3ff.png HTTP/1.1" 200 1298 "-" "Googlebot-Image/1.0"
66.249.77.8 - - [12/Sep/2025:13:49:47 -0300] "GET /static/img/twemoji/72x72/1f636.png HTTP/1.1" 200 494 "-" "Googlebot-Image/1.0"
66.249.72.227 - - [12/Sep/2025:13:51:00 -0300] "GET /assets/90f774c0/screen12.jpg HTTP/1.1" 200 123789 "-" "Googlebot-Image/1.0"
66.249.77.10 - - [12/Sep/2025:13:51:36 -0300] "GET /static/assets/a59d3f98/themes/cupertino/images/?C=M;O=A HTTP/1.1" 200 3377 "-" "Mozilla/5.0 (Linux; Android 6.0.1; Nexus 5X Build/MMB29P) AppleWebKit/537.36 (KHTML, like Gecko) Chrome/140.0.7339.127 Mobile Safari/537.36 (compatible; GoogleOther)"
66.249.77.10 - - [12/Sep/2025:13:52:13 -0300] "GET /static/img/twemoji/72x72/1f425.png HTTP/1.1" 200 769 "-" "Googlebot-Image/1.0"
40.77.167.6 - - [12/Sep/2025:13:53:09 -0300] "GET /assets/76b273f5/src/display/ HTTP/1.1" 200 3387 "-" "Mozilla/5.0 AppleWebKit/537.36 (KHTML, like Gecko; compatible; bingbot/2.0; +http://www.bing.com/bingbot.htm) Chrome/116.0.1938.76 Safari/537.36"
66.249.72.228 - - [12/Sep/2025:13:53:26 -0300] "GET /static/img/mail_ico_check.png HTTP/1.1" 200 3559 "-" "Googlebot-Image/1.0"
66.249.77.8 - - [12/Sep/2025:13:54:39 -0300] "GET /static/img/twemoji/72x72/1f507.png HTTP/1.1" 200 428 "-" "Googlebot-Image/1.0"
66.249.77.9 - - [12/Sep/2025:13:55:52 -0300] "GET /static/img/twemoji/72x72/1f919-1f3fb.png HTTP/1.1" 200 840 "-" "Googlebot-Image/1.0"
66.249.72.227 - - [12/Sep/2025:13:58:05 -0300] "GET /assets/2ec6b270/themes/ui-darkness/images/ui-icons_4b8e0b_256x240.png HTTP/1.1" 200 4676 "-" "Googlebot-Image/1.0"
66.249.77.9 - - [12/Sep/2025:13:58:42 -0300] "GET /static/img/twemoji/72x72/1f1ed-1f1fa.png HTTP/1.1" 200 246 "-" "Googlebot-Image/1.0"
66.249.77.8 - - [12/Sep/2025:13:59:31 -0300] "GET /static/img/twemoji/72x72/1f469-1f3fd-200d-1f680.png HTTP/1.1" 200 1249 "-" "Googlebot-Image/1.0"
66.249.77.8 - - [12/Sep/2025:14:00:44 -0300] "GET /static/img/twemoji/72x72/1f4ae.png HTTP/1.1" 200 1176 "-" "Googlebot-Image/1.0"
66.249.77.10 - - [12/Sep/2025:14:02:57 -0300] "GET /static/img/twemoji/72x72/1f645-1f3fd-200d-2640-fe0f.png HTTP/1.1" 200 1040 "-" "Googlebot-Image/1.0"
66.249.77.9 - - [12/Sep/2025:14:03:34 -0300] "GET /static/img/twemoji/72x72/1f4a2.png HTTP/1.1" 200 725 "-" "Googlebot-Image/1.0"
66.249.77.8 - - [12/Sep/2025:14:04:23 -0300] "GET /static/img/twemoji/72x72/1f468-1f3fe-200d-1f393.png HTTP/1.1" 200 1086 "-" "Googlebot-Image/1.0"
66.249.77.10 - - [12/Sep/2025:14:05:36 -0300] "GET /static/img/twemoji/72x72/1f469-1f3fe-200d-1f692.png HTTP/1.1" 200 1057 "-" "Googlebot-Image/1.0"
66.249.77.9 - - [12/Sep/2025:14:06:49 -0300] "GET /static/img/twemoji/72x72/1f9ae.png HTTP/1.1" 200 1247 "-" "Googlebot-Image/1.0"
66.249.77.8 - - [12/Sep/2025:14:08:02 -0300] "GET /static/img/twemoji/72x72/1f64c-1f3fb.png HTTP/1.1" 200 999 "-" "Googlebot-Image/1.0"
66.249.77.10 - - [12/Sep/2025:14:11:41 -0300] "GET /robots.txt HTTP/1.1" 404 - "-" "Mozilla/5.0 (compatible; Googlebot/2.1; +http://www.google.com/bot.html)"
66.249.77.9 - - [12/Sep/2025:14:11:41 -0300] "GET /static/img/twemoji/72x72/1f3cb-1f3ff-200d-2642-fe0f.png HTTP/1.1" 200 1055 "-" "Googlebot-Image/1.0"
66.249.77.9 - - [12/Sep/2025:14:12:54 -0300] "GET /static/img/twemoji/72x72/1f939-1f3fb.png HTTP/1.1" 200 1140 "-" "Googlebot-Image/1.0"
66.249.77.9 - - [12/Sep/2025:14:12:54 -0300] "GET /robots.txt HTTP/1.1" 404 - "-" "Mozilla/5.0 (compatible; Googlebot/2.1; +http://www.google.com/bot.html)"
66.249.77.8 - - [12/Sep/2025:14:14:07 -0300] "GET /robots.txt HTTP/1.1" 404 - "-" "Mozilla/5.0 (compatible; Googlebot/2.1; +http://www.google.com/bot.html)"
66.249.77.8 - - [12/Sep/2025:14:14:07 -0300] "GET /static/img/twemoji/72x72/1f9da-1f3fd-200d-2640-fe0f.png HTTP/1.1" 200 1176 "-" "Googlebot-Image/1.0"
66.249.77.9 - - [12/Sep/2025:14:16:33 -0300] "GET /robots.txt HTTP/1.1" 404 - "-" "Mozilla/5.0 (compatible; Googlebot/2.1; +http://www.google.com/bot.html)"
66.249.77.9 - - [12/Sep/2025:14:16:33 -0300] "GET /static/img/twemoji/72x72/1f46e-1f3fe-200d-2642-fe0f.png HTTP/1.1" 200 1142 "-" "Googlebot-Image/1.0"
66.249.77.9 - - [12/Sep/2025:14:17:46 -0300] "GET /robots.txt HTTP/1.1" 404 - "-" "Mozilla/5.0 (compatible; Googlebot/2.1; +http://www.google.com/bot.html)"
66.249.77.8 - - [12/Sep/2025:14:17:46 -0300] "GET /static/img/twemoji/72x72/23ea.png HTTP/1.1" 200 413 "-" "Googlebot-Image/1.0"
66.249.77.10 - - [12/Sep/2025:14:20:12 -0300] "GET /static/img/twemoji/72x72/1f9d8-1f3fe.png HTTP/1.1" 200 1011 "-" "Googlebot-Image/1.0"
66.249.77.8 - - [12/Sep/2025:14:20:12 -0300] "GET /robots.txt HTTP/1.1" 404 - "-" "Mozilla/5.0 (compatible; Googlebot/2.1; +http://www.google.com/bot.html)"
66.249.77.8 - - [12/Sep/2025:14:21:25 -0300] "GET /robots.txt HTTP/1.1" 404 - "-" "Mozilla/5.0 (compatible; Googlebot/2.1; +http://www.google.com/bot.html)"
66.249.77.9 - - [12/Sep/2025:14:21:25 -0300] "GET /static/img/twemoji/72x72/2b1b.png HTTP/1.1" 200 196 "-" "Googlebot-Image/1.0"
66.249.77.9 - - [12/Sep/2025:14:21:37 -0300] "GET /static/assets/a59d3f98/themes/cupertino/images/?C=S;O=A HTTP/1.1" 200 3377 "-" "Mozilla/5.0 (Linux; Android 6.0.1; Nexus 5X Build/MMB29P) AppleWebKit/537.36 (KHTML, like Gecko) Chrome/140.0.7339.127 Mobile Safari/537.36 (compatible; GoogleOther)"
66.249.77.9 - - [12/Sep/2025:14:22:38 -0300] "GET /static/img/twemoji/72x72/1f6b4-1f3fe-200d-2642-fe0f.png HTTP/1.1" 200 1223 "-" "Googlebot-Image/1.0"
66.249.77.8 - - [12/Sep/2025:14:22:38 -0300] "GET /robots.txt HTTP/1.1" 404 - "-" "Mozilla/5.0 (compatible; Googlebot/2.1; +http://www.google.com/bot.html)"
66.249.77.8 - - [12/Sep/2025:14:24:37 -0300] "GET /static/img/twemoji/72x72/1f552.png HTTP/1.1" 200 677 "-" "Googlebot-Image/1.0"
52.167.144.187 - - [12/Sep/2025:14:24:55 -0300] "GET /static/assets/6bf92961/ HTTP/1.1" 200 819 "-" "Mozilla/5.0 AppleWebKit/537.36 (KHTML, like Gecko; compatible; bingbot/2.0; +http://www.bing.com/bingbot.htm) Chrome/116.0.1938.76 Safari/537.36"
66.249.77.10 - - [12/Sep/2025:14:26:16 -0300] "GET /static/img/twemoji/72x72/1f46d-1f3fb.png HTTP/1.1" 200 1201 "-" "Googlebot-Image/1.0"
66.249.77.8 - - [12/Sep/2025:14:27:29 -0300] "GET /static/img/twemoji/72x72/1f3c3-1f3fc.png HTTP/1.1" 200 1017 "-" "Googlebot-Image/1.0"
66.249.77.8 - - [12/Sep/2025:14:29:42 -0300] "GET /static/img/twemoji/72x72/1f64d-1f3fc-200d-2642-fe0f.png HTTP/1.1" 200 830 "-" "Googlebot-Image/1.0"
66.249.77.8 - - [12/Sep/2025:14:30:19 -0300] "GET /static/img/twemoji/72x72/1f3bd.png HTTP/1.1" 200 1007 "-" "Googlebot-Image/1.0"
66.249.77.8 - - [12/Sep/2025:14:31:08 -0300] "GET /static/img/twemoji/72x72/1f6b5-1f3fd-200d-2642-fe0f.png HTTP/1.1" 200 1300 "-" "Googlebot-Image/1.0"
66.249.72.228 - - [12/Sep/2025:14:32:21 -0300] "GET /assets/2ec6b270/themes/trontastic/images/ui-icons_b8ec79_256x240.png HTTP/1.1" 200 4676 "-" "Googlebot-Image/1.0"
66.249.77.8 - - [12/Sep/2025:14:33:34 -0300] "GET /assets/90f774c0/screen12.jpg HTTP/1.1" 200 123789 "-" "Googlebot-Image/1.0"
66.249.77.10 - - [12/Sep/2025:14:34:47 -0300] "GET /static/img/twemoji/72x72/1f553.png HTTP/1.1" 200 778 "-" "Googlebot-Image/1.0"
15.235.96.96 - - [12/Sep/2025:14:38:20 -0300] "GET /assets/7010bd4/js/?C=N;O=A HTTP/1.1" 200 1028 "-" "Mozilla/5.0 (compatible; AhrefsBot/7.0; +http://ahrefs.com/robot/)"
66.249.77.9 - - [12/Sep/2025:14:38:26 -0300] "GET /static/img/twemoji/72x72/1f5de.png HTTP/1.1" 200 1121 "-" "Googlebot-Image/1.0"
66.249.72.227 - - [12/Sep/2025:14:39:39 -0300] "GET /assets/2ec6b270/themes/overcast/images/ui-bg_glass_100_f8f8f8_1x400.png HTTP/1.1" 200 324 "-" "Googlebot-Image/1.0"
66.249.77.9 - - [12/Sep/2025:14:40:52 -0300] "GET /static/img/twemoji/72x72/1f6c0-1f3ff.png HTTP/1.1" 200 760 "-" "Googlebot-Image/1.0"
66.249.77.9 - - [12/Sep/2025:14:42:05 -0300] "GET /static/img/twemoji/72x72/1f9dc-1f3fb-200d-2642-fe0f.png HTTP/1.1" 200 1214 "-" "Googlebot-Image/1.0"
66.249.72.227 - - [12/Sep/2025:14:43:18 -0300] "GET /assets/baec620/directorylist/page_white_php.png HTTP/1.1" 200 538 "-" "Googlebot-Image/1.0"
66.249.72.228 - - [12/Sep/2025:14:44:31 -0300] "GET /static/img/default_module.jpg HTTP/1.1" 200 4280 "-" "Googlebot-Image/1.0"
66.249.77.10 - - [12/Sep/2025:14:45:44 -0300] "GET /static/img/twemoji/72x72/1f4ba.png HTTP/1.1" 200 427 "-" "Googlebot-Image/1.0"
66.249.77.10 - - [12/Sep/2025:14:46:57 -0300] "GET /static/img/twemoji/72x72/1f9d5.png HTTP/1.1" 200 961 "-" "Googlebot-Image/1.0"
66.249.77.9 - - [12/Sep/2025:14:49:23 -0300] "GET /static/img/twemoji/72x72/1f7e1.png HTTP/1.1" 200 411 "-" "Googlebot-Image/1.0"
66.249.77.9 - - [12/Sep/2025:14:50:36 -0300] "GET /static/img/twemoji/72x72/1f1f3-1f1f4.png HTTP/1.1" 200 229 "-" "Googlebot-Image/1.0"
66.249.77.10 - - [12/Sep/2025:14:51:36 -0300] "GET /static/assets/a59d3f98/themes/cupertino/images/?C=D;O=D HTTP/1.1" 200 3377 "-" "Mozilla/5.0 (Linux; Android 6.0.1; Nexus 5X Build/MMB29P) AppleWebKit/537.36 (KHTML, like Gecko) Chrome/140.0.7339.127 Mobile Safari/537.36 (compatible; GoogleOther)"
66.249.77.8 - - [12/Sep/2025:14:51:49 -0300] "GET /static/img/twemoji/72x72/1f470-1f3fb.png HTTP/1.1" 200 1111 "-" "Googlebot-Image/1.0"
66.249.77.9 - - [12/Sep/2025:14:53:02 -0300] "GET /static/img/twemoji/72x72/1f469-1f3fe-200d-1f91d-200d-1f469-1f3fd.png HTTP/1.1" 200 1335 "-" "Googlebot-Image/1.0"
66.249.77.9 - - [12/Sep/2025:14:55:37 -0300] "GET /static/img/twemoji/72x72/303d.png HTTP/1.1" 200 547 "-" "Googlebot-Image/1.0"
66.249.72.228 - - [12/Sep/2025:14:57:14 -0300] "GET /assets/4f07b091/themes/black-tie/images/ui-bg_glass_40_111111_1x400.png HTTP/1.1" 200 323 "-" "Googlebot-Image/1.0"
66.249.72.228 - - [12/Sep/2025:14:58:27 -0300] "GET /assets/9d74ea14/module_image.png HTTP/1.1" 200 10391 "-" "Googlebot-Image/1.0"
66.249.77.9 - - [12/Sep/2025:14:59:07 -0300] "GET /static/img/twemoji/72x72/1f7e5.png HTTP/1.1" 200 195 "-" "Googlebot-Image/1.0"
66.249.77.9 - - [12/Sep/2025:15:00:20 -0300] "GET /static/img/twemoji/72x72/1f471-200d-2640-fe0f.png HTTP/1.1" 200 997 "-" "Googlebot-Image/1.0"
40.77.167.151 - - [12/Sep/2025:15:00:56 -0300] "GET /assets/76b273f5/mode/gas/?C=D;O=A HTTP/1.1" 200 833 "-" "Mozilla/5.0 AppleWebKit/537.36 (KHTML, like Gecko; compatible; bingbot/2.0; +http://www.bing.com/bingbot.htm) Chrome/116.0.1938.76 Safari/537.36"
66.249.72.227 - - [12/Sep/2025:15:01:33 -0300] "GET /assets/4f07b091/themes/humanity/images/ui-bg_highlight-hard_65_fee4bd_1x100.png HTTP/1.1" 200 372 "-" "Googlebot-Image/1.0"
66.249.72.226 - - [12/Sep/2025:15:02:46 -0300] "GET /assets/f8e848ce/module_image.png HTTP/1.1" 200 8466 "-" "Googlebot-Image/1.0"
66.249.77.8 - - [12/Sep/2025:15:03:59 -0300] "GET /static/img/twemoji/72x72/1f3ca-1f3fc-200d-2642-fe0f.png HTTP/1.1" 200 851 "-" "Googlebot-Image/1.0"
66.249.72.227 - - [12/Sep/2025:15:05:12 -0300] "GET /assets/2ec6b270/themes/eggplant/images/ui-icons_454545_256x240.png HTTP/1.1" 200 7090 "-" "Googlebot-Image/1.0"
66.249.77.9 - - [12/Sep/2025:15:06:25 -0300] "GET /static/img/twemoji/72x72/1f9da-1f3ff-200d-2640-fe0f.png HTTP/1.1" 200 1171 "-" "Googlebot-Image/1.0"
66.249.77.10 - - [12/Sep/2025:15:07:37 -0300] "GET /static/img/twemoji/72x72/1f1f1-1f1f7.png HTTP/1.1" 200 438 "-" "Googlebot-Image/1.0"
66.249.77.9 - - [12/Sep/2025:15:11:04 -0300] "GET /static/img/twemoji/72x72/1f473-1f3ff.png HTTP/1.1" 200 973 "-" "Googlebot-Image/1.0"
66.249.77.8 - - [12/Sep/2025:15:12:29 -0300] "GET /static/img/twemoji/72x72/1f314.png HTTP/1.1" 200 946 "-" "Googlebot-Image/1.0"
66.249.77.9 - - [12/Sep/2025:15:13:42 -0300] "GET /static/img/twemoji/72x72/1f9cd-1f3fe-200d-2640-fe0f.png HTTP/1.1" 200 823 "-" "Googlebot-Image/1.0"
52.167.144.207 - - [12/Sep/2025:15:14:48 -0300] "GET /assets/4f07b091/ui/minified/i18n/datepicker-nl.js HTTP/1.1" 200 887 "-" "Mozilla/5.0 AppleWebKit/537.36 (KHTML, like Gecko; compatible; bingbot/2.0; +http://www.bing.com/bingbot.htm) Chrome/116.0.1938.76 Safari/537.36"
66.249.77.8 - - [12/Sep/2025:15:14:55 -0300] "GET /static/img/twemoji/72x72/1f9dc-1f3fb.png HTTP/1.1" 200 1235 "-" "Googlebot-Image/1.0"
66.249.77.10 - - [12/Sep/2025:15:16:08 -0300] "GET /static/img/twemoji/72x72/1f930-1f3fb.png HTTP/1.1" 200 996 "-" "Googlebot-Image/1.0"
66.249.77.9 - - [12/Sep/2025:15:17:21 -0300] "GET /static/img/twemoji/72x72/1f9d1-1f3fc-200d-1f91d-200d-1f9d1-1f3fb.png HTTP/1.1" 200 1297 "-" "Googlebot-Image/1.0"
66.249.77.10 - - [12/Sep/2025:15:18:34 -0300] "GET /static/img/twemoji/72x72/1f469-1f3ff-200d-1f527.png HTTP/1.1" 200 1138 "-" "Googlebot-Image/1.0"
66.249.77.9 - - [12/Sep/2025:15:19:47 -0300] "GET /static/img/twemoji/72x72/1f95c.png HTTP/1.1" 200 1009 "-" "Googlebot-Image/1.0"
66.249.72.226 - - [12/Sep/2025:15:21:00 -0300] "GET /assets/2ec6b270/themes/excite-bike/images/ui-bg_diagonals-thick_22_1484e6_40x40.png HTTP/1.1" 200 467 "-" "Googlebot-Image/1.0"
66.249.77.9 - - [12/Sep/2025:15:22:13 -0300] "GET /static/img/twemoji/72x72/1f3ca-1f3fc-200d-2640-fe0f.png HTTP/1.1" 200 878 "-" "Googlebot-Image/1.0"
66.249.77.10 - - [12/Sep/2025:15:23:26 -0300] "GET /static/img/twemoji/72x72/1f595-1f3fd.png HTTP/1.1" 200 437 "-" "Googlebot-Image/1.0"
51.222.168.188 - - [12/Sep/2025:15:23:55 -0300] "GET /assets/7010bd4/js/?C=M;O=A HTTP/1.1" 200 1028 "-" "Mozilla/5.0 (compatible; AhrefsBot/7.0; +http://ahrefs.com/robot/)"
66.249.77.8 - - [12/Sep/2025:15:24:39 -0300] "GET /static/img/twemoji/72x72/1f1f2-1f1f4.png HTTP/1.1" 200 708 "-" "Googlebot-Image/1.0"
66.249.77.9 - - [12/Sep/2025:15:25:52 -0300] "GET /static/img/twemoji/72x72/1f6a3-1f3ff-200d-2642-fe0f.png HTTP/1.1" 200 750 "-" "Googlebot-Image/1.0"
66.249.77.9 - - [12/Sep/2025:15:27:05 -0300] "GET /static/img/twemoji/72x72/1f471-1f3fe-200d-2642-fe0f.png HTTP/1.1" 200 878 "-" "Googlebot-Image/1.0"
66.249.77.9 - - [12/Sep/2025:15:28:18 -0300] "GET /static/img/twemoji/72x72/1f9a7.png HTTP/1.1" 200 1309 "-" "Googlebot-Image/1.0"
66.249.77.10 - - [12/Sep/2025:15:29:31 -0300] "GET /static/img/twemoji/72x72/1f473-1f3fb-200d-2642-fe0f.png HTTP/1.1" 200 952 "-" "Googlebot-Image/1.0"
66.249.77.9 - - [12/Sep/2025:15:30:44 -0300] "GET /static/img/twemoji/72x72/2603.png HTTP/1.1" 200 974 "-" "Googlebot-Image/1.0"
66.249.77.9 - - [12/Sep/2025:15:31:57 -0300] "GET /static/img/twemoji/72x72/1f4cd.png HTTP/1.1" 200 568 "-" "Googlebot-Image/1.0"
66.249.77.8 - - [12/Sep/2025:15:33:10 -0300] "GET /static/img/twemoji/72x72/1f44f-1f3fb.png HTTP/1.1" 200 1069 "-" "Googlebot-Image/1.0"
66.249.72.227 - - [12/Sep/2025:15:34:23 -0300] "GET /assets/19076be7/file-picture-o.svg HTTP/1.1" 200 470 "-" "Googlebot-Image/1.0"
66.249.72.226 - - [12/Sep/2025:15:35:36 -0300] "GET /assets/bbca6024/ico/apple-icon-114x114.png HTTP/1.1" 200 4592 "-" "Googlebot-Image/1.0"
66.249.77.8 - - [12/Sep/2025:15:36:49 -0300] "GET /static/img/twemoji/72x72/1f64b-1f3ff.png HTTP/1.1" 200 855 "-" "Googlebot-Image/1.0"
66.249.77.8 - - [12/Sep/2025:15:39:15 -0300] "GET /static/img/twemoji/72x72/1f3c3-200d-2640-fe0f.png HTTP/1.1" 200 1057 "-" "Googlebot-Image/1.0"
66.249.72.226 - - [12/Sep/2025:15:40:28 -0300] "GET /assets/f7a28d59/module_image.png HTTP/1.1" 200 2606 "-" "Googlebot-Image/1.0"
66.249.77.9 - - [12/Sep/2025:15:41:41 -0300] "GET /static/img/twemoji/72x72/1f469-1f3fe-200d-1f373.png HTTP/1.1" 200 1173 "-" "Googlebot-Image/1.0"
66.249.77.8 - - [12/Sep/2025:15:42:54 -0300] "GET /static/img/twemoji/72x72/1f64d-1f3ff-200d-2640-fe0f.png HTTP/1.1" 200 753 "-" "Googlebot-Image/1.0"
66.249.72.228 - - [12/Sep/2025:15:44:07 -0300] "GET /assets/4f07b091/themes/le-frog/images/ui-bg_glass_55_fbf5d0_1x400.png HTTP/1.1" 200 394 "-" "Googlebot-Image/1.0"
66.249.77.8 - - [12/Sep/2025:15:45:20 -0300] "GET /static/img/twemoji/72x72/1f466-1f3fc.png HTTP/1.1" 200 896 "-" "Googlebot-Image/1.0"
66.249.77.9 - - [12/Sep/2025:15:47:46 -0300] "GET /static/img/twemoji/72x72/1f477-1f3fc-200d-2642-fe0f.png HTTP/1.1" 200 1003 "-" "Googlebot-Image/1.0"
66.249.72.227 - - [12/Sep/2025:15:49:59 -0300] "GET /assets/4f07b091/themes/dot-luv/images/ui-bg_dots-medium_30_0b58a2_4x4.png HTTP/1.1" 200 295 "-" "Googlebot-Image/1.0"
66.249.77.9 - - [12/Sep/2025:15:50:35 -0300] "GET /static/img/twemoji/72x72/1f41e.png HTTP/1.1" 200 998 "-" "Googlebot-Image/1.0"
66.249.77.9 - - [12/Sep/2025:15:51:24 -0300] "GET /static/img/twemoji/72x72/1f4cf.png HTTP/1.1" 200 572 "-" "Googlebot-Image/1.0"
66.249.77.9 - - [12/Sep/2025:15:51:37 -0300] "GET /static/assets/a59d3f98/themes/cupertino/images/?C=M;O=D HTTP/1.1" 200 3377 "-" "Mozilla/5.0 (Linux; Android 6.0.1; Nexus 5X Build/MMB29P) AppleWebKit/537.36 (KHTML, like Gecko) Chrome/140.0.7339.127 Mobile Safari/537.36 (compatible; GoogleOther)"
66.249.77.9 - - [12/Sep/2025:15:51:39 -0300] "GET /static/assets/a59d3f98/themes/cupertino/images/?C=N;O=A HTTP/1.1" 200 3377 "-" "Mozilla/5.0 (Linux; Android 6.0.1; Nexus 5X Build/MMB29P) AppleWebKit/537.36 (KHTML, like Gecko) Chrome/140.0.7339.127 Mobile Safari/537.36 (compatible; GoogleOther)"
66.249.72.227 - - [12/Sep/2025:15:52:37 -0300] "GET /assets/85c413d2/screen1.jpg HTTP/1.1" 200 174876 "-" "Googlebot-Image/1.0"
66.249.77.9 - - [12/Sep/2025:15:54:41 -0300] "GET /static/img/twemoji/72x72/1f3d1.png HTTP/1.1" 200 632 "-" "Googlebot-Image/1.0"
66.249.77.9 - - [12/Sep/2025:15:55:18 -0300] "GET /static/img/twemoji/72x72/1f486-1f3fb-200d-2642-fe0f.png HTTP/1.1" 200 928 "-" "Googlebot-Image/1.0"
66.249.77.9 - - [12/Sep/2025:15:56:16 -0300] "GET /assets/90f774c0/screen6.jpg HTTP/1.1" 200 256583 "-" "Googlebot-Image/1.0"
66.249.77.8 - - [12/Sep/2025:15:57:29 -0300] "GET /static/img/twemoji/72x72/1f201.png HTTP/1.1" 200 357 "-" "Googlebot-Image/1.0"
66.249.77.8 - - [12/Sep/2025:16:01:42 -0300] "GET /static/img/twemoji/72x72/1f6a9.png HTTP/1.1" 200 384 "-" "Googlebot-Image/1.0"
66.249.72.228 - - [12/Sep/2025:16:02:19 -0300] "GET /assets/4f07b091/themes/dark-hive/images/ui-icons_222222_256x240.png HTTP/1.1" 200 7025 "-" "Googlebot-Image/1.0"
66.249.66.73 - - [12/Sep/2025:16:02:55 -0300] "GET /static/img/twemoji/72x72/1f1f5-1f1f8.png HTTP/1.1" 200 532 "-" "Googlebot-Image/1.0"
