66.249.77.9 - - [12/Sep/2025:19:24:40 -0300] "GET /static/assets/a59d3f98/themes/cupertino/?C=N;O=D HTTP/1.1" 200 1416 "-" "Mozilla/5.0 (Linux; Android 6.0.1; Nexus 5X Build/MMB29P) AppleWebKit/537.36 (KHTML, like Gecko) Chrome/140.0.7339.127 Mobile Safari/537.36 (compatible; GoogleOther)"
66.249.77.8 - - [12/Sep/2025:19:25:06 -0300] "GET /static/img/twemoji/72x72/1f558.png HTTP/1.1" 200 671 "-" "Googlebot-Image/1.0"
66.249.77.10 - - [12/Sep/2025:19:26:07 -0300] "GET /static/img/twemoji/72x72/1f47c-1f3fb.png HTTP/1.1" 200 1095 "-" "Googlebot-Image/1.0"
66.249.77.9 - - [12/Sep/2025:19:27:07 -0300] "GET /static/assets/a59d3f98/themes/ui-darkness/images/ui-icons_4b8e0b_256x240.png HTTP/1.1" 200 4676 "-" "Googlebot-Image/1.0"
66.249.77.10 - - [12/Sep/2025:19:28:08 -0300] "GET /static/img/twemoji/72x72/1f9e2.png HTTP/1.1" 200 836 "-" "Googlebot-Image/1.0"
66.249.77.8 - - [12/Sep/2025:19:29:09 -0300] "GET /static/img/twemoji/72x72/1f443-1f3fe.png HTTP/1.1" 200 793 "-" "Googlebot-Image/1.0"
66.249.77.9 - - [12/Sep/2025:19:30:11 -0300] "GET /static/img/twemoji/72x72/1f55a.png HTTP/1.1" 200 728 "-" "Googlebot-Image/1.0"
66.249.77.8 - - [12/Sep/2025:19:31:10 -0300] "GET /static/img/twemoji/72x72/1f6b5-1f3fe.png HTTP/1.1" 200 1302 "-" "Googlebot-Image/1.0"
66.249.77.9 - - [12/Sep/2025:19:32:11 -0300] "GET /static/img/twemoji/72x72/1f6f9.png HTTP/1.1" 200 829 "-" "Googlebot-Image/1.0"
66.249.77.10 - - [12/Sep/2025:19:34:12 -0300] "GET /static/img/twemoji/72x72/1f9d9-1f3ff-200d-2642-fe0f.png HTTP/1.1" 200 1116 "-" "Googlebot-Image/1.0"
66.249.77.9 - - [12/Sep/2025:19:35:13 -0300] "GET /static/img/twemoji/72x72/1f3cb-fe0f-200d-2640-fe0f.png HTTP/1.1" 200 1020 "-" "Googlebot-Image/1.0"
66.249.77.10 - - [12/Sep/2025:19:37:14 -0300] "GET /static/img/twemoji/72x72/1f9b9-1f3fb-200d-2640-fe0f.png HTTP/1.1" 200 1144 "-" "Googlebot-Image/1.0"
66.249.77.10 - - [12/Sep/2025:19:39:15 -0300] "GET /static/img/twemoji/72x72/1f69a.png HTTP/1.1" 200 590 "-" "Googlebot-Image/1.0"
66.249.77.9 - - [12/Sep/2025:19:39:45 -0300] "GET /static/img/twemoji/72x72/1f963.png HTTP/1.1" 200 1010 "-" "Googlebot-Image/1.0"
66.249.79.34 - - [12/Sep/2025:19:40:16 -0300] "GET /static/img/twemoji/72x72/1f9d1-1f3fd.png HTTP/1.1" 200 824 "-" "Googlebot-Image/1.0"
66.249.77.9 - - [12/Sep/2025:19:41:17 -0300] "GET /static/img/twemoji/72x72/1f33e.png HTTP/1.1" 200 956 "-" "Googlebot-Image/1.0"
40.77.167.41 - - [12/Sep/2025:19:41:28 -0300] "GET /assets/4f07b091/themes/base/?C=M;O=D HTTP/1.1" 200 5161 "-" "Mozilla/5.0 AppleWebKit/537.36 (KHTML, like Gecko; compatible; bingbot/2.0; +http://www.bing.com/bingbot.htm) Chrome/116.0.1938.76 Safari/537.36"
66.249.77.10 - - [12/Sep/2025:19:42:18 -0300] "GET /static/img/twemoji/72x72/1f450-1f3fb.png HTTP/1.1" 200 1008 "-" "Googlebot-Image/1.0"
66.249.77.10 - - [12/Sep/2025:19:43:18 -0300] "GET /static/img/twemoji/72x72/1f647-1f3fc.png HTTP/1.1" 200 1028 "-" "Googlebot-Image/1.0"
66.249.77.8 - - [12/Sep/2025:19:44:19 -0300] "GET /static/img/twemoji/72x72/1f44c-1f3fb.png HTTP/1.1" 200 820 "-" "Googlebot-Image/1.0"
66.249.77.10 - - [12/Sep/2025:19:45:20 -0300] "GET /static/img/twemoji/72x72/1f9d8-1f3ff.png HTTP/1.1" 200 1041 "-" "Googlebot-Image/1.0"
66.249.72.227 - - [12/Sep/2025:19:46:20 -0300] "GET /assets/2ec6b270/themes/cupertino/images/ui-icons_2694e8_256x240.png HTTP/1.1" 200 4676 "-" "Googlebot-Image/1.0"
66.249.77.8 - - [12/Sep/2025:19:47:21 -0300] "GET /static/img/twemoji/72x72/1f473-200d-2640-fe0f.png HTTP/1.1" 200 976 "-" "Googlebot-Image/1.0"
66.249.72.228 - - [12/Sep/2025:19:48:22 -0300] "GET /static/assets/a59d3f98/themes/smoothness/images/ui-bg_glass_75_e6e6e6_1x400.png HTTP/1.1" 200 324 "-" "Googlebot-Image/1.0"
66.249.72.226 - - [12/Sep/2025:19:49:22 -0300] "GET /assets/4f07b091/themes/vader/images/ui-bg_highlight-soft_60_dddddd_1x100.png HTTP/1.1" 200 342 "-" "Googlebot-Image/1.0"
66.249.77.10 - - [12/Sep/2025:19:50:23 -0300] "GET /static/img/twemoji/72x72/1f3cc-1f3fb-200d-2640-fe0f.png HTTP/1.1" 200 1015 "-" "Googlebot-Image/1.0"
66.249.77.8 - - [12/Sep/2025:19:51:24 -0300] "GET /static/img/twemoji/72x72/2b07.png HTTP/1.1" 200 388 "-" "Googlebot-Image/1.0"
66.249.72.228 - - [12/Sep/2025:19:52:24 -0300] "GET /assets/2ec6b270/themes/trontastic/images/ui-bg_gloss-wave_85_9fda58_500x100.png HTTP/1.1" 200 5998 "-" "Googlebot-Image/1.0"
66.249.77.10 - - [12/Sep/2025:19:53:25 -0300] "GET /static/img/twemoji/72x72/1f489.png HTTP/1.1" 200 773 "-" "Googlebot-Image/1.0"
66.249.77.8 - - [12/Sep/2025:19:53:47 -0300] "GET /static/assets/a59d3f98/themes/cupertino/images/ HTTP/1.1" 200 3377 "-" "Mozilla/5.0 (Linux; Android 6.0.1; Nexus 5X Build/MMB29P) AppleWebKit/537.36 (KHTML, like Gecko) Chrome/140.0.7339.127 Mobile Safari/537.36 (compatible; Googlebot/2.1; +http://www.google.com/bot.html)"
66.249.72.227 - - [12/Sep/2025:19:54:26 -0300] "GET /static/img/glyphicons-halflings.png HTTP/1.1" 200 12799 "-" "Googlebot-Image/1.0"
66.249.77.8 - - [12/Sep/2025:19:55:26 -0300] "GET /static/img/twemoji/72x72/1f935-1f3ff-200d-2640-fe0f.png HTTP/1.1" 200 1121 "-" "Googlebot-Image/1.0"
66.249.77.9 - - [12/Sep/2025:19:56:27 -0300] "GET /static/img/twemoji/72x72/1f470-1f3ff.png HTTP/1.1" 200 1104 "-" "Googlebot-Image/1.0"
66.249.77.10 - - [12/Sep/2025:19:57:28 -0300] "GET /static/img/twemoji/72x72/1f9dd-200d-2642-fe0f.png HTTP/1.1" 200 948 "-" "Googlebot-Image/1.0"
66.249.72.227 - - [12/Sep/2025:19:58:28 -0300] "GET /assets/4f07b091/themes/base/images/ui-bg_flat_0_aaaaaa_40x100.png HTTP/1.1" 200 86 "-" "Googlebot-Image/1.0"
66.249.77.8 - - [12/Sep/2025:19:59:29 -0300] "GET /static/img/twemoji/72x72/1f42c.png HTTP/1.1" 200 868 "-" "Googlebot-Image/1.0"
66.249.77.10 - - [12/Sep/2025:20:00:30 -0300] "GET /static/img/twemoji/72x72/1f468-200d-1f9b0.png HTTP/1.1" 200 877 "-" "Googlebot-Image/1.0"
66.249.77.10 - - [12/Sep/2025:20:01:30 -0300] "GET /static/img/twemoji/72x72/1f469-1f3fd-200d-1f3eb.png HTTP/1.1" 200 1164 "-" "Googlebot-Image/1.0"
66.249.72.227 - - [12/Sep/2025:20:02:31 -0300] "GET /assets/97977d77/ico/apple-icon-precomposed.png HTTP/1.1" 200 7080 "-" "Googlebot-Image/1.0"
66.249.77.9 - - [12/Sep/2025:20:04:32 -0300] "GET /static/img/twemoji/72x72/1f92f.png HTTP/1.1" 200 1212 "-" "Googlebot-Image/1.0"
66.249.77.9 - - [12/Sep/2025:20:05:02 -0300] "GET /static/img/twemoji/72x72/1f332.png HTTP/1.1" 200 1000 "-" "Googlebot-Image/1.0"
66.249.77.9 - - [12/Sep/2025:20:05:33 -0300] "GET /static/img/twemoji/72x72/1f612.png HTTP/1.1" 200 695 "-" "Googlebot-Image/1.0"
66.249.72.227 - - [12/Sep/2025:20:06:34 -0300] "GET /assets/4f07b091/themes/dark-hive/images/ui-icons_cccccc_256x240.png HTTP/1.1" 200 7034 "-" "Googlebot-Image/1.0"
66.249.77.8 - - [12/Sep/2025:20:07:34 -0300] "GET /static/img/twemoji/72x72/1f469-1f3fd-200d-1f91d-200d-1f468-1f3ff.png HTTP/1.1" 200 1292 "-" "Googlebot-Image/1.0"
66.249.77.8 - - [12/Sep/2025:20:08:35 -0300] "GET /assets/fa2a3b9b/screen1.PNG HTTP/1.1" 200 33928 "-" "Googlebot-Image/1.0"
66.249.77.9 - - [12/Sep/2025:20:09:36 -0300] "GET /static/img/twemoji/72x72/1f9dd.png HTTP/1.1" 200 954 "-" "Googlebot-Image/1.0"
66.249.72.228 - - [12/Sep/2025:20:11:37 -0300] "GET /assets/2ec6b270/themes/south-street/images/ui-bg_highlight-hard_95_cccccc_1x100.png HTTP/1.1" 200 317 "-" "Googlebot-Image/1.0"
66.249.77.10 - - [12/Sep/2025:20:12:38 -0300] "GET /static/img/twemoji/72x72/1f1f9-1f1eb.png HTTP/1.1" 200 513 "-" "Googlebot-Image/1.0"
66.249.77.10 - - [12/Sep/2025:20:13:38 -0300] "GET /static/img/twemoji/72x72/1f64e-1f3ff-200d-2640-fe0f.png HTTP/1.1" 200 728 "-" "Googlebot-Image/1.0"
66.249.77.10 - - [12/Sep/2025:20:14:39 -0300] "GET /static/img/twemoji/72x72/1f1ed-1f1f0.png HTTP/1.1" 200 664 "-" "Googlebot-Image/1.0"
66.249.77.8 - - [12/Sep/2025:20:15:40 -0300] "GET /static/img/twemoji/72x72/1f64d-1f3fe.png HTTP/1.1" 200 743 "-" "Googlebot-Image/1.0"
66.249.77.10 - - [12/Sep/2025:20:16:40 -0300] "GET /static/img/twemoji/72x72/1f1f8-1f1fd.png HTTP/1.1" 200 824 "-" "Googlebot-Image/1.0"
66.249.72.227 - - [12/Sep/2025:20:17:41 -0300] "GET /assets/4f07b091/themes/sunny/images/ui-icons_d19405_256x240.png HTTP/1.1" 200 4676 "-" "Googlebot-Image/1.0"
66.249.77.10 - - [12/Sep/2025:20:18:42 -0300] "GET /static/img/twemoji/72x72/1f469.png HTTP/1.1" 200 841 "-" "Googlebot-Image/1.0"
66.249.77.8 - - [12/Sep/2025:20:19:42 -0300] "GET /static/img/twemoji/72x72/1f3da.png HTTP/1.1" 200 837 "-" "Googlebot-Image/1.0"
66.249.77.8 - - [12/Sep/2025:20:20:43 -0300] "GET /static/img/twemoji/72x72/1f9d9-1f3fb-200d-2640-fe0f.png HTTP/1.1" 200 1094 "-" "Googlebot-Image/1.0"
104.210.140.134 - - [12/Sep/2025:20:21:21 -0300] "GET /robots.txt HTTP/1.1" 404 - "-" "Mozilla/5.0 (Macintosh; Intel Mac OS X 10_15_7) AppleWebKit/537.36 (KHTML, like Gecko) Chrome/131.0.0.0 Safari/537.36; compatible; OAI-SearchBot/1.0; +https://openai.com/searchbot"
66.249.77.8 - - [12/Sep/2025:20:21:44 -0300] "GET /static/img/twemoji/72x72/1f48d.png HTTP/1.1" 200 667 "-" "Googlebot-Image/1.0"
66.249.77.9 - - [12/Sep/2025:20:22:44 -0300] "GET /static/img/twemoji/72x72/1f9d1-1f3fe-200d-1f91d-200d-1f9d1-1f3fc.png HTTP/1.1" 200 1278 "-" "Googlebot-Image/1.0"
66.249.77.9 - - [12/Sep/2025:20:23:45 -0300] "GET /static/img/twemoji/72x72/1f468-1f3ff-200d-1f3a4.png HTTP/1.1" 200 1246 "-" "Googlebot-Image/1.0"
66.249.77.9 - - [12/Sep/2025:20:24:46 -0300] "GET /static/img/twemoji/72x72/1f6ad.png HTTP/1.1" 200 981 "-" "Googlebot-Image/1.0"
66.249.77.8 - - [12/Sep/2025:20:25:47 -0300] "GET /static/img/twemoji/72x72/1f3c3-1f3fc-200d-2640-fe0f.png HTTP/1.1" 200 1035 "-" "Googlebot-Image/1.0"
207.46.13.231 - - [12/Sep/2025:20:25:49 -0300] "GET /robots.txt HTTP/1.1" 404 - "-" "Mozilla/5.0 AppleWebKit/537.36 (KHTML, like Gecko; compatible; bingbot/2.0; +http://www.bing.com/bingbot.htm) Chrome/116.0.1938.76 Safari/537.36"
52.167.144.159 - - [12/Sep/2025:20:25:50 -0300] "GET /assets/76b273f5/mode/gas/?C=S;O=D HTTP/1.1" 200 833 "-" "Mozilla/5.0 AppleWebKit/537.36 (KHTML, like Gecko; compatible; bingbot/2.0; +http://www.bing.com/bingbot.htm) Chrome/116.0.1938.76 Safari/537.36"
66.249.77.10 - - [12/Sep/2025:20:26:47 -0300] "GET /static/img/twemoji/72x72/1f4f0.png HTTP/1.1" 200 511 "-" "Googlebot-Image/1.0"
66.249.77.9 - - [12/Sep/2025:20:27:48 -0300] "GET /static/img/twemoji/72x72/26b1.png HTTP/1.1" 200 837 "-" "Googlebot-Image/1.0"
66.249.77.9 - - [12/Sep/2025:20:28:49 -0300] "GET /static/img/twemoji/72x72/1f9dd-1f3fe.png HTTP/1.1" 200 959 "-" "Googlebot-Image/1.0"
66.249.77.8 - - [12/Sep/2025:20:29:49 -0300] "GET /static/img/twemoji/72x72/1f3e0.png HTTP/1.1" 200 403 "-" "Googlebot-Image/1.0"
66.249.77.8 - - [12/Sep/2025:20:31:51 -0300] "GET /static/img/twemoji/72x72/1f924.png HTTP/1.1" 200 811 "-" "Googlebot-Image/1.0"
66.249.72.227 - - [12/Sep/2025:20:32:51 -0300] "GET /static/img/twemoji/72x72/1f45d.png HTTP/1.1" 200 740 "-" "Googlebot-Image/1.0"
66.249.77.10 - - [12/Sep/2025:20:33:52 -0300] "GET /static/img/twemoji/72x72/1f487-1f3fe.png HTTP/1.1" 200 1097 "-" "Googlebot-Image/1.0"
66.249.77.8 - - [12/Sep/2025:20:34:53 -0300] "GET /static/img/twemoji/72x72/1f4fd.png HTTP/1.1" 200 774 "-" "Googlebot-Image/1.0"
66.249.77.9 - - [12/Sep/2025:20:35:53 -0300] "GET /static/img/twemoji/72x72/26f3.png HTTP/1.1" 200 780 "-" "Googlebot-Image/1.0"
66.249.72.226 - - [12/Sep/2025:20:36:54 -0300] "GET /assets/2ec6b270/themes/flick/images/ui-icons_ffffff_256x240.png HTTP/1.1" 200 6487 "-" "Googlebot-Image/1.0"
66.249.77.8 - - [12/Sep/2025:20:39:56 -0300] "GET /static/img/twemoji/72x72/2694.png HTTP/1.1" 200 780 "-" "Googlebot-Image/1.0"
66.249.72.227 - - [12/Sep/2025:20:41:57 -0300] "GET /assets/2ec6b270/themes/dot-luv/images/ui-bg_diagonals-thick_15_0b3e6f_40x40.png HTTP/1.1" 200 482 "-" "Googlebot-Image/1.0"
66.249.77.8 - - [12/Sep/2025:20:42:58 -0300] "GET /static/img/twemoji/72x72/1f64c-1f3fd.png HTTP/1.1" 200 1006 "-" "Googlebot-Image/1.0"
66.249.77.8 - - [12/Sep/2025:20:44:59 -0300] "GET /static/img/twemoji/72x72/35-20e3.png HTTP/1.1" 200 512 "-" "Googlebot-Image/1.0"
66.249.77.9 - - [12/Sep/2025:20:47:00 -0300] "GET /static/img/twemoji/72x72/1f7e8.png HTTP/1.1" 200 196 "-" "Googlebot-Image/1.0"
66.249.77.8 - - [12/Sep/2025:20:47:30 -0300] "GET /static/img/twemoji/72x72/1f6aa.png HTTP/1.1" 200 262 "-" "Googlebot-Image/1.0"
66.249.72.227 - - [12/Sep/2025:20:48:01 -0300] "GET /assets/4f07b091/themes/le-frog/images/ui-bg_highlight-soft_33_3a8104_1x100.png HTTP/1.1" 200 403 "-" "Googlebot-Image/1.0"
66.249.77.9 - - [12/Sep/2025:20:49:02 -0300] "GET /static/img/twemoji/72x72/34-20e3.png HTTP/1.1" 200 445 "-" "Googlebot-Image/1.0"
66.249.77.9 - - [12/Sep/2025:20:50:03 -0300] "GET /static/img/twemoji/72x72/1f3ca-200d-2642-fe0f.png HTTP/1.1" 200 852 "-" "Googlebot-Image/1.0"
66.249.77.10 - - [12/Sep/2025:20:51:03 -0300] "GET /assets/bbca6024/img/mime/video.png HTTP/1.1" 200 1155 "-" "Googlebot-Image/1.0"
40.77.167.71 - - [12/Sep/2025:20:51:48 -0300] "GET /static/assets/a59d3f98/ui/i18n/datepicker-tr.js HTTP/1.1" 200 1148 "-" "Mozilla/5.0 AppleWebKit/537.36 (KHTML, like Gecko; compatible; bingbot/2.0; +http://www.bing.com/bingbot.htm) Chrome/116.0.1938.76 Safari/537.36"
66.249.72.227 - - [12/Sep/2025:20:52:04 -0300] "GET /static/assets/a59d3f98/themes/smoothness/images/ui-icons_cd0a0a_256x240.png HTTP/1.1" 200 4676 "-" "Googlebot-Image/1.0"
66.249.77.9 - - [12/Sep/2025:20:54:05 -0300] "GET /static/img/twemoji/72x72/2639.png HTTP/1.1" 200 643 "-" "Googlebot-Image/1.0"
66.249.77.8 - - [12/Sep/2025:20:54:35 -0300] "GET /static/img/twemoji/72x72/1f6cc-1f3fb.png HTTP/1.1" 200 620 "-" "Googlebot-Image/1.0"
66.249.77.8 - - [12/Sep/2025:20:54:40 -0300] "GET /static/assets/a59d3f98/themes/cupertino/?C=S;O=A HTTP/1.1" 200 1416 "-" "Mozilla/5.0 (Linux; Android 6.0.1; Nexus 5X Build/MMB29P) AppleWebKit/537.36 (KHTML, like Gecko) Chrome/140.0.7339.127 Mobile Safari/537.36 (compatible; GoogleOther)"
66.249.77.10 - - [12/Sep/2025:20:55:06 -0300] "GET /static/img/twemoji/72x72/1f532.png HTTP/1.1" 200 240 "-" "Googlebot-Image/1.0"
66.249.77.10 - - [12/Sep/2025:20:56:07 -0300] "GET /static/img/twemoji/72x72/1f469-1f3fb-200d-1f3a8.png HTTP/1.1" 200 1069 "-" "Googlebot-Image/1.0"
66.249.77.8 - - [12/Sep/2025:20:57:07 -0300] "GET /static/img/twemoji/72x72/1f468-1f3fc-200d-1f4bc.png HTTP/1.1" 200 1089 "-" "Googlebot-Image/1.0"
66.249.77.10 - - [12/Sep/2025:20:58:08 -0300] "GET /static/img/twemoji/72x72/1f1e7-1f1f6.png HTTP/1.1" 200 871 "-" "Googlebot-Image/1.0"
66.249.72.226 - - [12/Sep/2025:21:00:09 -0300] "GET /assets/baec620/directorylist/directory_last-child_hassub.png HTTP/1.1" 200 352 "-" "Googlebot-Image/1.0"
66.249.77.8 - - [12/Sep/2025:21:01:10 -0300] "GET /static/img/twemoji/72x72/1f9cf-1f3ff-200d-2642-fe0f.png HTTP/1.1" 200 1057 "-" "Googlebot-Image/1.0"
66.249.77.10 - - [12/Sep/2025:21:02:11 -0300] "GET /static/img/twemoji/72x72/1f5fb.png HTTP/1.1" 200 1118 "-" "Googlebot-Image/1.0"
66.249.77.10 - - [12/Sep/2025:21:03:11 -0300] "GET /static/img/twemoji/72x72/1f468-1f3fc-200d-1f9bc.png HTTP/1.1" 200 1257 "-" "Googlebot-Image/1.0"
52.203.237.170 - - [12/Sep/2025:21:04:05 -0300] "GET /robots.txt HTTP/1.1" 404 - "-" "Mozilla/5.0 AppleWebKit/537.36 (KHTML, like Gecko; compatible; Amazonbot/0.1; +https://developer.amazon.com/support/amazonbot) Chrome/119.0.6045.214 Safari/537.36"
66.249.77.9 - - [12/Sep/2025:21:04:12 -0300] "GET /static/img/twemoji/72x72/1f468-1f3fd-200d-2708-fe0f.png HTTP/1.1" 200 1149 "-" "Googlebot-Image/1.0"
98.82.40.168 - - [12/Sep/2025:21:05:42 -0300] "GET /assets/e93843c3/tinymce/plugins/codemirror/codemirror/addon/merge/?C=M;O%3DD HTTP/1.1" 200 1133 "-" "Mozilla/5.0 AppleWebKit/537.36 (KHTML, like Gecko; compatible; Amazonbot/0.1; +https://developer.amazon.com/support/amazonbot) Chrome/119.0.6045.214 Safari/537.36"
66.249.72.227 - - [12/Sep/2025:21:06:14 -0300] "GET /assets/4f07b091/themes/blitzer/images/ui-icons_004276_256x240.png HTTP/1.1" 200 4676 "-" "Googlebot-Image/1.0"
198.244.168.241 - - [12/Sep/2025:21:06:59 -0300] "GET /robots.txt HTTP/1.1" 404 - "-" "Mozilla/5.0 (compatible; AhrefsBot/7.0; +http://ahrefs.com/robot/)"
54.39.0.84 - - [12/Sep/2025:21:07:00 -0300] "GET /assets/85c413d2/js/ HTTP/1.1" 200 3033 "-" "Mozilla/5.0 (compatible; AhrefsBot/7.0; +http://ahrefs.com/robot/)"
66.249.77.10 - - [12/Sep/2025:21:07:14 -0300] "GET /static/img/twemoji/72x72/1f63a.png HTTP/1.1" 200 1271 "-" "Googlebot-Image/1.0"
66.249.77.8 - - [12/Sep/2025:21:09:15 -0300] "GET /static/img/twemoji/72x72/1f601.png HTTP/1.1" 200 866 "-" "Googlebot-Image/1.0"
66.249.77.8 - - [12/Sep/2025:21:11:17 -0300] "GET /assets/90f774c0/module_image.png HTTP/1.1" 200 13141 "-" "Googlebot-Image/1.0"
66.249.72.228 - - [12/Sep/2025:21:12:17 -0300] "GET /assets/4f07b091/themes/eggplant/images/ui-bg_highlight-soft_100_dcd9de_1x100.png HTTP/1.1" 200 400 "-" "Googlebot-Image/1.0"
66.249.77.10 - - [12/Sep/2025:21:14:19 -0300] "GET /static/img/twemoji/72x72/1f3c3-1f3fb.png HTTP/1.1" 200 1030 "-" "Googlebot-Image/1.0"
66.249.77.8 - - [12/Sep/2025:21:15:20 -0300] "GET /static/img/twemoji/72x72/1f3b3.png HTTP/1.1" 200 987 "-" "Googlebot-Image/1.0"
66.249.77.8 - - [12/Sep/2025:21:16:20 -0300] "GET /assets/4f07b091/themes/trontastic/images/ui-icons_1f1f1f_256x240.png HTTP/1.1" 200 7025 "-" "Googlebot-Image/1.0"
66.249.77.9 - - [12/Sep/2025:21:17:21 -0300] "GET /static/img/twemoji/72x72/1f3c4-200d-2642-fe0f.png HTTP/1.1" 200 1258 "-" "Googlebot-Image/1.0"
66.249.77.9 - - [12/Sep/2025:21:18:22 -0300] "GET /static/img/twemoji/72x72/1f9bc.png HTTP/1.1" 200 1221 "-" "Googlebot-Image/1.0"
66.249.77.9 - - [12/Sep/2025:21:19:22 -0300] "GET /static/img/twemoji/72x72/1f4dc.png HTTP/1.1" 200 416 "-" "Googlebot-Image/1.0"
66.249.72.227 - - [12/Sep/2025:21:20:23 -0300] "GET /assets/2ec6b270/themes/sunny/images/ui-icons_d19405_256x240.png HTTP/1.1" 200 4676 "-" "Googlebot-Image/1.0"
66.249.77.10 - - [12/Sep/2025:21:22:24 -0300] "GET /static/img/twemoji/72x72/1f3f7.png HTTP/1.1" 200 650 "-" "Googlebot-Image/1.0"
66.249.77.9 - - [12/Sep/2025:21:22:54 -0300] "GET /static/img/twemoji/72x72/1f9b2.png HTTP/1.1" 200 364 "-" "Googlebot-Image/1.0"
66.249.77.10 - - [12/Sep/2025:21:23:25 -0300] "GET /static/img/twemoji/72x72/1f9d6-1f3ff-200d-2642-fe0f.png HTTP/1.1" 200 1193 "-" "Googlebot-Image/1.0"
66.249.72.228 - - [12/Sep/2025:21:24:26 -0300] "GET /assets/4f07b091/themes/south-street/images/ui-bg_highlight-hard_95_cccccc_1x100.png HTTP/1.1" 200 317 "-" "Googlebot-Image/1.0"
66.249.72.226 - - [12/Sep/2025:21:25:46 -0300] "GET /assets/341f2854/screen1.PNG HTTP/1.1" 200 16328 "-" "Googlebot-Image/1.0"
66.249.72.228 - - [12/Sep/2025:21:25:46 -0300] "GET /static/img/emoji/Disappointed.svg HTTP/1.1" 304 - "-" "Googlebot-Image/1.0"
66.249.72.227 - - [12/Sep/2025:21:27:27 -0300] "GET /assets/4f07b091/themes/base/images/ui-icons_777777_256x240.png HTTP/1.1" 200 7111 "-" "Googlebot-Image/1.0"
66.249.77.10 - - [12/Sep/2025:21:27:57 -0300] "GET /assets/bbca6024/img/mime/illustrator.png HTTP/1.1" 200 1203 "-" "Googlebot-Image/1.0"
66.249.77.10 - - [12/Sep/2025:21:28:28 -0300] "GET /static/img/twemoji/72x72/1f9dc-1f3fd-200d-2640-fe0f.png HTTP/1.1" 200 1233 "-" "Googlebot-Image/1.0"
66.249.77.10 - - [12/Sep/2025:21:29:29 -0300] "GET /static/img/twemoji/72x72/1f3cc-1f3fc-200d-2640-fe0f.png HTTP/1.1" 200 1026 "-" "Googlebot-Image/1.0"
66.249.77.8 - - [12/Sep/2025:21:31:30 -0300] "GET /static/img/twemoji/72x72/1f645-1f3fd-200d-2642-fe0f.png HTTP/1.1" 200 1101 "-" "Googlebot-Image/1.0"
66.249.77.10 - - [12/Sep/2025:21:32:00 -0300] "GET /static/img/twemoji/72x72/1f9dc-1f3fd-200d-2642-fe0f.png HTTP/1.1" 200 1199 "-" "Googlebot-Image/1.0"
66.249.77.10 - - [12/Sep/2025:21:33:31 -0300] "GET /static/img/twemoji/72x72/1f473-1f3fd.png HTTP/1.1" 200 989 "-" "Googlebot-Image/1.0"
66.249.77.10 - - [12/Sep/2025:21:34:01 -0300] "GET /static/img/twemoji/72x72/1f469-200d-1f4bc.png HTTP/1.1" 200 1088 "-" "Googlebot-Image/1.0"
66.249.72.227 - - [12/Sep/2025:21:34:32 -0300] "GET /assets/4f07b091/themes/cupertino/images/ui-bg_glass_50_3baae3_1x400.png HTTP/1.1" 200 394 "-" "Googlebot-Image/1.0"
40.77.167.55 - - [12/Sep/2025:21:35:10 -0300] "GET /assets/4f07b091/ui/i18n/datepicker-bs.js HTTP/1.1" 200 1109 "-" "Mozilla/5.0 AppleWebKit/537.36 (KHTML, like Gecko; compatible; bingbot/2.0; +http://www.bing.com/bingbot.htm) Chrome/116.0.1938.76 Safari/537.36"
66.249.72.228 - - [12/Sep/2025:21:35:33 -0300] "GET /static/assets/a59d3f98/themes/mint-choc/images/ui-bg_glass_15_5f391b_1x400.png HTTP/1.1" 200 393 "-" "Googlebot-Image/1.0"
66.249.77.10 - - [12/Sep/2025:21:36:34 -0300] "GET /static/img/twemoji/72x72/1f3d5.png HTTP/1.1" 200 1157 "-" "Googlebot-Image/1.0"
66.249.77.8 - - [12/Sep/2025:21:37:34 -0300] "GET /static/img/twemoji/72x72/1f9cd.png HTTP/1.1" 200 758 "-" "Googlebot-Image/1.0"
66.249.77.9 - - [12/Sep/2025:21:38:35 -0300] "GET /static/img/twemoji/72x72/1f614.png HTTP/1.1" 200 683 "-" "Googlebot-Image/1.0"
66.249.77.10 - - [12/Sep/2025:21:39:36 -0300] "GET /static/img/twemoji/72x72/1f21a.png HTTP/1.1" 200 586 "-" "Googlebot-Image/1.0"
66.249.77.8 - - [12/Sep/2025:21:40:36 -0300] "GET /static/img/twemoji/72x72/1f9f0.png HTTP/1.1" 200 395 "-" "Googlebot-Image/1.0"
66.249.77.9 - - [12/Sep/2025:21:42:38 -0300] "GET /static/img/twemoji/72x72/1f1e8-1f1ee.png HTTP/1.1" 200 233 "-" "Googlebot-Image/1.0"
66.249.77.10 - - [12/Sep/2025:21:43:38 -0300] "GET /static/img/twemoji/72x72/1f34f.png HTTP/1.1" 200 781 "-" "Googlebot-Image/1.0"
66.249.77.9 - - [12/Sep/2025:21:44:39 -0300] "GET /static/img/twemoji/72x72/1f469-1f3fc-200d-1f3eb.png HTTP/1.1" 200 1152 "-" "Googlebot-Image/1.0"
66.249.77.8 - - [12/Sep/2025:21:45:40 -0300] "GET /static/img/twemoji/72x72/1f469-1f3ff-200d-2695-fe0f.png HTTP/1.1" 200 1031 "-" "Googlebot-Image/1.0"
66.249.77.8 - - [12/Sep/2025:21:46:40 -0300] "GET /static/img/twemoji/72x72/1f481-1f3fe-200d-2640-fe0f.png HTTP/1.1" 200 828 "-" "Googlebot-Image/1.0"
66.249.77.9 - - [12/Sep/2025:21:47:41 -0300] "GET /static/img/twemoji/72x72/1f466-1f3fb.png HTTP/1.1" 200 896 "-" "Googlebot-Image/1.0"
66.249.77.8 - - [12/Sep/2025:21:48:42 -0300] "GET /static/img/twemoji/72x72/1f574.png HTTP/1.1" 200 846 "-" "Googlebot-Image/1.0"
40.77.167.47 - - [12/Sep/2025:21:49:30 -0300] "GET /static/assets/a59d3f98/ui/i18n/datepicker-af.js HTTP/1.1" 200 1161 "-" "Mozilla/5.0 AppleWebKit/537.36 (KHTML, like Gecko; compatible; bingbot/2.0; +http://www.bing.com/bingbot.htm) Chrome/116.0.1938.76 Safari/537.36"
40.77.167.47 - - [12/Sep/2025:21:49:38 -0300] "GET /assets/9337bd09/js/ HTTP/1.1" 200 827 "-" "Mozilla/5.0 AppleWebKit/537.36 (KHTML, like Gecko; compatible; bingbot/2.0; +http://www.bing.com/bingbot.htm) Chrome/116.0.1938.76 Safari/537.36"
66.249.77.8 - - [12/Sep/2025:21:49:42 -0300] "GET /static/img/twemoji/72x72/1f468-1f3fe-200d-1f3eb.png HTTP/1.1" 200 1164 "-" "Googlebot-Image/1.0"
66.249.77.8 - - [12/Sep/2025:21:51:36 -0300] "GET /static/assets/a59d3f98/themes/cupertino/?C=D;O=A HTTP/1.1" 200 1416 "-" "Mozilla/5.0 (Linux; Android 6.0.1; Nexus 5X Build/MMB29P) AppleWebKit/537.36 (KHTML, like Gecko) Chrome/140.0.7339.127 Mobile Safari/537.36 (compatible; GoogleOther)"
66.249.77.8 - - [12/Sep/2025:21:55:46 -0300] "GET /static/img/twemoji/72x72/1f5a5.png HTTP/1.1" 200 290 "-" "Googlebot-Image/1.0"
66.249.77.9 - - [12/Sep/2025:21:56:47 -0300] "GET /static/img/twemoji/72x72/1f3e3.png HTTP/1.1" 200 354 "-" "Googlebot-Image/1.0"
66.249.77.10 - - [12/Sep/2025:21:57:48 -0300] "GET /static/img/twemoji/72x72/1f3cb-1f3fb-200d-2640-fe0f.png HTTP/1.1" 200 1034 "-" "Googlebot-Image/1.0"
66.249.72.228 - - [12/Sep/2025:21:58:48 -0300] "GET /assets/2ec6b270/themes/overcast/images/ui-icons_fbc856_256x240.png HTTP/1.1" 200 4676 "-" "Googlebot-Image/1.0"
66.249.77.10 - - [12/Sep/2025:21:59:49 -0300] "GET /static/img/twemoji/72x72/1f9b9-1f3fb.png HTTP/1.1" 200 1145 "-" "Googlebot-Image/1.0"
66.249.77.9 - - [12/Sep/2025:22:00:50 -0300] "GET /static/img/twemoji/72x72/1f9b7.png HTTP/1.1" 200 660 "-" "Googlebot-Image/1.0"
66.249.77.9 - - [12/Sep/2025:22:03:52 -0300] "GET /static/img/twemoji/72x72/262e.png HTTP/1.1" 200 691 "-" "Googlebot-Image/1.0"
66.249.77.10 - - [12/Sep/2025:22:04:53 -0300] "GET /static/img/twemoji/72x72/1f1e8-1f1fb.png HTTP/1.1" 200 574 "-" "Googlebot-Image/1.0"
66.249.77.9 - - [12/Sep/2025:22:05:53 -0300] "GET /static/img/twemoji/72x72/1f926.png HTTP/1.1" 200 992 "-" "Googlebot-Image/1.0"
66.249.77.10 - - [12/Sep/2025:22:06:54 -0300] "GET /static/img/twemoji/72x72/1f468-1f3fe-200d-1f3ed.png HTTP/1.1" 200 1205 "-" "Googlebot-Image/1.0"
66.249.77.9 - - [12/Sep/2025:22:07:55 -0300] "GET /static/img/twemoji/72x72/1f44f-1f3fe.png HTTP/1.1" 200 1066 "-" "Googlebot-Image/1.0"
66.249.77.9 - - [12/Sep/2025:22:08:55 -0300] "GET /static/img/twemoji/72x72/1f3d9.png HTTP/1.1" 200 418 "-" "Googlebot-Image/1.0"
66.249.77.9 - - [12/Sep/2025:22:09:56 -0300] "GET /static/img/twemoji/72x72/1f9aa.png HTTP/1.1" 200 1549 "-" "Googlebot-Image/1.0"
66.249.77.9 - - [12/Sep/2025:22:10:57 -0300] "GET /static/img/twemoji/72x72/1f938-1f3fc.png HTTP/1.1" 200 1045 "-" "Googlebot-Image/1.0"
66.249.72.226 - - [12/Sep/2025:22:12:57 -0300] "GET /assets/2ec6b270/themes/start/images/ui-icons_f7a50d_256x240.png HTTP/1.1" 200 4676 "-" "Googlebot-Image/1.0"
66.249.77.10 - - [12/Sep/2025:22:13:28 -0300] "GET /static/img/twemoji/72x72/1f93d-1f3ff.png HTTP/1.1" 200 863 "-" "Googlebot-Image/1.0"
66.249.77.9 - - [12/Sep/2025:22:13:59 -0300] "GET /static/img/twemoji/72x72/1f35a.png HTTP/1.1" 200 1068 "-" "Googlebot-Image/1.0"
66.249.77.9 - - [12/Sep/2025:22:15:36 -0300] "GET /static/img/twemoji/72x72/1f468-1f3ff-200d-1f3ed.png HTTP/1.1" 200 1201 "-" "Googlebot-Image/1.0"
66.249.77.9 - - [12/Sep/2025:22:15:39 -0300] "GET /assets/f8e848ce/ HTTP/1.1" 200 2305 "-" "Mozilla/5.0 (Linux; Android 6.0.1; Nexus 5X Build/MMB29P) AppleWebKit/537.36 (KHTML, like Gecko) Chrome/140.0.7339.127 Mobile Safari/537.36 (compatible; Googlebot/2.1; +http://www.google.com/bot.html)"
66.249.77.8 - - [12/Sep/2025:22:17:13 -0300] "GET /static/img/twemoji/72x72/1f9b8-1f3fc-200d-2642-fe0f.png HTTP/1.1" 200 1043 "-" "Googlebot-Image/1.0"
66.249.77.10 - - [12/Sep/2025:22:18:50 -0300] "GET /static/img/twemoji/72x72/1f468-1f3ff-200d-1f680.png HTTP/1.1" 200 1214 "-" "Googlebot-Image/1.0"
66.249.77.9 - - [12/Sep/2025:22:20:28 -0300] "GET /static/img/twemoji/72x72/2640.png HTTP/1.1" 200 443 "-" "Googlebot-Image/1.0"
66.249.77.9 - - [12/Sep/2025:22:22:37 -0300] "GET /static/assets/a59d3f98/themes/cupertino/?C=M;O=A HTTP/1.1" 200 1416 "-" "Mozilla/5.0 (Linux; Android 6.0.1; Nexus 5X Build/MMB29P) AppleWebKit/537.36 (KHTML, like Gecko) Chrome/140.0.7339.127 Mobile Safari/537.36 (compatible; GoogleOther)"
66.249.77.10 - - [12/Sep/2025:22:25:20 -0300] "GET /static/img/twemoji/72x72/1f392.png HTTP/1.1" 200 1020 "-" "Googlebot-Image/1.0"
66.249.77.10 - - [12/Sep/2025:22:26:57 -0300] "GET /static/assets/a59d3f98/themes/cupertino/images/ui-icons_3d80b3_256x240.png HTTP/1.1" 200 4676 "-" "Googlebot-Image/1.0"
66.249.77.8 - - [12/Sep/2025:22:28:34 -0300] "GET /static/assets/a59d3f98/themes/cupertino/images/ui-bg_highlight-hard_70_000000_1x100.png HTTP/1.1" 200 310 "-" "Googlebot-Image/1.0"
66.249.77.10 - - [12/Sep/2025:22:30:12 -0300] "GET /static/assets/a59d3f98/themes/cupertino/images/ui-bg_glass_50_3baae3_1x400.png HTTP/1.1" 200 394 "-" "Googlebot-Image/1.0"
66.249.77.9 - - [12/Sep/2025:22:31:49 -0300] "GET /static/assets/a59d3f98/themes/cupertino/images/ui-bg_glass_80_d7ebf9_1x400.png HTTP/1.1" 200 404 "-" "Googlebot-Image/1.0"
66.249.77.9 - - [12/Sep/2025:22:32:13 -0300] "GET /assets/f8e848ce/ HTTP/1.1" 200 2305 "-" "Mozilla/5.0 (Linux; Android 6.0.1; Nexus 5X Build/MMB29P) AppleWebKit/537.36 (KHTML, like Gecko) Chrome/140.0.7339.127 Mobile Safari/537.36 (compatible; GoogleOther)"
66.249.77.10 - - [12/Sep/2025:22:33:26 -0300] "GET /static/assets/a59d3f98/themes/cupertino/images/ui-icons_2e83ff_256x240.png HTTP/1.1" 200 4676 "-" "Googlebot-Image/1.0"
66.249.77.10 - - [12/Sep/2025:22:35:03 -0300] "GET /static/assets/a59d3f98/themes/cupertino/images/ui-bg_glass_100_e4f1fb_1x400.png HTTP/1.1" 200 408 "-" "Googlebot-Image/1.0"
66.249.77.10 - - [12/Sep/2025:22:36:41 -0300] "GET /static/assets/a59d3f98/themes/cupertino/images/ui-bg_diagonals-thick_90_eeeeee_40x40.png HTTP/1.1" 200 380 "-" "Googlebot-Image/1.0"
66.249.77.10 - - [12/Sep/2025:22:38:18 -0300] "GET /static/img/twemoji/72x72/1f3c4-1f3ff-200d-2640-fe0f.png HTTP/1.1" 200 1268 "-" "Googlebot-Image/1.0"
52.167.144.20 - - [12/Sep/2025:22:38:53 -0300] "GET /static/assets/a59d3f98/ui/i18n/datepicker-mk.js HTTP/1.1" 200 1322 "-" "Mozilla/5.0 AppleWebKit/537.36 (KHTML, like Gecko; compatible; bingbot/2.0; +http://www.bing.com/bingbot.htm) Chrome/116.0.1938.76 Safari/537.36"
52.167.144.233 - - [12/Sep/2025:22:39:06 -0300] "GET /assets/2ec6b270/ui/minified/i18n/datepicker-ko.js HTTP/1.1" 200 910 "-" "Mozilla/5.0 AppleWebKit/537.36 (KHTML, like Gecko; compatible; bingbot/2.0; +http://www.bing.com/bingbot.htm) Chrome/116.0.1938.76 Safari/537.36"
66.249.77.9 - - [12/Sep/2025:22:39:55 -0300] "GET /static/img/twemoji/72x72/1f486-1f3fc-200d-2640-fe0f.png HTTP/1.1" 200 970 "-" "Googlebot-Image/1.0"
66.249.77.10 - - [12/Sep/2025:22:41:33 -0300] "GET /static/img/twemoji/72x72/1f468-1f3fb-200d-1f9af.png HTTP/1.1" 200 967 "-" "Googlebot-Image/1.0"
66.249.77.8 - - [12/Sep/2025:22:43:10 -0300] "GET /static/img/twemoji/72x72/1f469-1f3fd-200d-1f393.png HTTP/1.1" 200 1146 "-" "Googlebot-Image/1.0"
66.249.77.8 - - [12/Sep/2025:22:44:47 -0300] "GET /static/img/twemoji/72x72/1f52d.png HTTP/1.1" 200 905 "-" "Googlebot-Image/1.0"
66.249.77.8 - - [12/Sep/2025:22:46:24 -0300] "GET /static/img/twemoji/72x72/1f4f5.png HTTP/1.1" 200 910 "-" "Googlebot-Image/1.0"
66.249.77.8 - - [12/Sep/2025:22:48:02 -0300] "GET /static/img/twemoji/72x72/1f60c.png HTTP/1.1" 200 723 "-" "Googlebot-Image/1.0"
66.249.72.227 - - [12/Sep/2025:22:49:39 -0300] "GET /assets/2ec6b270/themes/smoothness/images/ui-bg_glass_95_fef1ec_1x400.png HTTP/1.1" 200 390 "-" "Googlebot-Image/1.0"
66.249.77.8 - - [12/Sep/2025:22:51:16 -0300] "GET /static/img/twemoji/72x72/1f923.png HTTP/1.1" 200 1299 "-" "Googlebot-Image/1.0"
37.27.59.134 - - [12/Sep/2025:22:52:35 -0300] "GET /assets/374a8aa5/codemirror/source.html HTTP/1.1" 200 8910 "-" "Mozilla/5.0 (compatible; BLEXBot/1.0; +https://help.seranking.com/en/blex-crawler)"
66.249.77.8 - - [12/Sep/2025:22:52:54 -0300] "GET /static/img/twemoji/72x72/1f91a-1f3ff.png HTTP/1.1" 200 543 "-" "Googlebot-Image/1.0"
37.27.59.134 - - [12/Sep/2025:22:53:44 -0300] "GET /assets/e93843c3/tinymce/plugins/codemirror/ HTTP/1.1" 200 1596 "-" "Mozilla/5.0 (compatible; BLEXBot/1.0; +https://help.seranking.com/en/blex-crawler)"
66.249.77.10 - - [12/Sep/2025:22:54:31 -0300] "GET /static/img/twemoji/72x72/1f9dd-1f3fd-200d-2642-fe0f.png HTTP/1.1" 200 951 "-" "Googlebot-Image/1.0"
37.27.59.134 - - [12/Sep/2025:22:54:32 -0300] "GET /assets/e93843c3/tinymce/plugins/codemirror/source.html HTTP/1.1" 200 8910 "-" "Mozilla/5.0 (compatible; BLEXBot/1.0; +https://help.seranking.com/en/blex-crawler)"
54.39.210.21 - - [12/Sep/2025:22:55:11 -0300] "GET /assets/f4b8b52d/js/ HTTP/1.1" 200 1413 "-" "Mozilla/5.0 (compatible; AhrefsBot/7.0; +http://ahrefs.com/robot/)"
66.249.77.8 - - [12/Sep/2025:22:56:08 -0300] "GET /static/img/twemoji/72x72/1f468-1f3fd-200d-1f373.png HTTP/1.1" 200 1069 "-" "Googlebot-Image/1.0"
66.249.77.8 - - [12/Sep/2025:22:57:46 -0300] "GET /static/img/twemoji/72x72/1f44d-1f3fc.png HTTP/1.1" 200 779 "-" "Googlebot-Image/1.0"
66.249.77.8 - - [12/Sep/2025:22:59:23 -0300] "GET /static/img/twemoji/72x72/1f1e6-1f1f6.png HTTP/1.1" 200 481 "-" "Googlebot-Image/1.0"
66.249.77.8 - - [12/Sep/2025:23:01:00 -0300] "GET /static/img/twemoji/72x72/1f64b-1f3fe-200d-2640-fe0f.png HTTP/1.1" 200 855 "-" "Googlebot-Image/1.0"
66.249.77.10 - - [12/Sep/2025:23:02:37 -0300] "GET /static/img/twemoji/72x72/1f1e7.png HTTP/1.1" 200 459 "-" "Googlebot-Image/1.0"
66.249.72.226 - - [12/Sep/2025:23:04:15 -0300] "GET /assets/4f07b091/themes/ui-lightness/images/ui-icons_ffffff_256x240.png HTTP/1.1" 200 6487 "-" "Googlebot-Image/1.0"
66.249.72.226 - - [12/Sep/2025:23:07:29 -0300] "GET /assets/4f07b091/themes/le-frog/images/ui-icons_72b42d_256x240.png HTTP/1.1" 200 4676 "-" "Googlebot-Image/1.0"
66.249.77.9 - - [12/Sep/2025:23:09:07 -0300] "GET /static/img/twemoji/72x72/1f482-1f3fd.png HTTP/1.1" 200 860 "-" "Googlebot-Image/1.0"
66.249.77.10 - - [12/Sep/2025:23:10:44 -0300] "GET /static/img/twemoji/72x72/1f4be.png HTTP/1.1" 200 360 "-" "Googlebot-Image/1.0"
66.249.77.10 - - [12/Sep/2025:23:13:21 -0300] "GET /static/img/twemoji/72x72/1f637.png HTTP/1.1" 200 837 "-" "Googlebot-Image/1.0"
66.249.77.8 - - [12/Sep/2025:23:14:10 -0300] "GET /static/img/twemoji/72x72/1f93e-1f3fb.png HTTP/1.1" 200 1029 "-" "Googlebot-Image/1.0"
66.249.72.226 - - [12/Sep/2025:23:15:36 -0300] "GET /assets/4f07b091/themes/ui-lightness/images/ui-icons_ffd27a_256x240.png HTTP/1.1" 200 4676 "-" "Googlebot-Image/1.0"
66.249.77.10 - - [12/Sep/2025:23:17:13 -0300] "GET /static/img/twemoji/72x72/1f9db-1f3fd.png HTTP/1.1" 200 1082 "-" "Googlebot-Image/1.0"
66.249.77.8 - - [12/Sep/2025:23:20:28 -0300] "GET /static/img/twemoji/72x72/1f6e5.png HTTP/1.1" 200 529 "-" "Googlebot-Image/1.0"
66.249.77.8 - - [12/Sep/2025:23:21:37 -0300] "GET /static/assets/a59d3f98/themes/ HTTP/1.1" 200 5110 "-" "Mozilla/5.0 (Linux; Android 6.0.1; Nexus 5X Build/MMB29P) AppleWebKit/537.36 (KHTML, like Gecko) Chrome/140.0.7339.127 Mobile Safari/537.36 (compatible; GoogleOther)"
66.249.77.9 - - [12/Sep/2025:23:22:05 -0300] "GET /static/img/twemoji/72x72/1f1f2-1f1f7.png HTTP/1.1" 200 502 "-" "Googlebot-Image/1.0"
66.249.77.9 - - [12/Sep/2025:23:23:42 -0300] "GET /static/img/twemoji/72x72/1f557.png HTTP/1.1" 200 784 "-" "Googlebot-Image/1.0"
66.249.77.10 - - [12/Sep/2025:23:25:20 -0300] "GET /static/img/twemoji/72x72/1f4e1.png HTTP/1.1" 200 1080 "-" "Googlebot-Image/1.0"
66.249.72.228 - - [12/Sep/2025:23:26:57 -0300] "GET /assets/4f07b091/themes/dot-luv/images/ui-icons_9ccdfc_256x240.png HTTP/1.1" 200 4676 "-" "Googlebot-Image/1.0"
66.249.77.8 - - [12/Sep/2025:23:28:34 -0300] "GET /static/img/twemoji/72x72/1f3dc.png HTTP/1.1" 200 1054 "-" "Googlebot-Image/1.0"
66.249.77.8 - - [12/Sep/2025:23:30:11 -0300] "GET /static/img/twemoji/72x72/1f9b8-1f3fb-200d-2642-fe0f.png HTTP/1.1" 200 1035 "-" "Googlebot-Image/1.0"
66.249.77.10 - - [12/Sep/2025:23:31:49 -0300] "GET /static/img/twemoji/72x72/1f9cd-1f3fd-200d-2642-fe0f.png HTTP/1.1" 200 753 "-" "Googlebot-Image/1.0"
66.249.77.8 - - [12/Sep/2025:23:33:26 -0300] "GET /static/img/twemoji/72x72/1f9b8-1f3ff-200d-2642-fe0f.png HTTP/1.1" 200 1030 "-" "Googlebot-Image/1.0"
66.249.77.10 - - [12/Sep/2025:23:35:03 -0300] "GET /static/img/twemoji/72x72/1f9d8-1f3fc.png HTTP/1.1" 200 1035 "-" "Googlebot-Image/1.0"
66.249.77.9 - - [12/Sep/2025:23:36:41 -0300] "GET /static/img/twemoji/72x72/1f9dd-200d-2640-fe0f.png HTTP/1.1" 200 1086 "-" "Googlebot-Image/1.0"
66.249.77.8 - - [12/Sep/2025:23:38:18 -0300] "GET /static/img/twemoji/72x72/1f3cc-fe0f-200d-2642-fe0f.png HTTP/1.1" 200 1117 "-" "Googlebot-Image/1.0"
66.249.77.8 - - [12/Sep/2025:23:39:55 -0300] "GET /static/img/twemoji/72x72/26a7.png HTTP/1.1" 200 589 "-" "Googlebot-Image/1.0"
66.249.77.10 - - [12/Sep/2025:23:41:33 -0300] "GET /static/img/twemoji/72x72/1f468-1f3ff-200d-1f9bd.png HTTP/1.1" 200 1446 "-" "Googlebot-Image/1.0"
205.210.31.25 - - [12/Sep/2025:23:41:38 -0300] "GET / HTTP/1.1" 200 1872 "-" "Hello from Palo Alto Networks, find out more about our scans in https://docs-cortex.paloaltonetworks.com/r/1/Cortex-Xpanse/Scanning-activity"
66.249.77.10 - - [12/Sep/2025:23:43:10 -0300] "GET /static/img/twemoji/72x72/1f936-1f3ff.png HTTP/1.1" 200 924 "-" "Googlebot-Image/1.0"
66.249.72.227 - - [12/Sep/2025:23:44:47 -0300] "GET /static/img/emoji/Yum.svg HTTP/1.1" 200 1170 "-" "Googlebot-Image/1.0"
37.27.59.134 - - [12/Sep/2025:23:47:33 -0300] "GET /themes/?C=D;O=D HTTP/1.1" 200 777 "-" "Mozilla/5.0 (compatible; BLEXBot/1.0; +https://help.seranking.com/en/blex-crawler)"
66.249.77.8 - - [12/Sep/2025:23:48:02 -0300] "GET /static/img/twemoji/72x72/1f3dd.png HTTP/1.1" 200 1130 "-" "Googlebot-Image/1.0"
37.27.59.134 - - [12/Sep/2025:23:48:08 -0300] "GET /themes/?C=M;O=D HTTP/1.1" 200 777 "-" "Mozilla/5.0 (compatible; BLEXBot/1.0; +https://help.seranking.com/en/blex-crawler)"
37.27.59.134 - - [12/Sep/2025:23:48:26 -0300] "GET /themes/?C=N;O=A HTTP/1.1" 200 777 "-" "Mozilla/5.0 (compatible; BLEXBot/1.0; +https://help.seranking.com/en/blex-crawler)"
37.27.59.134 - - [12/Sep/2025:23:48:59 -0300] "GET /themes/?C=S;O=D HTTP/1.1" 200 777 "-" "Mozilla/5.0 (compatible; BLEXBot/1.0; +https://help.seranking.com/en/blex-crawler)"
66.249.77.8 - - [12/Sep/2025:23:49:39 -0300] "GET /static/img/twemoji/72x72/1f469-1f3fd-200d-1f91d-200d-1f468-1f3fc.png HTTP/1.1" 200 1295 "-" "Googlebot-Image/1.0"
37.27.59.134 - - [12/Sep/2025:23:49:42 -0300] "GET /0373da2b/?C=D;O=D HTTP/1.1" 200 606 "-" "Mozilla/5.0 (compatible; BLEXBot/1.0; +https://help.seranking.com/en/blex-crawler)"
37.27.59.134 - - [12/Sep/2025:23:49:50 -0300] "GET /0373da2b/?C=M;O=D HTTP/1.1" 200 606 "-" "Mozilla/5.0 (compatible; BLEXBot/1.0; +https://help.seranking.com/en/blex-crawler)"
37.27.59.134 - - [12/Sep/2025:23:50:20 -0300] "GET /0373da2b/?C=N;O=A HTTP/1.1" 200 606 "-" "Mozilla/5.0 (compatible; BLEXBot/1.0; +https://help.seranking.com/en/blex-crawler)"
37.27.59.134 - - [12/Sep/2025:23:50:48 -0300] "GET /0373da2b/?C=S;O=D HTTP/1.1" 200 606 "-" "Mozilla/5.0 (compatible; BLEXBot/1.0; +https://help.seranking.com/en/blex-crawler)"
37.27.59.134 - - [12/Sep/2025:23:51:02 -0300] "GET /themes/HumHub/css/ HTTP/1.1" 200 815 "-" "Mozilla/5.0 (compatible; BLEXBot/1.0; +https://help.seranking.com/en/blex-crawler)"
66.249.77.10 - - [12/Sep/2025:23:51:16 -0300] "GET /static/img/twemoji/72x72/1f64f-1f3fd.png HTTP/1.1" 200 910 "-" "Googlebot-Image/1.0"
37.27.59.134 - - [12/Sep/2025:23:51:28 -0300] "GET /themes/HumHub/ico/ HTTP/1.1" 200 5902 "-" "Mozilla/5.0 (compatible; BLEXBot/1.0; +https://help.seranking.com/en/blex-crawler)"
37.27.59.134 - - [12/Sep/2025:23:51:45 -0300] "GET /themes/HumHub/img/ HTTP/1.1" 200 1749 "-" "Mozilla/5.0 (compatible; BLEXBot/1.0; +https://help.seranking.com/en/blex-crawler)"
37.27.59.134 - - [12/Sep/2025:23:52:23 -0300] "GET /assets/logo/?C=D;O=D HTTP/1.1" 200 1155 "-" "Mozilla/5.0 (compatible; BLEXBot/1.0; +https://help.seranking.com/en/blex-crawler)"
66.249.77.9 - - [12/Sep/2025:23:52:54 -0300] "GET /static/img/twemoji/72x72/1f47c-1f3ff.png HTTP/1.1" 200 1111 "-" "Googlebot-Image/1.0"
37.27.59.134 - - [12/Sep/2025:23:52:55 -0300] "GET /assets/logo/?C=M;O=D HTTP/1.1" 200 1155 "-" "Mozilla/5.0 (compatible; BLEXBot/1.0; +https://help.seranking.com/en/blex-crawler)"
37.27.59.134 - - [12/Sep/2025:23:53:14 -0300] "GET /assets/logo/?C=N;O=A HTTP/1.1" 200 1155 "-" "Mozilla/5.0 (compatible; BLEXBot/1.0; +https://help.seranking.com/en/blex-crawler)"
37.27.59.134 - - [12/Sep/2025:23:54:12 -0300] "GET /assets/logo/?C=S;O=D HTTP/1.1" 200 1155 "-" "Mozilla/5.0 (compatible; BLEXBot/1.0; +https://help.seranking.com/en/blex-crawler)"
37.27.59.134 - - [12/Sep/2025:23:54:21 -0300] "GET /themes/HumHub/less/ HTTP/1.1" 200 1357 "-" "Mozilla/5.0 (compatible; BLEXBot/1.0; +https://help.seranking.com/en/blex-crawler)"
37.27.59.134 - - [12/Sep/2025:23:54:45 -0300] "GET /themes/HumHub/views/ HTTP/1.1" 200 818 "-" "Mozilla/5.0 (compatible; BLEXBot/1.0; +https://help.seranking.com/en/blex-crawler)"
37.27.59.134 - - [12/Sep/2025:23:54:53 -0300] "GET /themes/HumHub/?C=D;O=A HTTP/1.1" 200 1486 "-" "Mozilla/5.0 (compatible; BLEXBot/1.0; +https://help.seranking.com/en/blex-crawler)"
37.27.59.134 - - [12/Sep/2025:23:55:21 -0300] "GET /themes/HumHub/?C=D;O=D HTTP/1.1" 200 1486 "-" "Mozilla/5.0 (compatible; BLEXBot/1.0; +https://help.seranking.com/en/blex-crawler)"
37.27.59.134 - - [12/Sep/2025:23:55:45 -0300] "GET /themes/HumHub/?C=M;O=A HTTP/1.1" 200 1486 "-" "Mozilla/5.0 (compatible; BLEXBot/1.0; +https://help.seranking.com/en/blex-crawler)"
37.27.59.134 - - [12/Sep/2025:23:55:53 -0300] "GET /themes/HumHub/?C=M;O=D HTTP/1.1" 200 1486 "-" "Mozilla/5.0 (compatible; BLEXBot/1.0; +https://help.seranking.com/en/blex-crawler)"
37.27.59.134 - - [12/Sep/2025:23:56:03 -0300] "GET /themes/HumHub/?C=N;O=A HTTP/1.1" 200 1486 "-" "Mozilla/5.0 (compatible; BLEXBot/1.0; +https://help.seranking.com/en/blex-crawler)"
66.249.77.10 - - [12/Sep/2025:23:56:08 -0300] "GET /static/img/twemoji/72x72/1f468-1f3fe-200d-1f91d-200d-1f468-1f3fc.png HTTP/1.1" 200 1184 "-" "Googlebot-Image/1.0"
37.27.59.134 - - [12/Sep/2025:23:56:33 -0300] "GET /themes/HumHub/?C=N;O=D HTTP/1.1" 200 1486 "-" "Mozilla/5.0 (compatible; BLEXBot/1.0; +https://help.seranking.com/en/blex-crawler)"
37.27.59.134 - - [12/Sep/2025:23:56:47 -0300] "GET /themes/HumHub/?C=S;O=A HTTP/1.1" 200 1486 "-" "Mozilla/5.0 (compatible; BLEXBot/1.0; +https://help.seranking.com/en/blex-crawler)"
37.27.59.134 - - [12/Sep/2025:23:57:07 -0300] "GET /themes/HumHub/?C=S;O=D HTTP/1.1" 200 1486 "-" "Mozilla/5.0 (compatible; BLEXBot/1.0; +https://help.seranking.com/en/blex-crawler)"
37.27.59.134 - - [12/Sep/2025:23:57:39 -0300] "GET /assets/2b25665/?C=D;O=D HTTP/1.1" 200 989 "-" "Mozilla/5.0 (compatible; BLEXBot/1.0; +https://help.seranking.com/en/blex-crawler)"
66.249.72.227 - - [12/Sep/2025:23:57:46 -0300] "GET /assets/2ec6b270/themes/sunny/images/ui-bg_gloss-wave_60_fece2f_500x100.png HTTP/1.1" 200 5908 "-" "Googlebot-Image/1.0"
66.249.72.226 - - [12/Sep/2025:23:57:46 -0300] "GET /robots.txt HTTP/1.1" 404 - "-" "Mozilla/5.0 (compatible; Googlebot/2.1; +http://www.google.com/bot.html)"
37.27.59.134 - - [12/Sep/2025:23:58:06 -0300] "GET /assets/2b25665/?C=M;O=D HTTP/1.1" 200 989 "-" "Mozilla/5.0 (compatible; BLEXBot/1.0; +https://help.seranking.com/en/blex-crawler)"
37.27.59.134 - - [12/Sep/2025:23:58:40 -0300] "GET /assets/2b25665/?C=N;O=A HTTP/1.1" 200 989 "-" "Mozilla/5.0 (compatible; BLEXBot/1.0; +https://help.seranking.com/en/blex-crawler)"
37.27.59.134 - - [12/Sep/2025:23:59:06 -0300] "GET /assets/2b25665/?C=S;O=D HTTP/1.1" 200 989 "-" "Mozilla/5.0 (compatible; BLEXBot/1.0; +https://help.seranking.com/en/blex-crawler)"
37.27.59.134 - - [12/Sep/2025:23:59:22 -0300] "GET /assets/325937f/?C=D;O=D HTTP/1.1" 200 1709 "-" "Mozilla/5.0 (compatible; BLEXBot/1.0; +https://help.seranking.com/en/blex-crawler)"
37.27.59.134 - - [12/Sep/2025:23:59:49 -0300] "GET /assets/325937f/?C=M;O=D HTTP/1.1" 200 1709 "-" "Mozilla/5.0 (compatible; BLEXBot/1.0; +https://help.seranking.com/en/blex-crawler)"
37.27.59.134 - - [13/Sep/2025:00:00:44 -0300] "GET /assets/325937f/?C=N;O=A HTTP/1.1" 200 1709 "-" "Mozilla/5.0 (compatible; BLEXBot/1.0; +https://help.seranking.com/en/blex-crawler)"
37.27.59.134 - - [13/Sep/2025:00:01:01 -0300] "GET /assets/325937f/?C=S;O=D HTTP/1.1" 200 1709 "-" "Mozilla/5.0 (compatible; BLEXBot/1.0; +https://help.seranking.com/en/blex-crawler)"
37.27.59.134 - - [13/Sep/2025:00:01:28 -0300] "GET /assets/34557b0/?C=D;O=D HTTP/1.1" 200 969 "-" "Mozilla/5.0 (compatible; BLEXBot/1.0; +https://help.seranking.com/en/blex-crawler)"
37.27.59.134 - - [13/Sep/2025:00:02:00 -0300] "GET /assets/34557b0/?C=M;O=D HTTP/1.1" 200 969 "-" "Mozilla/5.0 (compatible; BLEXBot/1.0; +https://help.seranking.com/en/blex-crawler)"
37.27.59.134 - - [13/Sep/2025:00:02:38 -0300] "GET /assets/34557b0/?C=N;O=A HTTP/1.1" 200 969 "-" "Mozilla/5.0 (compatible; BLEXBot/1.0; +https://help.seranking.com/en/blex-crawler)"
66.249.72.226 - - [13/Sep/2025:00:02:49 -0300] "GET /assets/2ec6b270/themes/mint-choc/images/ui-bg_inset-soft_10_201913_1x100.png HTTP/1.1" 200 438 "-" "Googlebot-Image/1.0"
66.249.72.227 - - [13/Sep/2025:00:02:49 -0300] "GET /robots.txt HTTP/1.1" 404 - "-" "Mozilla/5.0 (compatible; Googlebot/2.1; +http://www.google.com/bot.html)"
37.27.59.134 - - [13/Sep/2025:00:04:04 -0300] "GET /assets/34557b0/?C=S;O=D HTTP/1.1" 200 969 "-" "Mozilla/5.0 (compatible; BLEXBot/1.0; +https://help.seranking.com/en/blex-crawler)"
37.27.59.134 - - [13/Sep/2025:00:04:41 -0300] "GET /assets/7010bd4/?C=D;O=D HTTP/1.1" 200 968 "-" "Mozilla/5.0 (compatible; BLEXBot/1.0; +https://help.seranking.com/en/blex-crawler)"
37.27.59.134 - - [13/Sep/2025:00:05:09 -0300] "GET /assets/7010bd4/?C=M;O=D HTTP/1.1" 200 968 "-" "Mozilla/5.0 (compatible; BLEXBot/1.0; +https://help.seranking.com/en/blex-crawler)"
37.27.59.134 - - [13/Sep/2025:00:05:44 -0300] "GET /assets/7010bd4/?C=N;O=A HTTP/1.1" 200 968 "-" "Mozilla/5.0 (compatible; BLEXBot/1.0; +https://help.seranking.com/en/blex-crawler)"
66.249.77.10 - - [13/Sep/2025:00:05:52 -0300] "GET /static/img/twemoji/72x72/1f339.png HTTP/1.1" 200 834 "-" "Googlebot-Image/1.0"
37.27.59.134 - - [13/Sep/2025:00:06:06 -0300] "GET /assets/7010bd4/?C=S;O=D HTTP/1.1" 200 968 "-" "Mozilla/5.0 (compatible; BLEXBot/1.0; +https://help.seranking.com/en/blex-crawler)"
37.27.59.134 - - [13/Sep/2025:00:07:27 -0300] "GET /assets/baec620/?C=D;O=D HTTP/1.1" 200 1692 "-" "Mozilla/5.0 (compatible; BLEXBot/1.0; +https://help.seranking.com/en/blex-crawler)"
66.249.77.8 - - [13/Sep/2025:00:07:29 -0300] "GET /static/img/twemoji/72x72/1f319.png HTTP/1.1" 200 644 "-" "Googlebot-Image/1.0"
37.27.59.134 - - [13/Sep/2025:00:07:46 -0300] "GET /assets/baec620/?C=M;O=D HTTP/1.1" 200 1692 "-" "Mozilla/5.0 (compatible; BLEXBot/1.0; +https://help.seranking.com/en/blex-crawler)"
37.27.59.134 - - [13/Sep/2025:00:08:39 -0300] "GET /assets/baec620/?C=N;O=A HTTP/1.1" 200 1692 "-" "Mozilla/5.0 (compatible; BLEXBot/1.0; +https://help.seranking.com/en/blex-crawler)"
66.249.77.10 - - [13/Sep/2025:00:09:07 -0300] "GET /static/img/twemoji/72x72/1f1f8-1f1f1.png HTTP/1.1" 200 244 "-" "Googlebot-Image/1.0"
37.27.59.134 - - [13/Sep/2025:00:09:07 -0300] "GET /assets/baec620/?C=S;O=D HTTP/1.1" 200 1692 "-" "Mozilla/5.0 (compatible; BLEXBot/1.0; +https://help.seranking.com/en/blex-crawler)"
37.27.59.134 - - [13/Sep/2025:00:09:28 -0300] "GET /assets/ff08741/?C=D;O=D HTTP/1.1" 200 809 "-" "Mozilla/5.0 (compatible; BLEXBot/1.0; +https://help.seranking.com/en/blex-crawler)"
37.27.59.134 - - [13/Sep/2025:00:10:01 -0300] "GET /assets/ff08741/?C=M;O=D HTTP/1.1" 200 809 "-" "Mozilla/5.0 (compatible; BLEXBot/1.0; +https://help.seranking.com/en/blex-crawler)"
37.27.59.134 - - [13/Sep/2025:00:10:33 -0300] "GET /assets/ff08741/?C=N;O=A HTTP/1.1" 200 809 "-" "Mozilla/5.0 (compatible; BLEXBot/1.0; +https://help.seranking.com/en/blex-crawler)"
66.249.72.227 - - [13/Sep/2025:00:10:44 -0300] "GET /assets/2ec6b270/themes/excite-bike/images/ui-icons_0a82eb_256x240.png HTTP/1.1" 200 4676 "-" "Googlebot-Image/1.0"
37.27.59.134 - - [13/Sep/2025:00:11:05 -0300] "GET /assets/ff08741/?C=S;O=D HTTP/1.1" 200 809 "-" "Mozilla/5.0 (compatible; BLEXBot/1.0; +https://help.seranking.com/en/blex-crawler)"
37.27.59.134 - - [13/Sep/2025:00:11:27 -0300] "GET /assets/15636d67/?C=D;O=D HTTP/1.1" 200 822 "-" "Mozilla/5.0 (compatible; BLEXBot/1.0; +https://help.seranking.com/en/blex-crawler)"
37.27.59.134 - - [13/Sep/2025:00:11:44 -0300] "GET /assets/15636d67/?C=M;O=D HTTP/1.1" 200 822 "-" "Mozilla/5.0 (compatible; BLEXBot/1.0; +https://help.seranking.com/en/blex-crawler)"
66.249.77.10 - - [13/Sep/2025:00:12:21 -0300] "GET /static/img/twemoji/72x72/1f9dc-1f3ff.png HTTP/1.1" 200 1254 "-" "Googlebot-Image/1.0"
37.27.59.134 - - [13/Sep/2025:00:12:28 -0300] "GET /assets/15636d67/?C=N;O=A HTTP/1.1" 200 822 "-" "Mozilla/5.0 (compatible; BLEXBot/1.0; +https://help.seranking.com/en/blex-crawler)"
37.27.59.134 - - [13/Sep/2025:00:12:52 -0300] "GET /assets/15636d67/?C=S;O=D HTTP/1.1" 200 822 "-" "Mozilla/5.0 (compatible; BLEXBot/1.0; +https://help.seranking.com/en/blex-crawler)"
37.27.59.134 - - [13/Sep/2025:00:13:39 -0300] "GET /assets/159cc337/?C=D;O=D HTTP/1.1" 200 1012 "-" "Mozilla/5.0 (compatible; BLEXBot/1.0; +https://help.seranking.com/en/blex-crawler)"
66.249.77.8 - - [13/Sep/2025:00:13:58 -0300] "GET /static/img/twemoji/72x72/1f6f5.png HTTP/1.1" 200 866 "-" "Googlebot-Image/1.0"
37.27.59.134 - - [13/Sep/2025:00:14:42 -0300] "GET /assets/159cc337/?C=M;O=D HTTP/1.1" 200 1012 "-" "Mozilla/5.0 (compatible; BLEXBot/1.0; +https://help.seranking.com/en/blex-crawler)"
37.27.59.134 - - [13/Sep/2025:00:15:20 -0300] "GET /assets/159cc337/?C=N;O=A HTTP/1.1" 200 1012 "-" "Mozilla/5.0 (compatible; BLEXBot/1.0; +https://help.seranking.com/en/blex-crawler)"
66.249.72.228 - - [13/Sep/2025:00:15:36 -0300] "GET /assets/19076be7/plus-square-o.svg HTTP/1.1" 200 543 "-" "Googlebot-Image/1.0"
37.27.59.134 - - [13/Sep/2025:00:15:50 -0300] "GET /assets/159cc337/?C=S;O=D HTTP/1.1" 200 1012 "-" "Mozilla/5.0 (compatible; BLEXBot/1.0; +https://help.seranking.com/en/blex-crawler)"
37.27.59.134 - - [13/Sep/2025:00:16:17 -0300] "GET /assets/1624f8fb/?C=D;O=D HTTP/1.1" 200 798 "-" "Mozilla/5.0 (compatible; BLEXBot/1.0; +https://help.seranking.com/en/blex-crawler)"
37.27.59.134 - - [13/Sep/2025:00:17:04 -0300] "GET /assets/1624f8fb/?C=M;O=D HTTP/1.1" 200 798 "-" "Mozilla/5.0 (compatible; BLEXBot/1.0; +https://help.seranking.com/en/blex-crawler)"
66.249.77.10 - - [13/Sep/2025:00:17:13 -0300] "GET /static/img/twemoji/72x72/1f9c8.png HTTP/1.1" 200 932 "-" "Googlebot-Image/1.0"
37.27.59.134 - - [13/Sep/2025:00:17:34 -0300] "GET /assets/1624f8fb/?C=N;O=A HTTP/1.1" 200 798 "-" "Mozilla/5.0 (compatible; BLEXBot/1.0; +https://help.seranking.com/en/blex-crawler)"
37.27.59.134 - - [13/Sep/2025:00:18:07 -0300] "GET /assets/1624f8fb/?C=S;O=D HTTP/1.1" 200 798 "-" "Mozilla/5.0 (compatible; BLEXBot/1.0; +https://help.seranking.com/en/blex-crawler)"
37.27.59.134 - - [13/Sep/2025:00:18:21 -0300] "GET /assets/1701c40d/?C=D;O=D HTTP/1.1" 200 1338 "-" "Mozilla/5.0 (compatible; BLEXBot/1.0; +https://help.seranking.com/en/blex-crawler)"
66.249.77.9 - - [13/Sep/2025:00:18:50 -0300] "GET /static/img/twemoji/72x72/1f9c3.png HTTP/1.1" 200 748 "-" "Googlebot-Image/1.0"
37.27.59.134 - - [13/Sep/2025:00:19:16 -0300] "GET /assets/1701c40d/?C=M;O=D HTTP/1.1" 200 1338 "-" "Mozilla/5.0 (compatible; BLEXBot/1.0; +https://help.seranking.com/en/blex-crawler)"
37.27.59.134 - - [13/Sep/2025:00:19:34 -0300] "GET /assets/1701c40d/?C=N;O=A HTTP/1.1" 200 1338 "-" "Mozilla/5.0 (compatible; BLEXBot/1.0; +https://help.seranking.com/en/blex-crawler)"
