37.27.59.134 - - [13/Sep/2025:00:19:54 -0300] "GET /assets/1701c40d/?C=S;O=D HTTP/1.1" 200 1338 "-" "Mozilla/5.0 (compatible; BLEXBot/1.0; +https://help.seranking.com/en/blex-crawler)"
37.27.59.134 - - [13/Sep/2025:00:20:25 -0300] "GET /assets/1789353a/?C=D;O=D HTTP/1.1" 200 1535 "-" "Mozilla/5.0 (compatible; BLEXBot/1.0; +https://help.seranking.com/en/blex-crawler)"
37.27.59.134 - - [13/Sep/2025:00:20:50 -0300] "GET /assets/1789353a/?C=M;O=D HTTP/1.1" 200 1535 "-" "Mozilla/5.0 (compatible; BLEXBot/1.0; +https://help.seranking.com/en/blex-crawler)"
37.27.59.134 - - [13/Sep/2025:00:21:15 -0300] "GET /assets/1789353a/?C=N;O=A HTTP/1.1" 200 1535 "-" "Mozilla/5.0 (compatible; BLEXBot/1.0; +https://help.seranking.com/en/blex-crawler)"
37.27.59.134 - - [13/Sep/2025:00:22:15 -0300] "GET /assets/1789353a/?C=S;O=D HTTP/1.1" 200 1535 "-" "Mozilla/5.0 (compatible; BLEXBot/1.0; +https://help.seranking.com/en/blex-crawler)"
37.27.59.134 - - [13/Sep/2025:00:22:23 -0300] "GET /assets/19076be7/?C=D;O=D HTTP/1.1" 200 3530 "-" "Mozilla/5.0 (compatible; BLEXBot/1.0; +https://help.seranking.com/en/blex-crawler)"
37.27.59.134 - - [13/Sep/2025:00:23:06 -0300] "GET /assets/19076be7/?C=M;O=D HTTP/1.1" 200 3530 "-" "Mozilla/5.0 (compatible; BLEXBot/1.0; +https://help.seranking.com/en/blex-crawler)"
37.27.59.134 - - [13/Sep/2025:00:23:27 -0300] "GET /assets/19076be7/?C=N;O=A HTTP/1.1" 200 3530 "-" "Mozilla/5.0 (compatible; BLEXBot/1.0; +https://help.seranking.com/en/blex-crawler)"
37.27.59.134 - - [13/Sep/2025:00:23:37 -0300] "GET /assets/19076be7/?C=S;O=D HTTP/1.1" 200 3530 "-" "Mozilla/5.0 (compatible; BLEXBot/1.0; +https://help.seranking.com/en/blex-crawler)"
66.249.77.10 - - [13/Sep/2025:00:23:42 -0300] "GET /static/img/twemoji/72x72/2934.png HTTP/1.1" 200 444 "-" "Googlebot-Image/1.0"
37.27.59.134 - - [13/Sep/2025:00:24:34 -0300] "GET /assets/19270a39/?C=D;O=D HTTP/1.1" 200 1502 "-" "Mozilla/5.0 (compatible; BLEXBot/1.0; +https://help.seranking.com/en/blex-crawler)"
37.27.59.134 - - [13/Sep/2025:00:25:08 -0300] "GET /assets/19270a39/?C=M;O=D HTTP/1.1" 200 1502 "-" "Mozilla/5.0 (compatible; BLEXBot/1.0; +https://help.seranking.com/en/blex-crawler)"
37.27.59.134 - - [13/Sep/2025:00:25:17 -0300] "GET /assets/19270a39/?C=N;O=A HTTP/1.1" 200 1502 "-" "Mozilla/5.0 (compatible; BLEXBot/1.0; +https://help.seranking.com/en/blex-crawler)"
66.249.72.226 - - [13/Sep/2025:00:25:47 -0300] "GET /assets/2ec6b270/themes/south-street/images/ui-icons_808080_256x240.png HTTP/1.1" 200 7117 "-" "Googlebot-Image/1.0"
37.27.59.134 - - [13/Sep/2025:00:26:44 -0300] "GET /assets/19270a39/?C=S;O=D HTTP/1.1" 200 1502 "-" "Mozilla/5.0 (compatible; BLEXBot/1.0; +https://help.seranking.com/en/blex-crawler)"
66.249.77.10 - - [13/Sep/2025:00:26:57 -0300] "GET /static/img/twemoji/72x72/1f98d.png HTTP/1.1" 200 1031 "-" "Googlebot-Image/1.0"
37.27.59.134 - - [13/Sep/2025:00:27:19 -0300] "GET /assets/195acabe/?C=D;O=D HTTP/1.1" 200 811 "-" "Mozilla/5.0 (compatible; BLEXBot/1.0; +https://help.seranking.com/en/blex-crawler)"
37.27.59.134 - - [13/Sep/2025:00:27:25 -0300] "GET /assets/195acabe/?C=M;O=D HTTP/1.1" 200 811 "-" "Mozilla/5.0 (compatible; BLEXBot/1.0; +https://help.seranking.com/en/blex-crawler)"
37.27.59.134 - - [13/Sep/2025:00:28:15 -0300] "GET /assets/195acabe/?C=N;O=A HTTP/1.1" 200 811 "-" "Mozilla/5.0 (compatible; BLEXBot/1.0; +https://help.seranking.com/en/blex-crawler)"
66.249.77.8 - - [13/Sep/2025:00:28:34 -0300] "GET /static/img/twemoji/72x72/1f645-1f3ff.png HTTP/1.1" 200 1058 "-" "Googlebot-Image/1.0"
37.27.59.134 - - [13/Sep/2025:00:28:54 -0300] "GET /assets/195acabe/?C=S;O=D HTTP/1.1" 200 811 "-" "Mozilla/5.0 (compatible; BLEXBot/1.0; +https://help.seranking.com/en/blex-crawler)"
37.27.59.134 - - [13/Sep/2025:00:30:44 -0300] "GET /assets/1b2fe996/?C=D;O=D HTTP/1.1" 200 1722 "-" "Mozilla/5.0 (compatible; BLEXBot/1.0; +https://help.seranking.com/en/blex-crawler)"
37.27.59.134 - - [13/Sep/2025:00:31:14 -0300] "GET /assets/1b2fe996/?C=M;O=D HTTP/1.1" 200 1722 "-" "Mozilla/5.0 (compatible; BLEXBot/1.0; +https://help.seranking.com/en/blex-crawler)"
66.249.77.8 - - [13/Sep/2025:00:31:49 -0300] "GET /assets/19076be7/screen3.PNG HTTP/1.1" 200 70958 "-" "Googlebot-Image/1.0"
37.27.59.134 - - [13/Sep/2025:00:31:49 -0300] "GET /assets/1b2fe996/?C=N;O=A HTTP/1.1" 200 1722 "-" "Mozilla/5.0 (compatible; BLEXBot/1.0; +https://help.seranking.com/en/blex-crawler)"
37.27.59.134 - - [13/Sep/2025:00:32:25 -0300] "GET /assets/1b2fe996/?C=S;O=D HTTP/1.1" 200 1722 "-" "Mozilla/5.0 (compatible; BLEXBot/1.0; +https://help.seranking.com/en/blex-crawler)"
37.27.59.134 - - [13/Sep/2025:00:32:40 -0300] "GET /assets/1da66a6b/?C=D;O=D HTTP/1.1" 200 811 "-" "Mozilla/5.0 (compatible; BLEXBot/1.0; +https://help.seranking.com/en/blex-crawler)"
66.249.77.9 - - [13/Sep/2025:00:33:26 -0300] "GET /static/img/twemoji/72x72/1f404.png HTTP/1.1" 200 886 "-" "Googlebot-Image/1.0"
37.27.59.134 - - [13/Sep/2025:00:33:38 -0300] "GET /assets/1da66a6b/?C=M;O=D HTTP/1.1" 200 811 "-" "Mozilla/5.0 (compatible; BLEXBot/1.0; +https://help.seranking.com/en/blex-crawler)"
37.27.59.134 - - [13/Sep/2025:00:33:45 -0300] "GET /assets/1da66a6b/?C=N;O=A HTTP/1.1" 200 811 "-" "Mozilla/5.0 (compatible; BLEXBot/1.0; +https://help.seranking.com/en/blex-crawler)"
37.27.59.134 - - [13/Sep/2025:00:34:25 -0300] "GET /assets/1da66a6b/?C=S;O=D HTTP/1.1" 200 811 "-" "Mozilla/5.0 (compatible; BLEXBot/1.0; +https://help.seranking.com/en/blex-crawler)"
37.27.59.134 - - [13/Sep/2025:00:35:02 -0300] "GET /assets/1e1a38a3/?C=D;O=D HTTP/1.1" 200 989 "-" "Mozilla/5.0 (compatible; BLEXBot/1.0; +https://help.seranking.com/en/blex-crawler)"
66.249.72.226 - - [13/Sep/2025:00:35:03 -0300] "GET /assets/4f07b091/themes/south-street/images/ui-bg_glass_55_fcf0ba_1x400.png HTTP/1.1" 200 391 "-" "Googlebot-Image/1.0"
37.27.59.134 - - [13/Sep/2025:00:35:10 -0300] "GET /assets/1e1a38a3/?C=M;O=D HTTP/1.1" 200 989 "-" "Mozilla/5.0 (compatible; BLEXBot/1.0; +https://help.seranking.com/en/blex-crawler)"
37.27.59.134 - - [13/Sep/2025:00:35:43 -0300] "GET /assets/1e1a38a3/?C=N;O=A HTTP/1.1" 200 989 "-" "Mozilla/5.0 (compatible; BLEXBot/1.0; +https://help.seranking.com/en/blex-crawler)"
37.27.59.134 - - [13/Sep/2025:00:36:03 -0300] "GET /assets/1e1a38a3/?C=S;O=D HTTP/1.1" 200 989 "-" "Mozilla/5.0 (compatible; BLEXBot/1.0; +https://help.seranking.com/en/blex-crawler)"
66.249.72.227 - - [13/Sep/2025:00:36:41 -0300] "GET /assets/4f07b091/themes/black-tie/images/ui-icons_4ca300_256x240.png HTTP/1.1" 200 4676 "-" "Googlebot-Image/1.0"
37.27.59.134 - - [13/Sep/2025:00:37:15 -0300] "GET /assets/206aa7eb/?C=D;O=D HTTP/1.1" 200 1174 "-" "Mozilla/5.0 (compatible; BLEXBot/1.0; +https://help.seranking.com/en/blex-crawler)"
37.27.59.134 - - [13/Sep/2025:00:37:52 -0300] "GET /assets/206aa7eb/?C=M;O=D HTTP/1.1" 200 1174 "-" "Mozilla/5.0 (compatible; BLEXBot/1.0; +https://help.seranking.com/en/blex-crawler)"
52.167.144.188 - - [13/Sep/2025:00:37:53 -0300] "GET /static/js/highlight.js/styles/?C=M;O=A HTTP/1.1" 200 15824 "-" "Mozilla/5.0 AppleWebKit/537.36 (KHTML, like Gecko; compatible; bingbot/2.0; +http://www.bing.com/bingbot.htm) Chrome/116.0.1938.76 Safari/537.36"
37.27.59.134 - - [13/Sep/2025:00:38:38 -0300] "GET /assets/206aa7eb/?C=N;O=A HTTP/1.1" 200 1174 "-" "Mozilla/5.0 (compatible; BLEXBot/1.0; +https://help.seranking.com/en/blex-crawler)"
37.27.59.134 - - [13/Sep/2025:00:39:09 -0300] "GET /assets/206aa7eb/?C=S;O=D HTTP/1.1" 200 1174 "-" "Mozilla/5.0 (compatible; BLEXBot/1.0; +https://help.seranking.com/en/blex-crawler)"
66.249.72.226 - - [13/Sep/2025:00:39:18 -0300] "GET /assets/2ec6b270/themes/dark-hive/images/ui-bg_loop_25_000000_21x21.png HTTP/1.1" 200 378 "-" "Googlebot-Image/1.0"
37.27.59.134 - - [13/Sep/2025:00:39:39 -0300] "GET /assets/212f5d9c/?C=D;O=D HTTP/1.1" 200 798 "-" "Mozilla/5.0 (compatible; BLEXBot/1.0; +https://help.seranking.com/en/blex-crawler)"
54.39.203.113 - - [13/Sep/2025:00:39:40 -0300] "GET /assets/76b273f5/mode/turtle/?C=N;O=A HTTP/1.1" 200 842 "-" "Mozilla/5.0 (compatible; AhrefsBot/7.0; +http://ahrefs.com/robot/)"
66.249.77.8 - - [13/Sep/2025:00:40:07 -0300] "GET /static/img/twemoji/72x72/1f9dd-1f3fe-200d-2642-fe0f.png HTTP/1.1" 200 959 "-" "Googlebot-Image/1.0"
37.27.59.134 - - [13/Sep/2025:00:40:20 -0300] "GET /assets/212f5d9c/?C=M;O=D HTTP/1.1" 200 798 "-" "Mozilla/5.0 (compatible; BLEXBot/1.0; +https://help.seranking.com/en/blex-crawler)"
37.27.59.134 - - [13/Sep/2025:00:41:08 -0300] "GET /assets/212f5d9c/?C=N;O=A HTTP/1.1" 200 798 "-" "Mozilla/5.0 (compatible; BLEXBot/1.0; +https://help.seranking.com/en/blex-crawler)"
37.27.59.134 - - [13/Sep/2025:00:41:25 -0300] "GET /assets/212f5d9c/?C=S;O=D HTTP/1.1" 200 798 "-" "Mozilla/5.0 (compatible; BLEXBot/1.0; +https://help.seranking.com/en/blex-crawler)"
37.27.59.134 - - [13/Sep/2025:00:41:55 -0300] "GET /assets/23d4a6c1/?C=D;O=D HTTP/1.1" 200 798 "-" "Mozilla/5.0 (compatible; BLEXBot/1.0; +https://help.seranking.com/en/blex-crawler)"
37.27.59.134 - - [13/Sep/2025:00:42:24 -0300] "GET /assets/23d4a6c1/?C=M;O=D HTTP/1.1" 200 798 "-" "Mozilla/5.0 (compatible; BLEXBot/1.0; +https://help.seranking.com/en/blex-crawler)"
66.249.77.10 - - [13/Sep/2025:00:42:32 -0300] "GET /static/img/twemoji/72x72/1f1e9-1f1f4.png HTTP/1.1" 200 584 "-" "Googlebot-Image/1.0"
37.27.59.134 - - [13/Sep/2025:00:42:43 -0300] "GET /assets/23d4a6c1/?C=N;O=A HTTP/1.1" 200 798 "-" "Mozilla/5.0 (compatible; BLEXBot/1.0; +https://help.seranking.com/en/blex-crawler)"
66.249.77.9 - - [13/Sep/2025:00:43:21 -0300] "GET /static/img/twemoji/72x72/1f1eb-1f1ef.png HTTP/1.1" 200 956 "-" "Googlebot-Image/1.0"
37.27.59.134 - - [13/Sep/2025:00:43:28 -0300] "GET /assets/23d4a6c1/?C=S;O=D HTTP/1.1" 200 798 "-" "Mozilla/5.0 (compatible; BLEXBot/1.0; +https://help.seranking.com/en/blex-crawler)"
37.27.59.134 - - [13/Sep/2025:00:44:03 -0300] "GET /assets/268322fc/?C=D;O=D HTTP/1.1" 200 811 "-" "Mozilla/5.0 (compatible; BLEXBot/1.0; +https://help.seranking.com/en/blex-crawler)"
66.249.77.8 - - [13/Sep/2025:00:44:47 -0300] "GET /static/img/twemoji/72x72/1f468-1f3ff-200d-1f692.png HTTP/1.1" 200 1026 "-" "Googlebot-Image/1.0"
37.27.59.134 - - [13/Sep/2025:00:45:13 -0300] "GET /assets/268322fc/?C=M;O=D HTTP/1.1" 200 811 "-" "Mozilla/5.0 (compatible; BLEXBot/1.0; +https://help.seranking.com/en/blex-crawler)"
37.27.59.134 - - [13/Sep/2025:00:45:33 -0300] "GET /assets/268322fc/?C=N;O=A HTTP/1.1" 200 811 "-" "Mozilla/5.0 (compatible; BLEXBot/1.0; +https://help.seranking.com/en/blex-crawler)"
37.27.59.134 - - [13/Sep/2025:00:46:15 -0300] "GET /assets/268322fc/?C=S;O=D HTTP/1.1" 200 811 "-" "Mozilla/5.0 (compatible; BLEXBot/1.0; +https://help.seranking.com/en/blex-crawler)"
66.249.77.10 - - [13/Sep/2025:00:46:24 -0300] "GET /static/img/twemoji/72x72/1f469-1f3fc-200d-1f393.png HTTP/1.1" 200 1147 "-" "Googlebot-Image/1.0"
37.27.59.134 - - [13/Sep/2025:00:47:01 -0300] "GET /assets/2e4b7dab/?C=D;O=D HTTP/1.1" 200 798 "-" "Mozilla/5.0 (compatible; BLEXBot/1.0; +https://help.seranking.com/en/blex-crawler)"
37.27.59.134 - - [13/Sep/2025:00:47:26 -0300] "GET /assets/2e4b7dab/?C=M;O=D HTTP/1.1" 200 798 "-" "Mozilla/5.0 (compatible; BLEXBot/1.0; +https://help.seranking.com/en/blex-crawler)"
37.27.59.134 - - [13/Sep/2025:00:47:53 -0300] "GET /assets/2e4b7dab/?C=N;O=A HTTP/1.1" 200 798 "-" "Mozilla/5.0 (compatible; BLEXBot/1.0; +https://help.seranking.com/en/blex-crawler)"
66.249.77.10 - - [13/Sep/2025:00:48:02 -0300] "GET /static/img/twemoji/72x72/267b.png HTTP/1.1" 200 871 "-" "Googlebot-Image/1.0"
37.27.59.134 - - [13/Sep/2025:00:49:23 -0300] "GET /assets/2e4b7dab/?C=S;O=D HTTP/1.1" 200 798 "-" "Mozilla/5.0 (compatible; BLEXBot/1.0; +https://help.seranking.com/en/blex-crawler)"
66.249.77.8 - - [13/Sep/2025:00:49:39 -0300] "GET /static/img/twemoji/72x72/2696.png HTTP/1.1" 200 684 "-" "Googlebot-Image/1.0"
37.27.59.134 - - [13/Sep/2025:00:49:50 -0300] "GET /assets/2ec11cc2/?C=D;O=D HTTP/1.1" 200 1012 "-" "Mozilla/5.0 (compatible; BLEXBot/1.0; +https://help.seranking.com/en/blex-crawler)"
37.27.59.134 - - [13/Sep/2025:00:50:53 -0300] "GET /assets/2ec11cc2/?C=M;O=D HTTP/1.1" 200 1012 "-" "Mozilla/5.0 (compatible; BLEXBot/1.0; +https://help.seranking.com/en/blex-crawler)"
66.249.77.9 - - [13/Sep/2025:00:51:16 -0300] "GET /static/img/twemoji/72x72/1f171.png HTTP/1.1" 200 458 "-" "Googlebot-Image/1.0"
37.27.59.134 - - [13/Sep/2025:00:51:24 -0300] "GET /assets/2ec11cc2/?C=N;O=A HTTP/1.1" 200 1012 "-" "Mozilla/5.0 (compatible; BLEXBot/1.0; +https://help.seranking.com/en/blex-crawler)"
66.249.77.9 - - [13/Sep/2025:00:51:36 -0300] "GET /static/assets/a59d3f98/themes/cupertino/?C=N;O=A HTTP/1.1" 200 1416 "-" "Mozilla/5.0 (Linux; Android 6.0.1; Nexus 5X Build/MMB29P) AppleWebKit/537.36 (KHTML, like Gecko) Chrome/140.0.7339.127 Mobile Safari/537.36 (compatible; GoogleOther)"
37.27.59.134 - - [13/Sep/2025:00:51:53 -0300] "GET /assets/2ec11cc2/?C=S;O=D HTTP/1.1" 200 1012 "-" "Mozilla/5.0 (compatible; BLEXBot/1.0; +https://help.seranking.com/en/blex-crawler)"
37.27.59.134 - - [13/Sep/2025:00:52:03 -0300] "GET /assets/325d9b67/?C=D;O=D HTTP/1.1" 200 1144 "-" "Mozilla/5.0 (compatible; BLEXBot/1.0; +https://help.seranking.com/en/blex-crawler)"
66.249.77.10 - - [13/Sep/2025:00:52:54 -0300] "GET /static/img/twemoji/72x72/1f575-1f3fb-200d-2640-fe0f.png HTTP/1.1" 200 1062 "-" "Googlebot-Image/1.0"
37.27.59.134 - - [13/Sep/2025:00:53:37 -0300] "GET /assets/325d9b67/?C=M;O=D HTTP/1.1" 200 1144 "-" "Mozilla/5.0 (compatible; BLEXBot/1.0; +https://help.seranking.com/en/blex-crawler)"
37.27.59.134 - - [13/Sep/2025:00:53:47 -0300] "GET /assets/325d9b67/?C=N;O=A HTTP/1.1" 200 1144 "-" "Mozilla/5.0 (compatible; BLEXBot/1.0; +https://help.seranking.com/en/blex-crawler)"
37.27.59.134 - - [13/Sep/2025:00:55:27 -0300] "GET /assets/325d9b67/?C=S;O=D HTTP/1.1" 200 1144 "-" "Mozilla/5.0 (compatible; BLEXBot/1.0; +https://help.seranking.com/en/blex-crawler)"
37.27.59.134 - - [13/Sep/2025:00:55:56 -0300] "GET /assets/341f2854/?C=D;O=D HTTP/1.1" 200 1535 "-" "Mozilla/5.0 (compatible; BLEXBot/1.0; +https://help.seranking.com/en/blex-crawler)"
37.27.59.134 - - [13/Sep/2025:00:56:06 -0300] "GET /assets/341f2854/?C=M;O=D HTTP/1.1" 200 1535 "-" "Mozilla/5.0 (compatible; BLEXBot/1.0; +https://help.seranking.com/en/blex-crawler)"
66.249.77.10 - - [13/Sep/2025:00:56:08 -0300] "GET /static/img/twemoji/72x72/1f4c5.png HTTP/1.1" 200 874 "-" "Googlebot-Image/1.0"
66.249.77.8 - - [13/Sep/2025:00:57:45 -0300] "GET /static/img/twemoji/72x72/1f9d8-1f3fd-200d-2640-fe0f.png HTTP/1.1" 200 1031 "-" "Googlebot-Image/1.0"
37.27.59.134 - - [13/Sep/2025:00:57:50 -0300] "GET /assets/341f2854/?C=N;O=A HTTP/1.1" 200 1535 "-" "Mozilla/5.0 (compatible; BLEXBot/1.0; +https://help.seranking.com/en/blex-crawler)"
37.27.59.134 - - [13/Sep/2025:00:58:50 -0300] "GET /assets/341f2854/?C=S;O=D HTTP/1.1" 200 1535 "-" "Mozilla/5.0 (compatible; BLEXBot/1.0; +https://help.seranking.com/en/blex-crawler)"
37.27.59.134 - - [13/Sep/2025:00:59:41 -0300] "GET /assets/374a8aa5/?C=D;O=D HTTP/1.1" 200 1164 "-" "Mozilla/5.0 (compatible; BLEXBot/1.0; +https://help.seranking.com/en/blex-crawler)"
37.27.59.134 - - [13/Sep/2025:01:00:03 -0300] "GET /assets/374a8aa5/?C=M;O=D HTTP/1.1" 200 1164 "-" "Mozilla/5.0 (compatible; BLEXBot/1.0; +https://help.seranking.com/en/blex-crawler)"
66.249.77.10 - - [13/Sep/2025:01:00:23 -0300] "GET /static/img/twemoji/72x72/1f469-200d-1f393.png HTTP/1.1" 200 1181 "-" "Googlebot-Image/1.0"
66.249.77.10 - - [13/Sep/2025:01:01:11 -0300] "GET /static/img/twemoji/72x72/1f5ff.png HTTP/1.1" 200 974 "-" "Googlebot-Image/1.0"
37.27.59.134 - - [13/Sep/2025:01:01:30 -0300] "GET /assets/374a8aa5/?C=N;O=A HTTP/1.1" 200 1164 "-" "Mozilla/5.0 (compatible; BLEXBot/1.0; +https://help.seranking.com/en/blex-crawler)"
37.27.59.134 - - [13/Sep/2025:01:01:48 -0300] "GET /assets/374a8aa5/?C=S;O=D HTTP/1.1" 200 1164 "-" "Mozilla/5.0 (compatible; BLEXBot/1.0; +https://help.seranking.com/en/blex-crawler)"
37.27.59.134 - - [13/Sep/2025:01:02:20 -0300] "GET /assets/3beaea45/?C=D;O=D HTTP/1.1" 200 798 "-" "Mozilla/5.0 (compatible; BLEXBot/1.0; +https://help.seranking.com/en/blex-crawler)"
37.27.59.134 - - [13/Sep/2025:01:02:52 -0300] "GET /assets/3beaea45/?C=M;O=D HTTP/1.1" 200 798 "-" "Mozilla/5.0 (compatible; BLEXBot/1.0; +https://help.seranking.com/en/blex-crawler)"
37.27.59.134 - - [13/Sep/2025:01:03:27 -0300] "GET /assets/3beaea45/?C=N;O=A HTTP/1.1" 200 798 "-" "Mozilla/5.0 (compatible; BLEXBot/1.0; +https://help.seranking.com/en/blex-crawler)"
37.27.59.134 - - [13/Sep/2025:01:03:51 -0300] "GET /assets/3beaea45/?C=S;O=D HTTP/1.1" 200 798 "-" "Mozilla/5.0 (compatible; BLEXBot/1.0; +https://help.seranking.com/en/blex-crawler)"
66.249.77.9 - - [13/Sep/2025:01:04:15 -0300] "GET /static/img/twemoji/72x72/1f481-1f3fc.png HTTP/1.1" 200 825 "-" "Googlebot-Image/1.0"
37.27.59.134 - - [13/Sep/2025:01:04:19 -0300] "GET /assets/3c54c8b4/?C=D;O=D HTTP/1.1" 200 798 "-" "Mozilla/5.0 (compatible; BLEXBot/1.0; +https://help.seranking.com/en/blex-crawler)"
37.27.59.134 - - [13/Sep/2025:01:04:57 -0300] "GET /assets/3c54c8b4/?C=M;O=D HTTP/1.1" 200 798 "-" "Mozilla/5.0 (compatible; BLEXBot/1.0; +https://help.seranking.com/en/blex-crawler)"
37.27.59.134 - - [13/Sep/2025:01:05:35 -0300] "GET /assets/3c54c8b4/?C=N;O=A HTTP/1.1" 200 798 "-" "Mozilla/5.0 (compatible; BLEXBot/1.0; +https://help.seranking.com/en/blex-crawler)"
66.249.77.9 - - [13/Sep/2025:01:05:52 -0300] "GET /assets/4f07b091/themes/trontastic/images/ui-icons_ffffff_256x240.png HTTP/1.1" 200 6487 "-" "Googlebot-Image/1.0"
37.27.59.134 - - [13/Sep/2025:01:06:43 -0300] "GET /assets/3c54c8b4/?C=S;O=D HTTP/1.1" 200 798 "-" "Mozilla/5.0 (compatible; BLEXBot/1.0; +https://help.seranking.com/en/blex-crawler)"
37.27.59.134 - - [13/Sep/2025:01:07:17 -0300] "GET /assets/4301911c/?C=D;O=D HTTP/1.1" 200 798 "-" "Mozilla/5.0 (compatible; BLEXBot/1.0; +https://help.seranking.com/en/blex-crawler)"
66.249.72.226 - - [13/Sep/2025:01:07:29 -0300] "GET /assets/2ec6b270/themes/swanky-purse/images/ui-bg_diamond_25_675423_10x8.png HTTP/1.1" 200 370 "-" "Googlebot-Image/1.0"
37.27.59.134 - - [13/Sep/2025:01:07:45 -0300] "GET /assets/4301911c/?C=M;O=D HTTP/1.1" 200 798 "-" "Mozilla/5.0 (compatible; BLEXBot/1.0; +https://help.seranking.com/en/blex-crawler)"
37.27.59.134 - - [13/Sep/2025:01:08:08 -0300] "GET /assets/4301911c/?C=N;O=A HTTP/1.1" 200 798 "-" "Mozilla/5.0 (compatible; BLEXBot/1.0; +https://help.seranking.com/en/blex-crawler)"
37.27.59.134 - - [13/Sep/2025:01:09:02 -0300] "GET /assets/4301911c/?C=S;O=D HTTP/1.1" 200 798 "-" "Mozilla/5.0 (compatible; BLEXBot/1.0; +https://help.seranking.com/en/blex-crawler)"
37.27.59.134 - - [13/Sep/2025:01:09:54 -0300] "GET /assets/442fd843/?C=D;O=D HTTP/1.1" 200 1012 "-" "Mozilla/5.0 (compatible; BLEXBot/1.0; +https://help.seranking.com/en/blex-crawler)"
37.27.59.134 - - [13/Sep/2025:01:10:14 -0300] "GET /assets/442fd843/?C=M;O=D HTTP/1.1" 200 1012 "-" "Mozilla/5.0 (compatible; BLEXBot/1.0; +https://help.seranking.com/en/blex-crawler)"
66.249.77.10 - - [13/Sep/2025:01:10:44 -0300] "GET /static/img/twemoji/72x72/1f468-200d-1f692.png HTTP/1.1" 200 1029 "-" "Googlebot-Image/1.0"
37.27.59.134 - - [13/Sep/2025:01:11:08 -0300] "GET /assets/442fd843/?C=N;O=A HTTP/1.1" 200 1012 "-" "Mozilla/5.0 (compatible; BLEXBot/1.0; +https://help.seranking.com/en/blex-crawler)"
37.27.59.134 - - [13/Sep/2025:01:11:28 -0300] "GET /assets/442fd843/?C=S;O=D HTTP/1.1" 200 1012 "-" "Mozilla/5.0 (compatible; BLEXBot/1.0; +https://help.seranking.com/en/blex-crawler)"
66.249.77.9 - - [13/Sep/2025:01:12:21 -0300] "GET /static/img/twemoji/72x72/1f9ea.png HTTP/1.1" 200 849 "-" "Googlebot-Image/1.0"
37.27.59.134 - - [13/Sep/2025:01:12:36 -0300] "GET /assets/44794d61/?C=D;O=D HTTP/1.1" 200 1179 "-" "Mozilla/5.0 (compatible; BLEXBot/1.0; +https://help.seranking.com/en/blex-crawler)"
37.27.59.134 - - [13/Sep/2025:01:13:06 -0300] "GET /assets/44794d61/?C=M;O=D HTTP/1.1" 200 1179 "-" "Mozilla/5.0 (compatible; BLEXBot/1.0; +https://help.seranking.com/en/blex-crawler)"
37.27.59.134 - - [13/Sep/2025:01:13:39 -0300] "GET /assets/44794d61/?C=N;O=A HTTP/1.1" 200 1179 "-" "Mozilla/5.0 (compatible; BLEXBot/1.0; +https://help.seranking.com/en/blex-crawler)"
66.249.77.8 - - [13/Sep/2025:01:13:58 -0300] "GET /static/img/twemoji/72x72/1f46e-1f3fe.png HTTP/1.1" 200 1142 "-" "Googlebot-Image/1.0"
37.27.59.134 - - [13/Sep/2025:01:14:18 -0300] "GET /assets/44794d61/?C=S;O=D HTTP/1.1" 200 1179 "-" "Mozilla/5.0 (compatible; BLEXBot/1.0; +https://help.seranking.com/en/blex-crawler)"
37.27.59.134 - - [13/Sep/2025:01:15:29 -0300] "GET /assets/48880f41/?C=D;O=D HTTP/1.1" 200 811 "-" "Mozilla/5.0 (compatible; BLEXBot/1.0; +https://help.seranking.com/en/blex-crawler)"
66.249.77.9 - - [13/Sep/2025:01:15:36 -0300] "GET /static/img/twemoji/72x72/1f574-1f3fb-200d-2640-fe0f.png HTTP/1.1" 200 870 "-" "Googlebot-Image/1.0"
37.27.59.134 - - [13/Sep/2025:01:15:58 -0300] "GET /assets/48880f41/?C=M;O=D HTTP/1.1" 200 811 "-" "Mozilla/5.0 (compatible; BLEXBot/1.0; +https://help.seranking.com/en/blex-crawler)"
37.27.59.134 - - [13/Sep/2025:01:16:41 -0300] "GET /assets/48880f41/?C=N;O=A HTTP/1.1" 200 811 "-" "Mozilla/5.0 (compatible; BLEXBot/1.0; +https://help.seranking.com/en/blex-crawler)"
37.27.59.134 - - [13/Sep/2025:01:17:10 -0300] "GET /assets/48880f41/?C=S;O=D HTTP/1.1" 200 811 "-" "Mozilla/5.0 (compatible; BLEXBot/1.0; +https://help.seranking.com/en/blex-crawler)"
66.249.77.10 - - [13/Sep/2025:01:17:13 -0300] "GET /static/img/twemoji/72x72/1f44b-1f3ff.png HTTP/1.1" 200 1276 "-" "Googlebot-Image/1.0"
37.27.59.134 - - [13/Sep/2025:01:18:18 -0300] "GET /assets/4a242e8d/?C=D;O=D HTTP/1.1" 200 2254 "-" "Mozilla/5.0 (compatible; BLEXBot/1.0; +https://help.seranking.com/en/blex-crawler)"
66.249.77.8 - - [13/Sep/2025:01:18:50 -0300] "GET /static/img/twemoji/72x72/1f9cf-1f3fd-200d-2640-fe0f.png HTTP/1.1" 200 1054 "-" "Googlebot-Image/1.0"
37.27.59.134 - - [13/Sep/2025:01:19:54 -0300] "GET /assets/4a242e8d/?C=M;O=D HTTP/1.1" 200 2254 "-" "Mozilla/5.0 (compatible; BLEXBot/1.0; +https://help.seranking.com/en/blex-crawler)"
37.27.59.134 - - [13/Sep/2025:01:20:44 -0300] "GET /assets/4a242e8d/?C=N;O=A HTTP/1.1" 200 2254 "-" "Mozilla/5.0 (compatible; BLEXBot/1.0; +https://help.seranking.com/en/blex-crawler)"
37.27.59.134 - - [13/Sep/2025:01:21:16 -0300] "GET /assets/4a242e8d/?C=S;O=D HTTP/1.1" 200 2254 "-" "Mozilla/5.0 (compatible; BLEXBot/1.0; +https://help.seranking.com/en/blex-crawler)"
37.27.59.134 - - [13/Sep/2025:01:21:40 -0300] "GET /assets/4ce260e6/?C=D;O=D HTTP/1.1" 200 811 "-" "Mozilla/5.0 (compatible; BLEXBot/1.0; +https://help.seranking.com/en/blex-crawler)"
66.249.77.10 - - [13/Sep/2025:01:21:50 -0300] "GET /static/img/twemoji/72x72/1f469-200d-1f469-200d-1f467-200d-1f467.png HTTP/1.1" 200 1112 "-" "Googlebot-Image/1.0"
37.27.59.134 - - [13/Sep/2025:01:22:17 -0300] "GET /assets/4ce260e6/?C=M;O=D HTTP/1.1" 200 811 "-" "Mozilla/5.0 (compatible; BLEXBot/1.0; +https://help.seranking.com/en/blex-crawler)"
37.27.59.134 - - [13/Sep/2025:01:22:39 -0300] "GET /assets/4ce260e6/?C=N;O=A HTTP/1.1" 200 811 "-" "Mozilla/5.0 (compatible; BLEXBot/1.0; +https://help.seranking.com/en/blex-crawler)"
37.27.59.134 - - [13/Sep/2025:01:23:35 -0300] "GET /assets/4ce260e6/?C=S;O=D HTTP/1.1" 200 811 "-" "Mozilla/5.0 (compatible; BLEXBot/1.0; +https://help.seranking.com/en/blex-crawler)"
37.27.59.134 - - [13/Sep/2025:01:24:44 -0300] "GET /assets/4d2cb8d6/?C=D;O=D HTTP/1.1" 200 989 "-" "Mozilla/5.0 (compatible; BLEXBot/1.0; +https://help.seranking.com/en/blex-crawler)"
66.249.77.10 - - [13/Sep/2025:01:24:50 -0300] "GET /static/img/twemoji/72x72/1f46b-1f3fb.png HTTP/1.1" 200 1288 "-" "Googlebot-Image/1.0"
37.27.59.134 - - [13/Sep/2025:01:25:01 -0300] "GET /assets/4d2cb8d6/?C=M;O=D HTTP/1.1" 200 989 "-" "Mozilla/5.0 (compatible; BLEXBot/1.0; +https://help.seranking.com/en/blex-crawler)"
37.27.59.134 - - [13/Sep/2025:01:25:42 -0300] "GET /assets/4d2cb8d6/?C=N;O=A HTTP/1.1" 200 989 "-" "Mozilla/5.0 (compatible; BLEXBot/1.0; +https://help.seranking.com/en/blex-crawler)"
37.27.59.134 - - [13/Sep/2025:01:26:04 -0300] "GET /assets/4d2cb8d6/?C=S;O=D HTTP/1.1" 200 989 "-" "Mozilla/5.0 (compatible; BLEXBot/1.0; +https://help.seranking.com/en/blex-crawler)"
37.27.59.134 - - [13/Sep/2025:01:26:19 -0300] "GET /assets/4d9fc017/?C=D;O=D HTTP/1.1" 200 798 "-" "Mozilla/5.0 (compatible; BLEXBot/1.0; +https://help.seranking.com/en/blex-crawler)"
37.27.59.134 - - [13/Sep/2025:01:27:04 -0300] "GET /assets/4d9fc017/?C=M;O=D HTTP/1.1" 200 798 "-" "Mozilla/5.0 (compatible; BLEXBot/1.0; +https://help.seranking.com/en/blex-crawler)"
37.27.59.134 - - [13/Sep/2025:01:27:21 -0300] "GET /assets/4d9fc017/?C=N;O=A HTTP/1.1" 200 798 "-" "Mozilla/5.0 (compatible; BLEXBot/1.0; +https://help.seranking.com/en/blex-crawler)"
66.249.77.8 - - [13/Sep/2025:01:27:50 -0300] "GET /static/img/twemoji/72x72/1f6b5-1f3fb-200d-2642-fe0f.png HTTP/1.1" 200 1330 "-" "Googlebot-Image/1.0"
37.27.59.134 - - [13/Sep/2025:01:27:57 -0300] "GET /assets/4d9fc017/?C=S;O=D HTTP/1.1" 200 798 "-" "Mozilla/5.0 (compatible; BLEXBot/1.0; +https://help.seranking.com/en/blex-crawler)"
37.27.59.134 - - [13/Sep/2025:01:29:07 -0300] "GET /assets/59ce91f0/?C=D;O=D HTTP/1.1" 200 1694 "-" "Mozilla/5.0 (compatible; BLEXBot/1.0; +https://help.seranking.com/en/blex-crawler)"
37.27.59.134 - - [13/Sep/2025:01:29:32 -0300] "GET /assets/59ce91f0/?C=M;O=D HTTP/1.1" 200 1694 "-" "Mozilla/5.0 (compatible; BLEXBot/1.0; +https://help.seranking.com/en/blex-crawler)"
37.27.59.134 - - [13/Sep/2025:01:30:36 -0300] "GET /assets/59ce91f0/?C=N;O=A HTTP/1.1" 200 1694 "-" "Mozilla/5.0 (compatible; BLEXBot/1.0; +https://help.seranking.com/en/blex-crawler)"
37.27.59.134 - - [13/Sep/2025:01:30:54 -0300] "GET /assets/59ce91f0/?C=S;O=D HTTP/1.1" 200 1694 "-" "Mozilla/5.0 (compatible; BLEXBot/1.0; +https://help.seranking.com/en/blex-crawler)"
37.27.59.134 - - [13/Sep/2025:01:31:37 -0300] "GET /assets/5a0ef841/?C=D;O=D HTTP/1.1" 200 997 "-" "Mozilla/5.0 (compatible; BLEXBot/1.0; +https://help.seranking.com/en/blex-crawler)"
37.27.59.134 - - [13/Sep/2025:01:32:43 -0300] "GET /assets/5a0ef841/?C=M;O=D HTTP/1.1" 200 997 "-" "Mozilla/5.0 (compatible; BLEXBot/1.0; +https://help.seranking.com/en/blex-crawler)"
37.27.59.134 - - [13/Sep/2025:01:33:00 -0300] "GET /assets/5a0ef841/?C=N;O=A HTTP/1.1" 200 997 "-" "Mozilla/5.0 (compatible; BLEXBot/1.0; +https://help.seranking.com/en/blex-crawler)"
37.27.59.134 - - [13/Sep/2025:01:33:54 -0300] "GET /assets/5a0ef841/?C=S;O=D HTTP/1.1" 200 997 "-" "Mozilla/5.0 (compatible; BLEXBot/1.0; +https://help.seranking.com/en/blex-crawler)"
37.27.59.134 - - [13/Sep/2025:01:34:31 -0300] "GET /assets/5c18c3b2/?C=D;O=D HTTP/1.1" 200 1691 "-" "Mozilla/5.0 (compatible; BLEXBot/1.0; +https://help.seranking.com/en/blex-crawler)"
37.27.59.134 - - [13/Sep/2025:01:35:04 -0300] "GET /assets/5c18c3b2/?C=M;O=D HTTP/1.1" 200 1691 "-" "Mozilla/5.0 (compatible; BLEXBot/1.0; +https://help.seranking.com/en/blex-crawler)"
34.195.248.30 - - [13/Sep/2025:01:36:37 -0300] "GET /themes/HumHub/css/ HTTP/1.1" 200 815 "-" "Mozilla/5.0 AppleWebKit/537.36 (KHTML, like Gecko; compatible; Amazonbot/0.1; +https://developer.amazon.com/support/amazonbot) Chrome/119.0.6045.214 Safari/537.36"
37.27.59.134 - - [13/Sep/2025:01:36:50 -0300] "GET /assets/5c18c3b2/?C=N;O=A HTTP/1.1" 200 1691 "-" "Mozilla/5.0 (compatible; BLEXBot/1.0; +https://help.seranking.com/en/blex-crawler)"
66.249.77.8 - - [13/Sep/2025:01:36:50 -0300] "GET /static/img/twemoji/72x72/1f9b8-1f3ff-200d-2640-fe0f.png HTTP/1.1" 200 1121 "-" "Googlebot-Image/1.0"
37.27.59.134 - - [13/Sep/2025:01:37:45 -0300] "GET /assets/5c18c3b2/?C=S;O=D HTTP/1.1" 200 1691 "-" "Mozilla/5.0 (compatible; BLEXBot/1.0; +https://help.seranking.com/en/blex-crawler)"
37.27.59.134 - - [13/Sep/2025:01:38:28 -0300] "GET /assets/616b1b12/?C=D;O=D HTTP/1.1" 200 1144 "-" "Mozilla/5.0 (compatible; BLEXBot/1.0; +https://help.seranking.com/en/blex-crawler)"
37.27.59.134 - - [13/Sep/2025:01:39:25 -0300] "GET /assets/616b1b12/?C=M;O=D HTTP/1.1" 200 1144 "-" "Mozilla/5.0 (compatible; BLEXBot/1.0; +https://help.seranking.com/en/blex-crawler)"
66.249.77.10 - - [13/Sep/2025:01:39:50 -0300] "GET /static/img/twemoji/72x72/2695.png HTTP/1.1" 200 696 "-" "Googlebot-Image/1.0"
37.27.59.134 - - [13/Sep/2025:01:40:15 -0300] "GET /assets/616b1b12/?C=N;O=A HTTP/1.1" 200 1144 "-" "Mozilla/5.0 (compatible; BLEXBot/1.0; +https://help.seranking.com/en/blex-crawler)"
37.27.59.134 - - [13/Sep/2025:01:40:42 -0300] "GET /assets/616b1b12/?C=S;O=D HTTP/1.1" 200 1144 "-" "Mozilla/5.0 (compatible; BLEXBot/1.0; +https://help.seranking.com/en/blex-crawler)"
37.27.59.134 - - [13/Sep/2025:01:41:30 -0300] "GET /assets/62e70b06/?C=D;O=D HTTP/1.1" 200 1536 "-" "Mozilla/5.0 (compatible; BLEXBot/1.0; +https://help.seranking.com/en/blex-crawler)"
37.27.59.134 - - [13/Sep/2025:01:42:12 -0300] "GET /assets/62e70b06/?C=M;O=D HTTP/1.1" 200 1536 "-" "Mozilla/5.0 (compatible; BLEXBot/1.0; +https://help.seranking.com/en/blex-crawler)"
37.27.59.134 - - [13/Sep/2025:01:42:50 -0300] "GET /assets/62e70b06/?C=N;O=A HTTP/1.1" 200 1536 "-" "Mozilla/5.0 (compatible; BLEXBot/1.0; +https://help.seranking.com/en/blex-crawler)"
66.249.77.10 - - [13/Sep/2025:01:42:50 -0300] "GET /static/img/twemoji/72x72/23ee.png HTTP/1.1" 200 427 "-" "Googlebot-Image/1.0"
37.27.59.134 - - [13/Sep/2025:01:43:24 -0300] "GET /assets/62e70b06/?C=S;O=D HTTP/1.1" 200 1536 "-" "Mozilla/5.0 (compatible; BLEXBot/1.0; +https://help.seranking.com/en/blex-crawler)"
37.27.59.134 - - [13/Sep/2025:01:44:04 -0300] "GET /assets/65275c5b/?C=D;O=D HTTP/1.1" 200 798 "-" "Mozilla/5.0 (compatible; BLEXBot/1.0; +https://help.seranking.com/en/blex-crawler)"
37.27.59.134 - - [13/Sep/2025:01:44:25 -0300] "GET /assets/65275c5b/?C=M;O=D HTTP/1.1" 200 798 "-" "Mozilla/5.0 (compatible; BLEXBot/1.0; +https://help.seranking.com/en/blex-crawler)"
37.27.59.134 - - [13/Sep/2025:01:45:35 -0300] "GET /assets/65275c5b/?C=N;O=A HTTP/1.1" 200 798 "-" "Mozilla/5.0 (compatible; BLEXBot/1.0; +https://help.seranking.com/en/blex-crawler)"
66.249.77.10 - - [13/Sep/2025:01:45:50 -0300] "GET /static/img/twemoji/72x72/1f468-1f3fd-200d-1f3eb.png HTTP/1.1" 200 1152 "-" "Googlebot-Image/1.0"
37.27.59.134 - - [13/Sep/2025:01:46:36 -0300] "GET /assets/65275c5b/?C=S;O=D HTTP/1.1" 200 798 "-" "Mozilla/5.0 (compatible; BLEXBot/1.0; +https://help.seranking.com/en/blex-crawler)"
37.27.59.134 - - [13/Sep/2025:01:48:00 -0300] "GET /assets/65582eba/?C=D;O=D HTTP/1.1" 200 811 "-" "Mozilla/5.0 (compatible; BLEXBot/1.0; +https://help.seranking.com/en/blex-crawler)"
37.27.59.134 - - [13/Sep/2025:01:48:35 -0300] "GET /assets/65582eba/?C=M;O=D HTTP/1.1" 200 811 "-" "Mozilla/5.0 (compatible; BLEXBot/1.0; +https://help.seranking.com/en/blex-crawler)"
66.249.77.8 - - [13/Sep/2025:01:48:50 -0300] "GET /static/img/twemoji/72x72/1f1f2-1f1f8.png HTTP/1.1" 200 838 "-" "Googlebot-Image/1.0"
37.27.59.134 - - [13/Sep/2025:01:49:02 -0300] "GET /assets/65582eba/?C=N;O=A HTTP/1.1" 200 811 "-" "Mozilla/5.0 (compatible; BLEXBot/1.0; +https://help.seranking.com/en/blex-crawler)"
37.27.59.134 - - [13/Sep/2025:01:49:30 -0300] "GET /assets/65582eba/?C=S;O=D HTTP/1.1" 200 811 "-" "Mozilla/5.0 (compatible; BLEXBot/1.0; +https://help.seranking.com/en/blex-crawler)"
37.27.59.134 - - [13/Sep/2025:01:50:48 -0300] "GET /assets/69aa938e/?C=D;O=D HTTP/1.1" 200 798 "-" "Mozilla/5.0 (compatible; BLEXBot/1.0; +https://help.seranking.com/en/blex-crawler)"
66.249.77.9 - - [13/Sep/2025:01:51:50 -0300] "GET /static/img/twemoji/72x72/1f9b9-1f3ff.png HTTP/1.1" 200 1157 "-" "Googlebot-Image/1.0"
37.27.59.134 - - [13/Sep/2025:01:51:52 -0300] "GET /assets/69aa938e/?C=M;O=D HTTP/1.1" 200 798 "-" "Mozilla/5.0 (compatible; BLEXBot/1.0; +https://help.seranking.com/en/blex-crawler)"
37.27.59.134 - - [13/Sep/2025:01:52:08 -0300] "GET /assets/69aa938e/?C=N;O=A HTTP/1.1" 200 798 "-" "Mozilla/5.0 (compatible; BLEXBot/1.0; +https://help.seranking.com/en/blex-crawler)"
37.27.59.134 - - [13/Sep/2025:01:52:29 -0300] "GET /assets/69aa938e/?C=S;O=D HTTP/1.1" 200 798 "-" "Mozilla/5.0 (compatible; BLEXBot/1.0; +https://help.seranking.com/en/blex-crawler)"
37.27.59.134 - - [13/Sep/2025:01:52:38 -0300] "GET /assets/69b4e4b3/?C=D;O=D HTTP/1.1" 200 811 "-" "Mozilla/5.0 (compatible; BLEXBot/1.0; +https://help.seranking.com/en/blex-crawler)"
37.27.59.134 - - [13/Sep/2025:01:53:37 -0300] "GET /assets/69b4e4b3/?C=M;O=D HTTP/1.1" 200 811 "-" "Mozilla/5.0 (compatible; BLEXBot/1.0; +https://help.seranking.com/en/blex-crawler)"
37.27.59.134 - - [13/Sep/2025:01:54:21 -0300] "GET /assets/69b4e4b3/?C=N;O=A HTTP/1.1" 200 811 "-" "Mozilla/5.0 (compatible; BLEXBot/1.0; +https://help.seranking.com/en/blex-crawler)"
37.27.59.134 - - [13/Sep/2025:01:55:14 -0300] "GET /assets/69b4e4b3/?C=S;O=D HTTP/1.1" 200 811 "-" "Mozilla/5.0 (compatible; BLEXBot/1.0; +https://help.seranking.com/en/blex-crawler)"
37.27.59.134 - - [13/Sep/2025:01:55:46 -0300] "GET /assets/6acc0349/?C=D;O=D HTTP/1.1" 200 798 "-" "Mozilla/5.0 (compatible; BLEXBot/1.0; +https://help.seranking.com/en/blex-crawler)"
66.249.77.8 - - [13/Sep/2025:01:55:46 -0300] "GET /static/img/twemoji/72x72/1f9ce-1f3fe-200d-2642-fe0f.png HTTP/1.1" 200 817 "-" "Googlebot-Image/1.0"
66.249.77.8 - - [13/Sep/2025:01:55:46 -0300] "GET /static/img/twemoji/72x72/1f3f0.png HTTP/1.1" 200 483 "-" "Googlebot-Image/1.0"
37.27.59.134 - - [13/Sep/2025:01:56:12 -0300] "GET /assets/6acc0349/?C=M;O=D HTTP/1.1" 200 798 "-" "Mozilla/5.0 (compatible; BLEXBot/1.0; +https://help.seranking.com/en/blex-crawler)"
37.27.59.134 - - [13/Sep/2025:01:56:58 -0300] "GET /assets/6acc0349/?C=N;O=A HTTP/1.1" 200 798 "-" "Mozilla/5.0 (compatible; BLEXBot/1.0; +https://help.seranking.com/en/blex-crawler)"
37.27.59.134 - - [13/Sep/2025:01:57:25 -0300] "GET /assets/6acc0349/?C=S;O=D HTTP/1.1" 200 798 "-" "Mozilla/5.0 (compatible; BLEXBot/1.0; +https://help.seranking.com/en/blex-crawler)"
66.249.77.9 - - [13/Sep/2025:01:57:50 -0300] "GET /static/img/twemoji/72x72/1f3c4-1f3fc-200d-2642-fe0f.png HTTP/1.1" 200 1264 "-" "Googlebot-Image/1.0"
37.27.59.134 - - [13/Sep/2025:01:57:56 -0300] "GET /assets/6ca327a5/?C=D;O=D HTTP/1.1" 200 815 "-" "Mozilla/5.0 (compatible; BLEXBot/1.0; +https://help.seranking.com/en/blex-crawler)"
37.27.59.134 - - [13/Sep/2025:01:58:02 -0300] "GET /assets/6ca327a5/?C=M;O=D HTTP/1.1" 200 815 "-" "Mozilla/5.0 (compatible; BLEXBot/1.0; +https://help.seranking.com/en/blex-crawler)"
37.27.59.134 - - [13/Sep/2025:01:58:40 -0300] "GET /assets/6ca327a5/?C=N;O=A HTTP/1.1" 200 815 "-" "Mozilla/5.0 (compatible; BLEXBot/1.0; +https://help.seranking.com/en/blex-crawler)"
37.27.59.134 - - [13/Sep/2025:01:59:09 -0300] "GET /assets/6ca327a5/?C=S;O=D HTTP/1.1" 200 815 "-" "Mozilla/5.0 (compatible; BLEXBot/1.0; +https://help.seranking.com/en/blex-crawler)"
37.27.59.134 - - [13/Sep/2025:01:59:44 -0300] "GET /assets/6e17d402/?C=D;O=D HTTP/1.1" 200 1713 "-" "Mozilla/5.0 (compatible; BLEXBot/1.0; +https://help.seranking.com/en/blex-crawler)"
37.27.59.134 - - [13/Sep/2025:02:01:31 -0300] "GET /assets/6e17d402/?C=M;O=D HTTP/1.1" 200 1713 "-" "Mozilla/5.0 (compatible; BLEXBot/1.0; +https://help.seranking.com/en/blex-crawler)"
37.27.59.134 - - [13/Sep/2025:02:01:59 -0300] "GET /assets/6e17d402/?C=N;O=A HTTP/1.1" 200 1713 "-" "Mozilla/5.0 (compatible; BLEXBot/1.0; +https://help.seranking.com/en/blex-crawler)"
37.27.59.134 - - [13/Sep/2025:02:02:39 -0300] "GET /assets/6e17d402/?C=S;O=D HTTP/1.1" 200 1713 "-" "Mozilla/5.0 (compatible; BLEXBot/1.0; +https://help.seranking.com/en/blex-crawler)"
37.27.59.134 - - [13/Sep/2025:02:03:05 -0300] "GET /assets/6e39af00/?C=D;O=D HTTP/1.1" 200 1174 "-" "Mozilla/5.0 (compatible; BLEXBot/1.0; +https://help.seranking.com/en/blex-crawler)"
37.27.59.134 - - [13/Sep/2025:02:03:26 -0300] "GET /assets/6e39af00/?C=M;O=D HTTP/1.1" 200 1174 "-" "Mozilla/5.0 (compatible; BLEXBot/1.0; +https://help.seranking.com/en/blex-crawler)"
66.249.77.9 - - [13/Sep/2025:02:03:50 -0300] "GET /static/img/twemoji/72x72/1f349.png HTTP/1.1" 200 946 "-" "Googlebot-Image/1.0"
37.27.59.134 - - [13/Sep/2025:02:04:13 -0300] "GET /assets/6e39af00/?C=N;O=A HTTP/1.1" 200 1174 "-" "Mozilla/5.0 (compatible; BLEXBot/1.0; +https://help.seranking.com/en/blex-crawler)"
37.27.59.134 - - [13/Sep/2025:02:04:41 -0300] "GET /assets/6e39af00/?C=S;O=D HTTP/1.1" 200 1174 "-" "Mozilla/5.0 (compatible; BLEXBot/1.0; +https://help.seranking.com/en/blex-crawler)"
37.27.59.134 - - [13/Sep/2025:02:05:02 -0300] "GET /assets/6fd3b69d/?C=D;O=D HTTP/1.1" 200 798 "-" "Mozilla/5.0 (compatible; BLEXBot/1.0; +https://help.seranking.com/en/blex-crawler)"
37.27.59.134 - - [13/Sep/2025:02:06:05 -0300] "GET /assets/6fd3b69d/?C=M;O=D HTTP/1.1" 200 798 "-" "Mozilla/5.0 (compatible; BLEXBot/1.0; +https://help.seranking.com/en/blex-crawler)"
37.27.59.134 - - [13/Sep/2025:02:06:32 -0300] "GET /assets/6fd3b69d/?C=N;O=A HTTP/1.1" 200 798 "-" "Mozilla/5.0 (compatible; BLEXBot/1.0; +https://help.seranking.com/en/blex-crawler)"
66.249.77.8 - - [13/Sep/2025:02:06:50 -0300] "GET /static/img/twemoji/72x72/1f1f8-1f1ee.png HTTP/1.1" 200 627 "-" "Googlebot-Image/1.0"
37.27.59.134 - - [13/Sep/2025:02:06:54 -0300] "GET /assets/6fd3b69d/?C=S;O=D HTTP/1.1" 200 798 "-" "Mozilla/5.0 (compatible; BLEXBot/1.0; +https://help.seranking.com/en/blex-crawler)"
37.27.59.134 - - [13/Sep/2025:02:07:50 -0300] "GET /assets/71458406/?C=D;O=D HTTP/1.1" 200 1014 "-" "Mozilla/5.0 (compatible; BLEXBot/1.0; +https://help.seranking.com/en/blex-crawler)"
37.27.59.134 - - [13/Sep/2025:02:08:30 -0300] "GET /assets/71458406/?C=M;O=D HTTP/1.1" 200 1014 "-" "Mozilla/5.0 (compatible; BLEXBot/1.0; +https://help.seranking.com/en/blex-crawler)"
37.27.59.134 - - [13/Sep/2025:02:09:15 -0300] "GET /assets/71458406/?C=N;O=A HTTP/1.1" 200 1014 "-" "Mozilla/5.0 (compatible; BLEXBot/1.0; +https://help.seranking.com/en/blex-crawler)"
66.249.77.10 - - [13/Sep/2025:02:09:50 -0300] "GET /static/img/twemoji/72x72/26c4.png HTTP/1.1" 200 810 "-" "Googlebot-Image/1.0"
37.27.59.134 - - [13/Sep/2025:02:10:02 -0300] "GET /assets/71458406/?C=S;O=D HTTP/1.1" 200 1014 "-" "Mozilla/5.0 (compatible; BLEXBot/1.0; +https://help.seranking.com/en/blex-crawler)"
37.27.59.134 - - [13/Sep/2025:02:11:18 -0300] "GET /assets/7322825a/?C=D;O=D HTTP/1.1" 200 1371 "-" "Mozilla/5.0 (compatible; BLEXBot/1.0; +https://help.seranking.com/en/blex-crawler)"
37.27.59.134 - - [13/Sep/2025:02:11:50 -0300] "GET /assets/7322825a/?C=M;O=D HTTP/1.1" 200 1371 "-" "Mozilla/5.0 (compatible; BLEXBot/1.0; +https://help.seranking.com/en/blex-crawler)"
51.161.37.45 - - [13/Sep/2025:02:12:03 -0300] "GET /static/img/emoji/ HTTP/1.1" 200 11581 "-" "Mozilla/5.0 (compatible; AhrefsBot/7.0; +http://ahrefs.com/robot/)"
37.27.59.134 - - [13/Sep/2025:02:12:44 -0300] "GET /assets/7322825a/?C=N;O=A HTTP/1.1" 200 1371 "-" "Mozilla/5.0 (compatible; BLEXBot/1.0; +https://help.seranking.com/en/blex-crawler)"
66.249.77.10 - - [13/Sep/2025:02:12:50 -0300] "GET /static/img/twemoji/72x72/1f482-1f3fc.png HTTP/1.1" 200 865 "-" "Googlebot-Image/1.0"
37.27.59.134 - - [13/Sep/2025:02:13:22 -0300] "GET /assets/7322825a/?C=S;O=D HTTP/1.1" 200 1371 "-" "Mozilla/5.0 (compatible; BLEXBot/1.0; +https://help.seranking.com/en/blex-crawler)"
52.167.144.195 - - [13/Sep/2025:02:14:22 -0300] "GET /assets/2a498971/js/release/es5.js HTTP/1.1" 200 1978 "-" "Mozilla/5.0 AppleWebKit/537.36 (KHTML, like Gecko; compatible; bingbot/2.0; +http://www.bing.com/bingbot.htm) Chrome/116.0.1938.76 Safari/537.36"
37.27.59.134 - - [13/Sep/2025:02:14:32 -0300] "GET /assets/73ae45cf/?C=D;O=D HTTP/1.1" 200 798 "-" "Mozilla/5.0 (compatible; BLEXBot/1.0; +https://help.seranking.com/en/blex-crawler)"
205.210.31.5 - - [13/Sep/2025:02:15:31 -0300] "GET / HTTP/1.1" 200 1872 "-" "Hello from Palo Alto Networks, find out more about our scans in https://docs-cortex.paloaltonetworks.com/r/1/Cortex-Xpanse/Scanning-activity"
37.27.59.134 - - [13/Sep/2025:02:15:39 -0300] "GET /assets/73ae45cf/?C=M;O=D HTTP/1.1" 200 798 "-" "Mozilla/5.0 (compatible; BLEXBot/1.0; +https://help.seranking.com/en/blex-crawler)"
66.249.77.8 - - [13/Sep/2025:02:15:50 -0300] "GET /static/img/twemoji/72x72/1f52b.png HTTP/1.1" 200 1020 "-" "Googlebot-Image/1.0"
37.27.59.134 - - [13/Sep/2025:02:16:45 -0300] "GET /assets/73ae45cf/?C=N;O=A HTTP/1.1" 200 798 "-" "Mozilla/5.0 (compatible; BLEXBot/1.0; +https://help.seranking.com/en/blex-crawler)"
37.27.59.134 - - [13/Sep/2025:02:17:31 -0300] "GET /assets/73ae45cf/?C=S;O=D HTTP/1.1" 200 798 "-" "Mozilla/5.0 (compatible; BLEXBot/1.0; +https://help.seranking.com/en/blex-crawler)"
37.27.59.134 - - [13/Sep/2025:02:18:56 -0300] "GET /assets/76fb6d41/?C=D;O=D HTTP/1.1" 200 1530 "-" "Mozilla/5.0 (compatible; BLEXBot/1.0; +https://help.seranking.com/en/blex-crawler)"
37.27.59.134 - - [13/Sep/2025:02:19:16 -0300] "GET /assets/76fb6d41/?C=M;O=D HTTP/1.1" 200 1530 "-" "Mozilla/5.0 (compatible; BLEXBot/1.0; +https://help.seranking.com/en/blex-crawler)"
66.249.77.8 - - [13/Sep/2025:02:19:50 -0300] "GET /static/img/twemoji/72x72/270a-1f3ff.png HTTP/1.1" 200 821 "-" "Googlebot-Image/1.0"
37.27.59.134 - - [13/Sep/2025:02:19:54 -0300] "GET /assets/76fb6d41/?C=N;O=A HTTP/1.1" 200 1530 "-" "Mozilla/5.0 (compatible; BLEXBot/1.0; +https://help.seranking.com/en/blex-crawler)"
37.27.59.134 - - [13/Sep/2025:02:20:10 -0300] "GET /assets/76fb6d41/?C=S;O=D HTTP/1.1" 200 1530 "-" "Mozilla/5.0 (compatible; BLEXBot/1.0; +https://help.seranking.com/en/blex-crawler)"
37.27.59.134 - - [13/Sep/2025:02:21:23 -0300] "GET /assets/78782356/?C=D;O=D HTTP/1.1" 200 822 "-" "Mozilla/5.0 (compatible; BLEXBot/1.0; +https://help.seranking.com/en/blex-crawler)"
66.249.77.10 - - [13/Sep/2025:02:21:50 -0300] "GET /static/img/twemoji/72x72/1f512.png HTTP/1.1" 200 411 "-" "Googlebot-Image/1.0"
37.27.59.134 - - [13/Sep/2025:02:21:56 -0300] "GET /assets/78782356/?C=M;O=D HTTP/1.1" 200 822 "-" "Mozilla/5.0 (compatible; BLEXBot/1.0; +https://help.seranking.com/en/blex-crawler)"
37.27.59.134 - - [13/Sep/2025:02:22:39 -0300] "GET /assets/78782356/?C=N;O=A HTTP/1.1" 200 822 "-" "Mozilla/5.0 (compatible; BLEXBot/1.0; +https://help.seranking.com/en/blex-crawler)"
37.27.59.134 - - [13/Sep/2025:02:23:13 -0300] "GET /assets/78782356/?C=S;O=D HTTP/1.1" 200 822 "-" "Mozilla/5.0 (compatible; BLEXBot/1.0; +https://help.seranking.com/en/blex-crawler)"
66.249.77.9 - - [13/Sep/2025:02:24:50 -0300] "GET /robots.txt HTTP/1.1" 404 - "-" "Mozilla/5.0 (compatible; Googlebot/2.1; +http://www.google.com/bot.html)"
66.249.77.10 - - [13/Sep/2025:02:24:50 -0300] "GET /static/img/twemoji/72x72/1f44d-1f3ff.png HTTP/1.1" 200 778 "-" "Googlebot-Image/1.0"
37.27.59.134 - - [13/Sep/2025:02:24:56 -0300] "GET /assets/7aeeeb77/?C=D;O=D HTTP/1.1" 200 1722 "-" "Mozilla/5.0 (compatible; BLEXBot/1.0; +https://help.seranking.com/en/blex-crawler)"
37.27.59.134 - - [13/Sep/2025:02:25:20 -0300] "GET /assets/7aeeeb77/?C=M;O=D HTTP/1.1" 200 1722 "-" "Mozilla/5.0 (compatible; BLEXBot/1.0; +https://help.seranking.com/en/blex-crawler)"
37.27.59.134 - - [13/Sep/2025:02:26:09 -0300] "GET /assets/7aeeeb77/?C=N;O=A HTTP/1.1" 200 1722 "-" "Mozilla/5.0 (compatible; BLEXBot/1.0; +https://help.seranking.com/en/blex-crawler)"
37.27.59.134 - - [13/Sep/2025:02:26:47 -0300] "GET /assets/7aeeeb77/?C=S;O=D HTTP/1.1" 200 1722 "-" "Mozilla/5.0 (compatible; BLEXBot/1.0; +https://help.seranking.com/en/blex-crawler)"
37.27.59.134 - - [13/Sep/2025:02:27:06 -0300] "GET /assets/7f051a30/?C=D;O=D HTTP/1.1" 200 798 "-" "Mozilla/5.0 (compatible; BLEXBot/1.0; +https://help.seranking.com/en/blex-crawler)"
66.249.77.9 - - [13/Sep/2025:02:27:50 -0300] "GET /robots.txt HTTP/1.1" 404 - "-" "Mozilla/5.0 (compatible; Googlebot/2.1; +http://www.google.com/bot.html)"
66.249.77.9 - - [13/Sep/2025:02:27:50 -0300] "GET /static/img/twemoji/72x72/1f596-1f3fd.png HTTP/1.1" 200 997 "-" "Googlebot-Image/1.0"
37.27.59.134 - - [13/Sep/2025:02:28:22 -0300] "GET /assets/7f051a30/?C=M;O=D HTTP/1.1" 200 798 "-" "Mozilla/5.0 (compatible; BLEXBot/1.0; +https://help.seranking.com/en/blex-crawler)"
37.27.59.134 - - [13/Sep/2025:02:28:41 -0300] "GET /assets/7f051a30/?C=N;O=A HTTP/1.1" 200 798 "-" "Mozilla/5.0 (compatible; BLEXBot/1.0; +https://help.seranking.com/en/blex-crawler)"
37.27.59.134 - - [13/Sep/2025:02:29:37 -0300] "GET /assets/7f051a30/?C=S;O=D HTTP/1.1" 200 798 "-" "Mozilla/5.0 (compatible; BLEXBot/1.0; +https://help.seranking.com/en/blex-crawler)"
37.27.59.134 - - [13/Sep/2025:02:29:59 -0300] "GET /assets/81555d86/?C=D;O=D HTTP/1.1" 200 798 "-" "Mozilla/5.0 (compatible; BLEXBot/1.0; +https://help.seranking.com/en/blex-crawler)"
37.27.59.134 - - [13/Sep/2025:02:30:24 -0300] "GET /assets/81555d86/?C=M;O=D HTTP/1.1" 200 798 "-" "Mozilla/5.0 (compatible; BLEXBot/1.0; +https://help.seranking.com/en/blex-crawler)"
66.249.77.8 - - [13/Sep/2025:02:30:50 -0300] "GET /robots.txt HTTP/1.1" 404 - "-" "Mozilla/5.0 (compatible; Googlebot/2.1; +http://www.google.com/bot.html)"
66.249.77.10 - - [13/Sep/2025:02:30:50 -0300] "GET /static/img/twemoji/72x72/1f469-1f3fd-200d-1f9b0.png HTTP/1.1" 200 840 "-" "Googlebot-Image/1.0"
37.27.59.134 - - [13/Sep/2025:02:31:00 -0300] "GET /assets/81555d86/?C=N;O=A HTTP/1.1" 200 798 "-" "Mozilla/5.0 (compatible; BLEXBot/1.0; +https://help.seranking.com/en/blex-crawler)"
37.27.59.134 - - [13/Sep/2025:02:31:32 -0300] "GET /assets/81555d86/?C=S;O=D HTTP/1.1" 200 798 "-" "Mozilla/5.0 (compatible; BLEXBot/1.0; +https://help.seranking.com/en/blex-crawler)"
37.27.59.134 - - [13/Sep/2025:02:32:18 -0300] "GET /assets/83747a20/?C=D;O=D HTTP/1.1" 200 798 "-" "Mozilla/5.0 (compatible; BLEXBot/1.0; +https://help.seranking.com/en/blex-crawler)"
37.27.59.134 - - [13/Sep/2025:02:32:53 -0300] "GET /assets/83747a20/?C=M;O=D HTTP/1.1" 200 798 "-" "Mozilla/5.0 (compatible; BLEXBot/1.0; +https://help.seranking.com/en/blex-crawler)"
37.27.59.134 - - [13/Sep/2025:02:33:21 -0300] "GET /assets/83747a20/?C=N;O=A HTTP/1.1" 200 798 "-" "Mozilla/5.0 (compatible; BLEXBot/1.0; +https://help.seranking.com/en/blex-crawler)"
66.249.72.227 - - [13/Sep/2025:02:33:50 -0300] "GET /assets/2ec6b270/themes/excite-bike/images/ui-bg_inset-hard_100_eeeeee_1x100.png HTTP/1.1" 200 314 "-" "Googlebot-Image/1.0"
37.27.59.134 - - [13/Sep/2025:02:34:10 -0300] "GET /assets/83747a20/?C=S;O=D HTTP/1.1" 200 798 "-" "Mozilla/5.0 (compatible; BLEXBot/1.0; +https://help.seranking.com/en/blex-crawler)"
37.27.59.134 - - [13/Sep/2025:02:35:08 -0300] "GET /assets/843b0c15/?C=D;O=D HTTP/1.1" 200 1170 "-" "Mozilla/5.0 (compatible; BLEXBot/1.0; +https://help.seranking.com/en/blex-crawler)"
37.27.59.134 - - [13/Sep/2025:02:36:01 -0300] "GET /assets/843b0c15/?C=M;O=D HTTP/1.1" 200 1170 "-" "Mozilla/5.0 (compatible; BLEXBot/1.0; +https://help.seranking.com/en/blex-crawler)"
37.27.59.134 - - [13/Sep/2025:02:36:38 -0300] "GET /assets/843b0c15/?C=N;O=A HTTP/1.1" 200 1170 "-" "Mozilla/5.0 (compatible; BLEXBot/1.0; +https://help.seranking.com/en/blex-crawler)"
66.249.77.10 - - [13/Sep/2025:02:36:50 -0300] "GET /robots.txt HTTP/1.1" 404 - "-" "Mozilla/5.0 (compatible; Googlebot/2.1; +http://www.google.com/bot.html)"
66.249.77.9 - - [13/Sep/2025:02:36:50 -0300] "GET /static/img/twemoji/72x72/1f9d7-1f3fe-200d-2642-fe0f.png HTTP/1.1" 200 1281 "-" "Googlebot-Image/1.0"
37.27.59.134 - - [13/Sep/2025:02:37:04 -0300] "GET /assets/843b0c15/?C=S;O=D HTTP/1.1" 200 1170 "-" "Mozilla/5.0 (compatible; BLEXBot/1.0; +https://help.seranking.com/en/blex-crawler)"
37.27.59.134 - - [13/Sep/2025:02:37:36 -0300] "GET /assets/85c413d2/?C=D;O=D HTTP/1.1" 200 1691 "-" "Mozilla/5.0 (compatible; BLEXBot/1.0; +https://help.seranking.com/en/blex-crawler)"
37.27.59.134 - - [13/Sep/2025:02:37:57 -0300] "GET /assets/85c413d2/?C=M;O=D HTTP/1.1" 200 1691 "-" "Mozilla/5.0 (compatible; BLEXBot/1.0; +https://help.seranking.com/en/blex-crawler)"
37.27.59.134 - - [13/Sep/2025:02:38:18 -0300] "GET /assets/85c413d2/?C=N;O=A HTTP/1.1" 200 1691 "-" "Mozilla/5.0 (compatible; BLEXBot/1.0; +https://help.seranking.com/en/blex-crawler)"
37.27.59.134 - - [13/Sep/2025:02:38:36 -0300] "GET /assets/85c413d2/?C=S;O=D HTTP/1.1" 200 1691 "-" "Mozilla/5.0 (compatible; BLEXBot/1.0; +https://help.seranking.com/en/blex-crawler)"
185.191.171.14 - - [13/Sep/2025:02:38:40 -0300] "GET /assets/3f434aa4/ HTTP/1.1" 200 10740 "-" "Mozilla/5.0 (compatible; SemrushBot/7~bl; +http://www.semrush.com/bot.html)"
37.27.59.134 - - [13/Sep/2025:02:39:05 -0300] "GET /assets/86561242/?C=D;O=D HTTP/1.1" 200 971 "-" "Mozilla/5.0 (compatible; BLEXBot/1.0; +https://help.seranking.com/en/blex-crawler)"
37.27.59.134 - - [13/Sep/2025:02:39:40 -0300] "GET /assets/86561242/?C=M;O=D HTTP/1.1" 200 971 "-" "Mozilla/5.0 (compatible; BLEXBot/1.0; +https://help.seranking.com/en/blex-crawler)"
66.249.77.8 - - [13/Sep/2025:02:39:50 -0300] "GET /static/img/twemoji/72x72/1f462.png HTTP/1.1" 200 686 "-" "Googlebot-Image/1.0"
37.27.59.134 - - [13/Sep/2025:02:40:08 -0300] "GET /assets/86561242/?C=N;O=A HTTP/1.1" 200 971 "-" "Mozilla/5.0 (compatible; BLEXBot/1.0; +https://help.seranking.com/en/blex-crawler)"
37.27.59.134 - - [13/Sep/2025:02:40:29 -0300] "GET /assets/86561242/?C=S;O=D HTTP/1.1" 200 971 "-" "Mozilla/5.0 (compatible; BLEXBot/1.0; +https://help.seranking.com/en/blex-crawler)"
37.27.59.134 - - [13/Sep/2025:02:41:13 -0300] "GET /assets/8720bfeb/?C=D;O=D HTTP/1.1" 200 798 "-" "Mozilla/5.0 (compatible; BLEXBot/1.0; +https://help.seranking.com/en/blex-crawler)"
37.27.59.134 - - [13/Sep/2025:02:41:36 -0300] "GET /assets/8720bfeb/?C=M;O=D HTTP/1.1" 200 798 "-" "Mozilla/5.0 (compatible; BLEXBot/1.0; +https://help.seranking.com/en/blex-crawler)"
37.27.59.134 - - [13/Sep/2025:02:41:53 -0300] "GET /assets/8720bfeb/?C=N;O=A HTTP/1.1" 200 798 "-" "Mozilla/5.0 (compatible; BLEXBot/1.0; +https://help.seranking.com/en/blex-crawler)"
66.249.72.227 - - [13/Sep/2025:02:42:50 -0300] "GET /assets/4f07b091/themes/mint-choc/images/ui-bg_gloss-wave_25_453326_500x100.png HTTP/1.1" 200 5910 "-" "Googlebot-Image/1.0"
37.27.59.134 - - [13/Sep/2025:02:42:51 -0300] "GET /assets/8720bfeb/?C=S;O=D HTTP/1.1" 200 798 "-" "Mozilla/5.0 (compatible; BLEXBot/1.0; +https://help.seranking.com/en/blex-crawler)"
