37.27.59.134 - - [13/Sep/2025:02:44:53 -0300] "GET /assets/87aa2ff4/?C=D;O=D HTTP/1.1" 200 811 "-" "Mozilla/5.0 (compatible; BLEXBot/1.0; +https://help.seranking.com/en/blex-crawler)"
37.27.59.134 - - [13/Sep/2025:02:45:10 -0300] "GET /assets/87aa2ff4/?C=M;O=D HTTP/1.1" 200 811 "-" "Mozilla/5.0 (compatible; BLEXBot/1.0; +https://help.seranking.com/en/blex-crawler)"
66.249.77.10 - - [13/Sep/2025:02:45:50 -0300] "GET /assets/4f07b091/themes/excite-bike/images/ui-bg_diagonals-thick_26_2293f7_40x40.png HTTP/1.1" 200 464 "-" "Googlebot-Image/1.0"
37.27.59.134 - - [13/Sep/2025:02:46:21 -0300] "GET /assets/87aa2ff4/?C=N;O=A HTTP/1.1" 200 811 "-" "Mozilla/5.0 (compatible; BLEXBot/1.0; +https://help.seranking.com/en/blex-crawler)"
37.27.59.134 - - [13/Sep/2025:02:46:36 -0300] "GET /assets/87aa2ff4/?C=S;O=D HTTP/1.1" 200 811 "-" "Mozilla/5.0 (compatible; BLEXBot/1.0; +https://help.seranking.com/en/blex-crawler)"
37.27.59.134 - - [13/Sep/2025:02:47:18 -0300] "GET /assets/88449fdc/?C=D;O=D HTTP/1.1" 200 798 "-" "Mozilla/5.0 (compatible; BLEXBot/1.0; +https://help.seranking.com/en/blex-crawler)"
37.27.59.134 - - [13/Sep/2025:02:48:20 -0300] "GET /assets/88449fdc/?C=M;O=D HTTP/1.1" 200 798 "-" "Mozilla/5.0 (compatible; BLEXBot/1.0; +https://help.seranking.com/en/blex-crawler)"
66.249.77.9 - - [13/Sep/2025:02:48:50 -0300] "GET /assets/19076be7/screen5.PNG HTTP/1.1" 200 21070 "-" "Googlebot-Image/1.0"
37.27.59.134 - - [13/Sep/2025:02:49:00 -0300] "GET /assets/88449fdc/?C=N;O=A HTTP/1.1" 200 798 "-" "Mozilla/5.0 (compatible; BLEXBot/1.0; +https://help.seranking.com/en/blex-crawler)"
37.27.59.134 - - [13/Sep/2025:02:49:24 -0300] "GET /assets/88449fdc/?C=S;O=D HTTP/1.1" 200 798 "-" "Mozilla/5.0 (compatible; BLEXBot/1.0; +https://help.seranking.com/en/blex-crawler)"
37.27.59.134 - - [13/Sep/2025:02:49:42 -0300] "GET /assets/90341461/?C=D;O=D HTTP/1.1" 200 3018 "-" "Mozilla/5.0 (compatible; BLEXBot/1.0; +https://help.seranking.com/en/blex-crawler)"
37.27.59.134 - - [13/Sep/2025:02:50:15 -0300] "GET /assets/90341461/?C=M;O=D HTTP/1.1" 200 3018 "-" "Mozilla/5.0 (compatible; BLEXBot/1.0; +https://help.seranking.com/en/blex-crawler)"
37.27.59.134 - - [13/Sep/2025:02:51:07 -0300] "GET /assets/90341461/?C=N;O=A HTTP/1.1" 200 3018 "-" "Mozilla/5.0 (compatible; BLEXBot/1.0; +https://help.seranking.com/en/blex-crawler)"
66.249.77.9 - - [13/Sep/2025:02:51:50 -0300] "GET /static/img/twemoji/72x72/1f469-200d-2764-fe0f-200d-1f469.png HTTP/1.1" 200 950 "-" "Googlebot-Image/1.0"
37.27.59.134 - - [13/Sep/2025:02:51:57 -0300] "GET /assets/90341461/?C=S;O=D HTTP/1.1" 200 3018 "-" "Mozilla/5.0 (compatible; BLEXBot/1.0; +https://help.seranking.com/en/blex-crawler)"
37.27.59.134 - - [13/Sep/2025:02:52:47 -0300] "GET /assets/929a70c8/?C=D;O=D HTTP/1.1" 200 1535 "-" "Mozilla/5.0 (compatible; BLEXBot/1.0; +https://help.seranking.com/en/blex-crawler)"
37.27.59.134 - - [13/Sep/2025:02:53:16 -0300] "GET /assets/929a70c8/?C=M;O=D HTTP/1.1" 200 1535 "-" "Mozilla/5.0 (compatible; BLEXBot/1.0; +https://help.seranking.com/en/blex-crawler)"
37.27.59.134 - - [13/Sep/2025:02:53:42 -0300] "GET /assets/929a70c8/?C=N;O=A HTTP/1.1" 200 1535 "-" "Mozilla/5.0 (compatible; BLEXBot/1.0; +https://help.seranking.com/en/blex-crawler)"
66.249.72.228 - - [13/Sep/2025:02:54:50 -0300] "GET /static/js/highlight.js/styles/brown-papersq.png HTTP/1.1" 200 18198 "-" "Googlebot-Image/1.0"
37.27.59.134 - - [13/Sep/2025:02:55:02 -0300] "GET /assets/929a70c8/?C=S;O=D HTTP/1.1" 200 1535 "-" "Mozilla/5.0 (compatible; BLEXBot/1.0; +https://help.seranking.com/en/blex-crawler)"
37.27.59.134 - - [13/Sep/2025:02:56:17 -0300] "GET /assets/9337bd09/?C=D;O=D HTTP/1.1" 200 798 "-" "Mozilla/5.0 (compatible; BLEXBot/1.0; +https://help.seranking.com/en/blex-crawler)"
37.27.59.134 - - [13/Sep/2025:02:57:50 -0300] "GET /assets/9337bd09/?C=M;O=D HTTP/1.1" 200 798 "-" "Mozilla/5.0 (compatible; BLEXBot/1.0; +https://help.seranking.com/en/blex-crawler)"
66.249.77.9 - - [13/Sep/2025:02:57:50 -0300] "GET /static/img/twemoji/72x72/1f9de-200d-2640-fe0f.png HTTP/1.1" 200 1023 "-" "Googlebot-Image/1.0"
37.27.59.134 - - [13/Sep/2025:02:58:19 -0300] "GET /assets/9337bd09/?C=N;O=A HTTP/1.1" 200 798 "-" "Mozilla/5.0 (compatible; BLEXBot/1.0; +https://help.seranking.com/en/blex-crawler)"
37.27.59.134 - - [13/Sep/2025:02:59:07 -0300] "GET /assets/9337bd09/?C=S;O=D HTTP/1.1" 200 798 "-" "Mozilla/5.0 (compatible; BLEXBot/1.0; +https://help.seranking.com/en/blex-crawler)"
37.27.59.134 - - [13/Sep/2025:02:59:26 -0300] "GET /assets/95998a68/?C=D;O=D HTTP/1.1" 200 1536 "-" "Mozilla/5.0 (compatible; BLEXBot/1.0; +https://help.seranking.com/en/blex-crawler)"
37.27.59.134 - - [13/Sep/2025:03:00:07 -0300] "GET /assets/95998a68/?C=M;O=D HTTP/1.1" 200 1536 "-" "Mozilla/5.0 (compatible; BLEXBot/1.0; +https://help.seranking.com/en/blex-crawler)"
66.249.77.9 - - [13/Sep/2025:03:00:50 -0300] "GET /static/img/twemoji/72x72/1f330.png HTTP/1.1" 200 1323 "-" "Googlebot-Image/1.0"
37.27.59.134 - - [13/Sep/2025:03:00:59 -0300] "GET /assets/95998a68/?C=N;O=A HTTP/1.1" 200 1536 "-" "Mozilla/5.0 (compatible; BLEXBot/1.0; +https://help.seranking.com/en/blex-crawler)"
37.27.59.134 - - [13/Sep/2025:03:01:17 -0300] "GET /assets/95998a68/?C=S;O=D HTTP/1.1" 200 1536 "-" "Mozilla/5.0 (compatible; BLEXBot/1.0; +https://help.seranking.com/en/blex-crawler)"
37.27.59.134 - - [13/Sep/2025:03:02:37 -0300] "GET /assets/95c190f9/?C=D;O=D HTTP/1.1" 200 1338 "-" "Mozilla/5.0 (compatible; BLEXBot/1.0; +https://help.seranking.com/en/blex-crawler)"
37.27.59.134 - - [13/Sep/2025:03:02:46 -0300] "GET /assets/95c190f9/?C=M;O=D HTTP/1.1" 200 1338 "-" "Mozilla/5.0 (compatible; BLEXBot/1.0; +https://help.seranking.com/en/blex-crawler)"
37.27.59.134 - - [13/Sep/2025:03:03:28 -0300] "GET /assets/95c190f9/?C=N;O=A HTTP/1.1" 200 1338 "-" "Mozilla/5.0 (compatible; BLEXBot/1.0; +https://help.seranking.com/en/blex-crawler)"
66.249.77.10 - - [13/Sep/2025:03:03:50 -0300] "GET /assets/19270a39/fonts/fontawesome-webfont.svg HTTP/1.1" 200 444379 "-" "Googlebot-Image/1.0"
37.27.59.134 - - [13/Sep/2025:03:03:59 -0300] "GET /assets/95c190f9/?C=S;O=D HTTP/1.1" 200 1338 "-" "Mozilla/5.0 (compatible; BLEXBot/1.0; +https://help.seranking.com/en/blex-crawler)"
37.27.59.134 - - [13/Sep/2025:03:04:36 -0300] "GET /assets/97977d77/?C=D;O=D HTTP/1.1" 200 1316 "-" "Mozilla/5.0 (compatible; BLEXBot/1.0; +https://help.seranking.com/en/blex-crawler)"
37.27.59.134 - - [13/Sep/2025:03:05:53 -0300] "GET /assets/97977d77/?C=M;O=D HTTP/1.1" 200 1316 "-" "Mozilla/5.0 (compatible; BLEXBot/1.0; +https://help.seranking.com/en/blex-crawler)"
37.27.59.134 - - [13/Sep/2025:03:06:26 -0300] "GET /assets/97977d77/?C=N;O=A HTTP/1.1" 200 1316 "-" "Mozilla/5.0 (compatible; BLEXBot/1.0; +https://help.seranking.com/en/blex-crawler)"
66.249.77.8 - - [13/Sep/2025:03:06:50 -0300] "GET /static/img/twemoji/72x72/1f473-1f3fc-200d-2642-fe0f.png HTTP/1.1" 200 972 "-" "Googlebot-Image/1.0"
37.27.59.134 - - [13/Sep/2025:03:07:35 -0300] "GET /assets/97977d77/?C=S;O=D HTTP/1.1" 200 1316 "-" "Mozilla/5.0 (compatible; BLEXBot/1.0; +https://help.seranking.com/en/blex-crawler)"
37.27.59.134 - - [13/Sep/2025:03:08:24 -0300] "GET /assets/9d74ea14/?C=D;O=D HTTP/1.1" 200 1535 "-" "Mozilla/5.0 (compatible; BLEXBot/1.0; +https://help.seranking.com/en/blex-crawler)"
37.27.59.134 - - [13/Sep/2025:03:09:01 -0300] "GET /assets/9d74ea14/?C=M;O=D HTTP/1.1" 200 1535 "-" "Mozilla/5.0 (compatible; BLEXBot/1.0; +https://help.seranking.com/en/blex-crawler)"
66.249.77.10 - - [13/Sep/2025:03:09:50 -0300] "GET /static/img/twemoji/72x72/260e.png HTTP/1.1" 200 914 "-" "Googlebot-Image/1.0"
37.27.59.134 - - [13/Sep/2025:03:09:56 -0300] "GET /assets/9d74ea14/?C=N;O=A HTTP/1.1" 200 1535 "-" "Mozilla/5.0 (compatible; BLEXBot/1.0; +https://help.seranking.com/en/blex-crawler)"
37.27.59.134 - - [13/Sep/2025:03:10:45 -0300] "GET /assets/9d74ea14/?C=S;O=D HTTP/1.1" 200 1535 "-" "Mozilla/5.0 (compatible; BLEXBot/1.0; +https://help.seranking.com/en/blex-crawler)"
37.27.59.134 - - [13/Sep/2025:03:10:55 -0300] "GET /assets/a00ab1df/?C=D;O=D HTTP/1.1" 200 1525 "-" "Mozilla/5.0 (compatible; BLEXBot/1.0; +https://help.seranking.com/en/blex-crawler)"
37.27.59.134 - - [13/Sep/2025:03:12:20 -0300] "GET /assets/a00ab1df/?C=M;O=D HTTP/1.1" 200 1525 "-" "Mozilla/5.0 (compatible; BLEXBot/1.0; +https://help.seranking.com/en/blex-crawler)"
37.27.59.134 - - [13/Sep/2025:03:12:41 -0300] "GET /assets/a00ab1df/?C=N;O=A HTTP/1.1" 200 1525 "-" "Mozilla/5.0 (compatible; BLEXBot/1.0; +https://help.seranking.com/en/blex-crawler)"
66.249.77.8 - - [13/Sep/2025:03:12:50 -0300] "GET /static/img/twemoji/72x72/1f996.png HTTP/1.1" 200 1135 "-" "Googlebot-Image/1.0"
37.27.59.134 - - [13/Sep/2025:03:13:14 -0300] "GET /assets/a00ab1df/?C=S;O=D HTTP/1.1" 200 1525 "-" "Mozilla/5.0 (compatible; BLEXBot/1.0; +https://help.seranking.com/en/blex-crawler)"
37.27.59.134 - - [13/Sep/2025:03:14:17 -0300] "GET /assets/a169eeb5/?C=D;O=D HTTP/1.1" 200 798 "-" "Mozilla/5.0 (compatible; BLEXBot/1.0; +https://help.seranking.com/en/blex-crawler)"
66.249.72.228 - - [13/Sep/2025:03:15:15 -0300] "GET /assets/4772666/ HTTP/1.1" 200 2252 "-" "Mozilla/5.0 (Linux; Android 6.0.1; Nexus 5X Build/MMB29P) AppleWebKit/537.36 (KHTML, like Gecko) Chrome/140.0.7339.127 Mobile Safari/537.36 (compatible; Googlebot/2.1; +http://www.google.com/bot.html)"
66.249.77.10 - - [13/Sep/2025:03:15:50 -0300] "GET /static/img/twemoji/72x72/1f926-1f3fd.png HTTP/1.1" 200 983 "-" "Googlebot-Image/1.0"
37.27.59.134 - - [13/Sep/2025:03:15:55 -0300] "GET /assets/a169eeb5/?C=M;O=D HTTP/1.1" 200 798 "-" "Mozilla/5.0 (compatible; BLEXBot/1.0; +https://help.seranking.com/en/blex-crawler)"
37.27.59.134 - - [13/Sep/2025:03:16:20 -0300] "GET /assets/a169eeb5/?C=N;O=A HTTP/1.1" 200 798 "-" "Mozilla/5.0 (compatible; BLEXBot/1.0; +https://help.seranking.com/en/blex-crawler)"
40.77.167.151 - - [13/Sep/2025:03:18:21 -0300] "GET /assets/4f07b091/ui/i18n/datepicker-sr.js HTTP/1.1" 200 1302 "-" "Mozilla/5.0 AppleWebKit/537.36 (KHTML, like Gecko; compatible; bingbot/2.0; +http://www.bing.com/bingbot.htm) Chrome/116.0.1938.76 Safari/537.36"
37.27.59.134 - - [13/Sep/2025:03:18:34 -0300] "GET /assets/a169eeb5/?C=S;O=D HTTP/1.1" 200 798 "-" "Mozilla/5.0 (compatible; BLEXBot/1.0; +https://help.seranking.com/en/blex-crawler)"
66.249.77.9 - - [13/Sep/2025:03:18:50 -0300] "GET /static/img/twemoji/72x72/1f549.png HTTP/1.1" 200 833 "-" "Googlebot-Image/1.0"
37.27.59.134 - - [13/Sep/2025:03:19:02 -0300] "GET /assets/a44e91b6/?C=D;O=D HTTP/1.1" 200 1371 "-" "Mozilla/5.0 (compatible; BLEXBot/1.0; +https://help.seranking.com/en/blex-crawler)"
66.249.72.227 - - [13/Sep/2025:03:21:50 -0300] "GET /assets/4f07b091/themes/black-tie/images/ui-bg_highlight-soft_50_aaaaaa_1x100.png HTTP/1.1" 200 327 "-" "Googlebot-Image/1.0"
37.27.59.134 - - [13/Sep/2025:03:22:28 -0300] "GET /assets/a44e91b6/?C=M;O=D HTTP/1.1" 200 1371 "-" "Mozilla/5.0 (compatible; BLEXBot/1.0; +https://help.seranking.com/en/blex-crawler)"
37.27.59.134 - - [13/Sep/2025:03:23:18 -0300] "GET /assets/a44e91b6/?C=N;O=A HTTP/1.1" 200 1371 "-" "Mozilla/5.0 (compatible; BLEXBot/1.0; +https://help.seranking.com/en/blex-crawler)"
37.27.59.134 - - [13/Sep/2025:03:24:05 -0300] "GET /assets/a44e91b6/?C=S;O=D HTTP/1.1" 200 1371 "-" "Mozilla/5.0 (compatible; BLEXBot/1.0; +https://help.seranking.com/en/blex-crawler)"
37.27.59.134 - - [13/Sep/2025:03:25:01 -0300] "GET /assets/a4c25623/?C=D;O=D HTTP/1.1" 200 798 "-" "Mozilla/5.0 (compatible; BLEXBot/1.0; +https://help.seranking.com/en/blex-crawler)"
66.249.77.10 - - [13/Sep/2025:03:25:46 -0300] "GET /static/img/twemoji/72x72/1f633.png HTTP/1.1" 200 968 "-" "Googlebot-Image/1.0"
37.27.59.134 - - [13/Sep/2025:03:26:07 -0300] "GET /assets/a4c25623/?C=M;O=D HTTP/1.1" 200 798 "-" "Mozilla/5.0 (compatible; BLEXBot/1.0; +https://help.seranking.com/en/blex-crawler)"
37.27.59.134 - - [13/Sep/2025:03:26:39 -0300] "GET /assets/a4c25623/?C=N;O=A HTTP/1.1" 200 798 "-" "Mozilla/5.0 (compatible; BLEXBot/1.0; +https://help.seranking.com/en/blex-crawler)"
66.249.77.9 - - [13/Sep/2025:03:26:46 -0300] "GET /static/img/twemoji/72x72/1f9d7-1f3ff-200d-2642-fe0f.png HTTP/1.1" 200 1299 "-" "Googlebot-Image/1.0"
37.27.59.134 - - [13/Sep/2025:03:27:38 -0300] "GET /assets/a4c25623/?C=S;O=D HTTP/1.1" 200 798 "-" "Mozilla/5.0 (compatible; BLEXBot/1.0; +https://help.seranking.com/en/blex-crawler)"
66.249.72.228 - - [13/Sep/2025:03:27:50 -0300] "GET /assets/97977d77/ico/apple-icon-180x180.png HTTP/1.1" 200 7374 "-" "Googlebot-Image/1.0"
37.27.59.134 - - [13/Sep/2025:03:28:58 -0300] "GET /assets/a9103763/?C=D;O=D HTTP/1.1" 200 1179 "-" "Mozilla/5.0 (compatible; BLEXBot/1.0; +https://help.seranking.com/en/blex-crawler)"
37.27.59.134 - - [13/Sep/2025:03:30:16 -0300] "GET /assets/a9103763/?C=M;O=D HTTP/1.1" 200 1179 "-" "Mozilla/5.0 (compatible; BLEXBot/1.0; +https://help.seranking.com/en/blex-crawler)"
66.249.77.9 - - [13/Sep/2025:03:30:50 -0300] "GET /static/img/twemoji/72x72/1f647-200d-2640-fe0f.png HTTP/1.1" 200 961 "-" "Googlebot-Image/1.0"
37.27.59.134 - - [13/Sep/2025:03:31:34 -0300] "GET /assets/a9103763/?C=N;O=A HTTP/1.1" 200 1179 "-" "Mozilla/5.0 (compatible; BLEXBot/1.0; +https://help.seranking.com/en/blex-crawler)"
37.27.59.134 - - [13/Sep/2025:03:32:05 -0300] "GET /assets/a9103763/?C=S;O=D HTTP/1.1" 200 1179 "-" "Mozilla/5.0 (compatible; BLEXBot/1.0; +https://help.seranking.com/en/blex-crawler)"
37.27.59.134 - - [13/Sep/2025:03:32:30 -0300] "GET /assets/af00499b/?C=D;O=D HTTP/1.1" 200 798 "-" "Mozilla/5.0 (compatible; BLEXBot/1.0; +https://help.seranking.com/en/blex-crawler)"
37.27.59.134 - - [13/Sep/2025:03:34:17 -0300] "GET /assets/af00499b/?C=M;O=D HTTP/1.1" 200 798 "-" "Mozilla/5.0 (compatible; BLEXBot/1.0; +https://help.seranking.com/en/blex-crawler)"
37.27.59.134 - - [13/Sep/2025:03:34:49 -0300] "GET /assets/af00499b/?C=N;O=A HTTP/1.1" 200 798 "-" "Mozilla/5.0 (compatible; BLEXBot/1.0; +https://help.seranking.com/en/blex-crawler)"
37.27.59.134 - - [13/Sep/2025:03:35:11 -0300] "GET /assets/af00499b/?C=S;O=D HTTP/1.1" 200 798 "-" "Mozilla/5.0 (compatible; BLEXBot/1.0; +https://help.seranking.com/en/blex-crawler)"
37.27.59.134 - - [13/Sep/2025:03:35:59 -0300] "GET /assets/b12912f3/?C=D;O=D HTTP/1.1" 200 811 "-" "Mozilla/5.0 (compatible; BLEXBot/1.0; +https://help.seranking.com/en/blex-crawler)"
66.249.77.8 - - [13/Sep/2025:03:36:50 -0300] "GET /static/img/twemoji/72x72/1f472.png HTTP/1.1" 200 961 "-" "Googlebot-Image/1.0"
37.27.59.134 - - [13/Sep/2025:03:36:51 -0300] "GET /assets/b12912f3/?C=M;O=D HTTP/1.1" 200 811 "-" "Mozilla/5.0 (compatible; BLEXBot/1.0; +https://help.seranking.com/en/blex-crawler)"
37.27.59.134 - - [13/Sep/2025:03:37:05 -0300] "GET /assets/b12912f3/?C=N;O=A HTTP/1.1" 200 811 "-" "Mozilla/5.0 (compatible; BLEXBot/1.0; +https://help.seranking.com/en/blex-crawler)"
37.27.59.134 - - [13/Sep/2025:03:38:25 -0300] "GET /assets/b12912f3/?C=S;O=D HTTP/1.1" 200 811 "-" "Mozilla/5.0 (compatible; BLEXBot/1.0; +https://help.seranking.com/en/blex-crawler)"
37.27.59.134 - - [13/Sep/2025:03:39:06 -0300] "GET /assets/b8bfa571/?C=D;O=D HTTP/1.1" 200 798 "-" "Mozilla/5.0 (compatible; BLEXBot/1.0; +https://help.seranking.com/en/blex-crawler)"
66.249.72.227 - - [13/Sep/2025:03:39:50 -0300] "GET /static/assets/a59d3f98/themes/ui-lightness/images/ui-bg_glass_65_ffffff_1x400.png HTTP/1.1" 200 265 "-" "Googlebot-Image/1.0"
37.27.59.134 - - [13/Sep/2025:03:40:01 -0300] "GET /assets/b8bfa571/?C=M;O=D HTTP/1.1" 200 798 "-" "Mozilla/5.0 (compatible; BLEXBot/1.0; +https://help.seranking.com/en/blex-crawler)"
40.77.167.68 - - [13/Sep/2025:03:40:34 -0300] "GET /static/assets/a59d3f98/ui/i18n/datepicker-it.js HTTP/1.1" 200 1177 "-" "Mozilla/5.0 AppleWebKit/537.36 (KHTML, like Gecko; compatible; bingbot/2.0; +http://www.bing.com/bingbot.htm) Chrome/116.0.1938.76 Safari/537.36"
37.27.59.134 - - [13/Sep/2025:03:42:21 -0300] "GET /assets/b8bfa571/?C=N;O=A HTTP/1.1" 200 798 "-" "Mozilla/5.0 (compatible; BLEXBot/1.0; +https://help.seranking.com/en/blex-crawler)"
37.27.59.134 - - [13/Sep/2025:03:42:37 -0300] "GET /assets/b8bfa571/?C=S;O=D HTTP/1.1" 200 798 "-" "Mozilla/5.0 (compatible; BLEXBot/1.0; +https://help.seranking.com/en/blex-crawler)"
66.249.77.10 - - [13/Sep/2025:03:42:50 -0300] "GET /static/img/twemoji/72x72/1f986.png HTTP/1.1" 200 864 "-" "Googlebot-Image/1.0"
37.27.59.134 - - [13/Sep/2025:03:44:04 -0300] "GET /assets/bb0fec9b/?C=D;O=D HTTP/1.1" 200 1142 "-" "Mozilla/5.0 (compatible; BLEXBot/1.0; +https://help.seranking.com/en/blex-crawler)"
37.27.59.134 - - [13/Sep/2025:03:44:40 -0300] "GET /assets/bb0fec9b/?C=M;O=D HTTP/1.1" 200 1142 "-" "Mozilla/5.0 (compatible; BLEXBot/1.0; +https://help.seranking.com/en/blex-crawler)"
37.27.59.134 - - [13/Sep/2025:03:45:31 -0300] "GET /assets/bb0fec9b/?C=N;O=A HTTP/1.1" 200 1142 "-" "Mozilla/5.0 (compatible; BLEXBot/1.0; +https://help.seranking.com/en/blex-crawler)"
66.249.77.9 - - [13/Sep/2025:03:45:50 -0300] "GET /static/img/twemoji/72x72/1f4d9.png HTTP/1.1" 200 538 "-" "Googlebot-Image/1.0"
37.27.59.134 - - [13/Sep/2025:03:46:19 -0300] "GET /assets/bb0fec9b/?C=S;O=D HTTP/1.1" 200 1142 "-" "Mozilla/5.0 (compatible; BLEXBot/1.0; +https://help.seranking.com/en/blex-crawler)"
37.27.59.134 - - [13/Sep/2025:03:46:53 -0300] "GET /assets/bba52066/?C=D;O=D HTTP/1.1" 200 1179 "-" "Mozilla/5.0 (compatible; BLEXBot/1.0; +https://help.seranking.com/en/blex-crawler)"
37.27.59.134 - - [13/Sep/2025:03:47:31 -0300] "GET /assets/bba52066/?C=M;O=D HTTP/1.1" 200 1179 "-" "Mozilla/5.0 (compatible; BLEXBot/1.0; +https://help.seranking.com/en/blex-crawler)"
52.167.144.209 - - [13/Sep/2025:03:48:12 -0300] "GET /assets/2ec6b270/ui/minified/i18n/datepicker-uk.js HTTP/1.1" 200 1121 "-" "Mozilla/5.0 AppleWebKit/537.36 (KHTML, like Gecko; compatible; bingbot/2.0; +http://www.bing.com/bingbot.htm) Chrome/116.0.1938.76 Safari/537.36"
37.27.59.134 - - [13/Sep/2025:03:48:42 -0300] "GET /assets/bba52066/?C=N;O=A HTTP/1.1" 200 1179 "-" "Mozilla/5.0 (compatible; BLEXBot/1.0; +https://help.seranking.com/en/blex-crawler)"
66.249.72.227 - - [13/Sep/2025:03:48:50 -0300] "GET /static/resources/installer/humhub-logo.png HTTP/1.1" 200 4384 "-" "Googlebot-Image/1.0"
37.27.59.134 - - [13/Sep/2025:03:49:10 -0300] "GET /assets/bba52066/?C=S;O=D HTTP/1.1" 200 1179 "-" "Mozilla/5.0 (compatible; BLEXBot/1.0; +https://help.seranking.com/en/blex-crawler)"
37.27.59.134 - - [13/Sep/2025:03:50:42 -0300] "GET /assets/bbca6024/?C=D;O=D HTTP/1.1" 200 1316 "-" "Mozilla/5.0 (compatible; BLEXBot/1.0; +https://help.seranking.com/en/blex-crawler)"
37.27.59.134 - - [13/Sep/2025:03:51:06 -0300] "GET /assets/bbca6024/?C=M;O=D HTTP/1.1" 200 1316 "-" "Mozilla/5.0 (compatible; BLEXBot/1.0; +https://help.seranking.com/en/blex-crawler)"
66.249.77.8 - - [13/Sep/2025:03:51:36 -0300] "GET /static/assets/a59d3f98/themes/ui-lightness/ HTTP/1.1" 200 1422 "-" "Mozilla/5.0 (Linux; Android 6.0.1; Nexus 5X Build/MMB29P) AppleWebKit/537.36 (KHTML, like Gecko) Chrome/140.0.7339.127 Mobile Safari/537.36 (compatible; GoogleOther)"
66.249.77.8 - - [13/Sep/2025:03:51:50 -0300] "GET /assets/4f07b091/themes/excite-bike/images/ui-bg_inset-hard_100_eeeeee_1x100.png HTTP/1.1" 200 314 "-" "Googlebot-Image/1.0"
37.27.59.134 - - [13/Sep/2025:03:51:51 -0300] "GET /assets/bbca6024/?C=N;O=A HTTP/1.1" 200 1316 "-" "Mozilla/5.0 (compatible; BLEXBot/1.0; +https://help.seranking.com/en/blex-crawler)"
37.27.59.134 - - [13/Sep/2025:03:52:30 -0300] "GET /assets/bbca6024/?C=S;O=D HTTP/1.1" 200 1316 "-" "Mozilla/5.0 (compatible; BLEXBot/1.0; +https://help.seranking.com/en/blex-crawler)"
37.27.59.134 - - [13/Sep/2025:03:53:08 -0300] "GET /assets/bda010a5/?C=D;O=D HTTP/1.1" 200 798 "-" "Mozilla/5.0 (compatible; BLEXBot/1.0; +https://help.seranking.com/en/blex-crawler)"
37.27.59.134 - - [13/Sep/2025:03:53:55 -0300] "GET /assets/bda010a5/?C=M;O=D HTTP/1.1" 200 798 "-" "Mozilla/5.0 (compatible; BLEXBot/1.0; +https://help.seranking.com/en/blex-crawler)"
37.27.59.134 - - [13/Sep/2025:03:54:22 -0300] "GET /assets/bda010a5/?C=N;O=A HTTP/1.1" 200 798 "-" "Mozilla/5.0 (compatible; BLEXBot/1.0; +https://help.seranking.com/en/blex-crawler)"
66.249.72.226 - - [13/Sep/2025:03:54:50 -0300] "GET /assets/195acabe/module_image.png HTTP/1.1" 200 6628 "-" "Googlebot-Image/1.0"
37.27.59.134 - - [13/Sep/2025:03:55:04 -0300] "GET /assets/bda010a5/?C=S;O=D HTTP/1.1" 200 798 "-" "Mozilla/5.0 (compatible; BLEXBot/1.0; +https://help.seranking.com/en/blex-crawler)"
37.27.59.134 - - [13/Sep/2025:03:56:03 -0300] "GET /assets/c06fb3e9/?C=D;O=D HTTP/1.1" 200 3018 "-" "Mozilla/5.0 (compatible; BLEXBot/1.0; +https://help.seranking.com/en/blex-crawler)"
37.27.59.134 - - [13/Sep/2025:03:56:22 -0300] "GET /assets/c06fb3e9/?C=M;O=D HTTP/1.1" 200 3018 "-" "Mozilla/5.0 (compatible; BLEXBot/1.0; +https://help.seranking.com/en/blex-crawler)"
37.27.59.134 - - [13/Sep/2025:03:57:34 -0300] "GET /assets/c06fb3e9/?C=N;O=A HTTP/1.1" 200 3018 "-" "Mozilla/5.0 (compatible; BLEXBot/1.0; +https://help.seranking.com/en/blex-crawler)"
66.249.77.9 - - [13/Sep/2025:03:57:50 -0300] "GET /static/img/twemoji/72x72/1f99d.png HTTP/1.1" 200 1497 "-" "Googlebot-Image/1.0"
37.27.59.134 - - [13/Sep/2025:03:58:05 -0300] "GET /assets/c06fb3e9/?C=S;O=D HTTP/1.1" 200 3018 "-" "Mozilla/5.0 (compatible; BLEXBot/1.0; +https://help.seranking.com/en/blex-crawler)"
37.27.59.134 - - [13/Sep/2025:03:58:37 -0300] "GET /assets/c1925d3c/?C=D;O=D HTTP/1.1" 200 970 "-" "Mozilla/5.0 (compatible; BLEXBot/1.0; +https://help.seranking.com/en/blex-crawler)"
37.27.59.134 - - [13/Sep/2025:03:59:53 -0300] "GET /assets/c1925d3c/?C=M;O=D HTTP/1.1" 200 970 "-" "Mozilla/5.0 (compatible; BLEXBot/1.0; +https://help.seranking.com/en/blex-crawler)"
37.27.59.134 - - [13/Sep/2025:04:00:17 -0300] "GET /assets/c1925d3c/?C=N;O=A HTTP/1.1" 200 970 "-" "Mozilla/5.0 (compatible; BLEXBot/1.0; +https://help.seranking.com/en/blex-crawler)"
37.27.59.134 - - [13/Sep/2025:04:00:39 -0300] "GET /assets/c1925d3c/?C=S;O=D HTTP/1.1" 200 970 "-" "Mozilla/5.0 (compatible; BLEXBot/1.0; +https://help.seranking.com/en/blex-crawler)"
66.249.77.9 - - [13/Sep/2025:04:00:50 -0300] "GET /static/img/twemoji/72x72/1f469-200d-1f52c.png HTTP/1.1" 200 1217 "-" "Googlebot-Image/1.0"
37.27.59.134 - - [13/Sep/2025:04:01:12 -0300] "GET /assets/c1cbb33e/?C=D;O=D HTTP/1.1" 200 1525 "-" "Mozilla/5.0 (compatible; BLEXBot/1.0; +https://help.seranking.com/en/blex-crawler)"
37.27.59.134 - - [13/Sep/2025:04:01:28 -0300] "GET /assets/c1cbb33e/?C=M;O=D HTTP/1.1" 200 1525 "-" "Mozilla/5.0 (compatible; BLEXBot/1.0; +https://help.seranking.com/en/blex-crawler)"
66.249.77.8 - - [13/Sep/2025:04:03:50 -0300] "GET /assets/85c413d2/screen3.jpg HTTP/1.1" 200 170001 "-" "Googlebot-Image/1.0"
37.27.59.134 - - [13/Sep/2025:04:04:07 -0300] "GET /assets/c1cbb33e/?C=N;O=A HTTP/1.1" 200 1525 "-" "Mozilla/5.0 (compatible; BLEXBot/1.0; +https://help.seranking.com/en/blex-crawler)"
37.27.59.134 - - [13/Sep/2025:04:05:52 -0300] "GET /assets/c1cbb33e/?C=S;O=D HTTP/1.1" 200 1525 "-" "Mozilla/5.0 (compatible; BLEXBot/1.0; +https://help.seranking.com/en/blex-crawler)"
37.27.59.134 - - [13/Sep/2025:04:06:22 -0300] "GET /assets/c58e7eda/?C=D;O=D HTTP/1.1" 200 970 "-" "Mozilla/5.0 (compatible; BLEXBot/1.0; +https://help.seranking.com/en/blex-crawler)"
66.249.77.9 - - [13/Sep/2025:04:06:50 -0300] "GET /static/img/twemoji/72x72/1f498.png HTTP/1.1" 200 945 "-" "Googlebot-Image/1.0"
37.27.59.134 - - [13/Sep/2025:04:07:11 -0300] "GET /assets/c58e7eda/?C=M;O=D HTTP/1.1" 200 970 "-" "Mozilla/5.0 (compatible; BLEXBot/1.0; +https://help.seranking.com/en/blex-crawler)"
37.27.59.134 - - [13/Sep/2025:04:07:50 -0300] "GET /assets/c58e7eda/?C=N;O=A HTTP/1.1" 200 970 "-" "Mozilla/5.0 (compatible; BLEXBot/1.0; +https://help.seranking.com/en/blex-crawler)"
37.27.59.134 - - [13/Sep/2025:04:08:20 -0300] "GET /assets/c58e7eda/?C=S;O=D HTTP/1.1" 200 970 "-" "Mozilla/5.0 (compatible; BLEXBot/1.0; +https://help.seranking.com/en/blex-crawler)"
52.167.144.189 - - [13/Sep/2025:04:09:17 -0300] "GET /assets/2ec6b270/ui/minified/i18n/datepicker-nl-BE.js HTTP/1.1" 200 905 "-" "Mozilla/5.0 AppleWebKit/537.36 (KHTML, like Gecko; compatible; bingbot/2.0; +http://www.bing.com/bingbot.htm) Chrome/116.0.1938.76 Safari/537.36"
37.27.59.134 - - [13/Sep/2025:04:09:22 -0300] "GET /assets/c612d4ee/?C=D;O=D HTTP/1.1" 200 798 "-" "Mozilla/5.0 (compatible; BLEXBot/1.0; +https://help.seranking.com/en/blex-crawler)"
66.249.77.10 - - [13/Sep/2025:04:09:50 -0300] "GET /static/img/twemoji/72x72/1f468-200d-1f467.png HTTP/1.1" 200 1054 "-" "Googlebot-Image/1.0"
37.27.59.134 - - [13/Sep/2025:04:10:02 -0300] "GET /assets/c612d4ee/?C=M;O=D HTTP/1.1" 200 798 "-" "Mozilla/5.0 (compatible; BLEXBot/1.0; +https://help.seranking.com/en/blex-crawler)"
37.27.59.134 - - [13/Sep/2025:04:10:43 -0300] "GET /assets/c612d4ee/?C=N;O=A HTTP/1.1" 200 798 "-" "Mozilla/5.0 (compatible; BLEXBot/1.0; +https://help.seranking.com/en/blex-crawler)"
37.27.59.134 - - [13/Sep/2025:04:11:18 -0300] "GET /assets/c612d4ee/?C=S;O=D HTTP/1.1" 200 798 "-" "Mozilla/5.0 (compatible; BLEXBot/1.0; +https://help.seranking.com/en/blex-crawler)"
37.27.59.134 - - [13/Sep/2025:04:11:36 -0300] "GET /assets/c77c1642/?C=D;O=D HTTP/1.1" 200 1713 "-" "Mozilla/5.0 (compatible; BLEXBot/1.0; +https://help.seranking.com/en/blex-crawler)"
66.249.77.10 - - [13/Sep/2025:04:11:39 -0300] "GET /assets/4f07b091/themes/trontastic/images/ui-bg_gloss-wave_55_000000_500x100.png HTTP/1.1" 200 4360 "-" "Googlebot-Image/1.0"
66.249.77.9 - - [13/Sep/2025:04:11:40 -0300] "GET /static/img/twemoji/72x72/1f443-1f3ff.png HTTP/1.1" 200 790 "-" "Googlebot-Image/1.0"
37.27.59.134 - - [13/Sep/2025:04:12:24 -0300] "GET /assets/c77c1642/?C=M;O=D HTTP/1.1" 200 1713 "-" "Mozilla/5.0 (compatible; BLEXBot/1.0; +https://help.seranking.com/en/blex-crawler)"
66.249.72.226 - - [13/Sep/2025:04:12:53 -0300] "GET /assets/97977d77/ico/notification-o.png HTTP/1.1" 200 766 "-" "Googlebot-Image/1.0"
37.27.59.134 - - [13/Sep/2025:04:13:33 -0300] "GET /assets/c77c1642/?C=N;O=A HTTP/1.1" 200 1713 "-" "Mozilla/5.0 (compatible; BLEXBot/1.0; +https://help.seranking.com/en/blex-crawler)"
66.249.77.9 - - [13/Sep/2025:04:13:44 -0300] "GET /static/img/twemoji/72x72/1f316.png HTTP/1.1" 200 948 "-" "Googlebot-Image/1.0"
37.27.59.134 - - [13/Sep/2025:04:14:52 -0300] "GET /assets/c77c1642/?C=S;O=D HTTP/1.1" 200 1713 "-" "Mozilla/5.0 (compatible; BLEXBot/1.0; +https://help.seranking.com/en/blex-crawler)"
37.27.59.134 - - [13/Sep/2025:04:15:15 -0300] "GET /assets/cbfb5075/?C=D;O=D HTTP/1.1" 200 1012 "-" "Mozilla/5.0 (compatible; BLEXBot/1.0; +https://help.seranking.com/en/blex-crawler)"
66.249.77.9 - - [13/Sep/2025:04:15:45 -0300] "GET /static/img/twemoji/72x72/1f936-1f3fb.png HTTP/1.1" 200 935 "-" "Googlebot-Image/1.0"
37.27.59.134 - - [13/Sep/2025:04:16:14 -0300] "GET /assets/cbfb5075/?C=M;O=D HTTP/1.1" 200 1012 "-" "Mozilla/5.0 (compatible; BLEXBot/1.0; +https://help.seranking.com/en/blex-crawler)"
66.249.77.8 - - [13/Sep/2025:04:16:35 -0300] "GET /static/assets/a59d3f98/themes/cupertino/images/ui-bg_highlight-soft_25_ffef8f_1x100.png HTTP/1.1" 200 367 "-" "Googlebot-Image/1.0"
37.27.59.134 - - [13/Sep/2025:04:16:44 -0300] "GET /assets/cbfb5075/?C=N;O=A HTTP/1.1" 200 1012 "-" "Mozilla/5.0 (compatible; BLEXBot/1.0; +https://help.seranking.com/en/blex-crawler)"
66.249.77.8 - - [13/Sep/2025:04:17:19 -0300] "GET /static/assets/a59d3f98/themes/cupertino/?C=S;O=D HTTP/1.1" 200 1416 "-" "Mozilla/5.0 (Linux; Android 6.0.1; Nexus 5X Build/MMB29P) AppleWebKit/537.36 (KHTML, like Gecko) Chrome/140.0.7339.127 Mobile Safari/537.36 (compatible; GoogleOther)"
37.27.59.134 - - [13/Sep/2025:04:17:35 -0300] "GET /assets/cbfb5075/?C=S;O=D HTTP/1.1" 200 1012 "-" "Mozilla/5.0 (compatible; BLEXBot/1.0; +https://help.seranking.com/en/blex-crawler)"
66.249.77.10 - - [13/Sep/2025:04:18:15 -0300] "GET /static/img/twemoji/72x72/1f91e-1f3fb.png HTTP/1.1" 200 858 "-" "Googlebot-Image/1.0"
37.27.59.134 - - [13/Sep/2025:04:18:37 -0300] "GET /assets/ce4b19d5/?C=D;O=D HTTP/1.1" 200 1502 "-" "Mozilla/5.0 (compatible; BLEXBot/1.0; +https://help.seranking.com/en/blex-crawler)"
66.249.77.9 - - [13/Sep/2025:04:18:40 -0300] "GET /static/img/twemoji/72x72/1f429.png HTTP/1.1" 200 1049 "-" "Googlebot-Image/1.0"
37.27.59.134 - - [13/Sep/2025:04:18:46 -0300] "GET /assets/ce4b19d5/?C=M;O=D HTTP/1.1" 200 1502 "-" "Mozilla/5.0 (compatible; BLEXBot/1.0; +https://help.seranking.com/en/blex-crawler)"
37.27.59.134 - - [13/Sep/2025:04:19:37 -0300] "GET /assets/ce4b19d5/?C=N;O=A HTTP/1.1" 200 1502 "-" "Mozilla/5.0 (compatible; BLEXBot/1.0; +https://help.seranking.com/en/blex-crawler)"
66.249.77.9 - - [13/Sep/2025:04:19:56 -0300] "GET /static/assets/a59d3f98/themes/cupertino/images/ui-icons_2694e8_256x240.png HTTP/1.1" 200 4676 "-" "Googlebot-Image/1.0"
37.27.59.134 - - [13/Sep/2025:04:20:13 -0300] "GET /assets/ce4b19d5/?C=S;O=D HTTP/1.1" 200 1502 "-" "Mozilla/5.0 (compatible; BLEXBot/1.0; +https://help.seranking.com/en/blex-crawler)"
66.249.77.9 - - [13/Sep/2025:04:20:21 -0300] "GET /static/img/twemoji/72x72/1f469-1f3fd-200d-1f33e.png HTTP/1.1" 200 1161 "-" "Googlebot-Image/1.0"
66.249.77.8 - - [13/Sep/2025:04:20:48 -0300] "GET /static/img/twemoji/72x72/1f468-1f3fb-200d-1f9b2.png HTTP/1.1" 200 586 "-" "Googlebot-Image/1.0"
37.27.59.134 - - [13/Sep/2025:04:21:05 -0300] "GET /assets/ceb5d9a3/?C=D;O=D HTTP/1.1" 200 1014 "-" "Mozilla/5.0 (compatible; BLEXBot/1.0; +https://help.seranking.com/en/blex-crawler)"
37.27.59.134 - - [13/Sep/2025:04:21:33 -0300] "GET /assets/ceb5d9a3/?C=M;O=D HTTP/1.1" 200 1014 "-" "Mozilla/5.0 (compatible; BLEXBot/1.0; +https://help.seranking.com/en/blex-crawler)"
66.249.77.10 - - [13/Sep/2025:04:21:39 -0300] "GET /static/img/twemoji/72x72/1f469-1f3ff.png HTTP/1.1" 200 840 "-" "Googlebot-Image/1.0"
37.27.59.134 - - [13/Sep/2025:04:22:08 -0300] "GET /assets/ceb5d9a3/?C=N;O=A HTTP/1.1" 200 1014 "-" "Mozilla/5.0 (compatible; BLEXBot/1.0; +https://help.seranking.com/en/blex-crawler)"
37.27.59.134 - - [13/Sep/2025:04:23:28 -0300] "GET /assets/ceb5d9a3/?C=S;O=D HTTP/1.1" 200 1014 "-" "Mozilla/5.0 (compatible; BLEXBot/1.0; +https://help.seranking.com/en/blex-crawler)"
37.27.59.134 - - [13/Sep/2025:04:23:52 -0300] "GET /assets/d042fa55/?C=D;O=D HTTP/1.1" 200 798 "-" "Mozilla/5.0 (compatible; BLEXBot/1.0; +https://help.seranking.com/en/blex-crawler)"
37.27.59.134 - - [13/Sep/2025:04:24:21 -0300] "GET /assets/d042fa55/?C=M;O=D HTTP/1.1" 200 798 "-" "Mozilla/5.0 (compatible; BLEXBot/1.0; +https://help.seranking.com/en/blex-crawler)"
66.249.77.8 - - [13/Sep/2025:04:24:56 -0300] "GET /static/img/twemoji/72x72/1f3cb.png HTTP/1.1" 200 1024 "-" "Googlebot-Image/1.0"
37.27.59.134 - - [13/Sep/2025:04:25:03 -0300] "GET /assets/d042fa55/?C=N;O=A HTTP/1.1" 200 798 "-" "Mozilla/5.0 (compatible; BLEXBot/1.0; +https://help.seranking.com/en/blex-crawler)"
37.27.59.134 - - [13/Sep/2025:04:25:29 -0300] "GET /assets/d042fa55/?C=S;O=D HTTP/1.1" 200 798 "-" "Mozilla/5.0 (compatible; BLEXBot/1.0; +https://help.seranking.com/en/blex-crawler)"
37.27.59.134 - - [13/Sep/2025:04:25:45 -0300] "GET /assets/d3537a00/?C=D;O=D HTTP/1.1" 200 815 "-" "Mozilla/5.0 (compatible; BLEXBot/1.0; +https://help.seranking.com/en/blex-crawler)"
66.249.77.9 - - [13/Sep/2025:04:25:58 -0300] "GET /static/img/twemoji/72x72/1f459.png HTTP/1.1" 200 851 "-" "Googlebot-Image/1.0"
66.249.77.9 - - [13/Sep/2025:04:26:47 -0300] "GET /static/img/twemoji/72x72/1f1f2-1f1e9.png HTTP/1.1" 200 547 "-" "Googlebot-Image/1.0"
66.249.77.9 - - [13/Sep/2025:04:27:12 -0300] "GET /static/img/twemoji/72x72/1f403.png HTTP/1.1" 200 725 "-" "Googlebot-Image/1.0"
66.249.77.9 - - [13/Sep/2025:04:27:37 -0300] "GET /static/img/twemoji/72x72/274c.png HTTP/1.1" 200 366 "-" "Googlebot-Image/1.0"
185.191.171.15 - - [13/Sep/2025:04:27:41 -0300] "GET /robots.txt HTTP/1.1" 404 - "-" "Mozilla/5.0 (compatible; SemrushBot/7~bl; +http://www.semrush.com/bot.html)"
185.191.171.14 - - [13/Sep/2025:04:27:42 -0300] "GET /assets/8511bcf5/ HTTP/1.1" 200 10740 "-" "Mozilla/5.0 (compatible; SemrushBot/7~bl; +http://www.semrush.com/bot.html)"
37.27.59.134 - - [13/Sep/2025:04:27:44 -0300] "GET /assets/d3537a00/?C=M;O=D HTTP/1.1" 200 815 "-" "Mozilla/5.0 (compatible; BLEXBot/1.0; +https://help.seranking.com/en/blex-crawler)"
37.27.59.134 - - [13/Sep/2025:04:28:06 -0300] "GET /assets/d3537a00/?C=N;O=A HTTP/1.1" 200 815 "-" "Mozilla/5.0 (compatible; BLEXBot/1.0; +https://help.seranking.com/en/blex-crawler)"
37.27.59.134 - - [13/Sep/2025:04:28:25 -0300] "GET /assets/d3537a00/?C=S;O=D HTTP/1.1" 200 815 "-" "Mozilla/5.0 (compatible; BLEXBot/1.0; +https://help.seranking.com/en/blex-crawler)"
66.249.72.228 - - [13/Sep/2025:04:29:15 -0300] "GET /static/assets/a59d3f98/themes/mint-choc/images/ui-icons_add978_256x240.png HTTP/1.1" 200 4676 "-" "Googlebot-Image/1.0"
37.27.59.134 - - [13/Sep/2025:04:29:26 -0300] "GET /assets/d6d822d8/?C=D;O=D HTTP/1.1" 200 1714 "-" "Mozilla/5.0 (compatible; BLEXBot/1.0; +https://help.seranking.com/en/blex-crawler)"
66.249.72.226 - - [13/Sep/2025:04:30:05 -0300] "GET /assets/4f07b091/themes/ui-darkness/images/ui-icons_ffffff_256x240.png HTTP/1.1" 200 6487 "-" "Googlebot-Image/1.0"
37.27.59.134 - - [13/Sep/2025:04:30:38 -0300] "GET /assets/d6d822d8/?C=M;O=D HTTP/1.1" 200 1714 "-" "Mozilla/5.0 (compatible; BLEXBot/1.0; +https://help.seranking.com/en/blex-crawler)"
66.249.72.226 - - [13/Sep/2025:04:30:56 -0300] "GET /assets/2ec6b270/themes/smoothness/images/ui-bg_glass_75_e6e6e6_1x400.png HTTP/1.1" 200 324 "-" "Googlebot-Image/1.0"
37.27.59.134 - - [13/Sep/2025:04:31:31 -0300] "GET /assets/d6d822d8/?C=N;O=A HTTP/1.1" 200 1714 "-" "Mozilla/5.0 (compatible; BLEXBot/1.0; +https://help.seranking.com/en/blex-crawler)"
66.249.77.8 - - [13/Sep/2025:04:31:46 -0300] "GET /static/img/twemoji/72x72/1f587.png HTTP/1.1" 200 1179 "-" "Googlebot-Image/1.0"
37.27.59.134 - - [13/Sep/2025:04:32:10 -0300] "GET /assets/d6d822d8/?C=S;O=D HTTP/1.1" 200 1714 "-" "Mozilla/5.0 (compatible; BLEXBot/1.0; +https://help.seranking.com/en/blex-crawler)"
66.249.72.226 - - [13/Sep/2025:04:32:37 -0300] "GET /assets/2ec6b270/themes/mint-choc/images/ui-icons_ffffff_256x240.png HTTP/1.1" 200 6487 "-" "Googlebot-Image/1.0"
37.27.59.134 - - [13/Sep/2025:04:32:38 -0300] "GET /assets/df00383d/?C=D;O=D HTTP/1.1" 200 811 "-" "Mozilla/5.0 (compatible; BLEXBot/1.0; +https://help.seranking.com/en/blex-crawler)"
37.27.59.134 - - [13/Sep/2025:04:33:13 -0300] "GET /assets/df00383d/?C=M;O=D HTTP/1.1" 200 811 "-" "Mozilla/5.0 (compatible; BLEXBot/1.0; +https://help.seranking.com/en/blex-crawler)"
66.249.77.8 - - [13/Sep/2025:04:33:28 -0300] "GET /static/img/twemoji/72x72/203c.png HTTP/1.1" 200 197 "-" "Googlebot-Image/1.0"
37.27.59.134 - - [13/Sep/2025:04:33:47 -0300] "GET /assets/df00383d/?C=N;O=A HTTP/1.1" 200 811 "-" "Mozilla/5.0 (compatible; BLEXBot/1.0; +https://help.seranking.com/en/blex-crawler)"
66.249.72.226 - - [13/Sep/2025:04:34:18 -0300] "GET /assets/4f07b091/themes/eggplant/images/ui-bg_highlight-soft_25_30273a_1x100.png HTTP/1.1" 200 420 "-" "Googlebot-Image/1.0"
37.27.59.134 - - [13/Sep/2025:04:34:28 -0300] "GET /assets/df00383d/?C=S;O=D HTTP/1.1" 200 811 "-" "Mozilla/5.0 (compatible; BLEXBot/1.0; +https://help.seranking.com/en/blex-crawler)"
37.27.59.134 - - [13/Sep/2025:04:35:03 -0300] "GET /assets/e057c225/?C=D;O=D HTTP/1.1" 200 798 "-" "Mozilla/5.0 (compatible; BLEXBot/1.0; +https://help.seranking.com/en/blex-crawler)"
66.249.77.10 - - [13/Sep/2025:04:35:09 -0300] "GET /static/img/twemoji/72x72/1f476.png HTTP/1.1" 200 841 "-" "Googlebot-Image/1.0"
66.249.77.8 - - [13/Sep/2025:04:36:00 -0300] "GET /static/img/twemoji/72x72/1f931-1f3ff.png HTTP/1.1" 200 1020 "-" "Googlebot-Image/1.0"
37.27.59.134 - - [13/Sep/2025:04:36:11 -0300] "GET /assets/e057c225/?C=M;O=D HTTP/1.1" 200 798 "-" "Mozilla/5.0 (compatible; BLEXBot/1.0; +https://help.seranking.com/en/blex-crawler)"
37.27.59.134 - - [13/Sep/2025:04:36:48 -0300] "GET /assets/e057c225/?C=N;O=A HTTP/1.1" 200 798 "-" "Mozilla/5.0 (compatible; BLEXBot/1.0; +https://help.seranking.com/en/blex-crawler)"
66.249.77.8 - - [13/Sep/2025:04:36:50 -0300] "GET /static/img/twemoji/72x72/1f933-1f3fc.png HTTP/1.1" 200 745 "-" "Googlebot-Image/1.0"
37.27.59.134 - - [13/Sep/2025:04:37:13 -0300] "GET /assets/e057c225/?C=S;O=D HTTP/1.1" 200 798 "-" "Mozilla/5.0 (compatible; BLEXBot/1.0; +https://help.seranking.com/en/blex-crawler)"
66.249.77.10 - - [13/Sep/2025:04:37:41 -0300] "GET /static/img/twemoji/72x72/1f9d7-200d-2642-fe0f.png HTTP/1.1" 200 1279 "-" "Googlebot-Image/1.0"
66.249.77.10 - - [13/Sep/2025:04:38:51 -0300] "GET /static/img/twemoji/72x72/1f9ce-1f3ff-200d-2642-fe0f.png HTTP/1.1" 200 817 "-" "Googlebot-Image/1.0"
66.249.77.9 - - [13/Sep/2025:04:38:51 -0300] "GET /static/img/twemoji/72x72/1f3a5.png HTTP/1.1" 200 675 "-" "Googlebot-Image/1.0"
37.27.59.134 - - [13/Sep/2025:04:38:52 -0300] "GET /assets/e163989f/?C=D;O=D HTTP/1.1" 200 990 "-" "Mozilla/5.0 (compatible; BLEXBot/1.0; +https://help.seranking.com/en/blex-crawler)"
66.249.77.10 - - [13/Sep/2025:04:39:22 -0300] "GET /static/img/twemoji/72x72/1f3f8.png HTTP/1.1" 200 1173 "-" "Googlebot-Image/1.0"
37.27.59.134 - - [13/Sep/2025:04:39:25 -0300] "GET /assets/e163989f/?C=M;O=D HTTP/1.1" 200 990 "-" "Mozilla/5.0 (compatible; BLEXBot/1.0; +https://help.seranking.com/en/blex-crawler)"
66.249.72.226 - - [13/Sep/2025:04:40:13 -0300] "GET /assets/4f07b091/themes/ui-lightness/images/ui-bg_diagonals-thick_18_b81900_40x40.png HTTP/1.1" 200 476 "-" "Googlebot-Image/1.0"
37.27.59.134 - - [13/Sep/2025:04:40:47 -0300] "GET /assets/e163989f/?C=N;O=A HTTP/1.1" 200 990 "-" "Mozilla/5.0 (compatible; BLEXBot/1.0; +https://help.seranking.com/en/blex-crawler)"
66.249.77.10 - - [13/Sep/2025:04:41:03 -0300] "GET /static/img/twemoji/72x72/1f250.png HTTP/1.1" 200 877 "-" "Googlebot-Image/1.0"
37.27.59.134 - - [13/Sep/2025:04:41:20 -0300] "GET /assets/e163989f/?C=S;O=D HTTP/1.1" 200 990 "-" "Mozilla/5.0 (compatible; BLEXBot/1.0; +https://help.seranking.com/en/blex-crawler)"
37.27.59.134 - - [13/Sep/2025:04:41:46 -0300] "GET /assets/e39c67a1/?C=D;O=D HTTP/1.1" 200 1694 "-" "Mozilla/5.0 (compatible; BLEXBot/1.0; +https://help.seranking.com/en/blex-crawler)"
66.249.72.227 - - [13/Sep/2025:04:41:54 -0300] "GET /assets/bbca6024/ico/notification-o.png HTTP/1.1" 200 766 "-" "Googlebot-Image/1.0"
37.27.59.134 - - [13/Sep/2025:04:42:24 -0300] "GET /assets/e39c67a1/?C=M;O=D HTTP/1.1" 200 1694 "-" "Mozilla/5.0 (compatible; BLEXBot/1.0; +https://help.seranking.com/en/blex-crawler)"
66.249.72.228 - - [13/Sep/2025:04:42:45 -0300] "GET /static/assets/a59d3f98/themes/ui-lightness/images/ui-icons_228ef1_256x240.png HTTP/1.1" 200 4676 "-" "Googlebot-Image/1.0"
37.27.59.134 - - [13/Sep/2025:04:43:02 -0300] "GET /assets/e39c67a1/?C=N;O=A HTTP/1.1" 200 1694 "-" "Mozilla/5.0 (compatible; BLEXBot/1.0; +https://help.seranking.com/en/blex-crawler)"
66.249.77.10 - - [13/Sep/2025:04:43:02 -0300] "GET /static/assets/a59d3f98/themes/cupertino/?C=M;O=D HTTP/1.1" 200 1416 "-" "Mozilla/5.0 (Linux; Android 6.0.1; Nexus 5X Build/MMB29P) AppleWebKit/537.36 (KHTML, like Gecko) Chrome/140.0.7339.127 Mobile Safari/537.36 (compatible; GoogleOther)"
66.249.77.9 - - [13/Sep/2025:04:43:35 -0300] "GET /static/img/twemoji/72x72/1f44d-1f3fe.png HTTP/1.1" 200 778 "-" "Googlebot-Image/1.0"
37.27.59.134 - - [13/Sep/2025:04:43:45 -0300] "GET /assets/e39c67a1/?C=S;O=D HTTP/1.1" 200 1694 "-" "Mozilla/5.0 (compatible; BLEXBot/1.0; +https://help.seranking.com/en/blex-crawler)"
37.27.59.134 - - [13/Sep/2025:04:44:00 -0300] "GET /assets/e93843c3/?C=D;O=D HTTP/1.1" 200 2656 "-" "Mozilla/5.0 (compatible; BLEXBot/1.0; +https://help.seranking.com/en/blex-crawler)"
66.249.77.10 - - [13/Sep/2025:04:44:26 -0300] "GET /static/img/twemoji/72x72/1f576.png HTTP/1.1" 200 376 "-" "Googlebot-Image/1.0"
37.27.59.134 - - [13/Sep/2025:04:44:54 -0300] "GET /assets/e93843c3/?C=M;O=D HTTP/1.1" 200 2656 "-" "Mozilla/5.0 (compatible; BLEXBot/1.0; +https://help.seranking.com/en/blex-crawler)"
37.27.59.134 - - [13/Sep/2025:04:45:04 -0300] "GET /assets/e93843c3/?C=N;O=A HTTP/1.1" 200 2656 "-" "Mozilla/5.0 (compatible; BLEXBot/1.0; +https://help.seranking.com/en/blex-crawler)"
66.249.77.9 - - [13/Sep/2025:04:45:16 -0300] "GET /static/img/twemoji/72x72/1f6c0-1f3fb.png HTTP/1.1" 200 757 "-" "Googlebot-Image/1.0"
66.249.77.9 - - [13/Sep/2025:04:46:07 -0300] "GET /static/img/twemoji/72x72/1f3f4-e0067-e0062-e0065-e006e-e0067-e007f.png HTTP/1.1" 200 212 "-" "Googlebot-Image/1.0"

Zerion Mini Shell 1.0