66.249.77.10 - - [12/Sep/2025:16:03:32 -0300] "GET /static/img/twemoji/72x72/1f46c-1f3fc.png HTTP/1.1" 200 1105 "-" "Googlebot-Image/1.0"
66.249.77.8 - - [12/Sep/2025:16:05:45 -0300] "GET /static/img/twemoji/72x72/1f939-1f3fd-200d-2640-fe0f.png HTTP/1.1" 200 1146 "-" "Googlebot-Image/1.0"
51.222.168.247 - - [12/Sep/2025:16:06:55 -0300] "GET /assets/7010bd4/js/?C=D;O=A HTTP/1.1" 200 1028 "-" "Mozilla/5.0 (compatible; AhrefsBot/7.0; +http://ahrefs.com/robot/)"
66.249.77.10 - - [12/Sep/2025:16:07:21 -0300] "GET /static/img/twemoji/72x72/1f9d5-1f3fd.png HTTP/1.1" 200 954 "-" "Googlebot-Image/1.0"
66.249.77.9 - - [12/Sep/2025:16:07:58 -0300] "GET /static/img/twemoji/72x72/1f6b5-1f3fb-200d-2640-fe0f.png HTTP/1.1" 200 1335 "-" "Googlebot-Image/1.0"
66.249.77.10 - - [12/Sep/2025:16:08:34 -0300] "GET /static/img/twemoji/72x72/1f469-1f3fd-200d-1f52c.png HTTP/1.1" 200 1222 "-" "Googlebot-Image/1.0"
66.249.77.8 - - [12/Sep/2025:16:09:39 -0300] "GET /static/img/twemoji/72x72/1f1ee-1f1ea.png HTTP/1.1" 200 233 "-" "Googlebot-Image/1.0"
66.249.72.228 - - [12/Sep/2025:16:10:52 -0300] "GET /assets/4f07b091/themes/swanky-purse/images/ui-bg_diamond_8_443113_10x8.png HTTP/1.1" 200 368 "-" "Googlebot-Image/1.0"
66.249.77.10 - - [12/Sep/2025:16:12:05 -0300] "GET /static/img/twemoji/72x72/1f385-1f3fd.png HTTP/1.1" 200 987 "-" "Googlebot-Image/1.0"
66.249.77.9 - - [12/Sep/2025:16:13:18 -0300] "GET /static/img/twemoji/72x72/1f60f.png HTTP/1.1" 200 702 "-" "Googlebot-Image/1.0"
66.249.77.8 - - [12/Sep/2025:16:14:31 -0300] "GET /static/img/twemoji/72x72/1f3b2.png HTTP/1.1" 200 950 "-" "Googlebot-Image/1.0"
104.210.140.137 - - [12/Sep/2025:16:14:38 -0300] "GET /robots.txt HTTP/1.1" 404 - "-" "Mozilla/5.0 (Macintosh; Intel Mac OS X 10_15_7) AppleWebKit/537.36 (KHTML, like Gecko) Chrome/131.0.0.0 Safari/537.36; compatible; OAI-SearchBot/1.0; +https://openai.com/searchbot"
66.249.77.10 - - [12/Sep/2025:16:15:44 -0300] "GET /static/img/twemoji/72x72/1f647-1f3ff-200d-2642-fe0f.png HTTP/1.1" 200 1035 "-" "Googlebot-Image/1.0"
66.249.77.8 - - [12/Sep/2025:16:16:57 -0300] "GET /static/img/twemoji/72x72/1f1fa-1f1f2.png HTTP/1.1" 200 352 "-" "Googlebot-Image/1.0"
66.249.77.8 - - [12/Sep/2025:16:17:57 -0300] "GET /static/img/twemoji/72x72/1f98b.png HTTP/1.1" 200 1675 "-" "Googlebot-Image/1.0"
66.249.77.8 - - [12/Sep/2025:16:18:35 -0300] "GET /static/img/twemoji/72x72/1f621.png HTTP/1.1" 200 683 "-" "Googlebot-Image/1.0"
66.249.77.8 - - [12/Sep/2025:16:18:54 -0300] "GET /static/img/twemoji/72x72/1f90f-1f3fc.png HTTP/1.1" 200 755 "-" "Googlebot-Image/1.0"
66.249.77.9 - - [12/Sep/2025:16:19:31 -0300] "GET /static/img/twemoji/72x72/1f1ee-1f1f1.png HTTP/1.1" 200 388 "-" "Googlebot-Image/1.0"
66.249.77.9 - - [12/Sep/2025:16:20:09 -0300] "GET /static/img/twemoji/72x72/1f9b0.png HTTP/1.1" 200 540 "-" "Googlebot-Image/1.0"
66.249.72.227 - - [12/Sep/2025:16:20:48 -0300] "GET /assets/4f07b091/themes/vader/images/ui-bg_highlight-hard_55_555555_1x100.png HTTP/1.1" 200 311 "-" "Googlebot-Image/1.0"
66.249.72.228 - - [12/Sep/2025:16:21:26 -0300] "GET /assets/fa2a3b9b/cake.png HTTP/1.1" 200 742 "-" "Googlebot-Image/1.0"
66.249.77.10 - - [12/Sep/2025:16:24:38 -0300] "GET /static/img/twemoji/72x72/1f646-1f3fc-200d-2640-fe0f.png HTTP/1.1" 200 1102 "-" "Googlebot-Image/1.0"
66.249.72.227 - - [12/Sep/2025:16:25:55 -0300] "GET /static/img/video-play.svg HTTP/1.1" 200 274 "-" "Googlebot-Image/1.0"
66.249.77.10 - - [12/Sep/2025:16:26:33 -0300] "GET /static/img/twemoji/72x72/1f1fb-1f1ec.png HTTP/1.1" 200 1028 "-" "Googlebot-Image/1.0"
66.249.77.10 - - [12/Sep/2025:16:27:12 -0300] "GET /static/img/twemoji/72x72/1f98f.png HTTP/1.1" 200 1050 "-" "Googlebot-Image/1.0"
66.249.77.8 - - [12/Sep/2025:16:27:50 -0300] "GET /static/img/twemoji/72x72/1f1fd.png HTTP/1.1" 200 603 "-" "Googlebot-Image/1.0"
66.249.77.8 - - [12/Sep/2025:16:28:29 -0300] "GET /static/img/twemoji/72x72/1f482-1f3fe-200d-2642-fe0f.png HTTP/1.1" 200 865 "-" "Googlebot-Image/1.0"
66.249.77.8 - - [12/Sep/2025:16:29:07 -0300] "GET /static/img/twemoji/72x72/1f468-200d-2764-fe0f-200d-1f468.png HTTP/1.1" 200 1001 "-" "Googlebot-Image/1.0"
66.249.77.9 - - [12/Sep/2025:16:29:46 -0300] "GET /static/img/twemoji/72x72/1f469-1f3fd-200d-1f9b1.png HTTP/1.1" 200 778 "-" "Googlebot-Image/1.0"
66.249.77.9 - - [12/Sep/2025:16:30:24 -0300] "GET /static/img/twemoji/72x72/1f3c4-200d-2640-fe0f.png HTTP/1.1" 200 1253 "-" "Googlebot-Image/1.0"
54.225.199.17 - - [12/Sep/2025:16:31:01 -0300] "GET /assets/e93843c3/tinymce/plugins/codemirror/codemirror/addon/merge/?C=D;O%3DD HTTP/1.1" 200 1133 "-" "Mozilla/5.0 AppleWebKit/537.36 (KHTML, like Gecko; compatible; Amazonbot/0.1; +https://developer.amazon.com/support/amazonbot) Chrome/119.0.6045.214 Safari/537.36"
66.249.77.8 - - [12/Sep/2025:16:31:02 -0300] "GET /static/img/twemoji/72x72/2604.png HTTP/1.1" 200 1046 "-" "Googlebot-Image/1.0"
66.249.72.226 - - [12/Sep/2025:16:32:19 -0300] "GET /assets/2ec6b270/themes/base/images/ui-icons_cc0000_256x240.png HTTP/1.1" 200 4676 "-" "Googlebot-Image/1.0"
66.249.77.8 - - [12/Sep/2025:16:32:38 -0300] "GET /static/img/twemoji/72x72/1f607.png HTTP/1.1" 200 1112 "-" "Googlebot-Image/1.0"
52.167.144.221 - - [12/Sep/2025:16:33:17 -0300] "GET /assets/76b273f5/addon/selection/ HTTP/1.1" 200 1229 "-" "Mozilla/5.0 AppleWebKit/537.36 (KHTML, like Gecko; compatible; bingbot/2.0; +http://www.bing.com/bingbot.htm) Chrome/116.0.1938.76 Safari/537.36"
51.222.95.182 - - [12/Sep/2025:16:34:09 -0300] "GET /static/assets/f2b50b46/?C=D;O=A HTTP/1.1" 200 1551 "-" "Mozilla/5.0 (compatible; AhrefsBot/7.0; +http://ahrefs.com/robot/)"
66.249.72.227 - - [12/Sep/2025:16:34:15 -0300] "GET /assets/97977d77/img/mime/illustrator.png HTTP/1.1" 200 1203 "-" "Googlebot-Image/1.0"
66.249.77.8 - - [12/Sep/2025:16:34:53 -0300] "GET /assets/85c413d2/screen2.jpg HTTP/1.1" 200 177864 "-" "Googlebot-Image/1.0"
66.249.77.8 - - [12/Sep/2025:16:35:31 -0300] "GET /static/img/twemoji/72x72/3299.png HTTP/1.1" 200 1067 "-" "Googlebot-Image/1.0"
66.249.77.9 - - [12/Sep/2025:16:36:48 -0300] "GET /static/img/twemoji/72x72/270a-1f3fd.png HTTP/1.1" 200 823 "-" "Googlebot-Image/1.0"
66.249.77.9 - - [12/Sep/2025:16:37:27 -0300] "GET /static/img/twemoji/72x72/1f39f.png HTTP/1.1" 200 709 "-" "Googlebot-Image/1.0"
66.249.77.9 - - [12/Sep/2025:16:38:43 -0300] "GET /static/img/twemoji/72x72/1f1f3-1f1e6.png HTTP/1.1" 200 743 "-" "Googlebot-Image/1.0"
66.249.77.8 - - [12/Sep/2025:16:39:02 -0300] "GET /static/img/twemoji/72x72/1f91c-1f3fc.png HTTP/1.1" 200 685 "-" "Googlebot-Image/1.0"
66.249.72.228 - - [12/Sep/2025:16:39:22 -0300] "GET /assets/4f07b091/themes/eggplant/images/ui-icons_ffffff_256x240.png HTTP/1.1" 200 6487 "-" "Googlebot-Image/1.0"
66.249.77.8 - - [12/Sep/2025:16:40:39 -0300] "GET /static/img/twemoji/72x72/1f697.png HTTP/1.1" 200 646 "-" "Googlebot-Image/1.0"
66.249.77.8 - - [12/Sep/2025:16:40:58 -0300] "GET /static/img/twemoji/72x72/1f9d8-1f3fe-200d-2640-fe0f.png HTTP/1.1" 200 1010 "-" "Googlebot-Image/1.0"
66.249.77.8 - - [12/Sep/2025:16:43:12 -0300] "GET /static/img/twemoji/72x72/1f96b.png HTTP/1.1" 200 927 "-" "Googlebot-Image/1.0"
66.249.72.226 - - [12/Sep/2025:16:43:51 -0300] "GET /assets/2ec6b270/themes/pepper-grinder/images/ui-bg_fine-grain_10_eceadf_60x60.png HTTP/1.1" 200 10817 "-" "Googlebot-Image/1.0"
66.249.77.9 - - [12/Sep/2025:16:45:08 -0300] "GET /static/img/twemoji/72x72/1f471-1f3ff.png HTTP/1.1" 200 878 "-" "Googlebot-Image/1.0"
66.249.77.8 - - [12/Sep/2025:16:45:46 -0300] "GET /static/img/twemoji/72x72/1f9e5.png HTTP/1.1" 200 1350 "-" "Googlebot-Image/1.0"
51.161.65.134 - - [12/Sep/2025:16:46:16 -0300] "GET /assets/48880f41/ HTTP/1.1" 200 811 "-" "Mozilla/5.0 (compatible; AhrefsBot/7.0; +http://ahrefs.com/robot/)"
66.249.77.9 - - [12/Sep/2025:16:46:25 -0300] "GET /static/img/twemoji/72x72/1f5e8.png HTTP/1.1" 200 450 "-" "Googlebot-Image/1.0"
66.249.77.9 - - [12/Sep/2025:16:47:03 -0300] "GET /static/img/twemoji/72x72/1fa94.png HTTP/1.1" 200 1037 "-" "Googlebot-Image/1.0"
66.249.77.8 - - [12/Sep/2025:16:47:42 -0300] "GET /static/img/twemoji/72x72/1f94e.png HTTP/1.1" 200 1248 "-" "Googlebot-Image/1.0"
66.249.77.9 - - [12/Sep/2025:16:48:20 -0300] "GET /static/img/twemoji/72x72/1f469-1f3fe-200d-1f3ed.png HTTP/1.1" 200 1254 "-" "Googlebot-Image/1.0"
66.249.77.10 - - [12/Sep/2025:16:49:13 -0300] "GET /static/img/twemoji/72x72/1f468-1f3fc-200d-2708-fe0f.png HTTP/1.1" 200 1145 "-" "Googlebot-Image/1.0"
66.249.77.8 - - [12/Sep/2025:16:49:51 -0300] "GET /static/img/twemoji/72x72/1f9ce-1f3fc-200d-2642-fe0f.png HTTP/1.1" 200 820 "-" "Googlebot-Image/1.0"
66.249.77.8 - - [12/Sep/2025:16:50:29 -0300] "GET /static/img/twemoji/72x72/1f9f8.png HTTP/1.1" 200 1287 "-" "Googlebot-Image/1.0"
66.249.77.10 - - [12/Sep/2025:16:51:08 -0300] "GET /static/img/twemoji/72x72/1f1f5-1f1f2.png HTTP/1.1" 200 1555 "-" "Googlebot-Image/1.0"
66.249.77.9 - - [12/Sep/2025:16:51:46 -0300] "GET /static/img/twemoji/72x72/1f199.png HTTP/1.1" 200 553 "-" "Googlebot-Image/1.0"
66.249.72.228 - - [12/Sep/2025:16:51:46 -0300] "GET /assets/207c3e79/screen2.png HTTP/1.1" 200 48158 "-" "Googlebot-Image/1.0"
66.249.77.9 - - [12/Sep/2025:16:52:11 -0300] "GET /static/img/twemoji/72x72/1f469-1f3fe-200d-1f9af.png HTTP/1.1" 200 1013 "-" "Googlebot-Image/1.0"
66.249.77.9 - - [12/Sep/2025:16:52:49 -0300] "GET /static/img/twemoji/72x72/1f1f9-1f1f0.png HTTP/1.1" 200 603 "-" "Googlebot-Image/1.0"
15.235.27.223 - - [12/Sep/2025:16:52:58 -0300] "GET /assets/4ce260e6/ HTTP/1.1" 200 811 "-" "Mozilla/5.0 (compatible; AhrefsBot/7.0; +http://ahrefs.com/robot/)"
66.249.77.9 - - [12/Sep/2025:16:53:28 -0300] "GET /assets/85c413d2/screen1.jpg HTTP/1.1" 200 174876 "-" "Googlebot-Image/1.0"
66.249.72.228 - - [12/Sep/2025:16:54:06 -0300] "GET /assets/bbca6024/ico/notification.png HTTP/1.1" 200 604 "-" "Googlebot-Image/1.0"
66.249.77.8 - - [12/Sep/2025:16:54:44 -0300] "GET /static/img/twemoji/72x72/1f3ca-1f3ff.png HTTP/1.1" 200 857 "-" "Googlebot-Image/1.0"
66.249.77.8 - - [12/Sep/2025:16:55:23 -0300] "GET /assets/341f2854/screen3.PNG HTTP/1.1" 200 16551 "-" "Googlebot-Image/1.0"
66.249.72.228 - - [12/Sep/2025:16:56:01 -0300] "GET /assets/2ec6b270/themes/ui-lightness/images/ui-icons_ffffff_256x240.png HTTP/1.1" 200 6487 "-" "Googlebot-Image/1.0"
66.249.72.226 - - [12/Sep/2025:16:56:40 -0300] "GET /assets/2ec6b270/themes/excite-bike/images/ui-bg_diagonals-small_25_c5ddfc_40x40.png HTTP/1.1" 200 400 "-" "Googlebot-Image/1.0"
66.249.77.10 - - [12/Sep/2025:16:57:18 -0300] "GET /static/img/twemoji/72x72/1f64d-200d-2640-fe0f.png HTTP/1.1" 200 751 "-" "Googlebot-Image/1.0"
66.249.72.228 - - [12/Sep/2025:16:57:57 -0300] "GET /assets/2ec6b270/themes/black-tie/images/ui-bg_diagonals-thick_8_333333_40x40.png HTTP/1.1" 200 383 "-" "Googlebot-Image/1.0"
66.249.77.10 - - [12/Sep/2025:16:58:35 -0300] "GET /static/img/twemoji/72x72/1f3c3.png HTTP/1.1" 200 1007 "-" "Googlebot-Image/1.0"
51.222.95.2 - - [12/Sep/2025:16:59:00 -0300] "GET /assets/65582eba/ HTTP/1.1" 200 811 "-" "Mozilla/5.0 (compatible; AhrefsBot/7.0; +http://ahrefs.com/robot/)"
66.249.77.9 - - [12/Sep/2025:16:59:13 -0300] "GET /static/img/twemoji/72x72/1f368.png HTTP/1.1" 200 912 "-" "Googlebot-Image/1.0"
66.249.77.9 - - [12/Sep/2025:17:00:30 -0300] "GET /static/img/twemoji/72x72/1f1e9-1f1ff.png HTTP/1.1" 200 524 "-" "Googlebot-Image/1.0"
66.249.77.9 - - [12/Sep/2025:17:01:09 -0300] "GET /static/img/twemoji/72x72/1f9d9-200d-2642-fe0f.png HTTP/1.1" 200 1082 "-" "Googlebot-Image/1.0"
66.249.77.9 - - [12/Sep/2025:17:03:04 -0300] "GET /static/img/twemoji/72x72/1f953.png HTTP/1.1" 200 1270 "-" "Googlebot-Image/1.0"
66.249.77.10 - - [12/Sep/2025:17:04:21 -0300] "GET /static/img/twemoji/72x72/1f42f.png HTTP/1.1" 200 1178 "-" "Googlebot-Image/1.0"
51.222.95.227 - - [12/Sep/2025:17:04:24 -0300] "GET /assets/69b4e4b3/ HTTP/1.1" 200 811 "-" "Mozilla/5.0 (compatible; AhrefsBot/7.0; +http://ahrefs.com/robot/)"
66.249.77.9 - - [12/Sep/2025:17:04:40 -0300] "GET /static/img/twemoji/72x72/1f1ee-1f1f8.png HTTP/1.1" 200 229 "-" "Googlebot-Image/1.0"
66.249.72.227 - - [12/Sep/2025:17:05:38 -0300] "GET /assets/90f774c0/screen1.jpg HTTP/1.1" 200 200185 "-" "Googlebot-Image/1.0"
66.249.72.226 - - [12/Sep/2025:17:06:16 -0300] "GET /static/assets/a59d3f98/themes/cupertino/images/ui-bg_diagonals-thick_90_eeeeee_40x40.png HTTP/1.1" 200 380 "-" "Googlebot-Image/1.0"
66.249.77.8 - - [12/Sep/2025:17:06:55 -0300] "GET /static/img/twemoji/72x72/1f64d-1f3ff.png HTTP/1.1" 200 753 "-" "Googlebot-Image/1.0"
51.161.65.246 - - [12/Sep/2025:17:07:15 -0300] "GET /assets/6ca327a5/ HTTP/1.1" 200 815 "-" "Mozilla/5.0 (compatible; AhrefsBot/7.0; +http://ahrefs.com/robot/)"
66.249.77.8 - - [12/Sep/2025:17:07:33 -0300] "GET /static/img/twemoji/72x72/1f468-200d-1f9b3.png HTTP/1.1" 200 877 "-" "Googlebot-Image/1.0"
66.249.77.8 - - [12/Sep/2025:17:08:12 -0300] "GET /static/img/twemoji/72x72/26f0.png HTTP/1.1" 200 1108 "-" "Googlebot-Image/1.0"
66.249.77.9 - - [12/Sep/2025:17:09:28 -0300] "GET /static/img/twemoji/72x72/1f302.png HTTP/1.1" 200 902 "-" "Googlebot-Image/1.0"
66.249.77.10 - - [12/Sep/2025:17:10:07 -0300] "GET /static/img/twemoji/72x72/269b.png HTTP/1.1" 200 643 "-" "Googlebot-Image/1.0"
54.39.0.64 - - [12/Sep/2025:17:10:09 -0300] "GET /static/assets/f2b50b46/?C=M;O=A HTTP/1.1" 200 1551 "-" "Mozilla/5.0 (compatible; AhrefsBot/7.0; +http://ahrefs.com/robot/)"
66.249.77.9 - - [12/Sep/2025:17:10:45 -0300] "GET /static/img/twemoji/72x72/1f487-1f3fc-200d-2642-fe0f.png HTTP/1.1" 200 1016 "-" "Googlebot-Image/1.0"
66.249.77.8 - - [12/Sep/2025:17:11:24 -0300] "GET /static/img/twemoji/72x72/1f465.png HTTP/1.1" 200 696 "-" "Googlebot-Image/1.0"
148.113.128.71 - - [12/Sep/2025:17:12:33 -0300] "GET /assets/78782356/ HTTP/1.1" 200 822 "-" "Mozilla/5.0 (compatible; AhrefsBot/7.0; +http://ahrefs.com/robot/)"
66.249.77.8 - - [12/Sep/2025:17:12:41 -0300] "GET /static/img/twemoji/72x72/1f9dc-200d-2640-fe0f.png HTTP/1.1" 200 1238 "-" "Googlebot-Image/1.0"
66.249.77.9 - - [12/Sep/2025:17:13:19 -0300] "GET /static/img/twemoji/72x72/1f487-1f3fb-200d-2640-fe0f.png HTTP/1.1" 200 1099 "-" "Googlebot-Image/1.0"
66.249.77.8 - - [12/Sep/2025:17:13:57 -0300] "GET /static/img/twemoji/72x72/1f562.png HTTP/1.1" 200 751 "-" "Googlebot-Image/1.0"
66.249.77.10 - - [12/Sep/2025:17:14:36 -0300] "GET /static/img/twemoji/72x72/1f1f9-1f1e8.png HTTP/1.1" 200 886 "-" "Googlebot-Image/1.0"
66.249.77.9 - - [12/Sep/2025:17:15:14 -0300] "GET /static/img/twemoji/72x72/1f93e-1f3fd.png HTTP/1.1" 200 1022 "-" "Googlebot-Image/1.0"
54.39.0.48 - - [12/Sep/2025:17:15:25 -0300] "GET /assets/d3537a00/ HTTP/1.1" 200 815 "-" "Mozilla/5.0 (compatible; AhrefsBot/7.0; +http://ahrefs.com/robot/)"
66.249.77.8 - - [12/Sep/2025:17:15:53 -0300] "GET /static/img/twemoji/72x72/1f9eb.png HTTP/1.1" 200 945 "-" "Googlebot-Image/1.0"
66.249.77.10 - - [12/Sep/2025:17:16:31 -0300] "GET /static/img/twemoji/72x72/1f55c.png HTTP/1.1" 200 702 "-" "Googlebot-Image/1.0"
142.44.220.2 - - [12/Sep/2025:17:16:50 -0300] "GET /assets/df00383d/ HTTP/1.1" 200 811 "-" "Mozilla/5.0 (compatible; AhrefsBot/7.0; +http://ahrefs.com/robot/)"
66.249.72.227 - - [12/Sep/2025:17:17:10 -0300] "GET /assets/2ec6b270/themes/excite-bike/images/ui-icons_5fa5e3_256x240.png HTTP/1.1" 200 4676 "-" "Googlebot-Image/1.0"
51.222.95.162 - - [12/Sep/2025:17:18:04 -0300] "GET /assets/ff08741/ HTTP/1.1" 200 809 "-" "Mozilla/5.0 (compatible; AhrefsBot/7.0; +http://ahrefs.com/robot/)"
66.249.77.10 - - [12/Sep/2025:17:18:26 -0300] "GET /static/img/twemoji/72x72/1f3cb-1f3ff-200d-2640-fe0f.png HTTP/1.1" 200 1040 "-" "Googlebot-Image/1.0"
66.249.72.227 - - [12/Sep/2025:17:19:05 -0300] "GET /assets/d6d822d8/screen3.PNG HTTP/1.1" 200 879969 "-" "Googlebot-Image/1.0"
51.222.168.98 - - [12/Sep/2025:17:19:32 -0300] "GET /assets/cbfb5075/ HTTP/1.1" 200 1012 "-" "Mozilla/5.0 (compatible; AhrefsBot/7.0; +http://ahrefs.com/robot/)"
66.249.77.8 - - [12/Sep/2025:17:19:43 -0300] "GET /static/img/twemoji/72x72/1f63b.png HTTP/1.1" 200 1315 "-" "Googlebot-Image/1.0"
15.235.96.211 - - [12/Sep/2025:17:20:59 -0300] "GET /assets/e163989f/ HTTP/1.1" 200 990 "-" "Mozilla/5.0 (compatible; AhrefsBot/7.0; +http://ahrefs.com/robot/)"
66.249.77.8 - - [12/Sep/2025:17:21:00 -0300] "GET /static/img/twemoji/72x72/1f469-1f3fb-200d-1f9bd.png HTTP/1.1" 200 1492 "-" "Googlebot-Image/1.0"
66.249.77.9 - - [12/Sep/2025:17:21:19 -0300] "GET /static/img/twemoji/72x72/2692.png HTTP/1.1" 200 812 "-" "Googlebot-Image/1.0"
66.249.77.8 - - [12/Sep/2025:17:21:37 -0300] "GET /static/assets/a59d3f98/themes/cupertino/ HTTP/1.1" 200 1416 "-" "Mozilla/5.0 (Linux; Android 6.0.1; Nexus 5X Build/MMB29P) AppleWebKit/537.36 (KHTML, like Gecko) Chrome/140.0.7339.127 Mobile Safari/537.36 (compatible; GoogleOther)"
66.249.77.8 - - [12/Sep/2025:17:21:39 -0300] "GET /static/img/twemoji/72x72/1f9cd-1f3fb.png HTTP/1.1" 200 756 "-" "Googlebot-Image/1.0"
66.249.77.9 - - [12/Sep/2025:17:22:17 -0300] "GET /assets/4f07b091/themes/excite-bike/images/ui-icons_0b54d5_256x240.png HTTP/1.1" 200 4676 "-" "Googlebot-Image/1.0"
54.39.6.185 - - [12/Sep/2025:17:22:30 -0300] "GET /assets/7322825a/?C=D;O=A HTTP/1.1" 200 1371 "-" "Mozilla/5.0 (compatible; AhrefsBot/7.0; +http://ahrefs.com/robot/)"
66.249.77.8 - - [12/Sep/2025:17:22:56 -0300] "GET /static/img/twemoji/72x72/1f98c.png HTTP/1.1" 200 1216 "-" "Googlebot-Image/1.0"
142.44.225.155 - - [12/Sep/2025:17:23:53 -0300] "GET /assets/7322825a/?C=M;O=A HTTP/1.1" 200 1371 "-" "Mozilla/5.0 (compatible; AhrefsBot/7.0; +http://ahrefs.com/robot/)"
66.249.72.228 - - [12/Sep/2025:17:24:12 -0300] "GET /assets/2ec6b270/themes/start/images/ui-icons_d8e7f3_256x240.png HTTP/1.1" 200 4676 "-" "Googlebot-Image/1.0"
66.249.77.8 - - [12/Sep/2025:17:24:51 -0300] "GET /static/img/twemoji/72x72/1f44a-1f3fe.png HTTP/1.1" 200 768 "-" "Googlebot-Image/1.0"
54.39.136.208 - - [12/Sep/2025:17:25:17 -0300] "GET /assets/1da66a6b/ HTTP/1.1" 200 811 "-" "Mozilla/5.0 (compatible; AhrefsBot/7.0; +http://ahrefs.com/robot/)"
66.249.77.9 - - [12/Sep/2025:17:25:29 -0300] "GET /static/img/twemoji/72x72/1f93e-1f3fc.png HTTP/1.1" 200 1010 "-" "Googlebot-Image/1.0"
66.249.77.10 - - [12/Sep/2025:17:26:08 -0300] "GET /static/img/twemoji/72x72/1f4aa-1f3fd.png HTTP/1.1" 200 702 "-" "Googlebot-Image/1.0"
142.44.228.30 - - [12/Sep/2025:17:26:35 -0300] "GET /assets/374a8aa5/?C=D;O=A HTTP/1.1" 200 1164 "-" "Mozilla/5.0 (compatible; AhrefsBot/7.0; +http://ahrefs.com/robot/)"
66.249.77.9 - - [12/Sep/2025:17:26:46 -0300] "GET /static/img/twemoji/72x72/1f469-1f3fc-200d-1f91d-200d-1f468-1f3fb.png HTTP/1.1" 200 1295 "-" "Googlebot-Image/1.0"
52.167.144.176 - - [12/Sep/2025:17:27:43 -0300] "GET /assets/4f07b091/ui/i18n/datepicker-en-NZ.js HTTP/1.1" 200 1182 "-" "Mozilla/5.0 AppleWebKit/537.36 (KHTML, like Gecko; compatible; bingbot/2.0; +http://www.bing.com/bingbot.htm) Chrome/116.0.1938.76 Safari/537.36"
54.39.136.188 - - [12/Sep/2025:17:27:51 -0300] "GET /assets/374a8aa5/?C=M;O=A HTTP/1.1" 200 1164 "-" "Mozilla/5.0 (compatible; AhrefsBot/7.0; +http://ahrefs.com/robot/)"
66.249.72.228 - - [12/Sep/2025:17:28:22 -0300] "GET /assets/2ec6b270/themes/mint-choc/images/ui-bg_gloss-wave_30_44372c_500x100.png HTTP/1.1" 200 5972 "-" "Googlebot-Image/1.0"
66.249.72.227 - - [12/Sep/2025:17:28:41 -0300] "GET /assets/95c190f9/Screenshot_1.gif HTTP/1.1" 200 2218549 "-" "Googlebot-Image/1.0"
142.44.220.57 - - [12/Sep/2025:17:29:10 -0300] "GET /assets/7322825a/?C=S;O=A HTTP/1.1" 200 1371 "-" "Mozilla/5.0 (compatible; AhrefsBot/7.0; +http://ahrefs.com/robot/)"
66.249.77.9 - - [12/Sep/2025:17:29:58 -0300] "GET /static/img/twemoji/72x72/1f64f.png HTTP/1.1" 200 919 "-" "Googlebot-Image/1.0"
54.39.203.49 - - [12/Sep/2025:17:30:27 -0300] "GET /assets/374a8aa5/?C=S;O=A HTTP/1.1" 200 1164 "-" "Mozilla/5.0 (compatible; AhrefsBot/7.0; +http://ahrefs.com/robot/)"
66.249.77.9 - - [12/Sep/2025:17:30:37 -0300] "GET /static/img/twemoji/72x72/1f469-1f3fe-200d-2708-fe0f.png HTTP/1.1" 200 1183 "-" "Googlebot-Image/1.0"
66.249.77.8 - - [12/Sep/2025:17:31:15 -0300] "GET /static/img/twemoji/72x72/1f64e-1f3fe-200d-2640-fe0f.png HTTP/1.1" 200 715 "-" "Googlebot-Image/1.0"
142.44.228.46 - - [12/Sep/2025:17:31:41 -0300] "GET /static/assets/f2b50b46/?C=S;O=A HTTP/1.1" 200 1551 "-" "Mozilla/5.0 (compatible; AhrefsBot/7.0; +http://ahrefs.com/robot/)"
66.249.72.226 - - [12/Sep/2025:17:31:54 -0300] "GET /assets/2ec6b270/themes/dot-luv/images/ui-bg_dots-small_30_a32d00_2x2.png HTTP/1.1" 200 276 "-" "Googlebot-Image/1.0"
66.249.77.8 - - [12/Sep/2025:17:32:32 -0300] "GET /static/img/twemoji/72x72/1f344.png HTTP/1.1" 200 888 "-" "Googlebot-Image/1.0"
54.39.203.205 - - [12/Sep/2025:17:32:57 -0300] "GET /assets/a44e91b6/?C=S;O=A HTTP/1.1" 200 1371 "-" "Mozilla/5.0 (compatible; AhrefsBot/7.0; +http://ahrefs.com/robot/)"
66.249.72.227 - - [12/Sep/2025:17:33:10 -0300] "GET /assets/2ec6b270/themes/swanky-purse/images/ui-icons_070603_256x240.png HTTP/1.1" 200 4676 "-" "Googlebot-Image/1.0"
66.249.77.9 - - [12/Sep/2025:17:33:49 -0300] "GET /static/img/twemoji/72x72/25aa.png HTTP/1.1" 200 126 "-" "Googlebot-Image/1.0"
142.44.220.245 - - [12/Sep/2025:17:34:11 -0300] "GET /static/assets/a59d3f98/themes/base/?C=S;O=A HTTP/1.1" 200 5182 "-" "Mozilla/5.0 (compatible; AhrefsBot/7.0; +http://ahrefs.com/robot/)"
66.249.77.8 - - [12/Sep/2025:17:34:27 -0300] "GET /static/img/twemoji/72x72/1f928.png HTTP/1.1" 200 727 "-" "Googlebot-Image/1.0"
66.249.77.10 - - [12/Sep/2025:17:35:06 -0300] "GET /static/img/twemoji/72x72/1f4db.png HTTP/1.1" 200 580 "-" "Googlebot-Image/1.0"
54.39.203.138 - - [12/Sep/2025:17:35:25 -0300] "GET /static/assets/a59d3f98/themes/base/?C=M;O=A HTTP/1.1" 200 5182 "-" "Mozilla/5.0 (compatible; AhrefsBot/7.0; +http://ahrefs.com/robot/)"
66.249.77.8 - - [12/Sep/2025:17:35:44 -0300] "GET /static/img/twemoji/72x72/1f53d.png HTTP/1.1" 200 367 "-" "Googlebot-Image/1.0"
66.249.72.228 - - [12/Sep/2025:17:36:23 -0300] "GET /assets/85c413d2/screen3.jpg HTTP/1.1" 200 170001 "-" "Googlebot-Image/1.0"
51.161.37.9 - - [12/Sep/2025:17:36:39 -0300] "GET /static/assets/a59d3f98/themes/base/?C=D;O=A HTTP/1.1" 200 5182 "-" "Mozilla/5.0 (compatible; AhrefsBot/7.0; +http://ahrefs.com/robot/)"
66.249.77.10 - - [12/Sep/2025:17:37:01 -0300] "GET /static/img/twemoji/72x72/1f46b.png HTTP/1.1" 200 1277 "-" "Googlebot-Image/1.0"
66.249.77.9 - - [12/Sep/2025:17:37:39 -0300] "GET /static/img/twemoji/72x72/1f6b5-1f3ff-200d-2640-fe0f.png HTTP/1.1" 200 1297 "-" "Googlebot-Image/1.0"
54.39.6.168 - - [12/Sep/2025:17:37:50 -0300] "GET /assets/e39c67a1/ HTTP/1.1" 200 1694 "-" "Mozilla/5.0 (compatible; AhrefsBot/7.0; +http://ahrefs.com/robot/)"
66.249.77.9 - - [12/Sep/2025:17:38:18 -0300] "GET /static/img/twemoji/72x72/1f5e1.png HTTP/1.1" 200 829 "-" "Googlebot-Image/1.0"
66.249.72.228 - - [12/Sep/2025:17:38:56 -0300] "GET /static/assets/a59d3f98/themes/cupertino/images/ui-icons_3d80b3_256x240.png HTTP/1.1" 200 4676 "-" "Googlebot-Image/1.0"
51.161.65.238 - - [12/Sep/2025:17:39:04 -0300] "GET /static/assets/41f4ff90/js/ HTTP/1.1" 200 1645 "-" "Mozilla/5.0 (compatible; AhrefsBot/7.0; +http://ahrefs.com/robot/)"
66.249.77.10 - - [12/Sep/2025:17:39:35 -0300] "GET /static/img/twemoji/72x72/1f6b4-200d-2640-fe0f.png HTTP/1.1" 200 1218 "-" "Googlebot-Image/1.0"
66.249.77.10 - - [12/Sep/2025:17:40:13 -0300] "GET /static/img/twemoji/72x72/1f9af.png HTTP/1.1" 200 408 "-" "Googlebot-Image/1.0"
148.113.130.115 - - [12/Sep/2025:17:40:27 -0300] "GET /assets/374a8aa5/codemirror/codemirror/ HTTP/1.1" 200 9472 "-" "Mozilla/5.0 (compatible; AhrefsBot/7.0; +http://ahrefs.com/robot/)"
66.249.77.8 - - [12/Sep/2025:17:40:52 -0300] "GET /static/img/twemoji/72x72/1f937.png HTTP/1.1" 200 845 "-" "Googlebot-Image/1.0"
66.249.72.227 - - [12/Sep/2025:17:41:30 -0300] "GET /assets/2ec6b270/themes/trontastic/images/ui-icons_ffffff_256x240.png HTTP/1.1" 200 6487 "-" "Googlebot-Image/1.0"
167.114.139.17 - - [12/Sep/2025:17:41:38 -0300] "GET /assets/76b273f5/src/measurement/?C=N;O=A HTTP/1.1" 200 1041 "-" "Mozilla/5.0 (compatible; AhrefsBot/7.0; +http://ahrefs.com/robot/)"
66.249.72.228 - - [12/Sep/2025:17:42:09 -0300] "GET /assets/4f07b091/themes/le-frog/images/ui-bg_highlight-hard_30_285c00_1x100.png HTTP/1.1" 200 382 "-" "Googlebot-Image/1.0"
66.249.77.10 - - [12/Sep/2025:17:42:47 -0300] "GET /static/img/twemoji/72x72/1f9b5-1f3fd.png HTTP/1.1" 200 618 "-" "Googlebot-Image/1.0"
142.44.225.149 - - [12/Sep/2025:17:43:07 -0300] "GET /assets/76b273f5/mode/erlang/?C=N;O=A HTTP/1.1" 200 842 "-" "Mozilla/5.0 (compatible; AhrefsBot/7.0; +http://ahrefs.com/robot/)"
66.249.77.8 - - [12/Sep/2025:17:43:25 -0300] "GET /static/img/twemoji/72x72/1f1ec-1f1ed.png HTTP/1.1" 200 400 "-" "Googlebot-Image/1.0"
66.249.77.10 - - [12/Sep/2025:17:44:04 -0300] "GET /static/img/twemoji/72x72/1f38d.png HTTP/1.1" 200 774 "-" "Googlebot-Image/1.0"
66.249.72.227 - - [12/Sep/2025:17:45:59 -0300] "GET /assets/4f07b091/themes/excite-bike/images/ui-icons_fcdd4a_256x240.png HTTP/1.1" 200 4676 "-" "Googlebot-Image/1.0"
51.161.65.196 - - [12/Sep/2025:17:46:01 -0300] "GET /assets/76b273f5/mode/swift/?C=N;O=A HTTP/1.1" 200 839 "-" "Mozilla/5.0 (compatible; AhrefsBot/7.0; +http://ahrefs.com/robot/)"
66.249.77.9 - - [12/Sep/2025:17:46:18 -0300] "GET /static/img/twemoji/72x72/1f64b-1f3fb.png HTTP/1.1" 200 853 "-" "Googlebot-Image/1.0"
66.249.77.8 - - [12/Sep/2025:17:46:38 -0300] "GET /static/img/twemoji/72x72/1f370.png HTTP/1.1" 200 1251 "-" "Googlebot-Image/1.0"
66.249.72.227 - - [12/Sep/2025:17:47:16 -0300] "GET /static/assets/a59d3f98/themes/mint-choc/images/ui-icons_f1fd86_256x240.png HTTP/1.1" 200 4676 "-" "Googlebot-Image/1.0"
66.249.77.8 - - [12/Sep/2025:17:48:32 -0300] "GET /static/img/twemoji/72x72/1f193.png HTTP/1.1" 200 517 "-" "Googlebot-Image/1.0"
66.249.77.8 - - [12/Sep/2025:17:48:52 -0300] "GET /static/img/twemoji/72x72/1f30b.png HTTP/1.1" 200 1443 "-" "Googlebot-Image/1.0"
66.249.77.9 - - [12/Sep/2025:17:49:11 -0300] "GET /static/img/twemoji/72x72/1f443.png HTTP/1.1" 200 791 "-" "Googlebot-Image/1.0"
54.225.199.17 - - [12/Sep/2025:17:49:22 -0300] "GET /static/assets/9e2ce8c4/css/ HTTP/1.1" 200 2172 "-" "Mozilla/5.0 AppleWebKit/537.36 (KHTML, like Gecko; compatible; Amazonbot/0.1; +https://developer.amazon.com/support/amazonbot) Chrome/119.0.6045.214 Safari/537.36"
66.249.77.8 - - [12/Sep/2025:17:49:50 -0300] "GET /static/img/twemoji/72x72/1f9d3-1f3fb.png HTTP/1.1" 200 816 "-" "Googlebot-Image/1.0"
66.249.72.226 - - [12/Sep/2025:17:51:06 -0300] "GET /static/assets/a59d3f98/themes/smoothness/images/ui-bg_glass_65_ffffff_1x400.png HTTP/1.1" 200 265 "-" "Googlebot-Image/1.0"
66.249.77.10 - - [12/Sep/2025:17:51:25 -0300] "GET /static/img/twemoji/72x72/1fa80.png HTTP/1.1" 200 1029 "-" "Googlebot-Image/1.0"
142.44.233.162 - - [12/Sep/2025:17:51:46 -0300] "GET /assets/76b273f5/mode/sieve/?C=N;O=A HTTP/1.1" 200 839 "-" "Mozilla/5.0 (compatible; AhrefsBot/7.0; +http://ahrefs.com/robot/)"
66.249.77.10 - - [12/Sep/2025:17:53:01 -0300] "GET /static/img/twemoji/72x72/1f39b.png HTTP/1.1" 200 866 "-" "Googlebot-Image/1.0"
66.249.77.8 - - [12/Sep/2025:17:53:40 -0300] "GET /assets/4f07b091/themes/excite-bike/images/ui-bg_diagonals-thick_22_1484e6_40x40.png HTTP/1.1" 200 467 "-" "Googlebot-Image/1.0"
66.249.72.228 - - [12/Sep/2025:17:54:19 -0300] "GET /assets/2ec6b270/themes/mint-choc/images/ui-icons_e3ddc9_256x240.png HTTP/1.1" 200 4676 "-" "Googlebot-Image/1.0"
184.72.84.154 - - [12/Sep/2025:17:54:45 -0300] "GET /assets/e93843c3/tinymce/plugins/codemirror/codemirror/addon/merge/?C=S;O%3DD HTTP/1.1" 200 1133 "-" "Mozilla/5.0 AppleWebKit/537.36 (KHTML, like Gecko; compatible; Amazonbot/0.1; +https://developer.amazon.com/support/amazonbot) Chrome/119.0.6045.214 Safari/537.36"
66.249.77.9 - - [12/Sep/2025:17:55:24 -0300] "GET /static/img/twemoji/72x72/1f46e-1f3fc.png HTTP/1.1" 200 1103 "-" "Googlebot-Image/1.0"
66.249.72.226 - - [12/Sep/2025:17:56:02 -0300] "GET /assets/4f07b091/themes/mint-choc/images/ui-bg_highlight-soft_20_619226_1x100.png HTTP/1.1" 200 401 "-" "Googlebot-Image/1.0"
66.249.77.10 - - [12/Sep/2025:17:56:40 -0300] "GET /static/img/twemoji/72x72/1f92e.png HTTP/1.1" 200 1132 "-" "Googlebot-Image/1.0"
66.249.77.8 - - [12/Sep/2025:17:56:59 -0300] "GET /static/img/twemoji/72x72/1f9c2.png HTTP/1.1" 200 684 "-" "Googlebot-Image/1.0"
66.249.77.8 - - [12/Sep/2025:17:57:31 -0300] "GET /static/img/twemoji/72x72/1f469-200d-1f466-200d-1f466.png HTTP/1.1" 200 1021 "-" "Googlebot-Image/1.0"
66.249.77.10 - - [12/Sep/2025:17:58:09 -0300] "GET /static/img/twemoji/72x72/1f531.png HTTP/1.1" 200 585 "-" "Googlebot-Image/1.0"
66.249.77.8 - - [12/Sep/2025:17:58:48 -0300] "GET /static/img/twemoji/72x72/1f3ab.png HTTP/1.1" 200 660 "-" "Googlebot-Image/1.0"
66.249.77.9 - - [12/Sep/2025:17:59:26 -0300] "GET /static/img/twemoji/72x72/1f518.png HTTP/1.1" 200 507 "-" "Googlebot-Image/1.0"
40.77.167.155 - - [12/Sep/2025:17:59:57 -0300] "GET /assets/76fb6d41/i18n/pt-BR.js HTTP/1.1" 200 876 "-" "Mozilla/5.0 AppleWebKit/537.36 (KHTML, like Gecko; compatible; bingbot/2.0; +http://www.bing.com/bingbot.htm) Chrome/116.0.1938.76 Safari/537.36"
66.249.77.9 - - [12/Sep/2025:18:00:05 -0300] "GET /static/img/twemoji/72x72/1f3d4.png HTTP/1.1" 200 1292 "-" "Googlebot-Image/1.0"
66.249.77.9 - - [12/Sep/2025:18:01:22 -0300] "GET /static/img/twemoji/72x72/1f9d4-1f3fe.png HTTP/1.1" 200 868 "-" "Googlebot-Image/1.0"
50.118.248.141 - - [12/Sep/2025:18:01:27 -0300] "HEAD / HTTP/1.1" 200 - "-" "Mozilla/5.0 (iPhone; CPU iPhone OS 17_1 like Mac OS X) AppleWebKit/605.1.15 (KHTML, like Gecko) EdgiOS/119.0.2151.105 Version/17.0 Mobile/15E148 Safari/604.1"
104.194.192.108 - - [12/Sep/2025:18:01:27 -0300] "HEAD / HTTP/1.1" 200 - "-" "Mozilla/5.0 (Macintosh; Intel Mac OS X 10_15) AppleWebKit/605.1.15 (KHTML, like Gecko) Version/17.0 DuckDuckGo/7 Safari/605.1.15"
50.118.248.141 - - [12/Sep/2025:18:01:27 -0300] "GET / HTTP/1.1" 200 1872 "-" "Mozilla/5.0 (iPhone; CPU iPhone OS 17_1 like Mac OS X) AppleWebKit/605.1.15 (KHTML, like Gecko) EdgiOS/119.0.2151.105 Version/17.0 Mobile/15E148 Safari/604.1"
104.194.192.108 - - [12/Sep/2025:18:01:28 -0300] "GET / HTTP/1.1" 200 1872 "-" "Mozilla/5.0 (Macintosh; Intel Mac OS X 10_15) AppleWebKit/605.1.15 (KHTML, like Gecko) Version/17.0 DuckDuckGo/7 Safari/605.1.15"
50.118.248.27 - - [12/Sep/2025:18:01:37 -0300] "GET / HTTP/1.1" 200 1872 "-" "Mozilla/5.0 (X11; U; Linux i686; en-US; rv:1.4) Gecko/20030624"
50.118.248.27 - - [12/Sep/2025:18:01:38 -0300] "GET /robots.txt HTTP/1.1" 404 - "https://intranet.vacivitta.com.br/" "Mozilla/5.0 (X11; U; Linux i686; en-US; rv:1.4) Gecko/20030624"
50.118.248.27 - - [12/Sep/2025:18:01:38 -0300] "GET / HTTP/1.1" 200 1872 "-" "Mozilla/5.0 (X11; U; Linux i686; en-US; rv:1.4) Gecko/20030624"
104.143.88.168 - - [12/Sep/2025:18:01:44 -0300] "GET / HTTP/1.1" 200 1872 "-" "Mozilla/5.0 (Windows; U; Windows NT 5.0; en-US; rv:1.4b) Gecko/20030516 Mozilla Firebird/0.6"
104.143.88.168 - - [12/Sep/2025:18:01:44 -0300] "GET /robots.txt HTTP/1.1" 404 - "https://www.intranet.vacivitta.com.br/" "Mozilla/5.0 (Windows; U; Windows NT 5.0; en-US; rv:1.4b) Gecko/20030516 Mozilla Firebird/0.6"
104.143.88.168 - - [12/Sep/2025:18:01:45 -0300] "GET / HTTP/1.1" 200 1872 "-" "Mozilla/5.0 (Windows; U; Windows NT 5.0; en-US; rv:1.4b) Gecko/20030516 Mozilla Firebird/0.6"
66.249.77.9 - - [12/Sep/2025:18:02:38 -0300] "GET /static/img/twemoji/72x72/23f1.png HTTP/1.1" 200 785 "-" "Googlebot-Image/1.0"
66.249.77.10 - - [12/Sep/2025:18:03:17 -0300] "GET /static/img/twemoji/72x72/1f469-1f3ff-200d-1f4bc.png HTTP/1.1" 200 1130 "-" "Googlebot-Image/1.0"
148.113.130.139 - - [12/Sep/2025:18:03:54 -0300] "GET /assets/76b273f5/mode/tiddlywiki/?C=N;O=A HTTP/1.1" 200 1036 "-" "Mozilla/5.0 (compatible; AhrefsBot/7.0; +http://ahrefs.com/robot/)"
66.249.77.8 - - [12/Sep/2025:18:03:55 -0300] "GET /static/img/twemoji/72x72/1f477-200d-2640-fe0f.png HTTP/1.1" 200 1116 "-" "Googlebot-Image/1.0"
66.249.77.10 - - [12/Sep/2025:18:04:34 -0300] "GET /static/img/twemoji/72x72/1f939-1f3fe-200d-2640-fe0f.png HTTP/1.1" 200 1151 "-" "Googlebot-Image/1.0"
66.249.72.227 - - [12/Sep/2025:18:05:12 -0300] "GET /assets/baec620/directorylist/drive.png HTTP/1.1" 200 346 "-" "Googlebot-Image/1.0"
66.249.77.9 - - [12/Sep/2025:18:05:51 -0300] "GET /static/img/twemoji/72x72/1f3a3.png HTTP/1.1" 200 1151 "-" "Googlebot-Image/1.0"
66.249.72.227 - - [12/Sep/2025:18:06:29 -0300] "GET /static/assets/a59d3f98/themes/humanity/images/ui-bg_inset-soft_100_f4f0ec_1x100.png HTTP/1.1" 200 461 "-" "Googlebot-Image/1.0"
66.249.77.8 - - [12/Sep/2025:18:07:07 -0300] "GET /static/img/twemoji/72x72/1f937-1f3fb-200d-2640-fe0f.png HTTP/1.1" 200 830 "-" "Googlebot-Image/1.0"
66.249.77.8 - - [12/Sep/2025:18:07:46 -0300] "GET /static/img/twemoji/72x72/271d.png HTTP/1.1" 200 240 "-" "Googlebot-Image/1.0"
66.249.77.9 - - [12/Sep/2025:18:08:24 -0300] "GET /static/img/twemoji/72x72/1f3f3-fe0f-200d-26a7-fe0f.png HTTP/1.1" 200 232 "-" "Googlebot-Image/1.0"
66.249.77.9 - - [12/Sep/2025:18:09:03 -0300] "GET /static/img/twemoji/72x72/1f9dd-1f3fb-200d-2642-fe0f.png HTTP/1.1" 200 954 "-" "Googlebot-Image/1.0"
66.249.77.9 - - [12/Sep/2025:18:09:41 -0300] "GET /static/img/twemoji/72x72/1f487-1f3fd-200d-2642-fe0f.png HTTP/1.1" 200 1026 "-" "Googlebot-Image/1.0"
66.249.77.8 - - [12/Sep/2025:18:10:20 -0300] "GET /static/img/twemoji/72x72/1f4e9.png HTTP/1.1" 200 677 "-" "Googlebot-Image/1.0"
66.249.77.9 - - [12/Sep/2025:18:10:58 -0300] "GET /static/img/twemoji/72x72/1f469-1f3fc-200d-1f692.png HTTP/1.1" 200 1045 "-" "Googlebot-Image/1.0"
66.249.72.227 - - [12/Sep/2025:18:12:53 -0300] "GET /assets/bbca6024/ico/favicon-96x96.png HTTP/1.1" 200 2685 "-" "Googlebot-Image/1.0"
66.249.77.10 - - [12/Sep/2025:18:13:12 -0300] "GET /static/img/twemoji/72x72/1f6b4.png HTTP/1.1" 200 1222 "-" "Googlebot-Image/1.0"
66.249.77.9 - - [12/Sep/2025:18:14:10 -0300] "GET /static/img/twemoji/72x72/1f9d9-1f3fe.png HTTP/1.1" 200 1104 "-" "Googlebot-Image/1.0"
66.249.77.8 - - [12/Sep/2025:18:15:26 -0300] "GET /static/img/twemoji/72x72/1f3e7.png HTTP/1.1" 200 650 "-" "Googlebot-Image/1.0"
66.249.77.8 - - [12/Sep/2025:18:15:45 -0300] "GET /static/img/twemoji/72x72/1f369.png HTTP/1.1" 200 1110 "-" "Googlebot-Image/1.0"
66.249.77.9 - - [12/Sep/2025:18:16:05 -0300] "GET /static/img/twemoji/72x72/1f473-1f3fc.png HTTP/1.1" 200 972 "-" "Googlebot-Image/1.0"
66.249.77.8 - - [12/Sep/2025:18:16:44 -0300] "GET /static/img/twemoji/72x72/1f469-1f3fd-200d-1f692.png HTTP/1.1" 200 1051 "-" "Googlebot-Image/1.0"
66.249.77.9 - - [12/Sep/2025:18:17:22 -0300] "GET /static/img/twemoji/72x72/1f6b4-1f3fe.png HTTP/1.1" 200 1222 "-" "Googlebot-Image/1.0"
66.249.77.9 - - [12/Sep/2025:18:18:01 -0300] "GET /static/img/twemoji/72x72/1f420.png HTTP/1.1" 200 1054 "-" "Googlebot-Image/1.0"
66.249.77.10 - - [12/Sep/2025:18:19:18 -0300] "GET /static/img/twemoji/72x72/1f49a.png HTTP/1.1" 200 499 "-" "Googlebot-Image/1.0"
66.249.72.228 - - [12/Sep/2025:18:19:56 -0300] "GET /assets/4f07b091/themes/trontastic/images/ui-bg_glass_60_000000_1x400.png HTTP/1.1" 200 323 "-" "Googlebot-Image/1.0"
66.249.72.226 - - [12/Sep/2025:18:20:35 -0300] "GET /assets/2ec6b270/themes/smoothness/images/ui-bg_glass_75_dadada_1x400.png HTTP/1.1" 200 323 "-" "Googlebot-Image/1.0"
66.249.77.10 - - [12/Sep/2025:18:21:51 -0300] "GET /static/img/twemoji/72x72/1f509.png HTTP/1.1" 200 435 "-" "Googlebot-Image/1.0"
66.249.77.10 - - [12/Sep/2025:18:22:10 -0300] "GET /static/img/twemoji/72x72/1f9b6-1f3fe.png HTTP/1.1" 200 587 "-" "Googlebot-Image/1.0"
66.249.77.9 - - [12/Sep/2025:18:22:30 -0300] "GET /static/img/twemoji/72x72/1f3c7-1f3fb.png HTTP/1.1" 200 1395 "-" "Googlebot-Image/1.0"
66.249.72.226 - - [12/Sep/2025:18:23:08 -0300] "GET /assets/4a242e8d/screen2.jpg HTTP/1.1" 200 13991 "-" "Googlebot-Image/1.0"
66.249.72.226 - - [12/Sep/2025:18:24:25 -0300] "GET /static/assets/a59d3f98/themes/humanity/images/ui-icons_c47a23_256x240.png HTTP/1.1" 200 4676 "-" "Googlebot-Image/1.0"
66.249.77.10 - - [12/Sep/2025:18:25:04 -0300] "GET /static/img/twemoji/72x72/1f360.png HTTP/1.1" 200 904 "-" "Googlebot-Image/1.0"
66.249.77.8 - - [12/Sep/2025:18:26:58 -0300] "GET /static/img/twemoji/72x72/1f197.png HTTP/1.1" 200 640 "-" "Googlebot-Image/1.0"
66.249.72.228 - - [12/Sep/2025:18:27:37 -0300] "GET /static/img/glyphicons-halflings-white.png HTTP/1.1" 200 8777 "-" "Googlebot-Image/1.0"
66.249.72.227 - - [12/Sep/2025:18:28:15 -0300] "GET /assets/4f07b091/themes/vader/images/ui-icons_bbbbbb_256x240.png HTTP/1.1" 200 7092 "-" "Googlebot-Image/1.0"
66.249.72.226 - - [12/Sep/2025:18:28:15 -0300] "GET /assets/2ec6b270/themes/start/images/ui-bg_glass_75_79c9ec_1x400.png HTTP/1.1" 200 406 "-" "Googlebot-Image/1.0"
66.249.77.9 - - [12/Sep/2025:18:28:34 -0300] "GET /static/img/twemoji/72x72/1f9db-1f3fe-200d-2642-fe0f.png HTTP/1.1" 200 1073 "-" "Googlebot-Image/1.0"
66.249.77.8 - - [12/Sep/2025:18:28:54 -0300] "GET /static/img/twemoji/72x72/1f939-200d-2642-fe0f.png HTTP/1.1" 200 1122 "-" "Googlebot-Image/1.0"
66.249.77.9 - - [12/Sep/2025:18:29:33 -0300] "GET /static/img/twemoji/72x72/1f469-1f3fc-200d-1f9b3.png HTTP/1.1" 200 840 "-" "Googlebot-Image/1.0"
51.161.65.228 - - [12/Sep/2025:18:30:02 -0300] "GET /static/assets/a59d3f98/themes/base/?C=N;O=A HTTP/1.1" 200 5182 "-" "Mozilla/5.0 (compatible; AhrefsBot/7.0; +http://ahrefs.com/robot/)"
66.249.77.8 - - [12/Sep/2025:18:30:11 -0300] "GET /static/img/twemoji/72x72/1f6b6.png HTTP/1.1" 200 861 "-" "Googlebot-Image/1.0"
66.249.77.8 - - [12/Sep/2025:18:30:49 -0300] "GET /static/img/twemoji/72x72/1f9e1.png HTTP/1.1" 200 498 "-" "Googlebot-Image/1.0"
66.249.77.10 - - [12/Sep/2025:18:31:28 -0300] "GET /static/img/twemoji/72x72/1f3ba.png HTTP/1.1" 200 704 "-" "Googlebot-Image/1.0"
66.249.77.10 - - [12/Sep/2025:18:32:06 -0300] "GET /static/img/twemoji/72x72/1f932.png HTTP/1.1" 200 1128 "-" "Googlebot-Image/1.0"
66.249.77.9 - - [12/Sep/2025:18:32:45 -0300] "GET /static/img/twemoji/72x72/1f1ef.png HTTP/1.1" 200 358 "-" "Googlebot-Image/1.0"
66.249.77.10 - - [12/Sep/2025:18:33:23 -0300] "GET /static/img/twemoji/72x72/1f486-1f3fd.png HTTP/1.1" 200 989 "-" "Googlebot-Image/1.0"
66.249.72.228 - - [12/Sep/2025:18:34:02 -0300] "GET /assets/4f07b091/themes/dot-luv/images/ui-bg_diagonals-thick_15_0b3e6f_40x40.png HTTP/1.1" 200 482 "-" "Googlebot-Image/1.0"
66.249.77.9 - - [12/Sep/2025:18:34:40 -0300] "GET /static/img/twemoji/72x72/26aa.png HTTP/1.1" 200 411 "-" "Googlebot-Image/1.0"
66.249.77.10 - - [12/Sep/2025:18:35:18 -0300] "GET /static/img/twemoji/72x72/1f491.png HTTP/1.1" 200 977 "-" "Googlebot-Image/1.0"
66.249.72.228 - - [12/Sep/2025:18:35:57 -0300] "GET /static/assets/a59d3f98/themes/ui-lightness/images/ui-bg_gloss-wave_35_f6a828_500x100.png HTTP/1.1" 200 5873 "-" "Googlebot-Image/1.0"
66.249.77.10 - - [12/Sep/2025:18:36:35 -0300] "GET /static/img/twemoji/72x72/1f9cd-200d-2642-fe0f.png HTTP/1.1" 200 758 "-" "Googlebot-Image/1.0"
66.249.77.9 - - [12/Sep/2025:18:37:14 -0300] "GET /static/img/twemoji/72x72/2764.png HTTP/1.1" 200 498 "-" "Googlebot-Image/1.0"
66.249.72.226 - - [12/Sep/2025:18:37:52 -0300] "GET /assets/e93843c3/module_image.png HTTP/1.1" 200 8466 "-" "Googlebot-Image/1.0"
66.249.77.9 - - [12/Sep/2025:18:38:31 -0300] "GET /static/img/twemoji/72x72/1f3c7.png HTTP/1.1" 200 1370 "-" "Googlebot-Image/1.0"
66.249.77.9 - - [12/Sep/2025:18:39:47 -0300] "GET /static/img/twemoji/72x72/1f6b5-1f3fe-200d-2640-fe0f.png HTTP/1.1" 200 1308 "-" "Googlebot-Image/1.0"
66.249.77.10 - - [12/Sep/2025:18:40:06 -0300] "GET /static/img/twemoji/72x72/1f44b-1f3fe.png HTTP/1.1" 200 1282 "-" "Googlebot-Image/1.0"
66.249.77.9 - - [12/Sep/2025:18:40:26 -0300] "GET /static/img/twemoji/72x72/1f6b2.png HTTP/1.1" 200 1080 "-" "Googlebot-Image/1.0"
66.249.77.9 - - [12/Sep/2025:18:41:04 -0300] "GET /static/img/twemoji/72x72/1f42e.png HTTP/1.1" 200 932 "-" "Googlebot-Image/1.0"
66.249.77.8 - - [12/Sep/2025:18:41:43 -0300] "GET /static/img/twemoji/72x72/1f938-1f3fe-200d-2642-fe0f.png HTTP/1.1" 200 1016 "-" "Googlebot-Image/1.0"
66.249.77.9 - - [12/Sep/2025:18:42:21 -0300] "GET /static/img/twemoji/72x72/1f575-1f3fe-200d-2642-fe0f.png HTTP/1.1" 200 1013 "-" "Googlebot-Image/1.0"
66.249.77.10 - - [12/Sep/2025:18:43:00 -0300] "GET /static/img/twemoji/72x72/1f3a0.png HTTP/1.1" 200 1185 "-" "Googlebot-Image/1.0"
66.249.72.227 - - [12/Sep/2025:18:43:38 -0300] "GET /assets/2ec6b270/themes/black-tie/images/ui-bg_glass_40_111111_1x400.png HTTP/1.1" 200 323 "-" "Googlebot-Image/1.0"
66.249.77.10 - - [12/Sep/2025:18:44:17 -0300] "GET /static/img/twemoji/72x72/270d-1f3ff.png HTTP/1.1" 200 1064 "-" "Googlebot-Image/1.0"
66.249.77.9 - - [12/Sep/2025:18:44:55 -0300] "GET /static/img/twemoji/72x72/1f469-1f3ff-200d-1f9bd.png HTTP/1.1" 200 1474 "-" "Googlebot-Image/1.0"
66.249.77.8 - - [12/Sep/2025:18:45:33 -0300] "GET /static/img/twemoji/72x72/262f.png HTTP/1.1" 200 700 "-" "Googlebot-Image/1.0"
66.249.77.9 - - [12/Sep/2025:18:46:12 -0300] "GET /static/img/twemoji/72x72/1f1f5-1f1ed.png HTTP/1.1" 200 751 "-" "Googlebot-Image/1.0"
66.249.77.9 - - [12/Sep/2025:18:46:50 -0300] "GET /static/img/twemoji/72x72/1f4f6.png HTTP/1.1" 200 241 "-" "Googlebot-Image/1.0"
66.249.77.9 - - [12/Sep/2025:18:48:07 -0300] "GET /static/img/twemoji/72x72/1f346.png HTTP/1.1" 200 637 "-" "Googlebot-Image/1.0"
66.249.77.9 - - [12/Sep/2025:18:48:46 -0300] "GET /static/img/twemoji/72x72/1f4b5.png HTTP/1.1" 200 412 "-" "Googlebot-Image/1.0"
66.249.77.8 - - [12/Sep/2025:18:49:24 -0300] "GET /static/img/twemoji/72x72/25fc.png HTTP/1.1" 200 188 "-" "Googlebot-Image/1.0"
66.249.72.226 - - [12/Sep/2025:18:50:02 -0300] "GET /assets/f7a28d59/screen1.PNG HTTP/1.1" 200 113246 "-" "Googlebot-Image/1.0"
66.249.77.9 - - [12/Sep/2025:18:50:41 -0300] "GET /static/img/twemoji/72x72/1f427.png HTTP/1.1" 200 1051 "-" "Googlebot-Image/1.0"
66.249.72.227 - - [12/Sep/2025:18:51:19 -0300] "GET /assets/2ec6b270/themes/humanity/images/ui-bg_highlight-hard_65_fee4bd_1x100.png HTTP/1.1" 200 372 "-" "Googlebot-Image/1.0"
66.249.77.10 - - [12/Sep/2025:18:51:58 -0300] "GET /static/img/twemoji/72x72/1f385-1f3fe.png HTTP/1.1" 200 986 "-" "Googlebot-Image/1.0"
66.249.77.10 - - [12/Sep/2025:18:53:14 -0300] "GET /static/img/twemoji/72x72/1f1f1-1f1fa.png HTTP/1.1" 200 244 "-" "Googlebot-Image/1.0"
66.249.77.8 - - [12/Sep/2025:18:53:33 -0300] "GET /static/img/twemoji/72x72/2728.png HTTP/1.1" 200 752 "-" "Googlebot-Image/1.0"
66.249.72.226 - - [12/Sep/2025:18:53:53 -0300] "GET /assets/2ec6b270/themes/sunny/images/ui-bg_gloss-wave_70_ffdd57_500x100.png HTTP/1.1" 200 5601 "-" "Googlebot-Image/1.0"
66.249.77.9 - - [12/Sep/2025:18:54:37 -0300] "GET /static/assets/a59d3f98/themes/cupertino/images/?C=S;O=D HTTP/1.1" 200 3377 "-" "Mozilla/5.0 (Linux; Android 6.0.1; Nexus 5X Build/MMB29P) AppleWebKit/537.36 (KHTML, like Gecko) Chrome/140.0.7339.127 Mobile Safari/537.36 (compatible; GoogleOther)"
66.249.77.10 - - [12/Sep/2025:18:55:10 -0300] "GET /static/img/twemoji/72x72/1f560.png HTTP/1.1" 200 756 "-" "Googlebot-Image/1.0"
66.249.77.9 - - [12/Sep/2025:18:56:26 -0300] "GET /static/img/twemoji/72x72/1f934.png HTTP/1.1" 200 1013 "-" "Googlebot-Image/1.0"
66.249.77.9 - - [12/Sep/2025:18:56:46 -0300] "GET /static/img/twemoji/72x72/1f9d1-1f3fe.png HTTP/1.1" 200 823 "-" "Googlebot-Image/1.0"
66.249.72.226 - - [12/Sep/2025:18:57:05 -0300] "GET /assets/2ec6b270/themes/smoothness/images/ui-icons_222222_256x240.png HTTP/1.1" 200 7025 "-" "Googlebot-Image/1.0"
66.249.77.8 - - [12/Sep/2025:18:57:44 -0300] "GET /static/img/twemoji/72x72/1f468-1f3fe-200d-2708-fe0f.png HTTP/1.1" 200 1129 "-" "Googlebot-Image/1.0"
66.249.77.9 - - [12/Sep/2025:18:58:22 -0300] "GET /static/img/twemoji/72x72/1f44b-1f3fc.png HTTP/1.1" 200 1283 "-" "Googlebot-Image/1.0"
66.249.77.8 - - [12/Sep/2025:18:59:01 -0300] "GET /static/img/twemoji/72x72/1f481-200d-2642-fe0f.png HTTP/1.1" 200 881 "-" "Googlebot-Image/1.0"
66.249.77.10 - - [12/Sep/2025:19:01:14 -0300] "GET /static/img/twemoji/72x72/1f635.png HTTP/1.1" 200 742 "-" "Googlebot-Image/1.0"
66.249.77.8 - - [12/Sep/2025:19:02:11 -0300] "GET /static/img/twemoji/72x72/1f1ee-1f1f2.png HTTP/1.1" 200 596 "-" "Googlebot-Image/1.0"
66.249.72.227 - - [12/Sep/2025:19:02:31 -0300] "GET /static/assets/a59d3f98/themes/mint-choc/images/ui-bg_inset-soft_10_201913_1x100.png HTTP/1.1" 200 438 "-" "Googlebot-Image/1.0"
66.249.77.8 - - [12/Sep/2025:19:02:50 -0300] "GET /static/img/twemoji/72x72/1f1f0-1f1f2.png HTTP/1.1" 200 704 "-" "Googlebot-Image/1.0"
66.249.77.10 - - [12/Sep/2025:19:03:30 -0300] "GET /static/img/twemoji/72x72/1f41f.png HTTP/1.1" 200 993 "-" "Googlebot-Image/1.0"
66.249.72.226 - - [12/Sep/2025:19:04:08 -0300] "GET /assets/4ce260e6/module_image.png HTTP/1.1" 200 1985 "-" "Googlebot-Image/1.0"
66.249.77.10 - - [12/Sep/2025:19:04:46 -0300] "GET /static/img/twemoji/72x72/1f575-1f3fd-200d-2642-fe0f.png HTTP/1.1" 200 1011 "-" "Googlebot-Image/1.0"
66.249.77.10 - - [12/Sep/2025:19:05:25 -0300] "GET /static/img/twemoji/72x72/1f1fc-1f1f8.png HTTP/1.1" 200 436 "-" "Googlebot-Image/1.0"
66.249.77.8 - - [12/Sep/2025:19:06:03 -0300] "GET /static/img/twemoji/72x72/1f487.png HTTP/1.1" 200 1087 "-" "Googlebot-Image/1.0"
66.249.72.228 - - [12/Sep/2025:19:06:42 -0300] "GET /assets/f8e848ce/bgImage2.jpg HTTP/1.1" 200 875708 "-" "Googlebot-Image/1.0"
66.249.72.226 - - [12/Sep/2025:19:07:58 -0300] "GET /assets/bbca6024/ico/apple-icon-180x180.png HTTP/1.1" 200 7374 "-" "Googlebot-Image/1.0"
66.249.77.9 - - [12/Sep/2025:19:08:17 -0300] "GET /static/img/twemoji/72x72/1f976.png HTTP/1.1" 200 1324 "-" "Googlebot-Image/1.0"
66.249.77.8 - - [12/Sep/2025:19:09:54 -0300] "GET /static/img/twemoji/72x72/1f47c-1f3fd.png HTTP/1.1" 200 1103 "-" "Googlebot-Image/1.0"
66.249.72.226 - - [12/Sep/2025:19:10:32 -0300] "GET /assets/fa2a3b9b/screen3.PNG HTTP/1.1" 200 15560 "-" "Googlebot-Image/1.0"
66.249.77.9 - - [12/Sep/2025:19:11:11 -0300] "GET /static/img/twemoji/72x72/1f487-1f3fd.png HTTP/1.1" 200 1103 "-" "Googlebot-Image/1.0"
66.249.72.227 - - [12/Sep/2025:19:11:49 -0300] "GET /assets/4f07b091/themes/dark-hive/images/ui-bg_highlight-soft_44_444444_1x100.png HTTP/1.1" 200 328 "-" "Googlebot-Image/1.0"
66.249.77.10 - - [12/Sep/2025:19:13:06 -0300] "GET /static/img/twemoji/72x72/26f9.png HTTP/1.1" 200 1149 "-" "Googlebot-Image/1.0"
66.249.77.9 - - [12/Sep/2025:19:13:44 -0300] "GET /static/img/twemoji/72x72/1f440.png HTTP/1.1" 200 1024 "-" "Googlebot-Image/1.0"
66.249.77.9 - - [12/Sep/2025:19:14:23 -0300] "GET /static/img/twemoji/72x72/1f1f5-1f1eb.png HTTP/1.1" 200 677 "-" "Googlebot-Image/1.0"
194.26.192.121 - - [12/Sep/2025:19:14:32 -0300] "GET /wp-content/themes/seotheme/db.php?u HTTP/1.1" 404 - "www.google.com" "Mozlila/5.0 (Linux; Android 7.0; SM-G892A Bulid/NRD90M; wv) AppleWebKit/537.36 (KHTML, like Gecko) Version/4.0 Chrome/60.0.3112.107 Moblie Safari/537.36"
194.26.192.121 - - [12/Sep/2025:19:14:32 -0300] "GET /wp-content/themes/seotheme/db.php?u HTTP/1.1" 404 - "www.google.com" "Mozlila/5.0 (Linux; Android 7.0; SM-G892A Bulid/NRD90M; wv) AppleWebKit/537.36 (KHTML, like Gecko) Version/4.0 Chrome/60.0.3112.107 Moblie Safari/537.36"
194.26.192.121 - - [12/Sep/2025:19:14:33 -0300] "POST /wp-plain.php HTTP/1.1" 404 - "www.google.com" "Mozilla/5.0 (Linux; Android 7.0; SM-G892A Bulid/NRD90M; wv) AppleWebKit/537.36 (KHTML, like Gecko) Version/4.0 Chrome/60.0.3112.107 Moblie Safari/537.36"
194.26.192.121 - - [12/Sep/2025:19:14:33 -0300] "POST /wp-plain.php HTTP/1.1" 404 - "www.google.com" "Mozilla/5.0 (Linux; Android 7.0; SM-G892A Bulid/NRD90M; wv) AppleWebKit/537.36 (KHTML, like Gecko) Version/4.0 Chrome/60.0.3112.107 Moblie Safari/537.36"
194.26.192.121 - - [12/Sep/2025:19:14:33 -0300] "GET /stgvjbfz.php?Fox=d3wL7 HTTP/1.1" 404 - "www.google.com" "Mozilla/5.0 (Linux; Android 7.0; SM-G892A Bulid/NRD90M; wv) AppleWebKit/537.36 (KHTML, like Gecko) Version/4.0 Chrome/60.0.3112.107 Moblie Safari/537.36"
194.26.192.121 - - [12/Sep/2025:19:14:33 -0300] "GET /zrymkkjz.php?Fox=d3wL7 HTTP/1.1" 404 - "www.google.com" "Mozilla/5.0 (Linux; Android 7.0; SM-G892A Bulid/NRD90M; wv) AppleWebKit/537.36 (KHTML, like Gecko) Version/4.0 Chrome/60.0.3112.107 Moblie Safari/537.36"
52.167.144.233 - - [12/Sep/2025:19:14:55 -0300] "GET /assets/4f07b091/ui/minified/i18n/datepicker-sq.js HTTP/1.1" 200 895 "-" "Mozilla/5.0 AppleWebKit/537.36 (KHTML, like Gecko; compatible; bingbot/2.0; +http://www.bing.com/bingbot.htm) Chrome/116.0.1938.76 Safari/537.36"
66.249.77.9 - - [12/Sep/2025:19:15:40 -0300] "GET /static/img/twemoji/72x72/1f1f7-1f1fa.png HTTP/1.1" 200 246 "-" "Googlebot-Image/1.0"
66.249.72.226 - - [12/Sep/2025:19:16:18 -0300] "GET /static/assets/a59d3f98/themes/cupertino/images/ui-icons_ffffff_256x240.png HTTP/1.1" 200 6487 "-" "Googlebot-Image/1.0"
66.249.72.227 - - [12/Sep/2025:19:16:57 -0300] "GET /assets/4f07b091/themes/trontastic/images/ui-icons_9fda58_256x240.png HTTP/1.1" 200 4676 "-" "Googlebot-Image/1.0"
66.249.77.8 - - [12/Sep/2025:19:17:35 -0300] "GET /static/img/twemoji/72x72/1f34d.png HTTP/1.1" 200 1118 "-" "Googlebot-Image/1.0"
66.249.77.9 - - [12/Sep/2025:19:18:14 -0300] "GET /static/img/twemoji/72x72/1f570.png HTTP/1.1" 200 854 "-" "Googlebot-Image/1.0"
66.249.77.10 - - [12/Sep/2025:19:19:30 -0300] "GET /static/img/twemoji/72x72/1f1f2-1f1f2.png HTTP/1.1" 200 604 "-" "Googlebot-Image/1.0"
66.249.77.8 - - [12/Sep/2025:19:19:49 -0300] "GET /static/img/twemoji/72x72/1f471-1f3ff-200d-2642-fe0f.png HTTP/1.1" 200 878 "-" "Googlebot-Image/1.0"
66.249.77.8 - - [12/Sep/2025:19:20:09 -0300] "GET /static/img/twemoji/72x72/1f58a.png HTTP/1.1" 200 847 "-" "Googlebot-Image/1.0"
142.44.220.218 - - [12/Sep/2025:19:21:01 -0300] "GET /assets/87aa2ff4/ HTTP/1.1" 200 811 "-" "Mozilla/5.0 (compatible; AhrefsBot/7.0; +http://ahrefs.com/robot/)"
66.249.77.8 - - [12/Sep/2025:19:21:26 -0300] "GET /static/img/twemoji/72x72/1f97e.png HTTP/1.1" 200 1038 "-" "Googlebot-Image/1.0"
66.249.72.226 - - [12/Sep/2025:19:22:06 -0300] "GET /assets/4f07b091/themes/sunny/images/ui-bg_gloss-wave_90_fff9e5_500x100.png HTTP/1.1" 200 5447 "-" "Googlebot-Image/1.0"
66.249.77.10 - - [12/Sep/2025:19:23:05 -0300] "GET /static/img/twemoji/72x72/1f4ed.png HTTP/1.1" 200 476 "-" "Googlebot-Image/1.0"
66.249.77.8 - - [12/Sep/2025:19:24:05 -0300] "GET /static/img/twemoji/72x72/1f938-1f3fb-200d-2642-fe0f.png HTTP/1.1" 200 1010 "-" "Googlebot-Image/1.0"
