20.171.207.138 - - [12/May/2025:14:42:24 -0300] "GET /api-roleback.php HTTP/1.1" 404 - "-" "Mozilla/5.0 AppleWebKit/537.36 (KHTML, like Gecko; compatible; GPTBot/1.2; +https://openai.com/gptbot)"
20.171.207.138 - - [12/May/2025:14:42:25 -0300] "GET /wp-admin/wp-cron.php HTTP/1.1" 404 - "-" "Mozilla/5.0 AppleWebKit/537.36 (KHTML, like Gecko; compatible; GPTBot/1.2; +https://openai.com/gptbot)"
20.171.207.138 - - [12/May/2025:14:42:30 -0300] "GET /tetravalente/%20%E2%80%8E%20%E2%80%8E HTTP/1.1" 404 - "-" "Mozilla/5.0 AppleWebKit/537.36 (KHTML, like Gecko; compatible; GPTBot/1.2; +https://openai.com/gptbot)"
20.171.207.138 - - [12/May/2025:14:42:31 -0300] "GET /wp-includes/customize/wp-login.php HTTP/1.1" 404 - "-" "Mozilla/5.0 AppleWebKit/537.36 (KHTML, like Gecko; compatible; GPTBot/1.2; +https://openai.com/gptbot)"
20.171.207.138 - - [12/May/2025:14:42:32 -0300] "GET /wp-admin/css/network.php HTTP/1.1" 404 - "-" "Mozilla/5.0 AppleWebKit/537.36 (KHTML, like Gecko; compatible; GPTBot/1.2; +https://openai.com/gptbot)"
44.200.195.128 - - [12/May/2025:14:42:33 -0300] "GET /meningiteb/ HTTP/1.1" 404 - "https://vacivitta.com.br" "Mozilla/5.0 (Windows NT 6.3; Win64; x64) AppleWebKit/537.36 (KHTML, like Gecko) Chrome/95.0.4638.69 Safari/537.36"
44.200.156.83 - - [12/May/2025:14:42:34 -0300] "GET /brasilia/ HTTP/1.1" 404 - "https://vacivitta.com.br" "Mozilla/5.0 (Windows NT 10.0; Win64; x64) AppleWebKit/537.36 (KHTML, like Gecko) Chrome/94.0.4606.81 Safari/537.36"
3.239.16.199 - - [12/May/2025:14:42:38 -0300] "GET /meningite-acwy/ HTTP/1.1" 404 - "https://vacivitta.com.br" "Mozilla/5.0 (Macintosh; Intel Mac OS X 10_15_7) AppleWebKit/537.36 (KHTML, like Gecko) Chrome/93.0.4577.82 Safari/537.36"
3.223.191.194 - - [12/May/2025:14:42:38 -0300] "GET /pneumo13/ HTTP/1.1" 404 - "https://vacivitta.com.br" "Mozilla/5.0 (Macintosh; Intel Mac OS X 10_15_7) AppleWebKit/605.1.15 (KHTML, like Gecko) Version/14.1.1 Safari/605.1.15"
20.171.207.138 - - [12/May/2025:14:42:38 -0300] "GET /wp-admin/css/colors/midnight/UwnDYGke.php HTTP/1.1" 404 - "-" "Mozilla/5.0 AppleWebKit/537.36 (KHTML, like Gecko; compatible; GPTBot/1.2; +https://openai.com/gptbot)"
20.171.207.138 - - [12/May/2025:14:42:39 -0300] "GET /.qiodetme.php HTTP/1.1" 404 - "-" "Mozilla/5.0 AppleWebKit/537.36 (KHTML, like Gecko; compatible; GPTBot/1.2; +https://openai.com/gptbot)"
20.171.207.138 - - [12/May/2025:14:42:40 -0300] "GET /ova-tools.php HTTP/1.1" 404 - "-" "Mozilla/5.0 AppleWebKit/537.36 (KHTML, like Gecko; compatible; GPTBot/1.2; +https://openai.com/gptbot)"
3.219.33.36 - - [12/May/2025:14:42:41 -0300] "GET /vacinacao-em-domicilio/ HTTP/1.1" 404 - "https://vacivitta.com.br" "Mozilla/5.0 (X11; Linux x86_64) AppleWebKit/537.36 (KHTML, like Gecko) Chrome/96.0.4664.45 Safari/537.36"
3.239.16.199 - - [12/May/2025:14:42:42 -0300] "GET /exames-clinicos/ HTTP/1.1" 404 - "https://vacivitta.com.br" "Mozilla/5.0 (X11; Linux x86_64; rv:94.0) Gecko/20100101 Firefox/94.0"
20.171.207.138 - - [12/May/2025:14:42:43 -0300] "GET /webadmin/admin/service_manager_data.php HTTP/1.1" 404 - "-" "Mozilla/5.0 AppleWebKit/537.36 (KHTML, like Gecko; compatible; GPTBot/1.2; +https://openai.com/gptbot)"
20.171.207.138 - - [12/May/2025:14:42:45 -0300] "GET /wp-includes/customize/wp-login.php HTTP/1.1" 404 - "-" "Mozilla/5.0 AppleWebKit/537.36 (KHTML, like Gecko; compatible; GPTBot/1.2; +https://openai.com/gptbot)"
20.171.207.138 - - [12/May/2025:14:42:46 -0300] "GET /images/class.engine.php HTTP/1.1" 404 - "-" "Mozilla/5.0 AppleWebKit/537.36 (KHTML, like Gecko; compatible; GPTBot/1.2; +https://openai.com/gptbot)"
3.94.31.201 - - [12/May/2025:14:42:46 -0300] "GET /clientes/ HTTP/1.1" 404 - "https://vacivitta.com.br" "Mozilla/5.0 (Windows NT 10.0; Win64; x64) AppleWebKit/537.36 (KHTML, like Gecko) Chrome/95.0.4638.54 Safari/537.36"
20.171.207.138 - - [12/May/2025:14:42:47 -0300] "GET /wp-admin/css/colors/blue/taf.php HTTP/1.1" 404 - "-" "Mozilla/5.0 AppleWebKit/537.36 (KHTML, like Gecko; compatible; GPTBot/1.2; +https://openai.com/gptbot)"
20.171.207.138 - - [12/May/2025:14:42:48 -0300] "GET /wp-includes/customize/zmFM.php HTTP/1.1" 404 - "-" "Mozilla/5.0 AppleWebKit/537.36 (KHTML, like Gecko; compatible; GPTBot/1.2; +https://openai.com/gptbot)"
3.219.33.36 - - [12/May/2025:14:42:49 -0300] "GET /santos/ HTTP/1.1" 404 - "https://vacivitta.com.br" "Mozilla/5.0 (Windows NT 10.0; Win64; x64) AppleWebKit/537.36 (KHTML, like Gecko) Chrome/96.0.4664.45 Safari/537.36"
20.171.207.138 - - [12/May/2025:14:42:52 -0300] "GET /rio-de-janeiro HTTP/1.1" 404 - "-" "Mozilla/5.0 AppleWebKit/537.36 (KHTML, like Gecko; compatible; GPTBot/1.2; +https://openai.com/gptbot)"
20.171.207.138 - - [12/May/2025:14:42:53 -0300] "GET /wordpress/wp-content/plugins/523453244/mini.php HTTP/1.1" 404 - "-" "Mozilla/5.0 AppleWebKit/537.36 (KHTML, like Gecko; compatible; GPTBot/1.2; +https://openai.com/gptbot)"
3.219.33.36 - - [12/May/2025:14:42:54 -0300] "GET /acessocorporativo/ HTTP/1.1" 404 - "https://vacivitta.com.br" "Mozilla/5.0 (Windows NT 10.0; Win64; x64) AppleWebKit/537.36 (KHTML, like Gecko) Chrome/96.0.4664.45 Safari/537.36"
20.171.207.138 - - [12/May/2025:14:42:55 -0300] "GET /hui/lib/webuploader/0.1.5/server/fileupload.php HTTP/1.1" 404 - "-" "Mozilla/5.0 AppleWebKit/537.36 (KHTML, like Gecko; compatible; GPTBot/1.2; +https://openai.com/gptbot)"
20.171.207.138 - - [12/May/2025:14:42:57 -0300] "GET /wp-includes/random_compat/about.php HTTP/1.1" 404 - "-" "Mozilla/5.0 AppleWebKit/537.36 (KHTML, like Gecko; compatible; GPTBot/1.2; +https://openai.com/gptbot)"
3.219.33.36 - - [12/May/2025:14:42:59 -0300] "GET /salto/ HTTP/1.1" 404 - "https://vacivitta.com.br" "Mozilla/5.0 (Windows NT 10.0; Win64; x64) AppleWebKit/537.36 (KHTML, like Gecko) Chrome/94.0.4606.81 Safari/537.36"
44.220.167.31 - - [12/May/2025:14:42:59 -0300] "GET /itu/ HTTP/1.1" 404 - "https://vacivitta.com.br" "Mozilla/5.0 (Windows NT 6.3; Win64; x64) AppleWebKit/537.36 (KHTML, like Gecko) Chrome/95.0.4638.69 Safari/537.36"
20.171.207.138 - - [12/May/2025:14:43:00 -0300] "GET /wp-content/plugins/contact-form-7/includes/js/jquery-ui/themes/smoothness/admin.php HTTP/1.1" 404 - "-" "Mozilla/5.0 AppleWebKit/537.36 (KHTML, like Gecko; compatible; GPTBot/1.2; +https://openai.com/gptbot)"
20.171.207.138 - - [12/May/2025:14:43:01 -0300] "GET /site/admin.php HTTP/1.1" 404 - "-" "Mozilla/5.0 AppleWebKit/537.36 (KHTML, like Gecko; compatible; GPTBot/1.2; +https://openai.com/gptbot)"
20.171.207.138 - - [12/May/2025:14:43:02 -0300] "GET /autoload_classmap.php HTTP/1.1" 404 - "-" "Mozilla/5.0 AppleWebKit/537.36 (KHTML, like Gecko; compatible; GPTBot/1.2; +https://openai.com/gptbot)"
20.171.207.138 - - [12/May/2025:14:43:03 -0300] "GET /wp-includes/sodium_compat/src/Core/Curve25519/Ge/wp_blog.php HTTP/1.1" 404 - "-" "Mozilla/5.0 AppleWebKit/537.36 (KHTML, like Gecko; compatible; GPTBot/1.2; +https://openai.com/gptbot)"
20.171.207.138 - - [12/May/2025:14:43:06 -0300] "GET /nf_tracking.php HTTP/1.1" 404 - "-" "Mozilla/5.0 AppleWebKit/537.36 (KHTML, like Gecko; compatible; GPTBot/1.2; +https://openai.com/gptbot)"
20.171.207.138 - - [12/May/2025:14:43:07 -0300] "GET /font-editor.php HTTP/1.1" 404 - "-" "Mozilla/5.0 AppleWebKit/537.36 (KHTML, like Gecko; compatible; GPTBot/1.2; +https://openai.com/gptbot)"
20.171.207.138 - - [12/May/2025:14:43:09 -0300] "GET /wp-admin/images/classwithtostring.php HTTP/1.1" 404 - "-" "Mozilla/5.0 AppleWebKit/537.36 (KHTML, like Gecko; compatible; GPTBot/1.2; +https://openai.com/gptbot)"
3.235.16.13 - - [12/May/2025:14:43:09 -0300] "GET /gripe/ HTTP/1.1" 404 - "https://vacivitta.com.br" "Mozilla/5.0 (Windows NT 10.0; WOW64) AppleWebKit/537.36 (KHTML, like Gecko) Chrome/95.0.4638.69 Safari/537.36"
20.171.207.138 - - [12/May/2025:14:43:10 -0300] "GET /wp-admin/css/colors/blue/ HTTP/1.1" 404 - "-" "Mozilla/5.0 AppleWebKit/537.36 (KHTML, like Gecko; compatible; GPTBot/1.2; +https://openai.com/gptbot)"
20.171.207.138 - - [12/May/2025:14:43:11 -0300] "GET /.well-known/acme-challenge/index.php HTTP/1.1" 404 - "-" "Mozilla/5.0 AppleWebKit/537.36 (KHTML, like Gecko; compatible; GPTBot/1.2; +https://openai.com/gptbot)"
20.171.207.138 - - [12/May/2025:14:43:12 -0300] "GET /wp-content/uploads/wp-cron.php HTTP/1.1" 404 - "-" "Mozilla/5.0 AppleWebKit/537.36 (KHTML, like Gecko; compatible; GPTBot/1.2; +https://openai.com/gptbot)"
20.171.207.138 - - [12/May/2025:14:43:15 -0300] "GET /.well-known/acme-challenge/admin.php HTTP/1.1" 404 - "-" "Mozilla/5.0 AppleWebKit/537.36 (KHTML, like Gecko; compatible; GPTBot/1.2; +https://openai.com/gptbot)"
100.27.38.167 - - [12/May/2025:14:43:15 -0300] "GET /varicela// HTTP/1.1" 404 - "https://vacivitta.com.br" "Mozilla/5.0 (X11; Linux x86_64) AppleWebKit/537.36 (KHTML, like Gecko) Chrome/94.0.4606.71 Safari/537.36"
20.171.207.138 - - [12/May/2025:14:43:16 -0300] "GET /wp-includes/sodium_compat/src/Core/Curve25519/Ge/wp_blog.php HTTP/1.1" 404 - "-" "Mozilla/5.0 AppleWebKit/537.36 (KHTML, like Gecko; compatible; GPTBot/1.2; +https://openai.com/gptbot)"
20.171.207.138 - - [12/May/2025:14:43:19 -0300] "GET /nf_tracking.php HTTP/1.1" 404 - "-" "Mozilla/5.0 AppleWebKit/537.36 (KHTML, like Gecko; compatible; GPTBot/1.2; +https://openai.com/gptbot)"
20.171.207.138 - - [12/May/2025:14:43:23 -0300] "GET /wp-admin/includes/plugins.php HTTP/1.1" 404 - "-" "Mozilla/5.0 AppleWebKit/537.36 (KHTML, like Gecko; compatible; GPTBot/1.2; +https://openai.com/gptbot)"
20.171.207.138 - - [12/May/2025:14:43:25 -0300] "GET /wp-content/plugins/linkpreview/wp-blog.php HTTP/1.1" 404 - "-" "Mozilla/5.0 AppleWebKit/537.36 (KHTML, like Gecko; compatible; GPTBot/1.2; +https://openai.com/gptbot)"
20.171.207.138 - - [12/May/2025:14:43:28 -0300] "GET /license.php HTTP/1.1" 404 - "-" "Mozilla/5.0 AppleWebKit/537.36 (KHTML, like Gecko; compatible; GPTBot/1.2; +https://openai.com/gptbot)"
3.94.31.201 - - [12/May/2025:14:43:28 -0300] "GET /?page_id=3377 HTTP/1.1" 200 488 "https://vacivitta.com.br" "Mozilla/5.0 (Macintosh; Intel Mac OS X 10_15_7) AppleWebKit/537.36 (KHTML, like Gecko) Chrome/96.0.4664.45 Safari/537.36"
20.171.207.138 - - [12/May/2025:14:43:29 -0300] "GET /Public/Admin/Widget/webuploader/0.1.5/server/fileupload.php HTTP/1.1" 404 - "-" "Mozilla/5.0 AppleWebKit/537.36 (KHTML, like Gecko; compatible; GPTBot/1.2; +https://openai.com/gptbot)"
20.171.207.138 - - [12/May/2025:14:43:30 -0300] "GET /cfide/administrator/images/mx_login.gif HTTP/1.1" 404 - "-" "Mozilla/5.0 AppleWebKit/537.36 (KHTML, like Gecko; compatible; GPTBot/1.2; +https://openai.com/gptbot)"
20.171.207.138 - - [12/May/2025:14:43:31 -0300] "GET /general.php HTTP/1.1" 404 - "-" "Mozilla/5.0 AppleWebKit/537.36 (KHTML, like Gecko; compatible; GPTBot/1.2; +https://openai.com/gptbot)"
20.171.207.138 - - [12/May/2025:14:43:32 -0300] "GET /streampipes-backend/api/openapi.json HTTP/1.1" 404 - "-" "Mozilla/5.0 AppleWebKit/537.36 (KHTML, like Gecko; compatible; GPTBot/1.2; +https://openai.com/gptbot)"
44.211.242.113 - - [12/May/2025:14:43:34 -0300] "GET /dtpa/ HTTP/1.1" 404 - "https://vacivitta.com.br" "Mozilla/5.0 (Windows NT 10.0; Win64; x64) AppleWebKit/537.36 (KHTML, like Gecko) Chrome/96.0.4664.45 Safari/537.36"
20.171.207.138 - - [12/May/2025:14:43:35 -0300] "GET /sites/default/files/HolaDR7_70778.php HTTP/1.1" 404 - "-" "Mozilla/5.0 AppleWebKit/537.36 (KHTML, like Gecko; compatible; GPTBot/1.2; +https://openai.com/gptbot)"
20.171.207.138 - - [12/May/2025:14:43:36 -0300] "GET /wordpress/wp-content/plugins/xnxx/noob.php HTTP/1.1" 404 - "-" "Mozilla/5.0 AppleWebKit/537.36 (KHTML, like Gecko; compatible; GPTBot/1.2; +https://openai.com/gptbot)"
20.171.207.138 - - [12/May/2025:14:43:37 -0300] "GET /wp-content/uploads//wp-content/ HTTP/1.1" 404 - "-" "Mozilla/5.0 AppleWebKit/537.36 (KHTML, like Gecko; compatible; GPTBot/1.2; +https://openai.com/gptbot)"
20.171.207.138 - - [12/May/2025:14:43:38 -0300] "GET /alfanew.php HTTP/1.1" 404 - "-" "Mozilla/5.0 AppleWebKit/537.36 (KHTML, like Gecko; compatible; GPTBot/1.2; +https://openai.com/gptbot)"
20.171.207.138 - - [12/May/2025:14:43:40 -0300] "GET /as/function HTTP/1.1" 404 - "-" "Mozilla/5.0 AppleWebKit/537.36 (KHTML, like Gecko; compatible; GPTBot/1.2; +https://openai.com/gptbot)"
20.171.207.138 - - [12/May/2025:14:43:42 -0300] "GET /tijuca/ HTTP/1.1" 404 - "-" "Mozilla/5.0 AppleWebKit/537.36 (KHTML, like Gecko; compatible; GPTBot/1.2; +https://openai.com/gptbot)"
20.171.207.138 - - [12/May/2025:14:43:43 -0300] "GET /santos/ HTTP/1.1" 404 - "-" "Mozilla/5.0 AppleWebKit/537.36 (KHTML, like Gecko; compatible; GPTBot/1.2; +https://openai.com/gptbot)"
20.171.207.138 - - [12/May/2025:14:43:45 -0300] "GET /general.php HTTP/1.1" 404 - "-" "Mozilla/5.0 AppleWebKit/537.36 (KHTML, like Gecko; compatible; GPTBot/1.2; +https://openai.com/gptbot)"
20.171.207.138 - - [12/May/2025:14:43:46 -0300] "GET /ioxi-rex4.php7 HTTP/1.1" 404 - "-" "Mozilla/5.0 AppleWebKit/537.36 (KHTML, like Gecko; compatible; GPTBot/1.2; +https://openai.com/gptbot)"
44.203.79.36 - - [12/May/2025:14:43:48 -0300] "GET /pneumo15/ HTTP/1.1" 404 - "https://vacivitta.com.br" "Mozilla/5.0 (Windows NT 10.0; rv:78.0) Gecko/20100101 Firefox/78.0"
20.171.207.138 - - [12/May/2025:14:43:51 -0300] "GET /wordpress/wp-content/plugins/kamrul13/k.php HTTP/1.1" 404 - "-" "Mozilla/5.0 AppleWebKit/537.36 (KHTML, like Gecko; compatible; GPTBot/1.2; +https://openai.com/gptbot)"
20.171.207.138 - - [12/May/2025:14:43:53 -0300] "GET /wp-includes/blocks/post-excerpt/wp-blog.php HTTP/1.1" 404 - "-" "Mozilla/5.0 AppleWebKit/537.36 (KHTML, like Gecko; compatible; GPTBot/1.2; +https://openai.com/gptbot)"
20.171.207.138 - - [12/May/2025:14:43:54 -0300] "GET /hib/ HTTP/1.1" 404 - "-" "Mozilla/5.0 AppleWebKit/537.36 (KHTML, like Gecko; compatible; GPTBot/1.2; +https://openai.com/gptbot)"
20.171.207.138 - - [12/May/2025:14:43:55 -0300] "GET /ioxi-rex3.php7 HTTP/1.1" 404 - "-" "Mozilla/5.0 AppleWebKit/537.36 (KHTML, like Gecko; compatible; GPTBot/1.2; +https://openai.com/gptbot)"
66.249.72.69 - - [12/May/2025:14:43:57 -0300] "GET /products/184zr30893 HTTP/1.1" 404 - "-" "Mozilla/5.0 (Linux; Android 6.0.1; Nexus 5X Build/MMB29P) AppleWebKit/537.36 (KHTML, like Gecko) Chrome/136.0.7103.59 Mobile Safari/537.36 (compatible; GoogleOther)"
20.171.207.138 - - [12/May/2025:14:43:57 -0300] "GET /itu/ HTTP/1.1" 404 - "-" "Mozilla/5.0 AppleWebKit/537.36 (KHTML, like Gecko; compatible; GPTBot/1.2; +https://openai.com/gptbot)"
20.171.207.138 - - [12/May/2025:14:43:58 -0300] "GET /new/ HTTP/1.1" 404 - "-" "Mozilla/5.0 AppleWebKit/537.36 (KHTML, like Gecko; compatible; GPTBot/1.2; +https://openai.com/gptbot)"
20.171.207.138 - - [12/May/2025:14:43:59 -0300] "GET /ioxi-rex4.php7 HTTP/1.1" 404 - "-" "Mozilla/5.0 AppleWebKit/537.36 (KHTML, like Gecko; compatible; GPTBot/1.2; +https://openai.com/gptbot)"
20.171.207.138 - - [12/May/2025:14:44:00 -0300] "GET /wordpress/wp-includes/customize/class-wp-customize-media-controI.php HTTP/1.1" 404 - "-" "Mozilla/5.0 AppleWebKit/537.36 (KHTML, like Gecko; compatible; GPTBot/1.2; +https://openai.com/gptbot)"
20.171.207.138 - - [12/May/2025:14:44:01 -0300] "GET /public/back/lib/webuploader/0.1.5/server/fileupload.php HTTP/1.1" 404 - "-" "Mozilla/5.0 AppleWebKit/537.36 (KHTML, like Gecko; compatible; GPTBot/1.2; +https://openai.com/gptbot)"
20.171.207.138 - - [12/May/2025:14:44:05 -0300] "GET /public/hui/lib/webuploader/0.1.5/server/fileupload.php HTTP/1.1" 404 - "-" "Mozilla/5.0 AppleWebKit/537.36 (KHTML, like Gecko; compatible; GPTBot/1.2; +https://openai.com/gptbot)"
20.171.207.138 - - [12/May/2025:14:44:06 -0300] "GET /wp-content/plugins/poikdmp/index.php HTTP/1.1" 404 - "-" "Mozilla/5.0 AppleWebKit/537.36 (KHTML, like Gecko; compatible; GPTBot/1.2; +https://openai.com/gptbot)"
20.171.207.138 - - [12/May/2025:14:44:07 -0300] "GET /app/login.py HTTP/1.1" 404 - "-" "Mozilla/5.0 AppleWebKit/537.36 (KHTML, like Gecko; compatible; GPTBot/1.2; +https://openai.com/gptbot)"
20.171.207.138 - - [12/May/2025:14:44:08 -0300] "GET /wordpress HTTP/1.1" 404 - "-" "Mozilla/5.0 AppleWebKit/537.36 (KHTML, like Gecko; compatible; GPTBot/1.2; +https://openai.com/gptbot)"
20.171.207.138 - - [12/May/2025:14:44:09 -0300] "GET /classes/static/lib/webuploader/0.1.5/server/fileupload.php HTTP/1.1" 404 - "-" "Mozilla/5.0 AppleWebKit/537.36 (KHTML, like Gecko; compatible; GPTBot/1.2; +https://openai.com/gptbot)"
20.171.207.138 - - [12/May/2025:14:44:14 -0300] "GET /wp-config.php_bak HTTP/1.1" 404 - "-" "Mozilla/5.0 AppleWebKit/537.36 (KHTML, like Gecko; compatible; GPTBot/1.2; +https://openai.com/gptbot)"
66.249.72.67 - - [12/May/2025:14:44:14 -0300] "GET /items/rkmtu277/18731?key=limitation HTTP/1.1" 404 - "-" "Mozilla/5.0 (Linux; Android 6.0.1; Nexus 5X Build/MMB29P) AppleWebKit/537.36 (KHTML, like Gecko) Chrome/136.0.7103.59 Mobile Safari/537.36 (compatible; Googlebot/2.1; +http://www.google.com/bot.html)"
20.171.207.138 - - [12/May/2025:14:44:15 -0300] "GET /wp-content/plugins/wp-doftx/noimg.php HTTP/1.1" 404 - "-" "Mozilla/5.0 AppleWebKit/537.36 (KHTML, like Gecko; compatible; GPTBot/1.2; +https://openai.com/gptbot)"
20.171.207.138 - - [12/May/2025:14:44:16 -0300] "GET /wp-seo.php HTTP/1.1" 404 - "-" "Mozilla/5.0 AppleWebKit/537.36 (KHTML, like Gecko; compatible; GPTBot/1.2; +https://openai.com/gptbot)"
20.171.207.138 - - [12/May/2025:14:44:21 -0300] "GET /wp-content/alfa.php HTTP/1.1" 404 - "-" "Mozilla/5.0 AppleWebKit/537.36 (KHTML, like Gecko; compatible; GPTBot/1.2; +https://openai.com/gptbot)"
20.171.207.138 - - [12/May/2025:14:44:22 -0300] "GET /templates/main/lib/webuploader/0.1.5/server/fileupload.php HTTP/1.1" 404 - "-" "Mozilla/5.0 AppleWebKit/537.36 (KHTML, like Gecko; compatible; GPTBot/1.2; +https://openai.com/gptbot)"
20.171.207.138 - - [12/May/2025:14:44:23 -0300] "GET /wp-content/edit.php HTTP/1.1" 404 - "-" "Mozilla/5.0 AppleWebKit/537.36 (KHTML, like Gecko; compatible; GPTBot/1.2; +https://openai.com/gptbot)"
20.171.207.138 - - [12/May/2025:14:44:24 -0300] "GET /wp-ver.php HTTP/1.1" 404 - "-" "Mozilla/5.0 AppleWebKit/537.36 (KHTML, like Gecko; compatible; GPTBot/1.2; +https://openai.com/gptbot)"
20.171.207.138 - - [12/May/2025:14:44:26 -0300] "GET /wp-admin/home.php HTTP/1.1" 404 - "-" "Mozilla/5.0 AppleWebKit/537.36 (KHTML, like Gecko; compatible; GPTBot/1.2; +https://openai.com/gptbot)"
20.171.207.138 - - [12/May/2025:14:44:28 -0300] "GET /xml.php HTTP/1.1" 404 - "-" "Mozilla/5.0 AppleWebKit/537.36 (KHTML, like Gecko; compatible; GPTBot/1.2; +https://openai.com/gptbot)"
20.171.207.138 - - [12/May/2025:14:44:46 -0300] "GET /wp-content/mari.php HTTP/1.1" 404 - "-" "Mozilla/5.0 AppleWebKit/537.36 (KHTML, like Gecko; compatible; GPTBot/1.2; +https://openai.com/gptbot)"
20.171.207.138 - - [12/May/2025:14:44:51 -0300] "GET /wp-content/batm.php HTTP/1.1" 404 - "-" "Mozilla/5.0 AppleWebKit/537.36 (KHTML, like Gecko; compatible; GPTBot/1.2; +https://openai.com/gptbot)"
20.171.207.138 - - [12/May/2025:14:44:54 -0300] "GET /wp-includes/Text/about.php HTTP/1.1" 404 - "-" "Mozilla/5.0 AppleWebKit/537.36 (KHTML, like Gecko; compatible; GPTBot/1.2; +https://openai.com/gptbot)"
20.171.207.138 - - [12/May/2025:14:44:55 -0300] "GET /login.shtml HTTP/1.1" 404 - "-" "Mozilla/5.0 AppleWebKit/537.36 (KHTML, like Gecko; compatible; GPTBot/1.2; +https://openai.com/gptbot)"
20.171.207.138 - - [12/May/2025:14:44:58 -0300] "GET /salto-de-pirapora HTTP/1.1" 404 - "-" "Mozilla/5.0 AppleWebKit/537.36 (KHTML, like Gecko; compatible; GPTBot/1.2; +https://openai.com/gptbot)"
20.171.207.138 - - [12/May/2025:14:44:59 -0300] "GET /tag/vacinacao HTTP/1.1" 404 - "-" "Mozilla/5.0 AppleWebKit/537.36 (KHTML, like Gecko; compatible; GPTBot/1.2; +https://openai.com/gptbot)"
20.171.207.138 - - [12/May/2025:14:45:00 -0300] "GET //wp-content/plugins/WordPressCore/ HTTP/1.1" 404 - "-" "Mozilla/5.0 AppleWebKit/537.36 (KHTML, like Gecko; compatible; GPTBot/1.2; +https://openai.com/gptbot)"
20.171.207.138 - - [12/May/2025:14:45:03 -0300] "GET /images/F0x.php HTTP/1.1" 404 - "-" "Mozilla/5.0 AppleWebKit/537.36 (KHTML, like Gecko; compatible; GPTBot/1.2; +https://openai.com/gptbot)"
66.249.72.69 - - [12/May/2025:14:45:04 -0300] "GET /pcmypage?callback=/product%2Fdetail%2Anaheimshop-901329658 HTTP/1.1" 404 - "-" "Mozilla/5.0 (Linux; Android 6.0.1; Nexus 5X Build/MMB29P) AppleWebKit/537.36 (KHTML, like Gecko) Chrome/136.0.7103.59 Mobile Safari/537.36 (compatible; GoogleOther)"
20.171.207.138 - - [12/May/2025:14:45:06 -0300] "GET /wp-admin/css/plugins.php HTTP/1.1" 404 - "-" "Mozilla/5.0 AppleWebKit/537.36 (KHTML, like Gecko; compatible; GPTBot/1.2; +https://openai.com/gptbot)"
20.171.207.138 - - [12/May/2025:14:45:07 -0300] "GET /AdminAssets/lib/webuploader/0.1.5/server/fileupload.php HTTP/1.1" 404 - "-" "Mozilla/5.0 AppleWebKit/537.36 (KHTML, like Gecko; compatible; GPTBot/1.2; +https://openai.com/gptbot)"
20.171.207.138 - - [12/May/2025:14:45:08 -0300] "GET /.info.php HTTP/1.1" 404 - "-" "Mozilla/5.0 AppleWebKit/537.36 (KHTML, like Gecko; compatible; GPTBot/1.2; +https://openai.com/gptbot)"
20.171.207.138 - - [12/May/2025:14:45:09 -0300] "GET /wp-includes/IXR/themes.php HTTP/1.1" 404 - "-" "Mozilla/5.0 AppleWebKit/537.36 (KHTML, like Gecko; compatible; GPTBot/1.2; +https://openai.com/gptbot)"
20.171.207.138 - - [12/May/2025:14:45:10 -0300] "GET /wp-content/uploads/wp-login.php HTTP/1.1" 404 - "-" "Mozilla/5.0 AppleWebKit/537.36 (KHTML, like Gecko; compatible; GPTBot/1.2; +https://openai.com/gptbot)"
17.241.219.84 - - [12/May/2025:14:45:12 -0300] "GET /2022/01/17/sarampo/ HTTP/1.1" 404 - "-" "Mozilla/5.0 (Macintosh; Intel Mac OS X 10_15_7) AppleWebKit/605.1.15 (KHTML, like Gecko) Version/17.4 Safari/605.1.15 (Applebot/0.1; +http://www.apple.com/go/applebot)"
20.171.207.138 - - [12/May/2025:14:45:14 -0300] "GET /wp-content/uploads/2023/02/zdexnz.php HTTP/1.1" 404 - "-" "Mozilla/5.0 AppleWebKit/537.36 (KHTML, like Gecko; compatible; GPTBot/1.2; +https://openai.com/gptbot)"
20.171.207.138 - - [12/May/2025:14:45:15 -0300] "GET /wp-content/plugins/book-form/lndex.php HTTP/1.1" 404 - "-" "Mozilla/5.0 AppleWebKit/537.36 (KHTML, like Gecko; compatible; GPTBot/1.2; +https://openai.com/gptbot)"
20.171.207.138 - - [12/May/2025:14:45:17 -0300] "GET /htcache.php HTTP/1.1" 404 - "-" "Mozilla/5.0 AppleWebKit/537.36 (KHTML, like Gecko; compatible; GPTBot/1.2; +https://openai.com/gptbot)"
20.171.207.138 - - [12/May/2025:14:45:23 -0300] "GET /wp-admin/css/plugins.php HTTP/1.1" 404 - "-" "Mozilla/5.0 AppleWebKit/537.36 (KHTML, like Gecko; compatible; GPTBot/1.2; +https://openai.com/gptbot)"
20.171.207.138 - - [12/May/2025:14:45:24 -0300] "GET /OVA-UNAME.php HTTP/1.1" 404 - "-" "Mozilla/5.0 AppleWebKit/537.36 (KHTML, like Gecko; compatible; GPTBot/1.2; +https://openai.com/gptbot)"
20.171.207.138 - - [12/May/2025:14:45:25 -0300] "GET /xt/index.php HTTP/1.1" 404 - "-" "Mozilla/5.0 AppleWebKit/537.36 (KHTML, like Gecko; compatible; GPTBot/1.2; +https://openai.com/gptbot)"
20.171.207.138 - - [12/May/2025:14:45:27 -0300] "GET /artifactory/webapp/ HTTP/1.1" 404 - "-" "Mozilla/5.0 AppleWebKit/537.36 (KHTML, like Gecko; compatible; GPTBot/1.2; +https://openai.com/gptbot)"
20.171.207.138 - - [12/May/2025:14:45:28 -0300] "GET /wp-includes/js/tinymce/profile.php HTTP/1.1" 404 - "-" "Mozilla/5.0 AppleWebKit/537.36 (KHTML, like Gecko; compatible; GPTBot/1.2; +https://openai.com/gptbot)"
20.171.207.138 - - [12/May/2025:14:45:30 -0300] "GET /wp-content/wp-info.php HTTP/1.1" 404 - "-" "Mozilla/5.0 AppleWebKit/537.36 (KHTML, like Gecko; compatible; GPTBot/1.2; +https://openai.com/gptbot)"
20.171.207.138 - - [12/May/2025:14:45:31 -0300] "GET /wp-admin/css/dnIzIDf.php HTTP/1.1" 404 - "-" "Mozilla/5.0 AppleWebKit/537.36 (KHTML, like Gecko; compatible; GPTBot/1.2; +https://openai.com/gptbot)"
20.171.207.138 - - [12/May/2025:14:45:32 -0300] "GET /confluence HTTP/1.1" 404 - "-" "Mozilla/5.0 AppleWebKit/537.36 (KHTML, like Gecko; compatible; GPTBot/1.2; +https://openai.com/gptbot)"
20.171.207.138 - - [12/May/2025:14:45:33 -0300] "GET /resources/views/web/mysys/lib/webuploader/0.1.5/server/fileupload.php HTTP/1.1" 404 - "-" "Mozilla/5.0 AppleWebKit/537.36 (KHTML, like Gecko; compatible; GPTBot/1.2; +https://openai.com/gptbot)"
20.171.207.138 - - [12/May/2025:14:45:37 -0300] "GET /bs1.php HTTP/1.1" 404 - "-" "Mozilla/5.0 AppleWebKit/537.36 (KHTML, like Gecko; compatible; GPTBot/1.2; +https://openai.com/gptbot)"
20.171.207.138 - - [12/May/2025:14:45:38 -0300] "GET /my1.php HTTP/1.1" 404 - "-" "Mozilla/5.0 AppleWebKit/537.36 (KHTML, like Gecko; compatible; GPTBot/1.2; +https://openai.com/gptbot)"
20.171.207.138 - - [12/May/2025:14:45:40 -0300] "GET /wp-admin/images/moon.php HTTP/1.1" 404 - "-" "Mozilla/5.0 AppleWebKit/537.36 (KHTML, like Gecko; compatible; GPTBot/1.2; +https://openai.com/gptbot)"
20.171.207.138 - - [12/May/2025:14:45:41 -0300] "GET /fm1.php HTTP/1.1" 404 - "-" "Mozilla/5.0 AppleWebKit/537.36 (KHTML, like Gecko; compatible; GPTBot/1.2; +https://openai.com/gptbot)"
20.171.207.138 - - [12/May/2025:14:45:46 -0300] "GET /wp-admin/maint/about.php HTTP/1.1" 404 - "-" "Mozilla/5.0 AppleWebKit/537.36 (KHTML, like Gecko; compatible; GPTBot/1.2; +https://openai.com/gptbot)"
20.171.207.138 - - [12/May/2025:14:45:47 -0300] "GET /wp-admin/images/file.php HTTP/1.1" 404 - "-" "Mozilla/5.0 AppleWebKit/537.36 (KHTML, like Gecko; compatible; GPTBot/1.2; +https://openai.com/gptbot)"
20.171.207.138 - - [12/May/2025:14:45:51 -0300] "GET /f0x.php HTTP/1.1" 404 - "-" "Mozilla/5.0 AppleWebKit/537.36 (KHTML, like Gecko; compatible; GPTBot/1.2; +https://openai.com/gptbot)"
20.171.207.138 - - [12/May/2025:14:45:52 -0300] "GET /wp-admin/images/moon.php HTTP/1.1" 404 - "-" "Mozilla/5.0 AppleWebKit/537.36 (KHTML, like Gecko; compatible; GPTBot/1.2; +https://openai.com/gptbot)"
20.171.207.138 - - [12/May/2025:14:45:53 -0300] "GET /wp-conflg.php HTTP/1.1" 404 - "-" "Mozilla/5.0 AppleWebKit/537.36 (KHTML, like Gecko; compatible; GPTBot/1.2; +https://openai.com/gptbot)"
20.171.207.138 - - [12/May/2025:14:45:55 -0300] "GET /bs2.php HTTP/1.1" 404 - "-" "Mozilla/5.0 AppleWebKit/537.36 (KHTML, like Gecko; compatible; GPTBot/1.2; +https://openai.com/gptbot)"
20.171.207.138 - - [12/May/2025:14:45:56 -0300] "GET /my1.php HTTP/1.1" 404 - "-" "Mozilla/5.0 AppleWebKit/537.36 (KHTML, like Gecko; compatible; GPTBot/1.2; +https://openai.com/gptbot)"
20.171.207.138 - - [12/May/2025:14:45:57 -0300] "GET /bs1.php HTTP/1.1" 404 - "-" "Mozilla/5.0 AppleWebKit/537.36 (KHTML, like Gecko; compatible; GPTBot/1.2; +https://openai.com/gptbot)"
20.171.207.138 - - [12/May/2025:14:46:01 -0300] "GET /fm1.php HTTP/1.1" 404 - "-" "Mozilla/5.0 AppleWebKit/537.36 (KHTML, like Gecko; compatible; GPTBot/1.2; +https://openai.com/gptbot)"
20.171.207.138 - - [12/May/2025:14:46:02 -0300] "GET /wp-logins.php HTTP/1.1" 404 - "-" "Mozilla/5.0 AppleWebKit/537.36 (KHTML, like Gecko; compatible; GPTBot/1.2; +https://openai.com/gptbot)"
20.171.207.138 - - [12/May/2025:14:46:03 -0300] "GET /wp-rocket.php HTTP/1.1" 404 - "-" "Mozilla/5.0 AppleWebKit/537.36 (KHTML, like Gecko; compatible; GPTBot/1.2; +https://openai.com/gptbot)"
20.171.207.138 - - [12/May/2025:14:46:06 -0300] "GET /calendario-de-vacinacao-idoso HTTP/1.1" 404 - "-" "Mozilla/5.0 AppleWebKit/537.36 (KHTML, like Gecko; compatible; GPTBot/1.2; +https://openai.com/gptbot)"
20.171.207.138 - - [12/May/2025:14:46:09 -0300] "GET /wp-includes/assets/index.php HTTP/1.1" 404 - "-" "Mozilla/5.0 AppleWebKit/537.36 (KHTML, like Gecko; compatible; GPTBot/1.2; +https://openai.com/gptbot)"
20.171.207.138 - - [12/May/2025:14:46:26 -0300] "GET /wp-admins.php HTTP/1.1" 404 - "-" "Mozilla/5.0 AppleWebKit/537.36 (KHTML, like Gecko; compatible; GPTBot/1.2; +https://openai.com/gptbot)"
20.171.207.138 - - [12/May/2025:14:46:30 -0300] "GET /wp-conflg.php HTTP/1.1" 404 - "-" "Mozilla/5.0 AppleWebKit/537.36 (KHTML, like Gecko; compatible; GPTBot/1.2; +https://openai.com/gptbot)"
72.14.201.240 - - [12/May/2025:14:46:30 -0300] "GET / HTTP/1.1" 200 488 "https://www.google.com/" "Mozilla/5.0 (Linux; Android 10; K) AppleWebKit/537.36 (KHTML, like Gecko) Chrome/136.0.0.0 Mobile Safari/537.36"
20.171.207.138 - - [12/May/2025:14:46:33 -0300] "GET /wp-content/plugins/wp-help/admin/wp-fclass.php HTTP/1.1" 404 - "-" "Mozilla/5.0 AppleWebKit/537.36 (KHTML, like Gecko; compatible; GPTBot/1.2; +https://openai.com/gptbot)"
20.171.207.138 - - [12/May/2025:14:46:34 -0300] "GET /templates/beez3/index.php HTTP/1.1" 404 - "-" "Mozilla/5.0 AppleWebKit/537.36 (KHTML, like Gecko; compatible; GPTBot/1.2; +https://openai.com/gptbot)"
20.171.207.138 - - [12/May/2025:14:46:36 -0300] "GET /:%20https:/vacivitta.com.br/hib/ HTTP/1.1" 404 - "-" "Mozilla/5.0 AppleWebKit/537.36 (KHTML, like Gecko; compatible; GPTBot/1.2; +https://openai.com/gptbot)"
20.171.207.138 - - [12/May/2025:14:46:39 -0300] "GET /wp-content/uploads/2018/03/passo-2-254x300.jpg HTTP/1.1" 404 - "-" "Mozilla/5.0 AppleWebKit/537.36 (KHTML, like Gecko; compatible; GPTBot/1.2; +https://openai.com/gptbot)"
20.171.207.138 - - [12/May/2025:14:46:41 -0300] "GET /wp-admin/wp-manager.php HTTP/1.1" 404 - "-" "Mozilla/5.0 AppleWebKit/537.36 (KHTML, like Gecko; compatible; GPTBot/1.2; +https://openai.com/gptbot)"
20.171.207.138 - - [12/May/2025:14:46:42 -0300] "GET /wp-content/uploads/2020/11/doc.php HTTP/1.1" 404 - "-" "Mozilla/5.0 AppleWebKit/537.36 (KHTML, like Gecko; compatible; GPTBot/1.2; +https://openai.com/gptbot)"
20.171.207.138 - - [12/May/2025:14:46:43 -0300] "GET /wp-content/uploads/2021/04/doc.php HTTP/1.1" 404 - "-" "Mozilla/5.0 AppleWebKit/537.36 (KHTML, like Gecko; compatible; GPTBot/1.2; +https://openai.com/gptbot)"
66.249.72.69 - - [12/May/2025:14:46:45 -0300] "GET /pcmypage?callback=product%2Fdetail%2Fkitchengoods-010758051 HTTP/1.1" 404 - "-" "Mozilla/5.0 (Linux; Android 6.0.1; Nexus 5X Build/MMB29P) AppleWebKit/537.36 (KHTML, like Gecko) Chrome/136.0.7103.59 Mobile Safari/537.36 (compatible; Googlebot/2.1; +http://www.google.com/bot.html)"
20.171.207.138 - - [12/May/2025:14:46:48 -0300] "GET /wp-includes/wso112233.php HTTP/1.1" 404 - "-" "Mozilla/5.0 AppleWebKit/537.36 (KHTML, like Gecko; compatible; GPTBot/1.2; +https://openai.com/gptbot)"
20.171.207.138 - - [12/May/2025:14:46:50 -0300] "GET /ALFA_DATA/alfacgiapi/c99.php HTTP/1.1" 404 - "-" "Mozilla/5.0 AppleWebKit/537.36 (KHTML, like Gecko; compatible; GPTBot/1.2; +https://openai.com/gptbot)"
20.171.207.138 - - [12/May/2025:14:46:51 -0300] "GET /wp-admin/js/privacy-tools.min.php HTTP/1.1" 404 - "-" "Mozilla/5.0 AppleWebKit/537.36 (KHTML, like Gecko; compatible; GPTBot/1.2; +https://openai.com/gptbot)"
20.171.207.138 - - [12/May/2025:14:46:53 -0300] "GET /wp-content/uploads/2018/06/diabetes_blog.jpg%20732w HTTP/1.1" 404 - "-" "Mozilla/5.0 AppleWebKit/537.36 (KHTML, like Gecko; compatible; GPTBot/1.2; +https://openai.com/gptbot)"
20.171.207.138 - - [12/May/2025:14:46:56 -0300] "GET /wp-content/themes/alternate-lite/inc/niko.php HTTP/1.1" 404 - "-" "Mozilla/5.0 AppleWebKit/537.36 (KHTML, like Gecko; compatible; GPTBot/1.2; +https://openai.com/gptbot)"
20.171.207.138 - - [12/May/2025:14:46:58 -0300] "GET /wp-admin/network/moon.php HTTP/1.1" 404 - "-" "Mozilla/5.0 AppleWebKit/537.36 (KHTML, like Gecko; compatible; GPTBot/1.2; +https://openai.com/gptbot)"
20.171.207.138 - - [12/May/2025:14:46:59 -0300] "GET /wp-admin/images/users.php HTTP/1.1" 404 - "-" "Mozilla/5.0 AppleWebKit/537.36 (KHTML, like Gecko; compatible; GPTBot/1.2; +https://openai.com/gptbot)"
20.171.207.138 - - [12/May/2025:14:47:00 -0300] "GET /wp-admin/maint/upfile.php HTTP/1.1" 404 - "-" "Mozilla/5.0 AppleWebKit/537.36 (KHTML, like Gecko; compatible; GPTBot/1.2; +https://openai.com/gptbot)"
20.171.207.138 - - [12/May/2025:14:47:02 -0300] "GET /items/iehqe184/10116 HTTP/1.1" 404 - "-" "Mozilla/5.0 AppleWebKit/537.36 (KHTML, like Gecko; compatible; GPTBot/1.2; +https://openai.com/gptbot)"
20.171.207.138 - - [12/May/2025:14:47:04 -0300] "GET /baxa1.phP8 HTTP/1.1" 404 - "-" "Mozilla/5.0 AppleWebKit/537.36 (KHTML, like Gecko; compatible; GPTBot/1.2; +https://openai.com/gptbot)"
20.171.207.138 - - [12/May/2025:14:47:05 -0300] "GET /wp-includes/SimplePie/about.php HTTP/1.1" 404 - "-" "Mozilla/5.0 AppleWebKit/537.36 (KHTML, like Gecko; compatible; GPTBot/1.2; +https://openai.com/gptbot)"
20.171.207.138 - - [12/May/2025:14:47:06 -0300] "GET /wp-admin/wp-admin.php HTTP/1.1" 404 - "-" "Mozilla/5.0 AppleWebKit/537.36 (KHTML, like Gecko; compatible; GPTBot/1.2; +https://openai.com/gptbot)"
20.171.207.138 - - [12/May/2025:14:47:08 -0300] "GET /wp-includes/wp-includes_function.php HTTP/1.1" 404 - "-" "Mozilla/5.0 AppleWebKit/537.36 (KHTML, like Gecko; compatible; GPTBot/1.2; +https://openai.com/gptbot)"
66.249.72.67 - - [12/May/2025:14:47:11 -0300] "GET /products/35yn934 HTTP/1.1" 404 - "-" "Mozilla/5.0 (Linux; Android 6.0.1; Nexus 5X Build/MMB29P) AppleWebKit/537.36 (KHTML, like Gecko) Chrome/136.0.7103.59 Mobile Safari/537.36 (compatible; GoogleOther)"
20.171.207.138 - - [12/May/2025:14:47:14 -0300] "GET /wp-includes/js/tinymce/wp-conflg.php.suspected HTTP/1.1" 404 - "-" "Mozilla/5.0 AppleWebKit/537.36 (KHTML, like Gecko; compatible; GPTBot/1.2; +https://openai.com/gptbot)"
20.171.207.138 - - [12/May/2025:14:47:17 -0300] "GET /wp-admin/xleet.php HTTP/1.1" 404 - "-" "Mozilla/5.0 AppleWebKit/537.36 (KHTML, like Gecko; compatible; GPTBot/1.2; +https://openai.com/gptbot)"
20.171.207.138 - - [12/May/2025:14:47:19 -0300] "GET /wp-includes/SimplePie/about.php HTTP/1.1" 404 - "-" "Mozilla/5.0 AppleWebKit/537.36 (KHTML, like Gecko; compatible; GPTBot/1.2; +https://openai.com/gptbot)"
20.171.207.138 - - [12/May/2025:14:47:21 -0300] "GET /modules/mod_insider/mod_insider.php HTTP/1.1" 404 - "-" "Mozilla/5.0 AppleWebKit/537.36 (KHTML, like Gecko; compatible; GPTBot/1.2; +https://openai.com/gptbot)"
20.171.207.138 - - [12/May/2025:14:47:22 -0300] "GET /wp-admin/links.php HTTP/1.1" 404 - "-" "Mozilla/5.0 AppleWebKit/537.36 (KHTML, like Gecko; compatible; GPTBot/1.2; +https://openai.com/gptbot)"
20.171.207.138 - - [12/May/2025:14:47:23 -0300] "GET /wp-admin/sitas.php HTTP/1.1" 404 - "-" "Mozilla/5.0 AppleWebKit/537.36 (KHTML, like Gecko; compatible; GPTBot/1.2; +https://openai.com/gptbot)"
20.171.207.138 - - [12/May/2025:14:47:25 -0300] "GET /wp-admin/local.php HTTP/1.1" 404 - "-" "Mozilla/5.0 AppleWebKit/537.36 (KHTML, like Gecko; compatible; GPTBot/1.2; +https://openai.com/gptbot)"
20.171.207.138 - - [12/May/2025:14:47:26 -0300] "GET /modules/mod_simplefileuploadv1.3/elements/udd.php HTTP/1.1" 404 - "-" "Mozilla/5.0 AppleWebKit/537.36 (KHTML, like Gecko; compatible; GPTBot/1.2; +https://openai.com/gptbot)"
20.171.207.138 - - [12/May/2025:14:47:27 -0300] "GET /wp-admin/about.php HTTP/1.1" 404 - "-" "Mozilla/5.0 AppleWebKit/537.36 (KHTML, like Gecko; compatible; GPTBot/1.2; +https://openai.com/gptbot)"
78.47.98.55 - - [12/May/2025:14:47:29 -0300] "HEAD / HTTP/1.1" 200 - "https://vacivitta.com.br/" "Mozilla/5.0+(compatible; UptimeRobot/2.0; http://www.uptimerobot.com/)"
20.171.207.138 - - [12/May/2025:14:47:29 -0300] "GET /mainFrame.htm HTTP/1.1" 404 - "-" "Mozilla/5.0 AppleWebKit/537.36 (KHTML, like Gecko; compatible; GPTBot/1.2; +https://openai.com/gptbot)"
20.171.207.138 - - [12/May/2025:14:47:31 -0300] "GET /wp-content/plugins/autoplugin/vendor/xMAN.php HTTP/1.1" 404 - "-" "Mozilla/5.0 AppleWebKit/537.36 (KHTML, like Gecko; compatible; GPTBot/1.2; +https://openai.com/gptbot)"
20.171.207.138 - - [12/May/2025:14:47:33 -0300] "GET /wp-content/themes/travel/issue.php HTTP/1.1" 404 - "-" "Mozilla/5.0 AppleWebKit/537.36 (KHTML, like Gecko; compatible; GPTBot/1.2; +https://openai.com/gptbot)"
20.171.207.138 - - [12/May/2025:14:47:37 -0300] "GET /wp-includes/Requests/class_api.php HTTP/1.1" 404 - "-" "Mozilla/5.0 AppleWebKit/537.36 (KHTML, like Gecko; compatible; GPTBot/1.2; +https://openai.com/gptbot)"
20.171.207.138 - - [12/May/2025:14:47:40 -0300] "GET /public/static/admin/hui/lib/webuploader/0.1.5/server/fileupload.php HTTP/1.1" 404 - "-" "Mozilla/5.0 AppleWebKit/537.36 (KHTML, like Gecko; compatible; GPTBot/1.2; +https://openai.com/gptbot)"
20.171.207.138 - - [12/May/2025:14:47:41 -0300] "GET /xmlrpc2.php HTTP/1.1" 404 - "-" "Mozilla/5.0 AppleWebKit/537.36 (KHTML, like Gecko; compatible; GPTBot/1.2; +https://openai.com/gptbot)"
20.171.207.138 - - [12/May/2025:14:47:42 -0300] "GET /wp-content/themes/ollie/doc.php HTTP/1.1" 404 - "-" "Mozilla/5.0 AppleWebKit/537.36 (KHTML, like Gecko; compatible; GPTBot/1.2; +https://openai.com/gptbot)"
20.171.207.138 - - [12/May/2025:14:47:44 -0300] "GET /shellv3.php HTTP/1.1" 404 - "-" "Mozilla/5.0 AppleWebKit/537.36 (KHTML, like Gecko; compatible; GPTBot/1.2; +https://openai.com/gptbot)"
20.171.207.138 - - [12/May/2025:14:47:45 -0300] "GET /wp-content/themes/travel/issue.php HTTP/1.1" 404 - "-" "Mozilla/5.0 AppleWebKit/537.36 (KHTML, like Gecko; compatible; GPTBot/1.2; +https://openai.com/gptbot)"
20.171.207.138 - - [12/May/2025:14:47:47 -0300] "GET /wp-content/themes/calmly/issue.php HTTP/1.1" 404 - "-" "Mozilla/5.0 AppleWebKit/537.36 (KHTML, like Gecko; compatible; GPTBot/1.2; +https://openai.com/gptbot)"
20.171.207.138 - - [12/May/2025:14:47:48 -0300] "GET /delete3.php HTTP/1.1" 404 - "-" "Mozilla/5.0 AppleWebKit/537.36 (KHTML, like Gecko; compatible; GPTBot/1.2; +https://openai.com/gptbot)"
20.171.207.138 - - [12/May/2025:14:47:50 -0300] "GET /inbox.php HTTP/1.1" 404 - "-" "Mozilla/5.0 AppleWebKit/537.36 (KHTML, like Gecko; compatible; GPTBot/1.2; +https://openai.com/gptbot)"
20.171.207.138 - - [12/May/2025:14:47:51 -0300] "GET /radio.php HTTP/1.1" 404 - "-" "Mozilla/5.0 AppleWebKit/537.36 (KHTML, like Gecko; compatible; GPTBot/1.2; +https://openai.com/gptbot)"
20.171.207.138 - - [12/May/2025:14:47:52 -0300] "GET /tesla.php HTTP/1.1" 404 - "-" "Mozilla/5.0 AppleWebKit/537.36 (KHTML, like Gecko; compatible; GPTBot/1.2; +https://openai.com/gptbot)"
20.171.207.138 - - [12/May/2025:14:47:58 -0300] "GET /lufix.php HTTP/1.1" 404 - "-" "Mozilla/5.0 AppleWebKit/537.36 (KHTML, like Gecko; compatible; GPTBot/1.2; +https://openai.com/gptbot)"
20.171.207.138 - - [12/May/2025:14:47:59 -0300] "GET /gecko.php HTTP/1.1" 404 - "-" "Mozilla/5.0 AppleWebKit/537.36 (KHTML, like Gecko; compatible; GPTBot/1.2; +https://openai.com/gptbot)"
20.171.207.138 - - [12/May/2025:14:48:00 -0300] "GET /style.php HTTP/1.1" 404 - "-" "Mozilla/5.0 AppleWebKit/537.36 (KHTML, like Gecko; compatible; GPTBot/1.2; +https://openai.com/gptbot)"
20.171.207.138 - - [12/May/2025:14:48:04 -0300] "GET /wp-includes/class-json-ajax-session.php HTTP/1.1" 404 - "-" "Mozilla/5.0 AppleWebKit/537.36 (KHTML, like Gecko; compatible; GPTBot/1.2; +https://openai.com/gptbot)"
20.171.207.138 - - [12/May/2025:14:48:05 -0300] "GET /indec.php HTTP/1.1" 404 - "-" "Mozilla/5.0 AppleWebKit/537.36 (KHTML, like Gecko; compatible; GPTBot/1.2; +https://openai.com/gptbot)"
20.171.207.138 - - [12/May/2025:14:48:06 -0300] "GET /bacot.php HTTP/1.1" 404 - "-" "Mozilla/5.0 AppleWebKit/537.36 (KHTML, like Gecko; compatible; GPTBot/1.2; +https://openai.com/gptbot)"
20.171.207.138 - - [12/May/2025:14:48:07 -0300] "GET /gelay.php HTTP/1.1" 404 - "-" "Mozilla/5.0 AppleWebKit/537.36 (KHTML, like Gecko; compatible; GPTBot/1.2; +https://openai.com/gptbot)"
20.171.207.138 - - [12/May/2025:14:48:12 -0300] "GET /utchiha_uploader.php HTTP/1.1" 404 - "-" "Mozilla/5.0 AppleWebKit/537.36 (KHTML, like Gecko; compatible; GPTBot/1.2; +https://openai.com/gptbot)"
20.171.207.138 - - [12/May/2025:14:48:13 -0300] "GET /radio.php HTTP/1.1" 404 - "-" "Mozilla/5.0 AppleWebKit/537.36 (KHTML, like Gecko; compatible; GPTBot/1.2; +https://openai.com/gptbot)"
20.171.207.138 - - [12/May/2025:14:48:14 -0300] "GET /files.php HTTP/1.1" 404 - "-" "Mozilla/5.0 AppleWebKit/537.36 (KHTML, like Gecko; compatible; GPTBot/1.2; +https://openai.com/gptbot)"
20.171.207.138 - - [12/May/2025:14:48:15 -0300] "GET /wp-content/uploads/2018/04/ExternalLink_A-importaCC82ncia-da-vacinacCCA7aCC83o-durante-a-gravidez-700x311.jpg%20700w HTTP/1.1" 404 - "-" "Mozilla/5.0 AppleWebKit/537.36 (KHTML, like Gecko; compatible; GPTBot/1.2; +https://openai.com/gptbot)"
20.171.207.138 - - [12/May/2025:14:48:17 -0300] "GET /wp-content/uploads/2018/04/ExternalLink_A-importaCC82ncia-da-vacinacCCA7aCC83o-durante-a-gravidez-300x133.jpg%20300w HTTP/1.1" 404 - "-" "Mozilla/5.0 AppleWebKit/537.36 (KHTML, like Gecko; compatible; GPTBot/1.2; +https://openai.com/gptbot)"
20.171.207.138 - - [12/May/2025:14:48:18 -0300] "GET /blog/ HTTP/1.1" 404 - "-" "Mozilla/5.0 AppleWebKit/537.36 (KHTML, like Gecko; compatible; GPTBot/1.2; +https://openai.com/gptbot)"
20.171.207.138 - - [12/May/2025:14:48:20 -0300] "GET /wordpress/wp-admin/setup-config.php HTTP/1.1" 404 - "-" "Mozilla/5.0 AppleWebKit/537.36 (KHTML, like Gecko; compatible; GPTBot/1.2; +https://openai.com/gptbot)"
20.171.207.138 - - [12/May/2025:14:48:22 -0300] "GET /wp-content/uploads/help.php HTTP/1.1" 404 - "-" "Mozilla/5.0 AppleWebKit/537.36 (KHTML, like Gecko; compatible; GPTBot/1.2; +https://openai.com/gptbot)"
20.171.207.138 - - [12/May/2025:14:48:24 -0300] "GET /public/vendor/webupload/server/fileupload.php HTTP/1.1" 404 - "-" "Mozilla/5.0 AppleWebKit/537.36 (KHTML, like Gecko; compatible; GPTBot/1.2; +https://openai.com/gptbot)"
20.171.207.138 - - [12/May/2025:14:48:26 -0300] "GET /classsmtps.php HTTP/1.1" 404 - "-" "Mozilla/5.0 AppleWebKit/537.36 (KHTML, like Gecko; compatible; GPTBot/1.2; +https://openai.com/gptbot)"
20.171.207.138 - - [12/May/2025:14:48:31 -0300] "GET /wordpress/autoload_classmap.php HTTP/1.1" 404 - "-" "Mozilla/5.0 AppleWebKit/537.36 (KHTML, like Gecko; compatible; GPTBot/1.2; +https://openai.com/gptbot)"
20.171.207.138 - - [12/May/2025:14:48:32 -0300] "GET /wp-includes/wp_filemanager.php HTTP/1.1" 404 - "-" "Mozilla/5.0 AppleWebKit/537.36 (KHTML, like Gecko; compatible; GPTBot/1.2; +https://openai.com/gptbot)"
20.171.207.138 - - [12/May/2025:14:48:33 -0300] "GET /wp-includes/certificates/file.php HTTP/1.1" 404 - "-" "Mozilla/5.0 AppleWebKit/537.36 (KHTML, like Gecko; compatible; GPTBot/1.2; +https://openai.com/gptbot)"
20.171.207.138 - - [12/May/2025:14:48:36 -0300] "GET /wp-admin/network/gzak2w.php HTTP/1.1" 404 - "-" "Mozilla/5.0 AppleWebKit/537.36 (KHTML, like Gecko; compatible; GPTBot/1.2; +https://openai.com/gptbot)"
66.249.72.69 - - [12/May/2025:14:48:38 -0300] "GET /product/edit/haikanbuhin-01085503 HTTP/1.1" 404 - "-" "Mozilla/5.0 (Linux; Android 6.0.1; Nexus 5X Build/MMB29P) AppleWebKit/537.36 (KHTML, like Gecko) Chrome/136.0.7103.59 Mobile Safari/537.36 (compatible; Googlebot/2.1; +http://www.google.com/bot.html)"
20.171.207.138 - - [12/May/2025:14:48:39 -0300] "GET /classsmtps.php HTTP/1.1" 404 - "-" "Mozilla/5.0 AppleWebKit/537.36 (KHTML, like Gecko; compatible; GPTBot/1.2; +https://openai.com/gptbot)"
20.171.207.138 - - [12/May/2025:14:48:40 -0300] "GET /language/en-GB/en-GB.xml HTTP/1.1" 404 - "-" "Mozilla/5.0 AppleWebKit/537.36 (KHTML, like Gecko; compatible; GPTBot/1.2; +https://openai.com/gptbot)"
20.171.207.138 - - [12/May/2025:14:48:41 -0300] "GET /wp-content/themes/suntech/css_blocks.php HTTP/1.1" 404 - "-" "Mozilla/5.0 AppleWebKit/537.36 (KHTML, like Gecko; compatible; GPTBot/1.2; +https://openai.com/gptbot)"
20.171.207.138 - - [12/May/2025:14:48:44 -0300] "GET /dengue/%20%E2%80%8E%E2%80%8E HTTP/1.1" 404 - "-" "Mozilla/5.0 AppleWebKit/537.36 (KHTML, like Gecko; compatible; GPTBot/1.2; +https://openai.com/gptbot)"
20.171.207.138 - - [12/May/2025:14:48:45 -0300] "GET /wp-blog-header.php HTTP/1.1" 404 - "-" "Mozilla/5.0 AppleWebKit/537.36 (KHTML, like Gecko; compatible; GPTBot/1.2; +https://openai.com/gptbot)"
20.171.207.138 - - [12/May/2025:14:48:48 -0300] "GET /wp-content/uploads/2018/06/Polio.png%20732w HTTP/1.1" 404 - "-" "Mozilla/5.0 AppleWebKit/537.36 (KHTML, like Gecko; compatible; GPTBot/1.2; +https://openai.com/gptbot)"
20.171.207.138 - - [12/May/2025:14:49:08 -0300] "GET /cgi-bin/inputs.php HTTP/1.1" 404 - "-" "Mozilla/5.0 AppleWebKit/537.36 (KHTML, like Gecko; compatible; GPTBot/1.2; +https://openai.com/gptbot)"
20.171.207.138 - - [12/May/2025:14:49:14 -0300] "GET /wp-admin/network/wp-login.php HTTP/1.1" 404 - "-" "Mozilla/5.0 AppleWebKit/537.36 (KHTML, like Gecko; compatible; GPTBot/1.2; +https://openai.com/gptbot)"
20.171.207.138 - - [12/May/2025:14:49:14 -0300] "GET /wp-includes/rest-api/about.php HTTP/1.1" 404 - "-" "Mozilla/5.0 AppleWebKit/537.36 (KHTML, like Gecko; compatible; GPTBot/1.2; +https://openai.com/gptbot)"
20.171.207.138 - - [12/May/2025:14:49:16 -0300] "GET /wp-content/uploads/2018/06/Polio-300x131.png%20300w HTTP/1.1" 404 - "-" "Mozilla/5.0 AppleWebKit/537.36 (KHTML, like Gecko; compatible; GPTBot/1.2; +https://openai.com/gptbot)"
66.249.72.68 - - [12/May/2025:14:49:18 -0300] "GET /products/86uo14181 HTTP/1.1" 404 - "-" "Mozilla/5.0 (Linux; Android 6.0.1; Nexus 5X Build/MMB29P) AppleWebKit/537.36 (KHTML, like Gecko) Chrome/136.0.7103.59 Mobile Safari/537.36 (compatible; GoogleOther)"
20.171.207.138 - - [12/May/2025:14:49:18 -0300] "GET /wp-content/themes/twenty/twenty.php HTTP/1.1" 404 - "-" "Mozilla/5.0 AppleWebKit/537.36 (KHTML, like Gecko; compatible; GPTBot/1.2; +https://openai.com/gptbot)"
20.171.207.138 - - [12/May/2025:14:49:22 -0300] "GET /cgi-bin/themes.php HTTP/1.1" 404 - "-" "Mozilla/5.0 AppleWebKit/537.36 (KHTML, like Gecko; compatible; GPTBot/1.2; +https://openai.com/gptbot)"
20.171.207.138 - - [12/May/2025:14:49:23 -0300] "GET /cgi-bin/xmrlpc.php HTTP/1.1" 404 - "-" "Mozilla/5.0 AppleWebKit/537.36 (KHTML, like Gecko; compatible; GPTBot/1.2; +https://openai.com/gptbot)"
20.171.207.138 - - [12/May/2025:14:49:25 -0300] "GET /js/be.php HTTP/1.1" 404 - "-" "Mozilla/5.0 AppleWebKit/537.36 (KHTML, like Gecko; compatible; GPTBot/1.2; +https://openai.com/gptbot)"
20.171.207.138 - - [12/May/2025:14:49:26 -0300] "GET /uploads/up.php HTTP/1.1" 404 - "-" "Mozilla/5.0 AppleWebKit/537.36 (KHTML, like Gecko; compatible; GPTBot/1.2; +https://openai.com/gptbot)"
20.171.207.138 - - [12/May/2025:14:49:29 -0300] "GET /2017/07/19/10-dicas-para-se-prevenir-contra-gripes-e-resfriados-no-inverno HTTP/1.1" 404 - "-" "Mozilla/5.0 AppleWebKit/537.36 (KHTML, like Gecko; compatible; GPTBot/1.2; +https://openai.com/gptbot)"
20.171.207.138 - - [12/May/2025:14:49:31 -0300] "GET /wp-connect.php HTTP/1.1" 404 - "-" "Mozilla/5.0 AppleWebKit/537.36 (KHTML, like Gecko; compatible; GPTBot/1.2; +https://openai.com/gptbot)"
20.171.207.138 - - [12/May/2025:14:49:32 -0300] "GET /wp-content/themes/twenty/twenty.php HTTP/1.1" 404 - "-" "Mozilla/5.0 AppleWebKit/537.36 (KHTML, like Gecko; compatible; GPTBot/1.2; +https://openai.com/gptbot)"
20.171.207.138 - - [12/May/2025:14:49:33 -0300] "GET /uploads/b374k.php HTTP/1.1" 404 - "-" "Mozilla/5.0 AppleWebKit/537.36 (KHTML, like Gecko; compatible; GPTBot/1.2; +https://openai.com/gptbot)"
20.171.207.138 - - [12/May/2025:14:49:36 -0300] "GET /wp-content/themes/news-portal/error.php HTTP/1.1" 404 - "-" "Mozilla/5.0 AppleWebKit/537.36 (KHTML, like Gecko; compatible; GPTBot/1.2; +https://openai.com/gptbot)"
20.171.207.138 - - [12/May/2025:14:49:37 -0300] "GET /js/be.php HTTP/1.1" 404 - "-" "Mozilla/5.0 AppleWebKit/537.36 (KHTML, like Gecko; compatible; GPTBot/1.2; +https://openai.com/gptbot)"
20.171.207.138 - - [12/May/2025:14:49:40 -0300] "GET /wp-content/plugins/alfa-rex.php HTTP/1.1" 404 - "-" "Mozilla/5.0 AppleWebKit/537.36 (KHTML, like Gecko; compatible; GPTBot/1.2; +https://openai.com/gptbot)"
20.171.207.138 - - [12/May/2025:14:49:43 -0300] "GET /2017/07/19/10-dicas-para-se-prevenir-contra-gripes-e-resfriados-no-inverno HTTP/1.1" 404 - "-" "Mozilla/5.0 AppleWebKit/537.36 (KHTML, like Gecko; compatible; GPTBot/1.2; +https://openai.com/gptbot)"
20.171.207.138 - - [12/May/2025:14:49:45 -0300] "GET /wp-content/plugins/custom/issue.php HTTP/1.1" 404 - "-" "Mozilla/5.0 AppleWebKit/537.36 (KHTML, like Gecko; compatible; GPTBot/1.2; +https://openai.com/gptbot)"
20.171.207.138 - - [12/May/2025:14:49:47 -0300] "GET /cgi-bin/iR7SzrsOUEP.php HTTP/1.1" 404 - "-" "Mozilla/5.0 AppleWebKit/537.36 (KHTML, like Gecko; compatible; GPTBot/1.2; +https://openai.com/gptbot)"
20.171.207.138 - - [12/May/2025:14:49:49 -0300] "GET /wp-content/themes/hideo/network.php HTTP/1.1" 404 - "-" "Mozilla/5.0 AppleWebKit/537.36 (KHTML, like Gecko; compatible; GPTBot/1.2; +https://openai.com/gptbot)"
20.171.207.138 - - [12/May/2025:14:49:50 -0300] "GET /db5yjt/cache/wp-login.php HTTP/1.1" 404 - "-" "Mozilla/5.0 AppleWebKit/537.36 (KHTML, like Gecko; compatible; GPTBot/1.2; +https://openai.com/gptbot)"
20.171.207.138 - - [12/May/2025:14:49:51 -0300] "GET /admin/hui/lib/webuploader/0.1.5/server/fileupload.php HTTP/1.1" 404 - "-" "Mozilla/5.0 AppleWebKit/537.36 (KHTML, like Gecko; compatible; GPTBot/1.2; +https://openai.com/gptbot)"
20.171.207.138 - - [12/May/2025:14:49:53 -0300] "GET /images/uclnvbmt.php HTTP/1.1" 404 - "-" "Mozilla/5.0 AppleWebKit/537.36 (KHTML, like Gecko; compatible; GPTBot/1.2; +https://openai.com/gptbot)"
20.171.207.138 - - [12/May/2025:14:49:56 -0300] "GET /wp-content/plugins/core/include.php HTTP/1.1" 404 - "-" "Mozilla/5.0 AppleWebKit/537.36 (KHTML, like Gecko; compatible; GPTBot/1.2; +https://openai.com/gptbot)"
20.171.207.138 - - [12/May/2025:14:49:57 -0300] "GET /wp-content/plugins/wordpress-seo/css/%7B$itemURL%7D HTTP/1.1" 404 - "-" "Mozilla/5.0 AppleWebKit/537.36 (KHTML, like Gecko; compatible; GPTBot/1.2; +https://openai.com/gptbot)"
20.171.207.138 - - [12/May/2025:14:49:58 -0300] "GET /wp-content/plugins/seoo/alfanew.php HTTP/1.1" 404 - "-" "Mozilla/5.0 AppleWebKit/537.36 (KHTML, like Gecko; compatible; GPTBot/1.2; +https://openai.com/gptbot)"
20.171.207.138 - - [12/May/2025:14:50:00 -0300] "GET /goat11.PhP7 HTTP/1.1" 404 - "-" "Mozilla/5.0 AppleWebKit/537.36 (KHTML, like Gecko; compatible; GPTBot/1.2; +https://openai.com/gptbot)"
20.171.207.138 - - [12/May/2025:14:50:04 -0300] "GET /wp-admin/js/widgets/iR7SzrsOUEP.php HTTP/1.1" 404 - "-" "Mozilla/5.0 AppleWebKit/537.36 (KHTML, like Gecko; compatible; GPTBot/1.2; +https://openai.com/gptbot)"
