44.200.156.83 - - [12/May/2025:22:43:00 -0300] "GET /toxicologico/ HTTP/1.1" 404 - "https://vacivitta.com.br" "Mozilla/5.0 (Windows NT 10.0; rv:78.0) Gecko/20100101 Firefox/78.0"
3.219.33.36 - - [12/May/2025:22:43:01 -0300] "GET /acessocorporativo/ HTTP/1.1" 404 - "https://vacivitta.com.br" "Mozilla/5.0 (Macintosh; Intel Mac OS X 10_15_7) AppleWebKit/537.36 (KHTML, like Gecko) Chrome/95.0.4638.54 Safari/537.36"
66.249.72.67 - - [12/May/2025:22:43:12 -0300] "GET /products/105zv33498 HTTP/1.1" 404 - "-" "Mozilla/5.0 (Linux; Android 6.0.1; Nexus 5X Build/MMB29P) AppleWebKit/537.36 (KHTML, like Gecko) Chrome/136.0.7103.59 Mobile Safari/537.36 (compatible; GoogleOther)"
44.220.167.31 - - [12/May/2025:22:44:23 -0300] "GET /sao-paulo/ HTTP/1.1" 404 - "https://vacivitta.com.br" "Mozilla/5.0 (Windows NT 10.0; rv:78.0) Gecko/20100101 Firefox/78.0"
44.200.195.128 - - [12/May/2025:22:44:32 -0300] "GET /exames-clinicos/%20 HTTP/1.1" 404 - "https://vacivitta.com.br" "Mozilla/5.0 (X11; Fedora; Linux x86_64; rv:94.0) Gecko/20100101 Firefox/94.0"
34.200.248.120 - - [12/May/2025:22:45:17 -0300] "GET /produtos/ HTTP/1.1" 404 - "https://vacivitta.com.br" "Mozilla/5.0 (Macintosh; Intel Mac OS X 10_15_7) AppleWebKit/605.1.15 (KHTML, like Gecko) Version/15.0 Safari/605.1.15"
44.200.156.83 - - [12/May/2025:22:45:29 -0300] "GET /itanhaem/ HTTP/1.1" 404 - "https://vacivitta.com.br" "Mozilla/5.0 (Macintosh; Intel Mac OS X 10_15_7) AppleWebKit/537.36 (KHTML, like Gecko) Chrome/95.0.4638.54 Safari/537.36"
44.203.79.36 - - [12/May/2025:22:45:31 -0300] "GET /vacinas HTTP/1.1" 404 - "https://vacivitta.com.br" "Mozilla/5.0 (Windows NT 6.1; Win64; x64) AppleWebKit/537.36 (KHTML, like Gecko) Chrome/96.0.4664.45 Safari/537.36"
3.219.33.36 - - [12/May/2025:22:45:37 -0300] "GET /salto/ HTTP/1.1" 404 - "https://vacivitta.com.br" "Mozilla/5.0 (X11; Linux x86_64) AppleWebKit/537.36 (KHTML, like Gecko) Chrome/95.0.4638.69 Safari/537.36"
3.223.191.194 - - [12/May/2025:22:45:38 -0300] "GET /indaiatuba/ HTTP/1.1" 404 - "https://vacivitta.com.br" "Mozilla/5.0 (Windows NT 10.0; rv:91.0) Gecko/20100101 Firefox/91.0"
44.211.242.113 - - [12/May/2025:22:45:40 -0300] "GET /diferenciais/ HTTP/1.1" 404 - "https://vacivitta.com.br" "Mozilla/5.0 (Windows NT 6.1; Win64; x64; rv:94.0) Gecko/20100101 Firefox/94.0"
3.94.31.201 - - [12/May/2025:22:45:47 -0300] "GET /exame-toxicologico/ HTTP/1.1" 404 - "https://vacivitta.com.br" "Mozilla/5.0 (Windows NT 10.0; Win64; x64) AppleWebKit/537.36 (KHTML, like Gecko) Chrome/95.0.4638.54 Safari/537.36"
100.27.38.167 - - [12/May/2025:22:45:50 -0300] "GET /blog/ HTTP/1.1" 404 - "https://vacivitta.com.br" "Mozilla/5.0 (X11; Linux x86_64) AppleWebKit/537.36 (KHTML, like Gecko) Chrome/94.0.4606.81 Safari/537.36"
100.27.38.167 - - [12/May/2025:22:45:51 -0300] "GET /varicela// HTTP/1.1" 404 - "https://vacivitta.com.br" "Mozilla/5.0 (Windows NT 10.0; Win64; x64) AppleWebKit/537.36 (KHTML, like Gecko) Chrome/95.0.4638.69 Safari/537.36 Edg/95.0.1020.53"
3.219.33.36 - - [12/May/2025:22:45:52 -0300] "GET /santos/ HTTP/1.1" 404 - "https://vacivitta.com.br" "Mozilla/5.0 (Windows NT 10.0; Win64; x64) AppleWebKit/537.36 (KHTML, like Gecko) Chrome/95.0.4638.54 Safari/537.36 Edg/95.0.1020.40"
34.200.248.120 - - [12/May/2025:22:45:55 -0300] "GET /hepatites/ HTTP/1.1" 404 - "https://vacivitta.com.br" "Mozilla/5.0 (Windows NT 10.0; Win64; x64; rv:95.0) Gecko/20100101 Firefox/95.0"
34.200.248.120 - - [12/May/2025:22:45:56 -0300] "GET /amamentacao/ HTTP/1.1" 404 - "https://vacivitta.com.br" "Mozilla/5.0 (Macintosh; Intel Mac OS X 10.15; rv:93.0) Gecko/20100101 Firefox/93.0"
44.200.195.128 - - [12/May/2025:22:46:00 -0300] "GET /parceria-em-condominios/ HTTP/1.1" 404 - "https://vacivitta.com.br" "Mozilla/5.0 (X11; Linux x86_64) AppleWebKit/537.36 (KHTML, like Gecko) Chrome/94.0.4606.71 Safari/537.36"
3.239.16.199 - - [12/May/2025:22:46:01 -0300] "GET /meningite-acwy/ HTTP/1.1" 404 - "https://vacivitta.com.br" "Mozilla/5.0 (Macintosh; Intel Mac OS X 10_15_7) AppleWebKit/537.36 (KHTML, like Gecko) Chrome/93.0.4577.82 Safari/537.36"
3.239.16.199 - - [12/May/2025:22:46:05 -0300] "GET /exames-clinicos/ HTTP/1.1" 404 - "https://vacivitta.com.br" "Mozilla/5.0 (Windows NT 10.0; Win64; x64) AppleWebKit/537.36 (KHTML, like Gecko) Chrome/94.0.4606.71 Safari/537.36"
3.94.31.201 - - [12/May/2025:22:46:09 -0300] "GET /clientes/ HTTP/1.1" 404 - "https://vacivitta.com.br" "Mozilla/5.0 (Macintosh; Intel Mac OS X 10_15_7) AppleWebKit/537.36 (KHTML, like Gecko) Chrome/96.0.4664.55 Safari/537.36"
44.220.167.31 - - [12/May/2025:22:46:09 -0300] "GET /itu/ HTTP/1.1" 404 - "https://vacivitta.com.br" "Mozilla/5.0 (Windows NT 10.0; Win64; x64) AppleWebKit/537.36 (KHTML, like Gecko) Chrome/94.0.4606.61 Safari/537.36"
3.219.33.36 - - [12/May/2025:22:46:12 -0300] "GET /vacinacao-em-domicilio/ HTTP/1.1" 404 - "https://vacivitta.com.br" "Mozilla/5.0 (Windows NT 10.0; Win64; x64) AppleWebKit/537.36 (KHTML, like Gecko) Chrome/95.0.4638.69 Safari/537.36 Edg/95.0.1020.53"
3.223.191.194 - - [12/May/2025:22:46:19 -0300] "GET /pneumo13/ HTTP/1.1" 404 - "https://vacivitta.com.br" "Mozilla/5.0 (Macintosh; Intel Mac OS X 10_15_7) AppleWebKit/537.36 (KHTML, like Gecko) Chrome/96.0.4664.45 Safari/537.36"
44.200.156.83 - - [12/May/2025:22:46:19 -0300] "GET /toxicologico/ HTTP/1.1" 404 - "https://vacivitta.com.br" "Mozilla/5.0 (Windows NT 6.1; Win64; x64; rv:94.0) Gecko/20100101 Firefox/94.0"
3.239.16.199 - - [12/May/2025:22:46:21 -0300] "GET /SALTO/ HTTP/1.1" 404 - "https://vacivitta.com.br" "Mozilla/5.0 (X11; Linux x86_64) AppleWebKit/537.36 (KHTML, like Gecko) Chrome/94.0.4606.71 Safari/537.36"
3.94.31.201 - - [12/May/2025:22:46:28 -0300] "GET /?page_id=3377 HTTP/1.1" 200 488 "https://vacivitta.com.br" "Mozilla/5.0 (Windows NT 10.0; Win64; x64; rv:91.0) Gecko/20100101 Firefox/91.0"
44.203.79.36 - - [12/May/2025:22:46:33 -0300] "GET /pneumo15/ HTTP/1.1" 404 - "https://vacivitta.com.br" "Mozilla/5.0 (Windows NT 6.1; Win64; x64) AppleWebKit/537.36 (KHTML, like Gecko) Chrome/95.0.4638.54 Safari/537.36"
3.235.16.13 - - [12/May/2025:22:46:35 -0300] "GET /gripe/ HTTP/1.1" 404 - "https://vacivitta.com.br" "Mozilla/5.0 (Windows NT 10.0; rv:91.0) Gecko/20100101 Firefox/91.0"
3.223.191.194 - - [12/May/2025:22:46:35 -0300] "GET /blog-amamentacao/ HTTP/1.1" 404 - "https://vacivitta.com.br" "Mozilla/5.0 (Macintosh; Intel Mac OS X 10_15_7) AppleWebKit/605.1.15 (KHTML, like Gecko) Version/14.1.1 Safari/605.1.15"
66.249.72.67 - - [12/May/2025:22:46:37 -0300] "GET /pcmypage?callback=/product%2Fdetail%2kitchenplaza-smi-t-a-b20mz HTTP/1.1" 404 - "-" "Mozilla/5.0 (Linux; Android 6.0.1; Nexus 5X Build/MMB29P) AppleWebKit/537.36 (KHTML, like Gecko) Chrome/136.0.7103.59 Mobile Safari/537.36 (compatible; Googlebot/2.1; +http://www.google.com/bot.html)"
44.200.195.128 - - [12/May/2025:22:46:42 -0300] "GET /meningiteb/ HTTP/1.1" 404 - "https://vacivitta.com.br" "Mozilla/5.0 (X11; Linux x86_64) AppleWebKit/537.36 (KHTML, like Gecko) Chrome/93.0.4577.63 Safari/537.36"
44.211.242.113 - - [12/May/2025:22:46:43 -0300] "GET /dtpa/ HTTP/1.1" 404 - "https://vacivitta.com.br" "Mozilla/5.0 (Macintosh; Intel Mac OS X 10_15_7) AppleWebKit/605.1.15 (KHTML, like Gecko) Version/14.1.2 Safari/605.1.15"
44.200.156.83 - - [12/May/2025:22:46:44 -0300] "GET /brasilia/ HTTP/1.1" 404 - "https://vacivitta.com.br" "Mozilla/5.0 (Macintosh; Intel Mac OS X 10_15_7) AppleWebKit/537.36 (KHTML, like Gecko) Chrome/94.0.4606.81 Safari/537.36"
3.219.33.36 - - [12/May/2025:22:46:58 -0300] "GET /acessocorporativo/ HTTP/1.1" 404 - "https://vacivitta.com.br" "Mozilla/5.0 (X11; Ubuntu; Linux x86_64; rv:93.0) Gecko/20100101 Firefox/93.0"
142.132.180.39 - - [12/May/2025:22:47:03 -0300] "HEAD / HTTP/1.1" 200 - "https://vacivitta.com.br/" "Mozilla/5.0+(compatible; UptimeRobot/2.0; http://www.uptimerobot.com/)"
66.249.72.69 - - [12/May/2025:22:47:42 -0300] "GET /products/38nm8257 HTTP/1.1" 404 - "-" "Mozilla/5.0 (Linux; Android 6.0.1; Nexus 5X Build/MMB29P) AppleWebKit/537.36 (KHTML, like Gecko) Chrome/136.0.7103.59 Mobile Safari/537.36 (compatible; GoogleOther)"
66.249.72.68 - - [12/May/2025:22:47:44 -0300] "GET /pcmypage?callback=product%2Fdetail%2Fiisakura39-toto220902-010-001019-v HTTP/1.1" 404 - "-" "Mozilla/5.0 (Linux; Android 6.0.1; Nexus 5X Build/MMB29P) AppleWebKit/537.36 (KHTML, like Gecko) Chrome/136.0.7103.59 Mobile Safari/537.36 (compatible; Googlebot/2.1; +http://www.google.com/bot.html)"
66.249.72.67 - - [12/May/2025:22:49:28 -0300] "GET /items/arfcs95/2895?key=citizen HTTP/1.1" 404 - "-" "Mozilla/5.0 (Linux; Android 6.0.1; Nexus 5X Build/MMB29P) AppleWebKit/537.36 (KHTML, like Gecko) Chrome/136.0.7103.59 Mobile Safari/537.36 (compatible; Googlebot/2.1; +http://www.google.com/bot.html)"
66.249.72.69 - - [12/May/2025:22:52:12 -0300] "GET /pcmypage?callback=product%2Fdetail%2Fsleeproom-10009959-10009959-sc6 HTTP/1.1" 404 - "-" "Mozilla/5.0 (Linux; Android 6.0.1; Nexus 5X Build/MMB29P) AppleWebKit/537.36 (KHTML, like Gecko) Chrome/136.0.7103.59 Mobile Safari/537.36 (compatible; GoogleOther)"
168.119.53.160 - - [12/May/2025:22:52:13 -0300] "HEAD / HTTP/1.1" 200 - "https://vacivitta.com.br/" "Mozilla/5.0+(compatible; UptimeRobot/2.0; http://www.uptimerobot.com/)"
66.249.72.67 - - [12/May/2025:22:53:29 -0300] "GET /?_ga=2.193929543.1954859000.1729550949-963870751.1699386649&_bdsid=47u8bn.n~DOXON.1743916948286.1788022705&_bd_prev_page=https://vacivitta.com.br/collect.asp?items/ffksu36/830?key=machine HTTP/1.1" 200 488 "-" "Mozilla/5.0 (Linux; Android 6.0.1; Nexus 5X Build/MMB29P) AppleWebKit/537.36 (KHTML, like Gecko) Chrome/136.0.7103.59 Mobile Safari/537.36 (compatible; Googlebot/2.1; +http://www.google.com/bot.html)"
66.249.72.67 - - [12/May/2025:22:53:35 -0300] "GET /assets/index-g8aW3Zx-.css HTTP/1.1" 200 2311 "https://vacivitta.com.br/?_ga=2.193929543.1954859000.1729550949-963870751.1699386649&_bdsid=47u8bn.n~DOXON.1743916948286.1788022705&_bd_prev_page=https://vacivitta.com.br/collect.asp?items/ffksu36/830?key=machine" "Mozilla/5.0 (Linux; Android 6.0.1; Nexus 5X Build/MMB29P) AppleWebKit/537.36 (KHTML, like Gecko) Chrome/135.0.7049.114 Mobile Safari/537.36 (compatible; Googlebot/2.1; +http://www.google.com/bot.html)"
66.249.72.69 - - [12/May/2025:22:56:06 -0300] "GET /pcmypage?callback=/product%2Fdetail%2Clover-leaf-ctb515168 HTTP/1.1" 404 - "-" "Mozilla/5.0 (Linux; Android 6.0.1; Nexus 5X Build/MMB29P) AppleWebKit/537.36 (KHTML, like Gecko) Chrome/136.0.7103.59 Mobile Safari/537.36 (compatible; Googlebot/2.1; +http://www.google.com/bot.html)"
78.47.98.55 - - [12/May/2025:22:57:37 -0300] "HEAD / HTTP/1.1" 200 - "https://vacivitta.com.br/" "Mozilla/5.0+(compatible; UptimeRobot/2.0; http://www.uptimerobot.com/)"
13.42.205.55 - - [12/May/2025:22:59:59 -0300] "GET / HTTP/1.1" 200 488 "-" "Mozilla/5.0 (Macintosh; Intel Mac OS X 10_12_5; rv:123.0esr) Gecko/20100101 Firefox/123.0esr"
51.222.253.3 - - [12/May/2025:23:00:21 -0300] "GET /?p=3354 HTTP/1.1" 304 - "-" "Mozilla/5.0 (compatible; AhrefsBot/7.0; +http://ahrefs.com/robot/)"
66.249.72.67 - - [12/May/2025:23:00:42 -0300] "GET /pcmypage?callback=/product%2Fdetail%2ohashi-pearl-249 HTTP/1.1" 404 - "-" "Mozilla/5.0 (Linux; Android 6.0.1; Nexus 5X Build/MMB29P) AppleWebKit/537.36 (KHTML, like Gecko) Chrome/136.0.7103.59 Mobile Safari/537.36 (compatible; GoogleOther)"
54.235.17.232 - - [12/May/2025:23:00:55 -0300] "GET /robots.txt HTTP/1.1" 404 - "-" "Mozilla/5.0 (Windows NT 10.0; Win64; x64) AppleWebKit/537.36 (KHTML, like Gecko) Chrome/94.0.4606.81 Safari/537.36"
54.235.17.232 - - [12/May/2025:23:00:56 -0300] "GET /robots.txt HTTP/1.1" 404 - "-" "Mozilla/5.0 (Windows NT 10.0; Win64; x64) AppleWebKit/537.36 (KHTML, like Gecko) Chrome/94.0.4606.81 Safari/537.36"
54.235.17.232 - - [12/May/2025:23:00:56 -0300] "GET /robots.txt HTTP/1.1" 404 - "-" "Mozilla/5.0 (Windows NT 10.0; Win64; x64) AppleWebKit/537.36 (KHTML, like Gecko) Chrome/94.0.4606.81 Safari/537.36"
54.235.17.232 - - [12/May/2025:23:00:56 -0300] "GET /robots.txt HTTP/1.1" 404 - "-" "Mozilla/5.0 (Windows NT 10.0; Win64; x64) AppleWebKit/537.36 (KHTML, like Gecko) Chrome/94.0.4606.81 Safari/537.36"
54.235.17.232 - - [12/May/2025:23:00:56 -0300] "GET / HTTP/1.1" 200 488 "-" "Mozilla/5.0 (Windows NT 10.0; Win64; x64) AppleWebKit/537.36 (KHTML, like Gecko) Chrome/94.0.4606.81 Safari/537.36"
54.235.17.232 - - [12/May/2025:23:00:56 -0300] "GET / HTTP/1.1" 200 488 "-" "Mozilla/5.0 (iPhone; CPU iPhone OS 6_0 like Mac OS X) AppleWebKit/536.26 (KHTML, like Gecko) Version/6.0 Mobile/10A5376e Safari/8536.25"
217.113.194.162 - - [12/May/2025:23:01:27 -0300] "GET /robots.txt HTTP/1.1" 404 - "-" "Mozilla/5.0 (compatible; Barkrowler/0.9; +https://babbar.tech/crawler)"
217.113.194.164 - - [12/May/2025:23:01:34 -0300] "GET /robots.txt HTTP/1.1" 404 - "-" "Mozilla/5.0 (compatible; Barkrowler/0.9; +https://babbar.tech/crawler)"
217.113.194.163 - - [12/May/2025:23:01:49 -0300] "GET / HTTP/1.1" 304 - "-" "Mozilla/5.0 (compatible; Barkrowler/0.9; +https://babbar.tech/crawler)"
66.249.72.69 - - [12/May/2025:23:01:52 -0300] "GET /items/jnuum60/840?key=principle HTTP/1.1" 404 - "-" "Mozilla/5.0 (Linux; Android 6.0.1; Nexus 5X Build/MMB29P) AppleWebKit/537.36 (KHTML, like Gecko) Chrome/136.0.7103.59 Mobile Safari/537.36 (compatible; Googlebot/2.1; +http://www.google.com/bot.html)"
157.230.7.167 - - [12/May/2025:23:01:53 -0300] "GET / HTTP/1.1" 200 488 "-" "Mozilla/5.0 (X11; Linux x86_64) AppleWebKit/537.36 (KHTML, like Gecko) Chrome/81.0.4044.129 Safari/537.36"
157.230.7.167 - - [12/May/2025:23:01:53 -0300] "GET /assets/index-CeMXvSyR.js HTTP/1.1" 200 857114 "-" "Mozilla/5.0 (X11; Linux x86_64) AppleWebKit/537.36 (KHTML, like Gecko) Chrome/81.0.4044.129 Safari/537.36"
217.113.194.250 - - [12/May/2025:23:02:05 -0300] "GET /blog/ HTTP/1.1" 404 - "-" "Mozilla/5.0 (compatible; Barkrowler/0.9; +https://babbar.tech/crawler)"
217.113.194.166 - - [12/May/2025:23:02:20 -0300] "GET /feed/ HTTP/1.1" 404 - "-" "Mozilla/5.0 (compatible; Barkrowler/0.9; +https://babbar.tech/crawler)"
66.249.72.67 - - [12/May/2025:23:02:26 -0300] "GET /?_ga=2.193929543.1954859000.1729550949-963870751.1699386649&_bdsid=47u8bn.n~DOXON.1743916948286.1788022705&_bd_prev_page=https://vacivitta.com.br/collect.asp?items/yytzk94/732?key=space HTTP/1.1" 200 488 "-" "Mozilla/5.0 (Linux; Android 6.0.1; Nexus 5X Build/MMB29P) AppleWebKit/537.36 (KHTML, like Gecko) Chrome/136.0.7103.59 Mobile Safari/537.36 (compatible; Googlebot/2.1; +http://www.google.com/bot.html)"
66.249.72.68 - - [12/May/2025:23:02:29 -0300] "GET /assets/index-CeMXvSyR.js HTTP/1.1" 200 857114 "https://vacivitta.com.br/?_ga=2.193929543.1954859000.1729550949-963870751.1699386649&_bdsid=47u8bn.n~DOXON.1743916948286.1788022705&_bd_prev_page=https://vacivitta.com.br/collect.asp?items/yytzk94/732?key=space" "Mozilla/5.0 (Linux; Android 6.0.1; Nexus 5X Build/MMB29P) AppleWebKit/537.36 (KHTML, like Gecko) Chrome/135.0.7049.114 Mobile Safari/537.36 (compatible; Googlebot/2.1; +http://www.google.com/bot.html)"
66.249.72.69 - - [12/May/2025:23:02:30 -0300] "GET /assets/index-g8aW3Zx-.css HTTP/1.1" 200 2311 "https://vacivitta.com.br/?_ga=2.193929543.1954859000.1729550949-963870751.1699386649&_bdsid=47u8bn.n~DOXON.1743916948286.1788022705&_bd_prev_page=https://vacivitta.com.br/collect.asp?items/yytzk94/732?key=space" "Mozilla/5.0 (Linux; Android 6.0.1; Nexus 5X Build/MMB29P) AppleWebKit/537.36 (KHTML, like Gecko) Chrome/135.0.7049.114 Mobile Safari/537.36 (compatible; Googlebot/2.1; +http://www.google.com/bot.html)"
217.113.194.170 - - [12/May/2025:23:02:36 -0300] "GET /author/ HTTP/1.1" 404 - "-" "Mozilla/5.0 (compatible; Barkrowler/0.9; +https://babbar.tech/crawler)"
217.113.194.167 - - [12/May/2025:23:02:51 -0300] "GET /clientes/ HTTP/1.1" 404 - "-" "Mozilla/5.0 (compatible; Barkrowler/0.9; +https://babbar.tech/crawler)"
69.197.135.226 - - [12/May/2025:23:02:54 -0300] "GET /wp-content/edit.php HTTP/1.1" 404 - "https://vacivitta.com.br/wp-content/edit.php" "Mozilla/5.0 (Windows NT 10.0; Win64; x64) AppleWebKit/537.36 (KHTML, like Gecko) Chrome/58.0.3029.110 Safari/537.3"
23.95.23.219 - - [12/May/2025:23:02:55 -0300] "GET / HTTP/1.1" 200 488 "-" "Mozilla/5.0 (Linux; Android 8.0.0; LG-H870DS Build/OPR1.170623.032) AppleWebKit/537.37 (KHTML, like Gecko) Chrome/68.0.3440.91 Mobile Safari/537.36"
23.95.23.219 - - [12/May/2025:23:02:55 -0300] "GET /assets/index-CeMXvSyR.js HTTP/1.1" 200 857114 "https://vacivitta.com.br/" "Mozilla/5.0 (Linux; Android 8.0.0; LG-H870DS Build/OPR1.170623.032) AppleWebKit/537.37 (KHTML, like Gecko) Chrome/68.0.3440.91 Mobile Safari/537.36"
23.95.23.219 - - [12/May/2025:23:02:55 -0300] "GET /assets/index-g8aW3Zx-.css HTTP/1.1" 200 2311 "https://vacivitta.com.br/" "Mozilla/5.0 (Linux; Android 8.0.0; LG-H870DS Build/OPR1.170623.032) AppleWebKit/537.37 (KHTML, like Gecko) Chrome/68.0.3440.91 Mobile Safari/537.36"
167.235.143.113 - - [12/May/2025:23:03:02 -0300] "HEAD / HTTP/1.1" 200 - "https://vacivitta.com.br/" "Mozilla/5.0+(compatible; UptimeRobot/2.0; http://www.uptimerobot.com/)"
217.113.194.169 - - [12/May/2025:23:03:07 -0300] "GET /comments/feed/ HTTP/1.1" 404 - "-" "Mozilla/5.0 (compatible; Barkrowler/0.9; +https://babbar.tech/crawler)"
217.113.194.164 - - [12/May/2025:23:03:22 -0300] "GET /gripe/ HTTP/1.1" 404 - "-" "Mozilla/5.0 (compatible; Barkrowler/0.9; +https://babbar.tech/crawler)"
217.113.194.163 - - [12/May/2025:23:03:38 -0300] "GET /quem-somos/ HTTP/1.1" 404 - "-" "Mozilla/5.0 (compatible; Barkrowler/0.9; +https://babbar.tech/crawler)"
217.113.194.163 - - [12/May/2025:23:03:53 -0300] "GET /salto/ HTTP/1.1" 404 - "-" "Mozilla/5.0 (compatible; Barkrowler/0.9; +https://babbar.tech/crawler)"
217.113.194.167 - - [12/May/2025:23:04:09 -0300] "GET /itu/ HTTP/1.1" 404 - "-" "Mozilla/5.0 (compatible; Barkrowler/0.9; +https://babbar.tech/crawler)"
217.113.194.167 - - [12/May/2025:23:04:24 -0300] "GET /santos HTTP/1.1" 404 - "-" "Mozilla/5.0 (compatible; Barkrowler/0.9; +https://babbar.tech/crawler)"
217.113.194.164 - - [12/May/2025:23:04:40 -0300] "GET /santos/ HTTP/1.1" 404 - "-" "Mozilla/5.0 (compatible; Barkrowler/0.9; +https://babbar.tech/crawler)"
217.113.194.165 - - [12/May/2025:23:04:55 -0300] "GET /brasilia/ HTTP/1.1" 404 - "-" "Mozilla/5.0 (compatible; Barkrowler/0.9; +https://babbar.tech/crawler)"
217.113.194.166 - - [12/May/2025:23:05:11 -0300] "GET /produtos HTTP/1.1" 404 - "-" "Mozilla/5.0 (compatible; Barkrowler/0.9; +https://babbar.tech/crawler)"
217.113.194.171 - - [12/May/2025:23:05:26 -0300] "GET /produtos/ HTTP/1.1" 404 - "-" "Mozilla/5.0 (compatible; Barkrowler/0.9; +https://babbar.tech/crawler)"
217.113.194.166 - - [12/May/2025:23:05:42 -0300] "GET /hepatites/ HTTP/1.1" 404 - "-" "Mozilla/5.0 (compatible; Barkrowler/0.9; +https://babbar.tech/crawler)"
217.113.194.165 - - [12/May/2025:23:05:57 -0300] "GET /contato/ HTTP/1.1" 404 - "-" "Mozilla/5.0 (compatible; Barkrowler/0.9; +https://babbar.tech/crawler)"
217.113.194.164 - - [12/May/2025:23:06:13 -0300] "GET /?page_id=1040 HTTP/1.1" 304 - "-" "Mozilla/5.0 (compatible; Barkrowler/0.9; +https://babbar.tech/crawler)"
217.113.194.164 - - [12/May/2025:23:06:28 -0300] "GET /?page_id=1035 HTTP/1.1" 304 - "-" "Mozilla/5.0 (compatible; Barkrowler/0.9; +https://babbar.tech/crawler)"
217.113.194.166 - - [12/May/2025:23:06:44 -0300] "GET /?page_id=1038 HTTP/1.1" 304 - "-" "Mozilla/5.0 (compatible; Barkrowler/0.9; +https://babbar.tech/crawler)"
217.113.194.164 - - [12/May/2025:23:06:59 -0300] "GET /?page_id=1039 HTTP/1.1" 304 - "-" "Mozilla/5.0 (compatible; Barkrowler/0.9; +https://babbar.tech/crawler)"
217.113.194.170 - - [12/May/2025:23:07:15 -0300] "GET /?page_id=3368 HTTP/1.1" 304 - "-" "Mozilla/5.0 (compatible; Barkrowler/0.9; +https://babbar.tech/crawler)"
217.113.194.166 - - [12/May/2025:23:07:30 -0300] "GET /?page_id=3112 HTTP/1.1" 304 - "-" "Mozilla/5.0 (compatible; Barkrowler/0.9; +https://babbar.tech/crawler)"
217.113.194.171 - - [12/May/2025:23:07:46 -0300] "GET /?page_id=2790 HTTP/1.1" 304 - "-" "Mozilla/5.0 (compatible; Barkrowler/0.9; +https://babbar.tech/crawler)"
217.113.194.164 - - [12/May/2025:23:08:01 -0300] "GET /?page_id=2773 HTTP/1.1" 304 - "-" "Mozilla/5.0 (compatible; Barkrowler/0.9; +https://babbar.tech/crawler)"
49.13.164.148 - - [12/May/2025:23:08:14 -0300] "HEAD / HTTP/1.1" 200 - "https://vacivitta.com.br/" "Mozilla/5.0+(compatible; UptimeRobot/2.0; http://www.uptimerobot.com/)"
217.113.194.165 - - [12/May/2025:23:08:17 -0300] "GET /?page_id=2775 HTTP/1.1" 304 - "-" "Mozilla/5.0 (compatible; Barkrowler/0.9; +https://babbar.tech/crawler)"
217.113.194.170 - - [12/May/2025:23:08:32 -0300] "GET /?page_id=2781 HTTP/1.1" 304 - "-" "Mozilla/5.0 (compatible; Barkrowler/0.9; +https://babbar.tech/crawler)"
217.113.194.250 - - [12/May/2025:23:08:48 -0300] "GET /?page_id=4375 HTTP/1.1" 304 - "-" "Mozilla/5.0 (compatible; Barkrowler/0.9; +https://babbar.tech/crawler)"
217.113.194.164 - - [12/May/2025:23:09:04 -0300] "GET /?page_id=3409 HTTP/1.1" 304 - "-" "Mozilla/5.0 (compatible; Barkrowler/0.9; +https://babbar.tech/crawler)"
217.113.194.163 - - [12/May/2025:23:09:20 -0300] "GET /?page_id=3377 HTTP/1.1" 304 - "-" "Mozilla/5.0 (compatible; Barkrowler/0.9; +https://babbar.tech/crawler)"
217.113.194.166 - - [12/May/2025:23:09:35 -0300] "GET /?feed=rss2 HTTP/1.1" 304 - "-" "Mozilla/5.0 (compatible; Barkrowler/0.9; +https://babbar.tech/crawler)"
217.113.194.164 - - [12/May/2025:23:09:51 -0300] "GET /vacinas/ HTTP/1.1" 404 - "-" "Mozilla/5.0 (compatible; Barkrowler/0.9; +https://babbar.tech/crawler)"
217.113.194.170 - - [12/May/2025:23:10:06 -0300] "GET /vacinas HTTP/1.1" 404 - "-" "Mozilla/5.0 (compatible; Barkrowler/0.9; +https://babbar.tech/crawler)"
154.54.249.211 - - [12/May/2025:23:10:22 -0300] "GET /amamentacao HTTP/1.1" 404 - "-" "Mozilla/5.0 (compatible; Barkrowler/0.9; +https://babbar.tech/crawler)"
66.249.72.67 - - [12/May/2025:23:10:22 -0300] "GET /?_ga=2.193929543.1954859000.1729550949-963870751.1699386649&_bdsid=47u8bn.n~DOXON.1743916948286.1788022705&_bd_prev_page=https://vacivitta.com.br/collect.asp?products/65ls528 HTTP/1.1" 200 488 "-" "Mozilla/5.0 (Linux; Android 6.0.1; Nexus 5X Build/MMB29P) AppleWebKit/537.36 (KHTML, like Gecko) Chrome/136.0.7103.59 Mobile Safari/537.36 (compatible; Googlebot/2.1; +http://www.google.com/bot.html)"
66.249.72.67 - - [12/May/2025:23:10:24 -0300] "GET /items/txpwp25/27477?key=lover HTTP/1.1" 404 - "-" "Mozilla/5.0 (Linux; Android 6.0.1; Nexus 5X Build/MMB29P) AppleWebKit/537.36 (KHTML, like Gecko) Chrome/136.0.7103.59 Mobile Safari/537.36 (compatible; Googlebot/2.1; +http://www.google.com/bot.html)"
217.113.194.166 - - [12/May/2025:23:10:37 -0300] "GET /dtpa/ HTTP/1.1" 404 - "-" "Mozilla/5.0 (compatible; Barkrowler/0.9; +https://babbar.tech/crawler)"
186.249.213.25 - - [12/May/2025:23:10:38 -0300] "GET /wp-content/uploads/sites/7/2022/05/Post-Blog-O-que-e-coqueluche-768x403.png HTTP/1.1" 404 - "https://www.bing.com/" "Mozilla/5.0 (Windows NT 10.0; Win64; x64) AppleWebKit/537.36 (KHTML, like Gecko) Chrome/136.0.0.0 Safari/537.36 Edg/136.0.0.0"
217.113.194.250 - - [12/May/2025:23:10:53 -0300] "GET /?page_id=11539 HTTP/1.1" 304 - "-" "Mozilla/5.0 (compatible; Barkrowler/0.9; +https://babbar.tech/crawler)"
47.128.121.56 - - [12/May/2025:23:10:57 -0300] "GET /pneumo15/ HTTP/1.1" 404 - "-" "Mozilla/5.0 (Linux; Android 5.0) AppleWebKit/537.36 (KHTML, like Gecko) Mobile Safari/537.36 (compatible; TikTokSpider; ttspider-feedback@tiktok.com)"
217.113.194.170 - - [12/May/2025:23:11:08 -0300] "GET /?page_id=8460 HTTP/1.1" 304 - "-" "Mozilla/5.0 (compatible; Barkrowler/0.9; +https://babbar.tech/crawler)"
154.54.249.211 - - [12/May/2025:23:11:24 -0300] "GET /?page_id=11396 HTTP/1.1" 304 - "-" "Mozilla/5.0 (compatible; Barkrowler/0.9; +https://babbar.tech/crawler)"
217.113.194.163 - - [12/May/2025:23:11:39 -0300] "GET /?page_id=8252 HTTP/1.1" 304 - "-" "Mozilla/5.0 (compatible; Barkrowler/0.9; +https://babbar.tech/crawler)"
69.197.135.226 - - [12/May/2025:23:11:40 -0300] "GET /wp-content/edit.php HTTP/1.1" 404 - "https://vacivitta.com.br/wp-content/edit.php" "Mozilla/5.0 (Windows NT 10.0; Win64; x64) AppleWebKit/537.36 (KHTML, like Gecko) Chrome/58.0.3029.110 Safari/537.3"
217.113.194.250 - - [12/May/2025:23:11:55 -0300] "GET /?page_id=7676 HTTP/1.1" 304 - "-" "Mozilla/5.0 (compatible; Barkrowler/0.9; +https://babbar.tech/crawler)"
217.113.194.170 - - [12/May/2025:23:12:10 -0300] "GET /?page_id=10621 HTTP/1.1" 304 - "-" "Mozilla/5.0 (compatible; Barkrowler/0.9; +https://babbar.tech/crawler)"
217.113.194.164 - - [12/May/2025:23:12:26 -0300] "GET /?feed=comments-rss2 HTTP/1.1" 304 - "-" "Mozilla/5.0 (compatible; Barkrowler/0.9; +https://babbar.tech/crawler)"
217.113.194.169 - - [12/May/2025:23:12:41 -0300] "GET /varicela/ HTTP/1.1" 404 - "-" "Mozilla/5.0 (compatible; Barkrowler/0.9; +https://babbar.tech/crawler)"
217.113.194.163 - - [12/May/2025:23:12:57 -0300] "GET /sao-paulo/ HTTP/1.1" 404 - "-" "Mozilla/5.0 (compatible; Barkrowler/0.9; +https://babbar.tech/crawler)"
217.113.194.170 - - [12/May/2025:23:13:12 -0300] "GET /diferenciais/ HTTP/1.1" 404 - "-" "Mozilla/5.0 (compatible; Barkrowler/0.9; +https://babbar.tech/crawler)"
128.140.106.114 - - [12/May/2025:23:13:26 -0300] "HEAD / HTTP/1.1" 200 - "https://vacivitta.com.br/" "Mozilla/5.0+(compatible; UptimeRobot/2.0; http://www.uptimerobot.com/)"
217.113.194.163 - - [12/May/2025:23:13:28 -0300] "GET /amamentacao/ HTTP/1.1" 404 - "-" "Mozilla/5.0 (compatible; Barkrowler/0.9; +https://babbar.tech/crawler)"
217.113.194.171 - - [12/May/2025:23:13:43 -0300] "GET /meningiteb/ HTTP/1.1" 404 - "-" "Mozilla/5.0 (compatible; Barkrowler/0.9; +https://babbar.tech/crawler)"
66.249.72.68 - - [12/May/2025:23:13:48 -0300] "GET /items/dkjrr282/46256?key=whom HTTP/1.1" 404 - "-" "Mozilla/5.0 (Linux; Android 6.0.1; Nexus 5X Build/MMB29P) AppleWebKit/537.36 (KHTML, like Gecko) Chrome/136.0.7103.59 Mobile Safari/537.36 (compatible; Googlebot/2.1; +http://www.google.com/bot.html)"
217.113.194.163 - - [12/May/2025:23:13:59 -0300] "GET /exames-clinicos/ HTTP/1.1" 404 - "-" "Mozilla/5.0 (compatible; Barkrowler/0.9; +https://babbar.tech/crawler)"
217.113.194.163 - - [12/May/2025:23:14:14 -0300] "GET /itanhaem/ HTTP/1.1" 404 - "-" "Mozilla/5.0 (compatible; Barkrowler/0.9; +https://babbar.tech/crawler)"
217.113.194.170 - - [12/May/2025:23:14:30 -0300] "GET /itanhaem HTTP/1.1" 404 - "-" "Mozilla/5.0 (compatible; Barkrowler/0.9; +https://babbar.tech/crawler)"
217.113.194.164 - - [12/May/2025:23:14:45 -0300] "GET /indaiatuba HTTP/1.1" 404 - "-" "Mozilla/5.0 (compatible; Barkrowler/0.9; +https://babbar.tech/crawler)"
217.113.194.166 - - [12/May/2025:23:15:01 -0300] "GET /termos-de-uso/ HTTP/1.1" 404 - "-" "Mozilla/5.0 (compatible; Barkrowler/0.9; +https://babbar.tech/crawler)"
217.113.194.170 - - [12/May/2025:23:15:16 -0300] "GET /exames-clinicos/%20 HTTP/1.1" 404 - "-" "Mozilla/5.0 (compatible; Barkrowler/0.9; +https://babbar.tech/crawler)"
217.113.194.168 - - [12/May/2025:23:15:32 -0300] "GET /indaiatuba/ HTTP/1.1" 404 - "-" "Mozilla/5.0 (compatible; Barkrowler/0.9; +https://babbar.tech/crawler)"
217.113.194.167 - - [12/May/2025:23:15:47 -0300] "GET /politica-de-privacidade/ HTTP/1.1" 404 - "-" "Mozilla/5.0 (compatible; Barkrowler/0.9; +https://babbar.tech/crawler)"
159.223.77.101 - - [12/May/2025:23:15:53 -0300] "GET /contato/ HTTP/1.0" 404 - "https://vacivitta.com.br/contato/" "Mozilla/5.0 (Windows NT 10.0; Win64; x64) AppleWebKit/537.36 (KHTML, like Gecko) Chrome/131.0.0.0 Safari/537.36 Avast/131.0.0.0"
217.113.194.250 - - [12/May/2025:23:16:03 -0300] "GET /meningite-acwy/ HTTP/1.1" 404 - "-" "Mozilla/5.0 (compatible; Barkrowler/0.9; +https://babbar.tech/crawler)"
66.249.72.68 - - [12/May/2025:23:16:04 -0300] "GET /?_ga=2.193929543.1954859000.1729550949-963870751.1699386649&_bdsid=47u8bn.n~DOXON.1743916948286.1788022705&_bd_prev_page=https://vacivitta.com.br/collect.asp?products/38jn911 HTTP/1.1" 200 488 "-" "Mozilla/5.0 (Linux; Android 6.0.1; Nexus 5X Build/MMB29P) AppleWebKit/537.36 (KHTML, like Gecko) Chrome/136.0.7103.59 Mobile Safari/537.36 (compatible; Googlebot/2.1; +http://www.google.com/bot.html)"
154.54.249.211 - - [12/May/2025:23:16:18 -0300] "GET /exame-toxicologico HTTP/1.1" 404 - "-" "Mozilla/5.0 (compatible; Barkrowler/0.9; +https://babbar.tech/crawler)"
217.113.194.164 - - [12/May/2025:23:16:34 -0300] "GET /exame-toxicologico/ HTTP/1.1" 404 - "-" "Mozilla/5.0 (compatible; Barkrowler/0.9; +https://babbar.tech/crawler)"
217.113.194.164 - - [12/May/2025:23:16:49 -0300] "GET /bcg/%20%E2%80%8E HTTP/1.1" 404 - "-" "Mozilla/5.0 (compatible; Barkrowler/0.9; +https://babbar.tech/crawler)"
217.113.194.164 - - [12/May/2025:23:17:05 -0300] "GET /tetraviral/%20%E2%80%8E HTTP/1.1" 404 - "-" "Mozilla/5.0 (compatible; Barkrowler/0.9; +https://babbar.tech/crawler)"
217.113.194.165 - - [12/May/2025:23:17:20 -0300] "GET /pneumo15/%20%E2%80%8E HTTP/1.1" 404 - "-" "Mozilla/5.0 (compatible; Barkrowler/0.9; +https://babbar.tech/crawler)"
217.113.194.170 - - [12/May/2025:23:17:36 -0300] "GET /vacinacao-em-domicilio/ HTTP/1.1" 404 - "-" "Mozilla/5.0 (compatible; Barkrowler/0.9; +https://babbar.tech/crawler)"
66.249.72.69 - - [12/May/2025:23:17:46 -0300] "GET /items/evkqm261/4699?key=trigger HTTP/1.1" 404 - "-" "Mozilla/5.0 (Linux; Android 6.0.1; Nexus 5X Build/MMB29P) AppleWebKit/537.36 (KHTML, like Gecko) Chrome/136.0.7103.59 Mobile Safari/537.36 (compatible; Googlebot/2.1; +http://www.google.com/bot.html)"
217.113.194.170 - - [12/May/2025:23:17:51 -0300] "GET /parceria-em-condominios/ HTTP/1.1" 404 - "-" "Mozilla/5.0 (compatible; Barkrowler/0.9; +https://babbar.tech/crawler)"
217.113.194.170 - - [12/May/2025:23:18:07 -0300] "GET /pneumo13/%20%E2%80%8E HTTP/1.1" 404 - "-" "Mozilla/5.0 (compatible; Barkrowler/0.9; +https://babbar.tech/crawler)"
217.113.194.165 - - [12/May/2025:23:18:22 -0300] "GET /atendimento-a-grupos-corporativos/ HTTP/1.1" 404 - "-" "Mozilla/5.0 (compatible; Barkrowler/0.9; +https://babbar.tech/crawler)"
217.113.194.250 - - [12/May/2025:23:18:38 -0300] "GET /index.php?rest_route=/wp/v2/pages/9 HTTP/1.1" 404 - "-" "Mozilla/5.0 (compatible; Barkrowler/0.9; +https://babbar.tech/crawler)"
78.46.190.63 - - [12/May/2025:23:18:44 -0300] "HEAD / HTTP/1.1" 200 - "https://vacivitta.com.br/" "Mozilla/5.0+(compatible; UptimeRobot/2.0; http://www.uptimerobot.com/)"
217.113.194.250 - - [12/May/2025:23:18:53 -0300] "GET /tetravalente/%20%E2%80%8E%20%E2%80%8E HTTP/1.1" 404 - "-" "Mozilla/5.0 (compatible; Barkrowler/0.9; +https://babbar.tech/crawler)"
154.54.249.211 - - [12/May/2025:23:19:09 -0300] "GET /febreamarela/%20%E2%80%8E HTTP/1.1" 404 - "-" "Mozilla/5.0 (compatible; Barkrowler/0.9; +https://babbar.tech/crawler)"
217.113.194.162 - - [12/May/2025:23:19:24 -0300] "GET /index.php?rest_route=/wp/v2/pages/11396 HTTP/1.1" 404 - "-" "Mozilla/5.0 (compatible; Barkrowler/0.9; +https://babbar.tech/crawler)"
217.113.194.250 - - [12/May/2025:23:19:40 -0300] "GET /herpeszoster/%20%E2%80%8E%20%E2%80%8E HTTP/1.1" 404 - "-" "Mozilla/5.0 (compatible; Barkrowler/0.9; +https://babbar.tech/crawler)"
217.113.194.164 - - [12/May/2025:23:19:55 -0300] "GET /2017/08/07/porque-devo-me-vacinar-contra-hepatite-b/ HTTP/1.1" 404 - "-" "Mozilla/5.0 (compatible; Barkrowler/0.9; +https://babbar.tech/crawler)"
217.113.194.171 - - [12/May/2025:23:20:11 -0300] "GET /index.php?rest_route=%2Foembed%2F1.0%2Fembed&url=https%3A%2F%2Fvacivitta.com.br%2F HTTP/1.1" 404 - "-" "Mozilla/5.0 (compatible; Barkrowler/0.9; +https://babbar.tech/crawler)"
217.113.194.250 - - [12/May/2025:23:20:26 -0300] "GET /2017/08/08/quem-nao-se-vacina-contribui-para-epidemias/ HTTP/1.1" 404 - "-" "Mozilla/5.0 (compatible; Barkrowler/0.9; +https://babbar.tech/crawler)"
217.113.194.250 - - [12/May/2025:23:20:42 -0300] "GET /index.php?rest_route=%2Foembed%2F1.0%2Fembed&url=https%3A%2F%2Fvacivitta.com.br%2F&format=xml HTTP/1.1" 404 - "-" "Mozilla/5.0 (compatible; Barkrowler/0.9; +https://babbar.tech/crawler)"
66.249.72.69 - - [12/May/2025:23:20:55 -0300] "GET /items/ydeka61/957?key=grab HTTP/1.1" 404 - "-" "Mozilla/5.0 (Linux; Android 6.0.1; Nexus 5X Build/MMB29P) AppleWebKit/537.36 (KHTML, like Gecko) Chrome/136.0.7103.59 Mobile Safari/537.36 (compatible; Googlebot/2.1; +http://www.google.com/bot.html)"
217.113.194.169 - - [12/May/2025:23:20:57 -0300] "GET /2017/08/08/as-diferencas-entre-as-vacinas-da-rede-publica-e-privada/ HTTP/1.1" 404 - "-" "Mozilla/5.0 (compatible; Barkrowler/0.9; +https://babbar.tech/crawler)"
217.113.194.171 - - [12/May/2025:23:21:13 -0300] "GET /index.php?rest_route=%2Foembed%2F1.0%2Fembed&url=https%3A%2F%2Fvacivitta.com.br%2F%3Fpage_id%3D11396 HTTP/1.1" 404 - "-" "Mozilla/5.0 (compatible; Barkrowler/0.9; +https://babbar.tech/crawler)"
217.113.194.170 - - [12/May/2025:23:21:28 -0300] "GET /2017/08/08/vamos-falar-um-pouco-sobre-as-vacinas-contra-meningite/ HTTP/1.1" 404 - "-" "Mozilla/5.0 (compatible; Barkrowler/0.9; +https://babbar.tech/crawler)"
217.113.194.164 - - [12/May/2025:23:21:44 -0300] "GET /index.php?rest_route=%2Foembed%2F1.0%2Fembed&url=https%3A%2F%2Fvacivitta.com.br%2F%3Fpage_id%3D11396&format=xml HTTP/1.1" 404 - "-" "Mozilla/5.0 (compatible; Barkrowler/0.9; +https://babbar.tech/crawler)"
49.13.164.148 - - [12/May/2025:23:24:01 -0300] "HEAD / HTTP/1.1" 200 - "https://vacivitta.com.br/" "Mozilla/5.0+(compatible; UptimeRobot/2.0; http://www.uptimerobot.com/)"
66.249.72.67 - - [12/May/2025:23:25:26 -0300] "GET /items/nqdyy224/40044?key=fundamental HTTP/1.1" 404 - "-" "Mozilla/5.0 (Linux; Android 6.0.1; Nexus 5X Build/MMB29P) AppleWebKit/537.36 (KHTML, like Gecko) Chrome/136.0.7103.59 Mobile Safari/537.36 (compatible; Googlebot/2.1; +http://www.google.com/bot.html)"
66.249.72.68 - - [12/May/2025:23:27:24 -0300] "GET /?_ga=2.193929543.1954859000.1729550949-963870751.1699386649&_bdsid=47u8bn.n~DOXON.1743916948286.1788022705&_bd_prev_page=https://vacivitta.com.br/collect.asp?items/tslst76/43544?key=regard HTTP/1.1" 200 488 "-" "Mozilla/5.0 (Linux; Android 6.0.1; Nexus 5X Build/MMB29P) AppleWebKit/537.36 (KHTML, like Gecko) Chrome/136.0.7103.59 Mobile Safari/537.36 (compatible; Googlebot/2.1; +http://www.google.com/bot.html)"
66.249.72.69 - - [12/May/2025:23:27:24 -0300] "GET /items/tyxni69/819?key=square HTTP/1.1" 404 - "-" "Mozilla/5.0 (Linux; Android 6.0.1; Nexus 5X Build/MMB29P) AppleWebKit/537.36 (KHTML, like Gecko) Chrome/136.0.7103.59 Mobile Safari/537.36 (compatible; Googlebot/2.1; +http://www.google.com/bot.html)"
66.249.72.68 - - [12/May/2025:23:27:49 -0300] "GET /assets/index-CeMXvSyR.js HTTP/1.1" 200 857114 "https://vacivitta.com.br/?_ga=2.193929543.1954859000.1729550949-963870751.1699386649&_bdsid=47u8bn.n~DOXON.1743916948286.1788022705&_bd_prev_page=https://vacivitta.com.br/collect.asp?items/tslst76/43544?key=regard" "Mozilla/5.0 (Linux; Android 6.0.1; Nexus 5X Build/MMB29P) AppleWebKit/537.36 (KHTML, like Gecko) Chrome/135.0.7049.114 Mobile Safari/537.36 (compatible; Googlebot/2.1; +http://www.google.com/bot.html)"
208.110.64.178 - - [12/May/2025:23:28:35 -0300] "GET /wp-content/edit.php HTTP/1.1" 404 - "https://vacivitta.com.br/wp-content/edit.php" "Mozilla/5.0 (Windows NT 10.0; Win64; x64) AppleWebKit/537.36 (KHTML, like Gecko) Chrome/58.0.3029.110 Safari/537.3"
167.235.143.113 - - [12/May/2025:23:29:17 -0300] "HEAD / HTTP/1.1" 200 - "https://vacivitta.com.br/" "Mozilla/5.0+(compatible; UptimeRobot/2.0; http://www.uptimerobot.com/)"
66.249.72.67 - - [12/May/2025:23:30:36 -0300] "GET /products/128ek6385 HTTP/1.1" 404 - "-" "Mozilla/5.0 (Linux; Android 6.0.1; Nexus 5X Build/MMB29P) AppleWebKit/537.36 (KHTML, like Gecko) Chrome/136.0.7103.59 Mobile Safari/537.36 (compatible; GoogleOther)"
66.249.72.67 - - [12/May/2025:23:32:40 -0300] "GET /products/249an2638 HTTP/1.1" 404 - "-" "Mozilla/5.0 (Linux; Android 6.0.1; Nexus 5X Build/MMB29P) AppleWebKit/537.36 (KHTML, like Gecko) Chrome/136.0.7103.59 Mobile Safari/537.36 (compatible; GoogleOther)"
176.98.186.46 - - [12/May/2025:23:33:10 -0300] "GET / HTTP/1.1" 200 488 "-" "Mozilla/5.0 (Windows NT 10.0; Win64; x64) AppleWebKit/537.36 (KHTML, like Gecko) Chrome/58.0.3029.110 Safari/537.36"
176.98.186.46 - - [12/May/2025:23:33:12 -0300] "GET /assets/index-cemxvsyr.js HTTP/1.1" 404 - "-" "Mozilla/5.0 (Windows NT 10.0; Win64; x64) AppleWebKit/537.36 (KHTML, like Gecko) Chrome/58.0.3029.110 Safari/537.36"
20.171.207.138 - - [12/May/2025:23:33:28 -0300] "GET /" HTTP/1.1" 404 - "-" "Mozilla/5.0 AppleWebKit/537.36 (KHTML, like Gecko; compatible; GPTBot/1.2; +https://openai.com/gptbot)"
180.142.221.124 - - [12/May/2025:23:34:25 -0300] "POST /wp-comments-post.php HTTP/1.1" 404 - "-" "Mozilla/5.0 (Windows NT 10.0; Win64; x64) AppleWebKit/537.36 (KHTML, like Gecko) Chrome/108.0.0.0 Safari/537.36 Edg/108.0.1462.46"
49.13.130.29 - - [12/May/2025:23:34:32 -0300] "HEAD / HTTP/1.1" 200 - "https://vacivitta.com.br/" "Mozilla/5.0+(compatible; UptimeRobot/2.0; http://www.uptimerobot.com/)"
17.241.75.248 - - [12/May/2025:23:35:10 -0300] "GET /dengue/ HTTP/1.1" 404 - "-" "Mozilla/5.0 (Macintosh; Intel Mac OS X 10_15_7) AppleWebKit/605.1.15 (KHTML, like Gecko) Version/17.4 Safari/605.1.15 (Applebot/0.1; +http://www.apple.com/go/applebot)"
66.249.72.67 - - [12/May/2025:23:35:45 -0300] "GET /pcmypage?callback=product%2Fdetail%2Fmautogallery-r520f-hm-1880-1145-23550-grv2 HTTP/1.1" 404 - "-" "Mozilla/5.0 (Linux; Android 6.0.1; Nexus 5X Build/MMB29P) AppleWebKit/537.36 (KHTML, like Gecko) Chrome/136.0.7103.59 Mobile Safari/537.36 (compatible; GoogleOther)"
66.249.72.69 - - [12/May/2025:23:37:49 -0300] "GET /products/215xp20610 HTTP/1.1" 404 - "-" "Mozilla/5.0 (Linux; Android 6.0.1; Nexus 5X Build/MMB29P) AppleWebKit/537.36 (KHTML, like Gecko) Chrome/136.0.7103.59 Mobile Safari/537.36 (compatible; GoogleOther)"
66.249.72.67 - - [12/May/2025:23:38:18 -0300] "GET /safe_search/config?return_url=%2Fproduct%2Fdetail%2Fwebike-23649950 HTTP/1.1" 404 - "-" "Mozilla/5.0 (Linux; Android 6.0.1; Nexus 5X Build/MMB29P) AppleWebKit/537.36 (KHTML, like Gecko) Chrome/136.0.7103.59 Mobile Safari/537.36 (compatible; Googlebot/2.1; +http://www.google.com/bot.html)"
128.140.106.114 - - [12/May/2025:23:39:48 -0300] "HEAD / HTTP/1.1" 200 - "https://vacivitta.com.br/" "Mozilla/5.0+(compatible; UptimeRobot/2.0; http://www.uptimerobot.com/)"
51.222.253.2 - - [12/May/2025:23:43:09 -0300] "GET /?p=9065 HTTP/1.1" 304 - "-" "Mozilla/5.0 (compatible; AhrefsBot/7.0; +http://ahrefs.com/robot/)"
66.249.72.68 - - [12/May/2025:23:43:53 -0300] "GET /pcmypage?callback=product%2Fdetail%2Fcarus-ap-tnk1220034 HTTP/1.1" 404 - "-" "Mozilla/5.0 (Linux; Android 6.0.1; Nexus 5X Build/MMB29P) AppleWebKit/537.36 (KHTML, like Gecko) Chrome/136.0.7103.59 Mobile Safari/537.36 (compatible; GoogleOther)"
168.119.53.160 - - [12/May/2025:23:45:01 -0300] "HEAD / HTTP/1.1" 200 - "https://vacivitta.com.br/" "Mozilla/5.0+(compatible; UptimeRobot/2.0; http://www.uptimerobot.com/)"
66.249.72.67 - - [12/May/2025:23:47:02 -0300] "GET /pcmypage?callback=product%2Fdetail%2Fvarzy-13-957t HTTP/1.1" 404 - "-" "Mozilla/5.0 (Linux; Android 6.0.1; Nexus 5X Build/MMB29P) AppleWebKit/537.36 (KHTML, like Gecko) Chrome/136.0.7103.59 Mobile Safari/537.36 (compatible; GoogleOther)"
66.249.72.69 - - [12/May/2025:23:49:06 -0300] "GET /pcmypage?callback=product%2Fdetail%2Ftokaibase-sk23929165700 HTTP/1.1" 404 - "-" "Mozilla/5.0 (Linux; Android 6.0.1; Nexus 5X Build/MMB29P) AppleWebKit/537.36 (KHTML, like Gecko) Chrome/136.0.7103.59 Mobile Safari/537.36 (compatible; GoogleOther)"
66.249.72.67 - - [12/May/2025:23:50:11 -0300] "GET /pcmypage?callback=product%2Fdetail%2Favaler-jdk-120 HTTP/1.1" 404 - "-" "Mozilla/5.0 (Linux; Android 6.0.1; Nexus 5X Build/MMB29P) AppleWebKit/537.36 (KHTML, like Gecko) Chrome/136.0.7103.59 Mobile Safari/537.36 (compatible; GoogleOther)"
88.99.80.227 - - [12/May/2025:23:50:15 -0300] "HEAD / HTTP/1.1" 200 - "https://vacivitta.com.br/" "Mozilla/5.0+(compatible; UptimeRobot/2.0; http://www.uptimerobot.com/)"
204.12.252.98 - - [12/May/2025:23:50:21 -0300] "GET /wp-content/edit.php HTTP/1.1" 404 - "https://vacivitta.com.br/wp-content/edit.php" "Mozilla/5.0 (Windows NT 10.0; Win64; x64) AppleWebKit/537.36 (KHTML, like Gecko) Chrome/58.0.3029.110 Safari/537.3"
20.171.207.138 - - [12/May/2025:23:50:44 -0300] "GET /atendimento-a-grupos-corporativos/ HTTP/1.1" 404 - "-" "Mozilla/5.0 AppleWebKit/537.36 (KHTML, like Gecko; compatible; GPTBot/1.2; +https://openai.com/gptbot)"
66.249.72.67 - - [12/May/2025:23:50:59 -0300] "GET /products/10kz655 HTTP/1.1" 404 - "-" "Mozilla/5.0 (Linux; Android 6.0.1; Nexus 5X Build/MMB29P) AppleWebKit/537.36 (KHTML, like Gecko) Chrome/136.0.7103.59 Mobile Safari/537.36 (compatible; Googlebot/2.1; +http://www.google.com/bot.html)"
66.249.72.67 - - [12/May/2025:23:51:15 -0300] "GET /products/1zk724 HTTP/1.1" 404 - "-" "Mozilla/5.0 (Linux; Android 6.0.1; Nexus 5X Build/MMB29P) AppleWebKit/537.36 (KHTML, like Gecko) Chrome/136.0.7103.59 Mobile Safari/537.36 (compatible; GoogleOther)"
66.249.72.69 - - [12/May/2025:23:52:19 -0300] "GET /pcmypage?callback=/product%2Fdetail%2Fleaboardshop01-22ho01zero HTTP/1.1" 404 - "-" "Mozilla/5.0 (Linux; Android 6.0.1; Nexus 5X Build/MMB29P) AppleWebKit/537.36 (KHTML, like Gecko) Chrome/136.0.7103.59 Mobile Safari/537.36 (compatible; GoogleOther)"
66.249.72.67 - - [12/May/2025:23:52:56 -0300] "GET /pcmypage?callback=product%2Fdetail%2Fnejikuru-g00004010130032000 HTTP/1.1" 404 - "-" "Mozilla/5.0 (Linux; Android 6.0.1; Nexus 5X Build/MMB29P) AppleWebKit/537.36 (KHTML, like Gecko) Chrome/136.0.7103.59 Mobile Safari/537.36 (compatible; Googlebot/2.1; +http://www.google.com/bot.html)"
66.249.72.67 - - [12/May/2025:23:53:23 -0300] "GET /products/86yj37371 HTTP/1.1" 404 - "-" "Mozilla/5.0 (Linux; Android 6.0.1; Nexus 5X Build/MMB29P) AppleWebKit/537.36 (KHTML, like Gecko) Chrome/136.0.7103.59 Mobile Safari/537.36 (compatible; GoogleOther)"
66.249.72.69 - - [12/May/2025:23:54:13 -0300] "GET /products/44mi289 HTTP/1.1" 404 - "-" "Mozilla/5.0 (Linux; Android 6.0.1; Nexus 5X Build/MMB29P) AppleWebKit/537.36 (KHTML, like Gecko) Chrome/136.0.7103.59 Mobile Safari/537.36 (compatible; Googlebot/2.1; +http://www.google.com/bot.html)"
66.249.72.68 - - [12/May/2025:23:54:36 -0300] "GET /products/101lx12220 HTTP/1.1" 404 - "-" "Mozilla/5.0 (Linux; Android 6.0.1; Nexus 5X Build/MMB29P) AppleWebKit/537.36 (KHTML, like Gecko) Chrome/136.0.7103.59 Mobile Safari/537.36 (compatible; GoogleOther)"
66.249.72.67 - - [12/May/2025:23:54:54 -0300] "GET /items/qmovj82/394?key=epidemic HTTP/1.1" 404 - "-" "Mozilla/5.0 (Linux; Android 6.0.1; Nexus 5X Build/MMB29P) AppleWebKit/537.36 (KHTML, like Gecko) Chrome/136.0.7103.59 Mobile Safari/537.36 (compatible; Googlebot/2.1; +http://www.google.com/bot.html)"
142.132.180.39 - - [12/May/2025:23:55:29 -0300] "HEAD / HTTP/1.1" 200 - "https://vacivitta.com.br/" "Mozilla/5.0+(compatible; UptimeRobot/2.0; http://www.uptimerobot.com/)"
66.249.72.68 - - [12/May/2025:23:57:30 -0300] "GET /items/jqtyh255/49405?key=jail HTTP/1.1" 404 - "-" "Mozilla/5.0 (Linux; Android 6.0.1; Nexus 5X Build/MMB29P) AppleWebKit/537.36 (KHTML, like Gecko) Chrome/136.0.7103.59 Mobile Safari/537.36 (compatible; Googlebot/2.1; +http://www.google.com/bot.html)"
66.249.72.69 - - [12/May/2025:23:57:31 -0300] "GET /products/18ix765 HTTP/1.1" 404 - "-" "Mozilla/5.0 (Linux; Android 6.0.1; Nexus 5X Build/MMB29P) AppleWebKit/537.36 (KHTML, like Gecko) Chrome/136.0.7103.59 Mobile Safari/537.36 (compatible; Googlebot/2.1; +http://www.google.com/bot.html)"
66.249.72.69 - - [12/May/2025:23:58:10 -0300] "GET /pcmypage?callback=/product%2Fdetail%2kg-maido-tr-1143629 HTTP/1.1" 404 - "-" "Mozilla/5.0 (Linux; Android 6.0.1; Nexus 5X Build/MMB29P) AppleWebKit/537.36 (KHTML, like Gecko) Chrome/136.0.7103.59 Mobile Safari/537.36 (compatible; Googlebot/2.1; +http://www.google.com/bot.html)"
66.249.72.67 - - [12/May/2025:23:58:49 -0300] "GET /items/fhfgn72/28138?key=tooth HTTP/1.1" 404 - "-" "Mozilla/5.0 (Linux; Android 6.0.1; Nexus 5X Build/MMB29P) AppleWebKit/537.36 (KHTML, like Gecko) Chrome/136.0.7103.59 Mobile Safari/537.36 (compatible; Googlebot/2.1; +http://www.google.com/bot.html)"
66.249.72.67 - - [13/May/2025:00:00:20 -0300] "GET /products/25wm612 HTTP/1.1" 404 - "-" "Mozilla/5.0 (Linux; Android 6.0.1; Nexus 5X Build/MMB29P) AppleWebKit/537.36 (KHTML, like Gecko) Chrome/136.0.7103.59 Mobile Safari/537.36 (compatible; Googlebot/2.1; +http://www.google.com/bot.html)"
66.249.72.69 - - [13/May/2025:00:00:20 -0300] "GET /safe_search/config?return_url=%2Fproduct%2Fdetail%2Fupdate-dr-318647 HTTP/1.1" 404 - "-" "Mozilla/5.0 (Linux; Android 6.0.1; Nexus 5X Build/MMB29P) AppleWebKit/537.36 (KHTML, like Gecko) Chrome/136.0.7103.59 Mobile Safari/537.36 (compatible; Googlebot/2.1; +http://www.google.com/bot.html)"
168.119.53.160 - - [13/May/2025:00:00:42 -0300] "HEAD / HTTP/1.1" 200 - "https://vacivitta.com.br/" "Mozilla/5.0+(compatible; UptimeRobot/2.0; http://www.uptimerobot.com/)"
45.142.193.196 - - [13/May/2025:00:00:52 -0300] "GET / HTTP/1.1" 503 - "-" "Mozilla/5.0 (Windows NT 6.3; Win64; x64) AppleWebKit/537.36 (KHTML, like Gecko) Chrome/122.0.6175.0 Safari/537.36"
66.249.72.67 - - [13/May/2025:00:02:20 -0300] "GET /items/casdm279/49605?key=quite HTTP/1.1" 404 - "-" "Mozilla/5.0 (Linux; Android 6.0.1; Nexus 5X Build/MMB29P) AppleWebKit/537.36 (KHTML, like Gecko) Chrome/136.0.7103.59 Mobile Safari/537.36 (compatible; Googlebot/2.1; +http://www.google.com/bot.html)"
66.249.72.67 - - [13/May/2025:00:03:38 -0300] "GET /2017/08/17/a-importancia-da-vacinacao-durante-a-gravidez/ HTTP/1.1" 404 - "-" "Mozilla/5.0 (Linux; Android 6.0.1; Nexus 5X Build/MMB29P) AppleWebKit/537.36 (KHTML, like Gecko) Chrome/136.0.7103.59 Mobile Safari/537.36 (compatible; Googlebot/2.1; +http://www.google.com/bot.html)"
78.46.215.1 - - [13/May/2025:00:06:01 -0300] "HEAD / HTTP/1.1" 200 - "https://vacivitta.com.br/" "Mozilla/5.0+(compatible; UptimeRobot/2.0; http://www.uptimerobot.com/)"
177.197.217.227 - - [13/May/2025:00:06:53 -0300] "GET / HTTP/1.1" 200 488 "https://www.google.com/" "Mozilla/5.0 (Linux; Android 10; K) AppleWebKit/537.36 (KHTML, like Gecko) Chrome/136.0.0.0 Mobile Safari/537.36"
177.197.217.227 - - [13/May/2025:00:06:54 -0300] "GET /assets/index-g8aW3Zx-.css HTTP/1.1" 200 2311 "https://vacivitta.com.br/" "Mozilla/5.0 (Linux; Android 10; K) AppleWebKit/537.36 (KHTML, like Gecko) Chrome/136.0.0.0 Mobile Safari/537.36"
177.197.217.227 - - [13/May/2025:00:06:53 -0300] "GET /assets/index-CeMXvSyR.js HTTP/1.1" 200 857114 "https://vacivitta.com.br/" "Mozilla/5.0 (Linux; Android 10; K) AppleWebKit/537.36 (KHTML, like Gecko) Chrome/136.0.0.0 Mobile Safari/537.36"
208.110.64.178 - - [13/May/2025:00:07:24 -0300] "GET /wp-content/edit.php HTTP/1.1" 404 - "https://vacivitta.com.br/wp-content/edit.php" "Mozilla/5.0 (Windows NT 10.0; Win64; x64) AppleWebKit/537.36 (KHTML, like Gecko) Chrome/58.0.3029.110 Safari/537.3"
5.255.231.156 - - [13/May/2025:00:08:18 -0300] "GET /robots.txt HTTP/1.1" 404 - "-" "Mozilla/5.0 (compatible; YandexBot/3.0; +http://yandex.com/bots)"
213.180.203.13 - - [13/May/2025:00:08:18 -0300] "GET /2017/08/08/as-diferencas-entre-as-vacinas-da-rede-publica-e-privada/ HTTP/1.1" 404 - "-" "Mozilla/5.0 (compatible; YandexBot/3.0; +http://yandex.com/bots)"
213.180.203.244 - - [13/May/2025:00:08:41 -0300] "GET /?sitemap853.xml HTTP/1.1" 200 488 "-" "Mozilla/5.0 (compatible; YandexBot/3.0; +http://yandex.com/bots)"
87.250.224.106 - - [13/May/2025:00:08:42 -0300] "GET /?sitemap583.xml HTTP/1.1" 200 488 "-" "Mozilla/5.0 (compatible; YandexBot/3.0; +http://yandex.com/bots)"
177.197.217.227 - - [13/May/2025:00:08:50 -0300] "GET / HTTP/1.1" 200 488 "https://linktr.ee/" "Mozilla/5.0 (Linux; Android 14; 23129RAA4G Build/UKQ1.231207.002; wv) AppleWebKit/537.36 (KHTML, like Gecko) Version/4.0 Chrome/136.0.7103.60 Mobile Safari/537.36 Instagram 379.1.0.43.80 Android (34/14; 440dpi; 1080x2176; Xiaomi/Redmi; 23129RAA4G; sapphire; qcom; pt_BR; 731638331; IABMV/1)"
177.197.217.227 - - [13/May/2025:00:08:51 -0300] "GET /assets/index-g8aW3Zx-.css HTTP/1.1" 200 2311 "https://vacivitta.com.br/" "Mozilla/5.0 (Linux; Android 14; 23129RAA4G Build/UKQ1.231207.002; wv) AppleWebKit/537.36 (KHTML, like Gecko) Version/4.0 Chrome/136.0.7103.60 Mobile Safari/537.36 Instagram 379.1.0.43.80 Android (34/14; 440dpi; 1080x2176; Xiaomi/Redmi; 23129RAA4G; sapphire; qcom; pt_BR; 731638331; IABMV/1)"
177.197.217.227 - - [13/May/2025:00:08:50 -0300] "GET /assets/index-CeMXvSyR.js HTTP/1.1" 200 857114 "https://vacivitta.com.br/" "Mozilla/5.0 (Linux; Android 14; 23129RAA4G Build/UKQ1.231207.002; wv) AppleWebKit/537.36 (KHTML, like Gecko) Version/4.0 Chrome/136.0.7103.60 Mobile Safari/537.36 Instagram 379.1.0.43.80 Android (34/14; 440dpi; 1080x2176; Xiaomi/Redmi; 23129RAA4G; sapphire; qcom; pt_BR; 731638331; IABMV/1)"
177.197.217.227 - - [13/May/2025:00:08:54 -0300] "GET /logo.png HTTP/1.1" 200 25613 "https://vacivitta.com.br/" "Mozilla/5.0 (Linux; Android 14; 23129RAA4G Build/UKQ1.231207.002; wv) AppleWebKit/537.36 (KHTML, like Gecko) Version/4.0 Chrome/136.0.7103.60 Mobile Safari/537.36 Instagram 379.1.0.43.80 Android (34/14; 440dpi; 1080x2176; Xiaomi/Redmi; 23129RAA4G; sapphire; qcom; pt_BR; 731638331; IABMV/1)"
177.197.217.227 - - [13/May/2025:00:08:54 -0300] "GET /ico.ico HTTP/1.1" 200 100526 "https://vacivitta.com.br/" "Mozilla/5.0 (Linux; Android 14; 23129RAA4G Build/UKQ1.231207.002; wv) AppleWebKit/537.36 (KHTML, like Gecko) Version/4.0 Chrome/136.0.7103.60 Mobile Safari/537.36 Instagram 379.1.0.43.80 Android (34/14; 440dpi; 1080x2176; Xiaomi/Redmi; 23129RAA4G; sapphire; qcom; pt_BR; 731638331; IABMV/1)"
177.197.217.227 - - [13/May/2025:00:08:54 -0300] "GET /vaci.jpg HTTP/1.1" 200 155283 "https://vacivitta.com.br/" "Mozilla/5.0 (Linux; Android 14; 23129RAA4G Build/UKQ1.231207.002; wv) AppleWebKit/537.36 (KHTML, like Gecko) Version/4.0 Chrome/136.0.7103.60 Mobile Safari/537.36 Instagram 379.1.0.43.80 Android (34/14; 440dpi; 1080x2176; Xiaomi/Redmi; 23129RAA4G; sapphire; qcom; pt_BR; 731638331; IABMV/1)"
